{"id":22313,"date":"2022-06-16T02:00:00","date_gmt":"2022-06-16T00:00:00","guid":{"rendered":"https:\/\/forlagetpress.forenteforlag.no\/produkt\/et-annet-sted-2\/"},"modified":"2026-03-04T13:57:45","modified_gmt":"2026-03-04T12:57:45","slug":"et-annet-sted-2","status":"publish","type":"product","link":"https:\/\/staging.forenteforlag.no\/forlaget\/produkt\/et-annet-sted-2\/","title":{"rendered":"Et annet sted"},"content":{"rendered":"<p>Anton Fredrik Andresen vokste opp p\u00e5 Smedbraaten, et hjem som var bygget for store sosiale anledninger. Under krigen ble det et naturlig m\u00f8tepunkt for motstandskampens ledere. Etter krigen bidro kretsen av stamgjester &#8211; akademikere, kunstnere og industriledere &#8211; til gjenreisning og nyskaping av viktige samfunnsinstitusjoner. Disse tidlige m\u00f8tene f\u00e5r betydning for Andresens veivalg og samfunnsengasjement i ti\u00e5rene som f\u00f8lger.  <\/p>\n<p>Beretningen om Minerva-kretsen, perspektivene p\u00e5 68-oppr\u00f8ret, etableringen av tidsskriftet Kontinent Skandinavia, arbeidet som forlegger og engasjementet for Nansenskolen og Norsk PEN er samtidig refleksjoner over hva som er vunnet og hva som er tapt, og hvilke verdier livet handler om \u00e5 hegne om. Det er fortsatt l\u00e6rdommer \u00e5 hente i krigsgenerasjonens gjenreisning fra nullpunktet.   <\/p>\n<p>Et annet sted forteller om milj\u00f8er som til tross for sin samfunnsmakt og innflytelse har v\u00e6rt lite belyst i norsk historieskrivning. En parallell historie til beretningen om det norske sosialdemokratiets fremvekst &#8211; men fortalt fra innsiden av en konservativ elite, der liberale verdier og betydningen av samfunnsansvar sto sentralt.<\/p>\n","protected":false},"excerpt":{"rendered":"<p>Anton Fredrik Andresen vokste opp p\u00e5 Smedbraaten, et hjem som var bygget for store sosiale anledninger. Under krigen ble det et naturlig m\u00f8tepunkt for motstandskampens ledere. Etter krigen bidro kretsen av stamgjester &#8211; akademikere, kunstnere og industriledere &#8211; til gjenreisning og nyskaping av viktige samfunnsinstitusjoner. Disse tidlige m\u00f8tene f\u00e5r betydning for Andresens veivalg og samfunnsengasjement [&hellip;]<\/p>\n","protected":false},"featured_media":26476,"template":"","meta":{"_acf_changed":false,"inline_featured_image":false},"product_brand":[],"product_cat":[1781],"product_tag":[407,365,362,1734,1724,812,439,417],"class_list":{"0":"post-22313","1":"product","2":"type-product","3":"status-publish","4":"has-post-thumbnail","6":"product_cat-rabattkodekampanje","7":"product_tag-1939-1945","8":"product_tag-1945-1999","9":"product_tag-faglitteratur","10":"product_tag-forlag","11":"product_tag-identitetspolitikk","12":"product_tag-mediefolk","13":"product_tag-nord-norge","14":"product_tag-selvbiografier","16":"first","17":"instock","18":"shipping-taxable","19":"purchasable","20":"product-type-simple"},"acf":{"anmeldelse":[{"tekst_anmeldelser":"\u00abAnton Fredrik Andresens erindringer om kretsen p\u00e5 Smedbraaten er et stykke norsk kulturhistorie [...] Det er blitt et stykke norsk kulturhistorie, varsomt tegnet, ytterst vennlig og lavm\u00e6lt, som mannen selv.\u00bb","av_anmeldelser":"Rune Slagstad","terningkast":false,"kilde":"Klassekampen"},{"tekst_anmeldelser":"\u00abAnton Fredrik Andresens erindringer om kretsen p\u00e5 Smedbraaten er et stykke norsk kulturhistorie [...] Det er blitt et stykke norsk kulturhistorie, varsomt tegnet, ytterst vennlig og lavm\u00e6lt, som mannen selv.\u00bb","av_anmeldelser":"Rune Slagstad","terningkast":false,"kilde":"Klassekampen"}]},"yoast_head":"<!-- This site is optimized with the Yoast SEO plugin v26.6 - https:\/\/yoast.com\/wordpress\/plugins\/seo\/ -->\n<title>Et annet sted - Forlaget Press<\/title>\n<meta name=\"robots\" content=\"noindex, follow, max-snippet:-1, max-image-preview:large, max-video-preview:-1\" \/>\n<meta property=\"og:locale\" content=\"nb_NO\" \/>\n<meta property=\"og:type\" content=\"article\" \/>\n<meta property=\"og:title\" content=\"Et annet sted - Forlaget Press\" \/>\n<meta property=\"og:description\" content=\"Anton Fredrik Andresen vokste opp p\u00e5 Smedbraaten, et hjem som var bygget for store sosiale anledninger. Under krigen ble det et naturlig m\u00f8tepunkt for motstandskampens ledere. Etter krigen bidro kretsen av stamgjester &#8211; akademikere, kunstnere og industriledere &#8211; til gjenreisning og nyskaping av viktige samfunnsinstitusjoner. Disse tidlige m\u00f8tene f\u00e5r betydning for Andresens veivalg og samfunnsengasjement [&hellip;]\" \/>\n<meta property=\"og:url\" content=\"https:\/\/staging.forenteforlag.no\/forlaget\/produkt\/et-annet-sted-2\/\" \/>\n<meta property=\"og:site_name\" content=\"Forlaget Press\" \/>\n<meta property=\"article:publisher\" content=\"https:\/\/www.facebook.com\/Forlagetpress\" \/>\n<meta property=\"article:modified_time\" content=\"2026-03-04T12:57:45+00:00\" \/>\n<meta property=\"og:image\" content=\"https:\/\/staging.forenteforlag.no\/forlaget\/wp-content\/uploads\/sites\/3\/2026\/02\/9788232804818.jpg\" \/>\n\t<meta property=\"og:image:width\" content=\"720\" \/>\n\t<meta property=\"og:image:height\" content=\"1057\" \/>\n\t<meta property=\"og:image:type\" content=\"image\/jpeg\" \/>\n<meta name=\"twitter:card\" content=\"summary_large_image\" \/>\n<meta name=\"twitter:label1\" content=\"Ansl. lesetid\" \/>\n\t<meta name=\"twitter:data1\" content=\"1 minutt\" \/>\n<script type=\"application\/ld+json\" class=\"yoast-schema-graph\">{\"@context\":\"https:\/\/schema.org\",\"@graph\":[{\"@type\":\"WebPage\",\"@id\":\"https:\/\/staging.forenteforlag.no\/forlaget\/produkt\/et-annet-sted-2\/\",\"url\":\"https:\/\/staging.forenteforlag.no\/forlaget\/produkt\/et-annet-sted-2\/\",\"name\":\"Et annet sted - Forlaget Press\",\"isPartOf\":{\"@id\":\"https:\/\/staging.forenteforlag.no\/forlaget\/#website\"},\"primaryImageOfPage\":{\"@id\":\"https:\/\/staging.forenteforlag.no\/forlaget\/produkt\/et-annet-sted-2\/#primaryimage\"},\"image\":{\"@id\":\"https:\/\/staging.forenteforlag.no\/forlaget\/produkt\/et-annet-sted-2\/#primaryimage\"},\"thumbnailUrl\":\"https:\/\/staging.forenteforlag.no\/forlaget\/wp-content\/uploads\/sites\/3\/2026\/02\/9788232804818.jpg\",\"datePublished\":\"2022-06-16T00:00:00+00:00\",\"dateModified\":\"2026-03-04T12:57:45+00:00\",\"breadcrumb\":{\"@id\":\"https:\/\/staging.forenteforlag.no\/forlaget\/produkt\/et-annet-sted-2\/#breadcrumb\"},\"inLanguage\":\"nb-NO\",\"potentialAction\":[{\"@type\":\"ReadAction\",\"target\":[\"https:\/\/staging.forenteforlag.no\/forlaget\/produkt\/et-annet-sted-2\/\"]}]},{\"@type\":\"ImageObject\",\"inLanguage\":\"nb-NO\",\"@id\":\"https:\/\/staging.forenteforlag.no\/forlaget\/produkt\/et-annet-sted-2\/#primaryimage\",\"url\":\"https:\/\/staging.forenteforlag.no\/forlaget\/wp-content\/uploads\/sites\/3\/2026\/02\/9788232804818.jpg\",\"contentUrl\":\"https:\/\/staging.forenteforlag.no\/forlaget\/wp-content\/uploads\/sites\/3\/2026\/02\/9788232804818.jpg\",\"width\":720,\"height\":1057},{\"@type\":\"BreadcrumbList\",\"@id\":\"https:\/\/staging.forenteforlag.no\/forlaget\/produkt\/et-annet-sted-2\/#breadcrumb\",\"itemListElement\":[{\"@type\":\"ListItem\",\"position\":1,\"name\":\"Hjem\",\"item\":\"https:\/\/staging.forenteforlag.no\/forlaget\/\"},{\"@type\":\"ListItem\",\"position\":2,\"name\":\"Alle b\u00f8ker\",\"item\":\"https:\/\/staging.forenteforlag.no\/forlaget\/butikk\/\"},{\"@type\":\"ListItem\",\"position\":3,\"name\":\"Et annet sted\"}]},{\"@type\":\"WebSite\",\"@id\":\"https:\/\/staging.forenteforlag.no\/forlaget\/#website\",\"url\":\"https:\/\/staging.forenteforlag.no\/forlaget\/\",\"name\":\"Forlaget Press\",\"description\":\"\",\"publisher\":{\"@id\":\"https:\/\/staging.forenteforlag.no\/forlaget\/#organization\"},\"potentialAction\":[{\"@type\":\"SearchAction\",\"target\":{\"@type\":\"EntryPoint\",\"urlTemplate\":\"https:\/\/staging.forenteforlag.no\/forlaget\/?s={search_term_string}\"},\"query-input\":{\"@type\":\"PropertyValueSpecification\",\"valueRequired\":true,\"valueName\":\"search_term_string\"}}],\"inLanguage\":\"nb-NO\"},{\"@type\":\"Organization\",\"@id\":\"https:\/\/staging.forenteforlag.no\/forlaget\/#organization\",\"name\":\"Forlaget Press\",\"url\":\"https:\/\/staging.forenteforlag.no\/forlaget\/\",\"logo\":{\"@type\":\"ImageObject\",\"inLanguage\":\"nb-NO\",\"@id\":\"https:\/\/staging.forenteforlag.no\/forlaget\/#\/schema\/logo\/image\/\",\"url\":\"https:\/\/staging.forenteforlag.no\/forlaget\/wp-content\/uploads\/sites\/3\/2024\/09\/Press_logo.svg\",\"contentUrl\":\"https:\/\/staging.forenteforlag.no\/forlaget\/wp-content\/uploads\/sites\/3\/2024\/09\/Press_logo.svg\",\"width\":100,\"height\":100,\"caption\":\"Forlaget Press\"},\"image\":{\"@id\":\"https:\/\/staging.forenteforlag.no\/forlaget\/#\/schema\/logo\/image\/\"},\"sameAs\":[\"https:\/\/www.facebook.com\/Forlagetpress\"]}]}<\/script>\n<!-- \/ Yoast SEO plugin. -->","yoast_head_json":{"title":"Et annet sted - Forlaget Press","robots":{"index":"noindex","follow":"follow","max-snippet":"max-snippet:-1","max-image-preview":"max-image-preview:large","max-video-preview":"max-video-preview:-1"},"og_locale":"nb_NO","og_type":"article","og_title":"Et annet sted - Forlaget Press","og_description":"Anton Fredrik Andresen vokste opp p\u00e5 Smedbraaten, et hjem som var bygget for store sosiale anledninger. Under krigen ble det et naturlig m\u00f8tepunkt for motstandskampens ledere. Etter krigen bidro kretsen av stamgjester &#8211; akademikere, kunstnere og industriledere &#8211; til gjenreisning og nyskaping av viktige samfunnsinstitusjoner. Disse tidlige m\u00f8tene f\u00e5r betydning for Andresens veivalg og samfunnsengasjement [&hellip;]","og_url":"https:\/\/staging.forenteforlag.no\/forlaget\/produkt\/et-annet-sted-2\/","og_site_name":"Forlaget Press","article_publisher":"https:\/\/www.facebook.com\/Forlagetpress","article_modified_time":"2026-03-04T12:57:45+00:00","og_image":[{"width":720,"height":1057,"url":"https:\/\/staging.forenteforlag.no\/forlaget\/wp-content\/uploads\/sites\/3\/2026\/02\/9788232804818.jpg","type":"image\/jpeg"}],"twitter_card":"summary_large_image","twitter_misc":{"Ansl. lesetid":"1 minutt"},"schema":{"@context":"https:\/\/schema.org","@graph":[{"@type":"WebPage","@id":"https:\/\/staging.forenteforlag.no\/forlaget\/produkt\/et-annet-sted-2\/","url":"https:\/\/staging.forenteforlag.no\/forlaget\/produkt\/et-annet-sted-2\/","name":"Et annet sted - Forlaget Press","isPartOf":{"@id":"https:\/\/staging.forenteforlag.no\/forlaget\/#website"},"primaryImageOfPage":{"@id":"https:\/\/staging.forenteforlag.no\/forlaget\/produkt\/et-annet-sted-2\/#primaryimage"},"image":{"@id":"https:\/\/staging.forenteforlag.no\/forlaget\/produkt\/et-annet-sted-2\/#primaryimage"},"thumbnailUrl":"https:\/\/staging.forenteforlag.no\/forlaget\/wp-content\/uploads\/sites\/3\/2026\/02\/9788232804818.jpg","datePublished":"2022-06-16T00:00:00+00:00","dateModified":"2026-03-04T12:57:45+00:00","breadcrumb":{"@id":"https:\/\/staging.forenteforlag.no\/forlaget\/produkt\/et-annet-sted-2\/#breadcrumb"},"inLanguage":"nb-NO","potentialAction":[{"@type":"ReadAction","target":["https:\/\/staging.forenteforlag.no\/forlaget\/produkt\/et-annet-sted-2\/"]}]},{"@type":"ImageObject","inLanguage":"nb-NO","@id":"https:\/\/staging.forenteforlag.no\/forlaget\/produkt\/et-annet-sted-2\/#primaryimage","url":"https:\/\/staging.forenteforlag.no\/forlaget\/wp-content\/uploads\/sites\/3\/2026\/02\/9788232804818.jpg","contentUrl":"https:\/\/staging.forenteforlag.no\/forlaget\/wp-content\/uploads\/sites\/3\/2026\/02\/9788232804818.jpg","width":720,"height":1057},{"@type":"BreadcrumbList","@id":"https:\/\/staging.forenteforlag.no\/forlaget\/produkt\/et-annet-sted-2\/#breadcrumb","itemListElement":[{"@type":"ListItem","position":1,"name":"Hjem","item":"https:\/\/staging.forenteforlag.no\/forlaget\/"},{"@type":"ListItem","position":2,"name":"Alle b\u00f8ker","item":"https:\/\/staging.forenteforlag.no\/forlaget\/butikk\/"},{"@type":"ListItem","position":3,"name":"Et annet sted"}]},{"@type":"WebSite","@id":"https:\/\/staging.forenteforlag.no\/forlaget\/#website","url":"https:\/\/staging.forenteforlag.no\/forlaget\/","name":"Forlaget Press","description":"","publisher":{"@id":"https:\/\/staging.forenteforlag.no\/forlaget\/#organization"},"potentialAction":[{"@type":"SearchAction","target":{"@type":"EntryPoint","urlTemplate":"https:\/\/staging.forenteforlag.no\/forlaget\/?s={search_term_string}"},"query-input":{"@type":"PropertyValueSpecification","valueRequired":true,"valueName":"search_term_string"}}],"inLanguage":"nb-NO"},{"@type":"Organization","@id":"https:\/\/staging.forenteforlag.no\/forlaget\/#organization","name":"Forlaget Press","url":"https:\/\/staging.forenteforlag.no\/forlaget\/","logo":{"@type":"ImageObject","inLanguage":"nb-NO","@id":"https:\/\/staging.forenteforlag.no\/forlaget\/#\/schema\/logo\/image\/","url":"https:\/\/staging.forenteforlag.no\/forlaget\/wp-content\/uploads\/sites\/3\/2024\/09\/Press_logo.svg","contentUrl":"https:\/\/staging.forenteforlag.no\/forlaget\/wp-content\/uploads\/sites\/3\/2024\/09\/Press_logo.svg","width":100,"height":100,"caption":"Forlaget Press"},"image":{"@id":"https:\/\/staging.forenteforlag.no\/forlaget\/#\/schema\/logo\/image\/"},"sameAs":["https:\/\/www.facebook.com\/Forlagetpress"]}]}},"_links":{"self":[{"href":"https:\/\/staging.forenteforlag.no\/forlaget\/wp-json\/wp\/v2\/product\/22313","targetHints":{"allow":["GET"]}}],"collection":[{"href":"https:\/\/staging.forenteforlag.no\/forlaget\/wp-json\/wp\/v2\/product"}],"about":[{"href":"https:\/\/staging.forenteforlag.no\/forlaget\/wp-json\/wp\/v2\/types\/product"}],"wp:featuredmedia":[{"embeddable":true,"href":"https:\/\/staging.forenteforlag.no\/forlaget\/wp-json\/wp\/v2\/media\/26476"}],"wp:attachment":[{"href":"https:\/\/staging.forenteforlag.no\/forlaget\/wp-json\/wp\/v2\/media?parent=22313"}],"wp:term":[{"taxonomy":"product_brand","embeddable":true,"href":"https:\/\/staging.forenteforlag.no\/forlaget\/wp-json\/wp\/v2\/product_brand?post=22313"},{"taxonomy":"product_cat","embeddable":true,"href":"https:\/\/staging.forenteforlag.no\/forlaget\/wp-json\/wp\/v2\/product_cat?post=22313"},{"taxonomy":"product_tag","embeddable":true,"href":"https:\/\/staging.forenteforlag.no\/forlaget\/wp-json\/wp\/v2\/product_tag?post=22313"}],"curies":[{"name":"wp","href":"https:\/\/api.w.org\/{rel}","templated":true}]}}