{"id":22311,"date":"2022-08-05T02:00:00","date_gmt":"2022-08-05T00:00:00","guid":{"rendered":"https:\/\/forlagetpress.forenteforlag.no\/produkt\/hard-land-3\/"},"modified":"2026-03-04T13:57:41","modified_gmt":"2026-03-04T12:57:41","slug":"hard-land-3","status":"publish","type":"product","link":"https:\/\/staging.forenteforlag.no\/forlaget\/produkt\/hard-land-3\/","title":{"rendered":"Hard land"},"content":{"rendered":"<p>Missouri, 1985: Femten \u00e5r gamle Sam skaffer seg sommerjobb i en gammel kino for \u00e5 komme seg bort fra problemene hjemme. I l\u00f8pet av en magisk sommer blir alt snudd p\u00e5 hodet. Han f\u00e5r seg venner, blir forelsket og oppdager hjemstedets hemmeligheter. For f\u00f8rste gang i livet er han ikke en ubetydelig outsider. Helt til noe skjer som tvinger ham til \u00e5 bli voksen. <\/p>\n<p>Hard Land er en hyllest til \u00e5ttitallets oppvekstfilmer som The Breakfast Club og Stand By Me &#8211; en fortelling om en sommer som aldri vil bli glemt. <\/p>\n<p>Utgitt med st\u00f8tte fra Swiss Arts Council Pro Helvetia.<\/p>\n","protected":false},"excerpt":{"rendered":"<p>Missouri, 1985: Femten \u00e5r gamle Sam skaffer seg sommerjobb i en gammel kino for \u00e5 komme seg bort fra problemene hjemme. I l\u00f8pet av en magisk sommer blir alt snudd p\u00e5 hodet. Han f\u00e5r seg venner, blir forelsket og oppdager hjemstedets hemmeligheter. For f\u00f8rste gang i livet er han ikke en ubetydelig outsider. Helt til [&hellip;]<\/p>\n","protected":false},"featured_media":26471,"template":"","meta":{"_acf_changed":false,"inline_featured_image":false},"product_brand":[],"product_cat":[1781],"product_tag":[387,1095,510,512,370,389,501,513],"class_list":{"0":"post-22311","1":"product","2":"type-product","3":"status-publish","4":"has-post-thumbnail","6":"product_cat-rabattkodekampanje","7":"product_tag-1980-1989","8":"product_tag-grafiske-romaner","9":"product_tag-kjaerlighet","10":"product_tag-missouri","11":"product_tag-skjonnlitteratur","12":"product_tag-smabyer","13":"product_tag-ungdomstid","14":"product_tag-vennskap","16":"first","17":"instock","18":"shipping-taxable","19":"purchasable","20":"product-type-simple"},"acf":{"anmeldelse":[{"tekst_anmeldelser":"\u00abMan f\u00e5r aldri tilbake den sommeren man ble forelsket for f\u00f8rste gang. Men denne perlen av en bok klarer \u00e5 fange ungdommens solstr\u00e5ler og f\u00e5 dem til \u00e5 skinne klart igjen.\u00bb","av_anmeldelser":"","terningkast":false,"kilde":"Frankfurter Rundschau"},{"tekst_anmeldelser":"\u00abStilen er lett og luftig, sidene flyr av sted. [...] Hard Land er en bok det er vanskelig \u00e5 mislike. Den er velskrevet og godt skrudd sammen.\u00bb","av_anmeldelser":"Gabriel Michael Vosgraff Moro","terningkast":false,"kilde":"VG"},{"tekst_anmeldelser":"\u00abEnest\u00e5ende dialog, sylskarpe setninger.\u00bb","av_anmeldelser":"","terningkast":false,"kilde":"Westdeutsche Allgemeine Zeitung"},{"tekst_anmeldelser":"\u00ab... det er noe med denne romanen med alle de \u00abrette\u00bb ingrediensene som gj\u00f8r at man gladelig lar seg rive med og underholde.\u00bb","av_anmeldelser":"Sigmund Jensen","terningkast":"<i class=\"fa-solid fa-dice-five\"><\/i>","kilde":"Stavanger Aftenblad"},{"tekst_anmeldelser":"\u00abDet er ingen tvil om at Benedict Wells med denne boken tar opp arven fra tidenes oppvekstroman, Salingers 'Catcher in the Rye'.\u00bb","av_anmeldelser":"","terningkast":false,"kilde":"Rheinische Post"},{"tekst_anmeldelser":"\u00abOppvekstroman med kultpotensial [...] Benedict Wells skriver smertefullt og presist om \u00e5 bryte ut av puppestadiet.\u00bb","av_anmeldelser":"Inger Bentzrud","terningkast":"<i class=\"fa-solid fa-dice-five\"><\/i>","kilde":"Dagbladet"},{"tekst_anmeldelser":"\u00abHard Land er et dr\u00f8mmende, lengtende blikk tilbake til ungdommen og rett og slett en nydelig historie.\u00bb","av_anmeldelser":"","terningkast":false,"kilde":"ZDF"},{"tekst_anmeldelser":"\u00abAlle som ikke har et kj\u00f8leskap der hjertet skulle ha v\u00e6rt, vil bli bergtatt.\u00bb","av_anmeldelser":"","terningkast":false,"kilde":"rbbKultur"}]},"yoast_head":"<!-- This site is optimized with the Yoast SEO plugin v26.6 - https:\/\/yoast.com\/wordpress\/plugins\/seo\/ -->\n<title>Hard land - Forlaget Press<\/title>\n<meta name=\"robots\" content=\"noindex, follow, max-snippet:-1, max-image-preview:large, max-video-preview:-1\" \/>\n<meta property=\"og:locale\" content=\"nb_NO\" \/>\n<meta property=\"og:type\" content=\"article\" \/>\n<meta property=\"og:title\" content=\"Hard land - Forlaget Press\" \/>\n<meta property=\"og:description\" content=\"Missouri, 1985: Femten \u00e5r gamle Sam skaffer seg sommerjobb i en gammel kino for \u00e5 komme seg bort fra problemene hjemme. I l\u00f8pet av en magisk sommer blir alt snudd p\u00e5 hodet. Han f\u00e5r seg venner, blir forelsket og oppdager hjemstedets hemmeligheter. For f\u00f8rste gang i livet er han ikke en ubetydelig outsider. Helt til [&hellip;]\" \/>\n<meta property=\"og:url\" content=\"https:\/\/staging.forenteforlag.no\/forlaget\/produkt\/hard-land-3\/\" \/>\n<meta property=\"og:site_name\" content=\"Forlaget Press\" \/>\n<meta property=\"article:publisher\" content=\"https:\/\/www.facebook.com\/Forlagetpress\" \/>\n<meta property=\"article:modified_time\" content=\"2026-03-04T12:57:41+00:00\" \/>\n<meta property=\"og:image\" content=\"https:\/\/staging.forenteforlag.no\/forlaget\/wp-content\/uploads\/sites\/3\/2026\/02\/9788232804702.jpg\" \/>\n\t<meta property=\"og:image:width\" content=\"720\" \/>\n\t<meta property=\"og:image:height\" content=\"1109\" \/>\n\t<meta property=\"og:image:type\" content=\"image\/jpeg\" \/>\n<meta name=\"twitter:card\" content=\"summary_large_image\" \/>\n<meta name=\"twitter:label1\" content=\"Ansl. lesetid\" \/>\n\t<meta name=\"twitter:data1\" content=\"1 minutt\" \/>\n<script type=\"application\/ld+json\" class=\"yoast-schema-graph\">{\"@context\":\"https:\/\/schema.org\",\"@graph\":[{\"@type\":\"WebPage\",\"@id\":\"https:\/\/staging.forenteforlag.no\/forlaget\/produkt\/hard-land-3\/\",\"url\":\"https:\/\/staging.forenteforlag.no\/forlaget\/produkt\/hard-land-3\/\",\"name\":\"Hard land - Forlaget Press\",\"isPartOf\":{\"@id\":\"https:\/\/staging.forenteforlag.no\/forlaget\/#website\"},\"primaryImageOfPage\":{\"@id\":\"https:\/\/staging.forenteforlag.no\/forlaget\/produkt\/hard-land-3\/#primaryimage\"},\"image\":{\"@id\":\"https:\/\/staging.forenteforlag.no\/forlaget\/produkt\/hard-land-3\/#primaryimage\"},\"thumbnailUrl\":\"https:\/\/staging.forenteforlag.no\/forlaget\/wp-content\/uploads\/sites\/3\/2026\/02\/9788232804702.jpg\",\"datePublished\":\"2022-08-05T00:00:00+00:00\",\"dateModified\":\"2026-03-04T12:57:41+00:00\",\"breadcrumb\":{\"@id\":\"https:\/\/staging.forenteforlag.no\/forlaget\/produkt\/hard-land-3\/#breadcrumb\"},\"inLanguage\":\"nb-NO\",\"potentialAction\":[{\"@type\":\"ReadAction\",\"target\":[\"https:\/\/staging.forenteforlag.no\/forlaget\/produkt\/hard-land-3\/\"]}]},{\"@type\":\"ImageObject\",\"inLanguage\":\"nb-NO\",\"@id\":\"https:\/\/staging.forenteforlag.no\/forlaget\/produkt\/hard-land-3\/#primaryimage\",\"url\":\"https:\/\/staging.forenteforlag.no\/forlaget\/wp-content\/uploads\/sites\/3\/2026\/02\/9788232804702.jpg\",\"contentUrl\":\"https:\/\/staging.forenteforlag.no\/forlaget\/wp-content\/uploads\/sites\/3\/2026\/02\/9788232804702.jpg\",\"width\":720,\"height\":1109},{\"@type\":\"BreadcrumbList\",\"@id\":\"https:\/\/staging.forenteforlag.no\/forlaget\/produkt\/hard-land-3\/#breadcrumb\",\"itemListElement\":[{\"@type\":\"ListItem\",\"position\":1,\"name\":\"Hjem\",\"item\":\"https:\/\/staging.forenteforlag.no\/forlaget\/\"},{\"@type\":\"ListItem\",\"position\":2,\"name\":\"Alle b\u00f8ker\",\"item\":\"https:\/\/staging.forenteforlag.no\/forlaget\/butikk\/\"},{\"@type\":\"ListItem\",\"position\":3,\"name\":\"Hard land\"}]},{\"@type\":\"WebSite\",\"@id\":\"https:\/\/staging.forenteforlag.no\/forlaget\/#website\",\"url\":\"https:\/\/staging.forenteforlag.no\/forlaget\/\",\"name\":\"Forlaget Press\",\"description\":\"\",\"publisher\":{\"@id\":\"https:\/\/staging.forenteforlag.no\/forlaget\/#organization\"},\"potentialAction\":[{\"@type\":\"SearchAction\",\"target\":{\"@type\":\"EntryPoint\",\"urlTemplate\":\"https:\/\/staging.forenteforlag.no\/forlaget\/?s={search_term_string}\"},\"query-input\":{\"@type\":\"PropertyValueSpecification\",\"valueRequired\":true,\"valueName\":\"search_term_string\"}}],\"inLanguage\":\"nb-NO\"},{\"@type\":\"Organization\",\"@id\":\"https:\/\/staging.forenteforlag.no\/forlaget\/#organization\",\"name\":\"Forlaget Press\",\"url\":\"https:\/\/staging.forenteforlag.no\/forlaget\/\",\"logo\":{\"@type\":\"ImageObject\",\"inLanguage\":\"nb-NO\",\"@id\":\"https:\/\/staging.forenteforlag.no\/forlaget\/#\/schema\/logo\/image\/\",\"url\":\"https:\/\/staging.forenteforlag.no\/forlaget\/wp-content\/uploads\/sites\/3\/2024\/09\/Press_logo.svg\",\"contentUrl\":\"https:\/\/staging.forenteforlag.no\/forlaget\/wp-content\/uploads\/sites\/3\/2024\/09\/Press_logo.svg\",\"width\":100,\"height\":100,\"caption\":\"Forlaget Press\"},\"image\":{\"@id\":\"https:\/\/staging.forenteforlag.no\/forlaget\/#\/schema\/logo\/image\/\"},\"sameAs\":[\"https:\/\/www.facebook.com\/Forlagetpress\"]}]}<\/script>\n<!-- \/ Yoast SEO plugin. -->","yoast_head_json":{"title":"Hard land - Forlaget Press","robots":{"index":"noindex","follow":"follow","max-snippet":"max-snippet:-1","max-image-preview":"max-image-preview:large","max-video-preview":"max-video-preview:-1"},"og_locale":"nb_NO","og_type":"article","og_title":"Hard land - Forlaget Press","og_description":"Missouri, 1985: Femten \u00e5r gamle Sam skaffer seg sommerjobb i en gammel kino for \u00e5 komme seg bort fra problemene hjemme. I l\u00f8pet av en magisk sommer blir alt snudd p\u00e5 hodet. Han f\u00e5r seg venner, blir forelsket og oppdager hjemstedets hemmeligheter. For f\u00f8rste gang i livet er han ikke en ubetydelig outsider. Helt til [&hellip;]","og_url":"https:\/\/staging.forenteforlag.no\/forlaget\/produkt\/hard-land-3\/","og_site_name":"Forlaget Press","article_publisher":"https:\/\/www.facebook.com\/Forlagetpress","article_modified_time":"2026-03-04T12:57:41+00:00","og_image":[{"width":720,"height":1109,"url":"https:\/\/staging.forenteforlag.no\/forlaget\/wp-content\/uploads\/sites\/3\/2026\/02\/9788232804702.jpg","type":"image\/jpeg"}],"twitter_card":"summary_large_image","twitter_misc":{"Ansl. lesetid":"1 minutt"},"schema":{"@context":"https:\/\/schema.org","@graph":[{"@type":"WebPage","@id":"https:\/\/staging.forenteforlag.no\/forlaget\/produkt\/hard-land-3\/","url":"https:\/\/staging.forenteforlag.no\/forlaget\/produkt\/hard-land-3\/","name":"Hard land - Forlaget Press","isPartOf":{"@id":"https:\/\/staging.forenteforlag.no\/forlaget\/#website"},"primaryImageOfPage":{"@id":"https:\/\/staging.forenteforlag.no\/forlaget\/produkt\/hard-land-3\/#primaryimage"},"image":{"@id":"https:\/\/staging.forenteforlag.no\/forlaget\/produkt\/hard-land-3\/#primaryimage"},"thumbnailUrl":"https:\/\/staging.forenteforlag.no\/forlaget\/wp-content\/uploads\/sites\/3\/2026\/02\/9788232804702.jpg","datePublished":"2022-08-05T00:00:00+00:00","dateModified":"2026-03-04T12:57:41+00:00","breadcrumb":{"@id":"https:\/\/staging.forenteforlag.no\/forlaget\/produkt\/hard-land-3\/#breadcrumb"},"inLanguage":"nb-NO","potentialAction":[{"@type":"ReadAction","target":["https:\/\/staging.forenteforlag.no\/forlaget\/produkt\/hard-land-3\/"]}]},{"@type":"ImageObject","inLanguage":"nb-NO","@id":"https:\/\/staging.forenteforlag.no\/forlaget\/produkt\/hard-land-3\/#primaryimage","url":"https:\/\/staging.forenteforlag.no\/forlaget\/wp-content\/uploads\/sites\/3\/2026\/02\/9788232804702.jpg","contentUrl":"https:\/\/staging.forenteforlag.no\/forlaget\/wp-content\/uploads\/sites\/3\/2026\/02\/9788232804702.jpg","width":720,"height":1109},{"@type":"BreadcrumbList","@id":"https:\/\/staging.forenteforlag.no\/forlaget\/produkt\/hard-land-3\/#breadcrumb","itemListElement":[{"@type":"ListItem","position":1,"name":"Hjem","item":"https:\/\/staging.forenteforlag.no\/forlaget\/"},{"@type":"ListItem","position":2,"name":"Alle b\u00f8ker","item":"https:\/\/staging.forenteforlag.no\/forlaget\/butikk\/"},{"@type":"ListItem","position":3,"name":"Hard land"}]},{"@type":"WebSite","@id":"https:\/\/staging.forenteforlag.no\/forlaget\/#website","url":"https:\/\/staging.forenteforlag.no\/forlaget\/","name":"Forlaget Press","description":"","publisher":{"@id":"https:\/\/staging.forenteforlag.no\/forlaget\/#organization"},"potentialAction":[{"@type":"SearchAction","target":{"@type":"EntryPoint","urlTemplate":"https:\/\/staging.forenteforlag.no\/forlaget\/?s={search_term_string}"},"query-input":{"@type":"PropertyValueSpecification","valueRequired":true,"valueName":"search_term_string"}}],"inLanguage":"nb-NO"},{"@type":"Organization","@id":"https:\/\/staging.forenteforlag.no\/forlaget\/#organization","name":"Forlaget Press","url":"https:\/\/staging.forenteforlag.no\/forlaget\/","logo":{"@type":"ImageObject","inLanguage":"nb-NO","@id":"https:\/\/staging.forenteforlag.no\/forlaget\/#\/schema\/logo\/image\/","url":"https:\/\/staging.forenteforlag.no\/forlaget\/wp-content\/uploads\/sites\/3\/2024\/09\/Press_logo.svg","contentUrl":"https:\/\/staging.forenteforlag.no\/forlaget\/wp-content\/uploads\/sites\/3\/2024\/09\/Press_logo.svg","width":100,"height":100,"caption":"Forlaget Press"},"image":{"@id":"https:\/\/staging.forenteforlag.no\/forlaget\/#\/schema\/logo\/image\/"},"sameAs":["https:\/\/www.facebook.com\/Forlagetpress"]}]}},"_links":{"self":[{"href":"https:\/\/staging.forenteforlag.no\/forlaget\/wp-json\/wp\/v2\/product\/22311","targetHints":{"allow":["GET"]}}],"collection":[{"href":"https:\/\/staging.forenteforlag.no\/forlaget\/wp-json\/wp\/v2\/product"}],"about":[{"href":"https:\/\/staging.forenteforlag.no\/forlaget\/wp-json\/wp\/v2\/types\/product"}],"wp:featuredmedia":[{"embeddable":true,"href":"https:\/\/staging.forenteforlag.no\/forlaget\/wp-json\/wp\/v2\/media\/26471"}],"wp:attachment":[{"href":"https:\/\/staging.forenteforlag.no\/forlaget\/wp-json\/wp\/v2\/media?parent=22311"}],"wp:term":[{"taxonomy":"product_brand","embeddable":true,"href":"https:\/\/staging.forenteforlag.no\/forlaget\/wp-json\/wp\/v2\/product_brand?post=22311"},{"taxonomy":"product_cat","embeddable":true,"href":"https:\/\/staging.forenteforlag.no\/forlaget\/wp-json\/wp\/v2\/product_cat?post=22311"},{"taxonomy":"product_tag","embeddable":true,"href":"https:\/\/staging.forenteforlag.no\/forlaget\/wp-json\/wp\/v2\/product_tag?post=22311"}],"curies":[{"name":"wp","href":"https:\/\/api.w.org\/{rel}","templated":true}]}}