{"id":22287,"date":"2023-08-24T02:00:00","date_gmt":"2023-08-24T00:00:00","guid":{"rendered":"https:\/\/forlagetpress.forenteforlag.no\/produkt\/gul-ubat-3\/"},"modified":"2026-03-02T17:03:23","modified_gmt":"2026-03-02T16:03:23","slug":"gul-ubat-3","status":"publish","type":"product","link":"https:\/\/staging.forenteforlag.no\/forlaget\/produkt\/gul-ubat-3\/","title":{"rendered":"Gul ub\u00e5t"},"content":{"rendered":"<p>En mor pr\u00f8ver \u00e5 l\u00e6re sin syv \u00e5r gamle s\u00f8nn Yellow Submarine p\u00e5 munnspill, men hun d\u00f8r og forsvinner inn i m\u00f8rket, inn i stillheten. Noen m\u00e5neder senere blir Beatles oppl\u00f8st. Igjen sitter en liten gutt med enormt tomrom i livet. En distansert og alkoholisert far gj\u00f8r ikke dette enklere.    <\/p>\n<p>.Vi m\u00f8ter gutten senere i livet som en middelaldrende forfatter i en park i London. Han lurer p\u00e5 om han skal g\u00e5 bort til \u00e5tti \u00e5r gamle Paul McCartney, som sitter under et eiketre like bortenfor ham. Problemet er bare at forfatteren stadig vekk blir forstyrret av fortiden. <\/p>\n<p>Frodige fortellinger rammer inn en personlig, s\u00e5r og morsom barndomsskildring, der gutten med nysgjerrighet og innsikt plukker barnetroen fra hverandre. J\u00f3n Kalman Stef\u00e1nsson viser nok en gang hvorfor han regnes som en av Islands viktigste n\u00e5levende forfattere, og er blitt en favoritt blant lesere og kritikere b\u00e5de i hjemlandet og internasjonalt.<\/p>\n","protected":false},"excerpt":{"rendered":"<p>En mor pr\u00f8ver \u00e5 l\u00e6re sin syv \u00e5r gamle s\u00f8nn Yellow Submarine p\u00e5 munnspill, men hun d\u00f8r og forsvinner inn i m\u00f8rket, inn i stillheten. Noen m\u00e5neder senere blir Beatles oppl\u00f8st. Igjen sitter en liten gutt med enormt tomrom i livet. En distansert og alkoholisert far gj\u00f8r ikke dette enklere. .Vi m\u00f8ter gutten senere i [&hellip;]<\/p>\n","protected":false},"featured_media":26526,"template":"","meta":{"_acf_changed":false,"inline_featured_image":false},"product_brand":[],"product_cat":[1781],"product_tag":[370],"class_list":{"0":"post-22287","1":"product","2":"type-product","3":"status-publish","4":"has-post-thumbnail","6":"product_cat-rabattkodekampanje","7":"product_tag-skjonnlitteratur","9":"first","10":"instock","11":"shipping-taxable","12":"purchasable","13":"product-type-simple"},"acf":{"anmeldelse":[{"tekst_anmeldelser":"\u00abEn roman som vil mye og gaper over oseaner av tematikk. [...] Det er ikke noe forsert eller kunstig over den plassen som gis til disse temaene, og mot slutten synes jeg forfatteren f\u00e5r til \u00e5 samle alle disse tr\u00e5dene til en imponerende helhet.\u00bb","av_anmeldelser":"Maria \u00c5rolilja R\u00f8","terningkast":"<i class=\"fa-solid fa-dice-five\"><\/i>","kilde":"Adresseavisen"},{"tekst_anmeldelser":"\u00abIslandske J\u00f3n Kalman Stef\u00e1nsson har v\u00e6rt blant mine favorittforfattere i mange \u00e5r n\u00e5. Denne fascinerende \"sj\u00f8lbiografien\" s\u00f8rger for at han fortsatt er det.\u00bb","av_anmeldelser":"Tor Hammer\u00f8","terningkast":"<i class=\"fa-solid fa-dice-five\"><\/i>","kilde":"Nettavisen"},{"tekst_anmeldelser":"\u00abJa, Stef\u00e1nsson er annerledes. Og tidvis s\u00e6rt morsom. [...] Det knoter seg litt til mot slutten av boka, men da har Stef\u00e1nsson allerede v\u00e6rt b\u00e5de vittig og \u00f8m og klok i 300 sider allerede, s\u00e5 det skal vi ikke bry oss for hardt om. Dette er snodige greier, men det hender jo at snodige greier er nettopp det vi trenger.\u00bb","av_anmeldelser":"Steinar Brandslet","terningkast":"<i class=\"fa-solid fa-dice-five\"><\/i>","kilde":"Stavanger Aftenblad"},{"tekst_anmeldelser":"\u00abHvor deilig befriende er det ikke \u00e5 lese en forfatter som helt uredd gir seg i kast med de st\u00f8rste f\u00f8lelsene i livet? J\u00f3n Kalman Stef\u00e1nsson n\u00f8yer seg aldri med \u00e5 beskrive sitt liv, han fors\u00f8ker alltid \u00e5 beskrive alle menneskers liv, sette ord p\u00e5 livet selv.\u00bb","av_anmeldelser":"M\u00edmir Kristj\u00e1nsson","terningkast":false,"kilde":"Klassekampen"}]},"yoast_head":"<!-- This site is optimized with the Yoast SEO plugin v26.6 - https:\/\/yoast.com\/wordpress\/plugins\/seo\/ -->\n<title>Gul ub\u00e5t - Forlaget Press<\/title>\n<meta name=\"robots\" content=\"noindex, follow, max-snippet:-1, max-image-preview:large, max-video-preview:-1\" \/>\n<meta property=\"og:locale\" content=\"nb_NO\" \/>\n<meta property=\"og:type\" content=\"article\" \/>\n<meta property=\"og:title\" content=\"Gul ub\u00e5t - Forlaget Press\" \/>\n<meta property=\"og:description\" content=\"En mor pr\u00f8ver \u00e5 l\u00e6re sin syv \u00e5r gamle s\u00f8nn Yellow Submarine p\u00e5 munnspill, men hun d\u00f8r og forsvinner inn i m\u00f8rket, inn i stillheten. Noen m\u00e5neder senere blir Beatles oppl\u00f8st. Igjen sitter en liten gutt med enormt tomrom i livet. En distansert og alkoholisert far gj\u00f8r ikke dette enklere. .Vi m\u00f8ter gutten senere i [&hellip;]\" \/>\n<meta property=\"og:url\" content=\"https:\/\/staging.forenteforlag.no\/forlaget\/produkt\/gul-ubat-3\/\" \/>\n<meta property=\"og:site_name\" content=\"Forlaget Press\" \/>\n<meta property=\"article:publisher\" content=\"https:\/\/www.facebook.com\/Forlagetpress\" \/>\n<meta property=\"article:modified_time\" content=\"2026-03-02T16:03:23+00:00\" \/>\n<meta property=\"og:image\" content=\"https:\/\/staging.forenteforlag.no\/forlaget\/wp-content\/uploads\/sites\/3\/2026\/02\/9788232805648.jpg\" \/>\n\t<meta property=\"og:image:width\" content=\"720\" \/>\n\t<meta property=\"og:image:height\" content=\"1062\" \/>\n\t<meta property=\"og:image:type\" content=\"image\/jpeg\" \/>\n<meta name=\"twitter:card\" content=\"summary_large_image\" \/>\n<meta name=\"twitter:label1\" content=\"Ansl. lesetid\" \/>\n\t<meta name=\"twitter:data1\" content=\"1 minutt\" \/>\n<script type=\"application\/ld+json\" class=\"yoast-schema-graph\">{\"@context\":\"https:\/\/schema.org\",\"@graph\":[{\"@type\":\"WebPage\",\"@id\":\"https:\/\/staging.forenteforlag.no\/forlaget\/produkt\/gul-ubat-3\/\",\"url\":\"https:\/\/staging.forenteforlag.no\/forlaget\/produkt\/gul-ubat-3\/\",\"name\":\"Gul ub\u00e5t - Forlaget Press\",\"isPartOf\":{\"@id\":\"https:\/\/staging.forenteforlag.no\/forlaget\/#website\"},\"primaryImageOfPage\":{\"@id\":\"https:\/\/staging.forenteforlag.no\/forlaget\/produkt\/gul-ubat-3\/#primaryimage\"},\"image\":{\"@id\":\"https:\/\/staging.forenteforlag.no\/forlaget\/produkt\/gul-ubat-3\/#primaryimage\"},\"thumbnailUrl\":\"https:\/\/staging.forenteforlag.no\/forlaget\/wp-content\/uploads\/sites\/3\/2026\/02\/9788232805648.jpg\",\"datePublished\":\"2023-08-24T00:00:00+00:00\",\"dateModified\":\"2026-03-02T16:03:23+00:00\",\"breadcrumb\":{\"@id\":\"https:\/\/staging.forenteforlag.no\/forlaget\/produkt\/gul-ubat-3\/#breadcrumb\"},\"inLanguage\":\"nb-NO\",\"potentialAction\":[{\"@type\":\"ReadAction\",\"target\":[\"https:\/\/staging.forenteforlag.no\/forlaget\/produkt\/gul-ubat-3\/\"]}]},{\"@type\":\"ImageObject\",\"inLanguage\":\"nb-NO\",\"@id\":\"https:\/\/staging.forenteforlag.no\/forlaget\/produkt\/gul-ubat-3\/#primaryimage\",\"url\":\"https:\/\/staging.forenteforlag.no\/forlaget\/wp-content\/uploads\/sites\/3\/2026\/02\/9788232805648.jpg\",\"contentUrl\":\"https:\/\/staging.forenteforlag.no\/forlaget\/wp-content\/uploads\/sites\/3\/2026\/02\/9788232805648.jpg\",\"width\":720,\"height\":1062},{\"@type\":\"BreadcrumbList\",\"@id\":\"https:\/\/staging.forenteforlag.no\/forlaget\/produkt\/gul-ubat-3\/#breadcrumb\",\"itemListElement\":[{\"@type\":\"ListItem\",\"position\":1,\"name\":\"Hjem\",\"item\":\"https:\/\/staging.forenteforlag.no\/forlaget\/\"},{\"@type\":\"ListItem\",\"position\":2,\"name\":\"Alle b\u00f8ker\",\"item\":\"https:\/\/staging.forenteforlag.no\/forlaget\/butikk\/\"},{\"@type\":\"ListItem\",\"position\":3,\"name\":\"Gul ub\u00e5t\"}]},{\"@type\":\"WebSite\",\"@id\":\"https:\/\/staging.forenteforlag.no\/forlaget\/#website\",\"url\":\"https:\/\/staging.forenteforlag.no\/forlaget\/\",\"name\":\"Forlaget Press\",\"description\":\"\",\"publisher\":{\"@id\":\"https:\/\/staging.forenteforlag.no\/forlaget\/#organization\"},\"potentialAction\":[{\"@type\":\"SearchAction\",\"target\":{\"@type\":\"EntryPoint\",\"urlTemplate\":\"https:\/\/staging.forenteforlag.no\/forlaget\/?s={search_term_string}\"},\"query-input\":{\"@type\":\"PropertyValueSpecification\",\"valueRequired\":true,\"valueName\":\"search_term_string\"}}],\"inLanguage\":\"nb-NO\"},{\"@type\":\"Organization\",\"@id\":\"https:\/\/staging.forenteforlag.no\/forlaget\/#organization\",\"name\":\"Forlaget Press\",\"url\":\"https:\/\/staging.forenteforlag.no\/forlaget\/\",\"logo\":{\"@type\":\"ImageObject\",\"inLanguage\":\"nb-NO\",\"@id\":\"https:\/\/staging.forenteforlag.no\/forlaget\/#\/schema\/logo\/image\/\",\"url\":\"https:\/\/staging.forenteforlag.no\/forlaget\/wp-content\/uploads\/sites\/3\/2024\/09\/Press_logo.svg\",\"contentUrl\":\"https:\/\/staging.forenteforlag.no\/forlaget\/wp-content\/uploads\/sites\/3\/2024\/09\/Press_logo.svg\",\"width\":100,\"height\":100,\"caption\":\"Forlaget Press\"},\"image\":{\"@id\":\"https:\/\/staging.forenteforlag.no\/forlaget\/#\/schema\/logo\/image\/\"},\"sameAs\":[\"https:\/\/www.facebook.com\/Forlagetpress\"]}]}<\/script>\n<!-- \/ Yoast SEO plugin. -->","yoast_head_json":{"title":"Gul ub\u00e5t - Forlaget Press","robots":{"index":"noindex","follow":"follow","max-snippet":"max-snippet:-1","max-image-preview":"max-image-preview:large","max-video-preview":"max-video-preview:-1"},"og_locale":"nb_NO","og_type":"article","og_title":"Gul ub\u00e5t - Forlaget Press","og_description":"En mor pr\u00f8ver \u00e5 l\u00e6re sin syv \u00e5r gamle s\u00f8nn Yellow Submarine p\u00e5 munnspill, men hun d\u00f8r og forsvinner inn i m\u00f8rket, inn i stillheten. Noen m\u00e5neder senere blir Beatles oppl\u00f8st. Igjen sitter en liten gutt med enormt tomrom i livet. En distansert og alkoholisert far gj\u00f8r ikke dette enklere. .Vi m\u00f8ter gutten senere i [&hellip;]","og_url":"https:\/\/staging.forenteforlag.no\/forlaget\/produkt\/gul-ubat-3\/","og_site_name":"Forlaget Press","article_publisher":"https:\/\/www.facebook.com\/Forlagetpress","article_modified_time":"2026-03-02T16:03:23+00:00","og_image":[{"width":720,"height":1062,"url":"https:\/\/staging.forenteforlag.no\/forlaget\/wp-content\/uploads\/sites\/3\/2026\/02\/9788232805648.jpg","type":"image\/jpeg"}],"twitter_card":"summary_large_image","twitter_misc":{"Ansl. lesetid":"1 minutt"},"schema":{"@context":"https:\/\/schema.org","@graph":[{"@type":"WebPage","@id":"https:\/\/staging.forenteforlag.no\/forlaget\/produkt\/gul-ubat-3\/","url":"https:\/\/staging.forenteforlag.no\/forlaget\/produkt\/gul-ubat-3\/","name":"Gul ub\u00e5t - Forlaget Press","isPartOf":{"@id":"https:\/\/staging.forenteforlag.no\/forlaget\/#website"},"primaryImageOfPage":{"@id":"https:\/\/staging.forenteforlag.no\/forlaget\/produkt\/gul-ubat-3\/#primaryimage"},"image":{"@id":"https:\/\/staging.forenteforlag.no\/forlaget\/produkt\/gul-ubat-3\/#primaryimage"},"thumbnailUrl":"https:\/\/staging.forenteforlag.no\/forlaget\/wp-content\/uploads\/sites\/3\/2026\/02\/9788232805648.jpg","datePublished":"2023-08-24T00:00:00+00:00","dateModified":"2026-03-02T16:03:23+00:00","breadcrumb":{"@id":"https:\/\/staging.forenteforlag.no\/forlaget\/produkt\/gul-ubat-3\/#breadcrumb"},"inLanguage":"nb-NO","potentialAction":[{"@type":"ReadAction","target":["https:\/\/staging.forenteforlag.no\/forlaget\/produkt\/gul-ubat-3\/"]}]},{"@type":"ImageObject","inLanguage":"nb-NO","@id":"https:\/\/staging.forenteforlag.no\/forlaget\/produkt\/gul-ubat-3\/#primaryimage","url":"https:\/\/staging.forenteforlag.no\/forlaget\/wp-content\/uploads\/sites\/3\/2026\/02\/9788232805648.jpg","contentUrl":"https:\/\/staging.forenteforlag.no\/forlaget\/wp-content\/uploads\/sites\/3\/2026\/02\/9788232805648.jpg","width":720,"height":1062},{"@type":"BreadcrumbList","@id":"https:\/\/staging.forenteforlag.no\/forlaget\/produkt\/gul-ubat-3\/#breadcrumb","itemListElement":[{"@type":"ListItem","position":1,"name":"Hjem","item":"https:\/\/staging.forenteforlag.no\/forlaget\/"},{"@type":"ListItem","position":2,"name":"Alle b\u00f8ker","item":"https:\/\/staging.forenteforlag.no\/forlaget\/butikk\/"},{"@type":"ListItem","position":3,"name":"Gul ub\u00e5t"}]},{"@type":"WebSite","@id":"https:\/\/staging.forenteforlag.no\/forlaget\/#website","url":"https:\/\/staging.forenteforlag.no\/forlaget\/","name":"Forlaget Press","description":"","publisher":{"@id":"https:\/\/staging.forenteforlag.no\/forlaget\/#organization"},"potentialAction":[{"@type":"SearchAction","target":{"@type":"EntryPoint","urlTemplate":"https:\/\/staging.forenteforlag.no\/forlaget\/?s={search_term_string}"},"query-input":{"@type":"PropertyValueSpecification","valueRequired":true,"valueName":"search_term_string"}}],"inLanguage":"nb-NO"},{"@type":"Organization","@id":"https:\/\/staging.forenteforlag.no\/forlaget\/#organization","name":"Forlaget Press","url":"https:\/\/staging.forenteforlag.no\/forlaget\/","logo":{"@type":"ImageObject","inLanguage":"nb-NO","@id":"https:\/\/staging.forenteforlag.no\/forlaget\/#\/schema\/logo\/image\/","url":"https:\/\/staging.forenteforlag.no\/forlaget\/wp-content\/uploads\/sites\/3\/2024\/09\/Press_logo.svg","contentUrl":"https:\/\/staging.forenteforlag.no\/forlaget\/wp-content\/uploads\/sites\/3\/2024\/09\/Press_logo.svg","width":100,"height":100,"caption":"Forlaget Press"},"image":{"@id":"https:\/\/staging.forenteforlag.no\/forlaget\/#\/schema\/logo\/image\/"},"sameAs":["https:\/\/www.facebook.com\/Forlagetpress"]}]}},"_links":{"self":[{"href":"https:\/\/staging.forenteforlag.no\/forlaget\/wp-json\/wp\/v2\/product\/22287","targetHints":{"allow":["GET"]}}],"collection":[{"href":"https:\/\/staging.forenteforlag.no\/forlaget\/wp-json\/wp\/v2\/product"}],"about":[{"href":"https:\/\/staging.forenteforlag.no\/forlaget\/wp-json\/wp\/v2\/types\/product"}],"wp:featuredmedia":[{"embeddable":true,"href":"https:\/\/staging.forenteforlag.no\/forlaget\/wp-json\/wp\/v2\/media\/26526"}],"wp:attachment":[{"href":"https:\/\/staging.forenteforlag.no\/forlaget\/wp-json\/wp\/v2\/media?parent=22287"}],"wp:term":[{"taxonomy":"product_brand","embeddable":true,"href":"https:\/\/staging.forenteforlag.no\/forlaget\/wp-json\/wp\/v2\/product_brand?post=22287"},{"taxonomy":"product_cat","embeddable":true,"href":"https:\/\/staging.forenteforlag.no\/forlaget\/wp-json\/wp\/v2\/product_cat?post=22287"},{"taxonomy":"product_tag","embeddable":true,"href":"https:\/\/staging.forenteforlag.no\/forlaget\/wp-json\/wp\/v2\/product_tag?post=22287"}],"curies":[{"name":"wp","href":"https:\/\/api.w.org\/{rel}","templated":true}]}}