{"id":22273,"date":"2023-03-28T02:00:00","date_gmt":"2023-03-28T00:00:00","guid":{"rendered":"https:\/\/forlagetpress.forenteforlag.no\/produkt\/den-reisende-2\/"},"modified":"2026-03-02T17:02:05","modified_gmt":"2026-03-02T16:02:05","slug":"den-reisende-2","status":"publish","type":"product","link":"https:\/\/staging.forenteforlag.no\/forlaget\/produkt\/den-reisende-2\/","title":{"rendered":"Den reisende"},"content":{"rendered":"<p>BERLIN, NOVEMBER 1938. Med stormtropper bankende p\u00e5 d\u00f8ra, flykter Otto Silbermann fra hjemmet sitt. Han havner p\u00e5 gaten hvor volden herjer: Krystallnatten er iverksatt, synagoger blir brent, j\u00f8der jages og samles, og forretningene deres blir \u00f8delagt.   <\/p>\n<p>Avvist og forr\u00e5dt av venner og kolleger, opplever Otto at livet hans som respektert forretningsmann oppl\u00f8ses over natten. P\u00e5 sin desperate ferd gjennom Tyskland m\u00e5 han gj\u00f8re alt for \u00e5 skjule sin j\u00f8diske identitet i et kappl\u00f8p for \u00e5 unnslippe dette hjemlandet som ikke lenger er et hjem.   <\/p>\n<p>Tjuetre \u00e5r gamle Ulrich Boschwitz skrev Den reisende i rasende fart etter krystallnattens grusomheter i 1938. Lenge trodde man at manuskriptet var g\u00e5tt tapt, men det ble nylig gjenfunnet i tyske arkiver og publisert verden over til unison hyllest.    <\/p>\n<p>En av \u00e5rets beste b\u00f8ker:   <\/p>\n<p>Wall Street Journal, Guardian, Financial Times, Times Literary Supplement og Minneapolis Star Tribune.<\/p>\n","protected":false},"excerpt":{"rendered":"<p>BERLIN, NOVEMBER 1938. Med stormtropper bankende p\u00e5 d\u00f8ra, flykter Otto Silbermann fra hjemmet sitt. Han havner p\u00e5 gaten hvor volden herjer: Krystallnatten er iverksatt, synagoger blir brent, j\u00f8der jages og samles, og forretningene deres blir \u00f8delagt. Avvist og forr\u00e5dt av venner og kolleger, opplever Otto at livet hans som respektert forretningsmann oppl\u00f8ses over natten. P\u00e5 [&hellip;]<\/p>\n","protected":false},"featured_media":26506,"template":"","meta":{"_acf_changed":false,"inline_featured_image":false},"product_brand":[],"product_cat":[1781],"product_tag":[407,405,1095,400,456,452,911,370],"class_list":{"0":"post-22273","1":"product","2":"type-product","3":"status-publish","4":"has-post-thumbnail","6":"product_cat-rabattkodekampanje","7":"product_tag-1939-1945","8":"product_tag-andre-verdenskrig","9":"product_tag-grafiske-romaner","10":"product_tag-historisk-litteratur","11":"product_tag-holocaust","12":"product_tag-joder","13":"product_tag-ost-tyskland","14":"product_tag-skjonnlitteratur","16":"first","17":"instock","18":"shipping-taxable","19":"purchasable","20":"product-type-simple"},"acf":{"anmeldelse":[{"tekst_anmeldelser":"\u00abDette er nemlig en roman med et budskap som burde v\u00e6re pensum p\u00e5 alle videreg\u00e5ende skoler her til lands. [...] Boschwitz, sv\u00e6rt godt oversatt av Oliver M\u00f8ystad, skriver p\u00e5 et godt og levende vis hvordan Silbermann bokstavelig talt blir jaga fra skanse til skanse, hvordan livsverket hans blir lagt i grus og hvordan familien hans blir \u00f8delagt. Vi vet jo at det skjedde, men denne romanen bringer oss likevel n\u00e6rmere p\u00e5 virkeligheten enn noen gang.\u00bb","av_anmeldelser":"Tor Hammer\u00f8","terningkast":"<i class=\"fa-solid fa-dice-five\"><\/i>","kilde":"Nettavisen"}]},"yoast_head":"<!-- This site is optimized with the Yoast SEO plugin v26.6 - https:\/\/yoast.com\/wordpress\/plugins\/seo\/ -->\n<title>Den reisende - Forlaget Press<\/title>\n<meta name=\"robots\" content=\"noindex, follow, max-snippet:-1, max-image-preview:large, max-video-preview:-1\" \/>\n<meta property=\"og:locale\" content=\"nb_NO\" \/>\n<meta property=\"og:type\" content=\"article\" \/>\n<meta property=\"og:title\" content=\"Den reisende - Forlaget Press\" \/>\n<meta property=\"og:description\" content=\"BERLIN, NOVEMBER 1938. Med stormtropper bankende p\u00e5 d\u00f8ra, flykter Otto Silbermann fra hjemmet sitt. Han havner p\u00e5 gaten hvor volden herjer: Krystallnatten er iverksatt, synagoger blir brent, j\u00f8der jages og samles, og forretningene deres blir \u00f8delagt. Avvist og forr\u00e5dt av venner og kolleger, opplever Otto at livet hans som respektert forretningsmann oppl\u00f8ses over natten. P\u00e5 [&hellip;]\" \/>\n<meta property=\"og:url\" content=\"https:\/\/staging.forenteforlag.no\/forlaget\/produkt\/den-reisende-2\/\" \/>\n<meta property=\"og:site_name\" content=\"Forlaget Press\" \/>\n<meta property=\"article:publisher\" content=\"https:\/\/www.facebook.com\/Forlagetpress\" \/>\n<meta property=\"article:modified_time\" content=\"2026-03-02T16:02:05+00:00\" \/>\n<meta property=\"og:image\" content=\"https:\/\/staging.forenteforlag.no\/forlaget\/wp-content\/uploads\/sites\/3\/2026\/02\/9788232805198.jpg\" \/>\n\t<meta property=\"og:image:width\" content=\"720\" \/>\n\t<meta property=\"og:image:height\" content=\"1048\" \/>\n\t<meta property=\"og:image:type\" content=\"image\/jpeg\" \/>\n<meta name=\"twitter:card\" content=\"summary_large_image\" \/>\n<meta name=\"twitter:label1\" content=\"Ansl. lesetid\" \/>\n\t<meta name=\"twitter:data1\" content=\"1 minutt\" \/>\n<script type=\"application\/ld+json\" class=\"yoast-schema-graph\">{\"@context\":\"https:\/\/schema.org\",\"@graph\":[{\"@type\":\"WebPage\",\"@id\":\"https:\/\/staging.forenteforlag.no\/forlaget\/produkt\/den-reisende-2\/\",\"url\":\"https:\/\/staging.forenteforlag.no\/forlaget\/produkt\/den-reisende-2\/\",\"name\":\"Den reisende - Forlaget Press\",\"isPartOf\":{\"@id\":\"https:\/\/staging.forenteforlag.no\/forlaget\/#website\"},\"primaryImageOfPage\":{\"@id\":\"https:\/\/staging.forenteforlag.no\/forlaget\/produkt\/den-reisende-2\/#primaryimage\"},\"image\":{\"@id\":\"https:\/\/staging.forenteforlag.no\/forlaget\/produkt\/den-reisende-2\/#primaryimage\"},\"thumbnailUrl\":\"https:\/\/staging.forenteforlag.no\/forlaget\/wp-content\/uploads\/sites\/3\/2026\/02\/9788232805198.jpg\",\"datePublished\":\"2023-03-28T00:00:00+00:00\",\"dateModified\":\"2026-03-02T16:02:05+00:00\",\"breadcrumb\":{\"@id\":\"https:\/\/staging.forenteforlag.no\/forlaget\/produkt\/den-reisende-2\/#breadcrumb\"},\"inLanguage\":\"nb-NO\",\"potentialAction\":[{\"@type\":\"ReadAction\",\"target\":[\"https:\/\/staging.forenteforlag.no\/forlaget\/produkt\/den-reisende-2\/\"]}]},{\"@type\":\"ImageObject\",\"inLanguage\":\"nb-NO\",\"@id\":\"https:\/\/staging.forenteforlag.no\/forlaget\/produkt\/den-reisende-2\/#primaryimage\",\"url\":\"https:\/\/staging.forenteforlag.no\/forlaget\/wp-content\/uploads\/sites\/3\/2026\/02\/9788232805198.jpg\",\"contentUrl\":\"https:\/\/staging.forenteforlag.no\/forlaget\/wp-content\/uploads\/sites\/3\/2026\/02\/9788232805198.jpg\",\"width\":720,\"height\":1048},{\"@type\":\"BreadcrumbList\",\"@id\":\"https:\/\/staging.forenteforlag.no\/forlaget\/produkt\/den-reisende-2\/#breadcrumb\",\"itemListElement\":[{\"@type\":\"ListItem\",\"position\":1,\"name\":\"Hjem\",\"item\":\"https:\/\/staging.forenteforlag.no\/forlaget\/\"},{\"@type\":\"ListItem\",\"position\":2,\"name\":\"Alle b\u00f8ker\",\"item\":\"https:\/\/staging.forenteforlag.no\/forlaget\/butikk\/\"},{\"@type\":\"ListItem\",\"position\":3,\"name\":\"Den reisende\"}]},{\"@type\":\"WebSite\",\"@id\":\"https:\/\/staging.forenteforlag.no\/forlaget\/#website\",\"url\":\"https:\/\/staging.forenteforlag.no\/forlaget\/\",\"name\":\"Forlaget Press\",\"description\":\"\",\"publisher\":{\"@id\":\"https:\/\/staging.forenteforlag.no\/forlaget\/#organization\"},\"potentialAction\":[{\"@type\":\"SearchAction\",\"target\":{\"@type\":\"EntryPoint\",\"urlTemplate\":\"https:\/\/staging.forenteforlag.no\/forlaget\/?s={search_term_string}\"},\"query-input\":{\"@type\":\"PropertyValueSpecification\",\"valueRequired\":true,\"valueName\":\"search_term_string\"}}],\"inLanguage\":\"nb-NO\"},{\"@type\":\"Organization\",\"@id\":\"https:\/\/staging.forenteforlag.no\/forlaget\/#organization\",\"name\":\"Forlaget Press\",\"url\":\"https:\/\/staging.forenteforlag.no\/forlaget\/\",\"logo\":{\"@type\":\"ImageObject\",\"inLanguage\":\"nb-NO\",\"@id\":\"https:\/\/staging.forenteforlag.no\/forlaget\/#\/schema\/logo\/image\/\",\"url\":\"https:\/\/staging.forenteforlag.no\/forlaget\/wp-content\/uploads\/sites\/3\/2024\/09\/Press_logo.svg\",\"contentUrl\":\"https:\/\/staging.forenteforlag.no\/forlaget\/wp-content\/uploads\/sites\/3\/2024\/09\/Press_logo.svg\",\"width\":100,\"height\":100,\"caption\":\"Forlaget Press\"},\"image\":{\"@id\":\"https:\/\/staging.forenteforlag.no\/forlaget\/#\/schema\/logo\/image\/\"},\"sameAs\":[\"https:\/\/www.facebook.com\/Forlagetpress\"]}]}<\/script>\n<!-- \/ Yoast SEO plugin. -->","yoast_head_json":{"title":"Den reisende - Forlaget Press","robots":{"index":"noindex","follow":"follow","max-snippet":"max-snippet:-1","max-image-preview":"max-image-preview:large","max-video-preview":"max-video-preview:-1"},"og_locale":"nb_NO","og_type":"article","og_title":"Den reisende - Forlaget Press","og_description":"BERLIN, NOVEMBER 1938. Med stormtropper bankende p\u00e5 d\u00f8ra, flykter Otto Silbermann fra hjemmet sitt. Han havner p\u00e5 gaten hvor volden herjer: Krystallnatten er iverksatt, synagoger blir brent, j\u00f8der jages og samles, og forretningene deres blir \u00f8delagt. Avvist og forr\u00e5dt av venner og kolleger, opplever Otto at livet hans som respektert forretningsmann oppl\u00f8ses over natten. P\u00e5 [&hellip;]","og_url":"https:\/\/staging.forenteforlag.no\/forlaget\/produkt\/den-reisende-2\/","og_site_name":"Forlaget Press","article_publisher":"https:\/\/www.facebook.com\/Forlagetpress","article_modified_time":"2026-03-02T16:02:05+00:00","og_image":[{"width":720,"height":1048,"url":"https:\/\/staging.forenteforlag.no\/forlaget\/wp-content\/uploads\/sites\/3\/2026\/02\/9788232805198.jpg","type":"image\/jpeg"}],"twitter_card":"summary_large_image","twitter_misc":{"Ansl. lesetid":"1 minutt"},"schema":{"@context":"https:\/\/schema.org","@graph":[{"@type":"WebPage","@id":"https:\/\/staging.forenteforlag.no\/forlaget\/produkt\/den-reisende-2\/","url":"https:\/\/staging.forenteforlag.no\/forlaget\/produkt\/den-reisende-2\/","name":"Den reisende - Forlaget Press","isPartOf":{"@id":"https:\/\/staging.forenteforlag.no\/forlaget\/#website"},"primaryImageOfPage":{"@id":"https:\/\/staging.forenteforlag.no\/forlaget\/produkt\/den-reisende-2\/#primaryimage"},"image":{"@id":"https:\/\/staging.forenteforlag.no\/forlaget\/produkt\/den-reisende-2\/#primaryimage"},"thumbnailUrl":"https:\/\/staging.forenteforlag.no\/forlaget\/wp-content\/uploads\/sites\/3\/2026\/02\/9788232805198.jpg","datePublished":"2023-03-28T00:00:00+00:00","dateModified":"2026-03-02T16:02:05+00:00","breadcrumb":{"@id":"https:\/\/staging.forenteforlag.no\/forlaget\/produkt\/den-reisende-2\/#breadcrumb"},"inLanguage":"nb-NO","potentialAction":[{"@type":"ReadAction","target":["https:\/\/staging.forenteforlag.no\/forlaget\/produkt\/den-reisende-2\/"]}]},{"@type":"ImageObject","inLanguage":"nb-NO","@id":"https:\/\/staging.forenteforlag.no\/forlaget\/produkt\/den-reisende-2\/#primaryimage","url":"https:\/\/staging.forenteforlag.no\/forlaget\/wp-content\/uploads\/sites\/3\/2026\/02\/9788232805198.jpg","contentUrl":"https:\/\/staging.forenteforlag.no\/forlaget\/wp-content\/uploads\/sites\/3\/2026\/02\/9788232805198.jpg","width":720,"height":1048},{"@type":"BreadcrumbList","@id":"https:\/\/staging.forenteforlag.no\/forlaget\/produkt\/den-reisende-2\/#breadcrumb","itemListElement":[{"@type":"ListItem","position":1,"name":"Hjem","item":"https:\/\/staging.forenteforlag.no\/forlaget\/"},{"@type":"ListItem","position":2,"name":"Alle b\u00f8ker","item":"https:\/\/staging.forenteforlag.no\/forlaget\/butikk\/"},{"@type":"ListItem","position":3,"name":"Den reisende"}]},{"@type":"WebSite","@id":"https:\/\/staging.forenteforlag.no\/forlaget\/#website","url":"https:\/\/staging.forenteforlag.no\/forlaget\/","name":"Forlaget Press","description":"","publisher":{"@id":"https:\/\/staging.forenteforlag.no\/forlaget\/#organization"},"potentialAction":[{"@type":"SearchAction","target":{"@type":"EntryPoint","urlTemplate":"https:\/\/staging.forenteforlag.no\/forlaget\/?s={search_term_string}"},"query-input":{"@type":"PropertyValueSpecification","valueRequired":true,"valueName":"search_term_string"}}],"inLanguage":"nb-NO"},{"@type":"Organization","@id":"https:\/\/staging.forenteforlag.no\/forlaget\/#organization","name":"Forlaget Press","url":"https:\/\/staging.forenteforlag.no\/forlaget\/","logo":{"@type":"ImageObject","inLanguage":"nb-NO","@id":"https:\/\/staging.forenteforlag.no\/forlaget\/#\/schema\/logo\/image\/","url":"https:\/\/staging.forenteforlag.no\/forlaget\/wp-content\/uploads\/sites\/3\/2024\/09\/Press_logo.svg","contentUrl":"https:\/\/staging.forenteforlag.no\/forlaget\/wp-content\/uploads\/sites\/3\/2024\/09\/Press_logo.svg","width":100,"height":100,"caption":"Forlaget Press"},"image":{"@id":"https:\/\/staging.forenteforlag.no\/forlaget\/#\/schema\/logo\/image\/"},"sameAs":["https:\/\/www.facebook.com\/Forlagetpress"]}]}},"_links":{"self":[{"href":"https:\/\/staging.forenteforlag.no\/forlaget\/wp-json\/wp\/v2\/product\/22273","targetHints":{"allow":["GET"]}}],"collection":[{"href":"https:\/\/staging.forenteforlag.no\/forlaget\/wp-json\/wp\/v2\/product"}],"about":[{"href":"https:\/\/staging.forenteforlag.no\/forlaget\/wp-json\/wp\/v2\/types\/product"}],"wp:featuredmedia":[{"embeddable":true,"href":"https:\/\/staging.forenteforlag.no\/forlaget\/wp-json\/wp\/v2\/media\/26506"}],"wp:attachment":[{"href":"https:\/\/staging.forenteforlag.no\/forlaget\/wp-json\/wp\/v2\/media?parent=22273"}],"wp:term":[{"taxonomy":"product_brand","embeddable":true,"href":"https:\/\/staging.forenteforlag.no\/forlaget\/wp-json\/wp\/v2\/product_brand?post=22273"},{"taxonomy":"product_cat","embeddable":true,"href":"https:\/\/staging.forenteforlag.no\/forlaget\/wp-json\/wp\/v2\/product_cat?post=22273"},{"taxonomy":"product_tag","embeddable":true,"href":"https:\/\/staging.forenteforlag.no\/forlaget\/wp-json\/wp\/v2\/product_tag?post=22273"}],"curies":[{"name":"wp","href":"https:\/\/api.w.org\/{rel}","templated":true}]}}

<p>BERLIN, NOVEMBER 1938. Med stormtropper bankende på døra, flykter Otto Silbermann fra hjemmet sitt. Han havner på gaten hvor volden herjer: Krystallnatten er iverksatt, synagoger blir brent, jøder jages og samles, og forretningene deres blir ødelagt.   </p>
<p>Avvist og forrådt av venner og kolleger, opplever Otto at livet hans som respektert forretningsmann oppløses over natten. På sin desperate ferd gjennom Tyskland må han gjøre alt for å skjule sin jødiske identitet i et kappløp for å unnslippe dette hjemlandet som ikke lenger er et hjem.   </p>
<p>Tjuetre år gamle Ulrich Boschwitz skrev Den reisende i rasende fart etter krystallnattens grusomheter i 1938. Lenge trodde man at manuskriptet var gått tapt, men det ble nylig gjenfunnet i tyske arkiver og publisert verden over til unison hyllest.    </p>
<p>En av årets beste bøker:   </p>
<p>Wall Street Journal, Guardian, Financial Times, Times Literary Supplement og Minneapolis Star Tribune.</p>

<p>BERLIN, NOVEMBER 1938. Med stormtropper bankende på døra, flykter Otto Silbermann fra hjemmet sitt. Han havner på gaten hvor volden herjer: Krystallnatten er iverksatt, synagoger blir brent, jøder jages og samles, og forretningene deres blir ødelagt. Avvist og forrådt av venner og kolleger, opplever Otto at livet hans som respektert forretningsmann oppløses over natten. På [&hellip;]</p>

«Dette er nemlig en roman med et budskap som burde være pensum på alle videregående skoler her til lands. [...] Boschwitz, svært godt oversatt av Oliver Møystad, skriver på et godt og levende vis hvordan Silbermann bokstavelig talt blir jaga fra skanse til skanse, hvordan livsverket hans blir lagt i grus og hvordan familien hans blir ødelagt. Vi vet jo at det skjedde, men denne romanen bringer oss likevel nærmere på virkeligheten enn noen gang.»

Tor Hammerø

<!-- This site is optimized with the Yoast SEO plugin v26.6 - https://yoast.com/wordpress/plugins/seo/ -->
<title>Den reisende - Forlaget Press</title>
<meta name="robots" content="noindex, follow, max-snippet:-1, max-image-preview:large, max-video-preview:-1" />
<meta property="og:locale" content="nb_NO" />
<meta property="og:type" content="article" />
<meta property="og:title" content="Den reisende - Forlaget Press" />
<meta property="og:description" content="BERLIN, NOVEMBER 1938. Med stormtropper bankende på døra, flykter Otto Silbermann fra hjemmet sitt. Han havner på gaten hvor volden herjer: Krystallnatten er iverksatt, synagoger blir brent, jøder jages og samles, og forretningene deres blir ødelagt. Avvist og forrådt av venner og kolleger, opplever Otto at livet hans som respektert forretningsmann oppløses over natten. På [&hellip;]" />
<meta property="og:url" content="https://staging.forenteforlag.no/forlaget/produkt/den-reisende-2/" />
<meta property="og:site_name" content="Forlaget Press" />
<meta property="article:publisher" content="https://www.facebook.com/Forlagetpress" />
<meta property="article:modified_time" content="2026-03-02T16:02:05+00:00" />
<meta property="og:image" content="https://staging.forenteforlag.no/forlaget/wp-content/uploads/sites/3/2026/02/9788232805198.jpg" />
	<meta property="og:image:width" content="720" />
	<meta property="og:image:height" content="1048" />
	<meta property="og:image:type" content="image/jpeg" />
<meta name="twitter:card" content="summary_large_image" />
<meta name="twitter:label1" content="Ansl. lesetid" />
	<meta name="twitter:data1" content="1 minutt" />
<script type="application/ld+json" class="yoast-schema-graph">{"@context":"https://schema.org","@graph":[{"@type":"WebPage","@id":"https://staging.forenteforlag.no/forlaget/produkt/den-reisende-2/","url":"https://staging.forenteforlag.no/forlaget/produkt/den-reisende-2/","name":"Den reisende - Forlaget Press","isPartOf":{"@id":"https://staging.forenteforlag.no/forlaget/#website"},"primaryImageOfPage":{"@id":"https://staging.forenteforlag.no/forlaget/produkt/den-reisende-2/#primaryimage"},"image":{"@id":"https://staging.forenteforlag.no/forlaget/produkt/den-reisende-2/#primaryimage"},"thumbnailUrl":"https://staging.forenteforlag.no/forlaget/wp-content/uploads/sites/3/2026/02/9788232805198.jpg","datePublished":"2023-03-28T00:00:00+00:00","dateModified":"2026-03-02T16:02:05+00:00","breadcrumb":{"@id":"https://staging.forenteforlag.no/forlaget/produkt/den-reisende-2/#breadcrumb"},"inLanguage":"nb-NO","potentialAction":[{"@type":"ReadAction","target":["https://staging.forenteforlag.no/forlaget/produkt/den-reisende-2/"]}]},{"@type":"ImageObject","inLanguage":"nb-NO","@id":"https://staging.forenteforlag.no/forlaget/produkt/den-reisende-2/#primaryimage","url":"https://staging.forenteforlag.no/forlaget/wp-content/uploads/sites/3/2026/02/9788232805198.jpg","contentUrl":"https://staging.forenteforlag.no/forlaget/wp-content/uploads/sites/3/2026/02/9788232805198.jpg","width":720,"height":1048},{"@type":"BreadcrumbList","@id":"https://staging.forenteforlag.no/forlaget/produkt/den-reisende-2/#breadcrumb","itemListElement":[{"@type":"ListItem","position":1,"name":"Hjem","item":"https://staging.forenteforlag.no/forlaget/"},{"@type":"ListItem","position":2,"name":"Alle bøker","item":"https://staging.forenteforlag.no/forlaget/butikk/"},{"@type":"ListItem","position":3,"name":"Den reisende"}]},{"@type":"WebSite","@id":"https://staging.forenteforlag.no/forlaget/#website","url":"https://staging.forenteforlag.no/forlaget/","name":"Forlaget Press","description":"","publisher":{"@id":"https://staging.forenteforlag.no/forlaget/#organization"},"potentialAction":[{"@type":"SearchAction","target":{"@type":"EntryPoint","urlTemplate":"https://staging.forenteforlag.no/forlaget/?s={search_term_string}"},"query-input":{"@type":"PropertyValueSpecification","valueRequired":true,"valueName":"search_term_string"}}],"inLanguage":"nb-NO"},{"@type":"Organization","@id":"https://staging.forenteforlag.no/forlaget/#organization","name":"Forlaget Press","url":"https://staging.forenteforlag.no/forlaget/","logo":{"@type":"ImageObject","inLanguage":"nb-NO","@id":"https://staging.forenteforlag.no/forlaget/#/schema/logo/image/","url":"https://staging.forenteforlag.no/forlaget/wp-content/uploads/sites/3/2024/09/Press_logo.svg","contentUrl":"https://staging.forenteforlag.no/forlaget/wp-content/uploads/sites/3/2024/09/Press_logo.svg","width":100,"height":100,"caption":"Forlaget Press"},"image":{"@id":"https://staging.forenteforlag.no/forlaget/#/schema/logo/image/"},"sameAs":["https://www.facebook.com/Forlagetpress"]}]}</script>
<!-- / Yoast SEO plugin. -->

BERLIN, NOVEMBER 1938. Med stormtropper bankende på døra, flykter Otto Silbermann fra hjemmet sitt. Han havner på gaten hvor volden herjer: Krystallnatten er iverksatt, synagoger blir brent, jøder jages og samles, og forretningene deres blir ødelagt. Avvist og forrådt av venner og kolleger, opplever Otto at livet hans som respektert forretningsmann oppløses over natten. På [&hellip;]

Alle bøker
