{"id":22208,"date":"2019-02-19T01:00:00","date_gmt":"2019-02-19T00:00:00","guid":{"rendered":"https:\/\/forlagetpress.forenteforlag.no\/produkt\/de-kommer-til-a-drukne-i-sine-modres-tarer-3\/"},"modified":"2026-03-04T12:37:19","modified_gmt":"2026-03-04T11:37:19","slug":"de-kommer-til-a-drukne-i-sine-modres-tarer-3","status":"publish","type":"product","link":"https:\/\/staging.forenteforlag.no\/forlaget\/produkt\/de-kommer-til-a-drukne-i-sine-modres-tarer-3\/","title":{"rendered":"De kommer til \u00e5 drukne i sine m\u00f8dres t\u00e5rer"},"content":{"rendered":"<p>Inspirert av IS opps\u00f8ker tre ungdommer en bokhandel i G\u00f8teborg, der en kjent kunstner skal holde et foredrag om sine kontroversielle karikaturtegninger. Seansen avbrytes av et pistolskudd som innevarsler en dramatisk terroraksjon, med publikum som gisler og livestreaming via YouTube. Det blodige dramaet f\u00e5r med ett en ny retning da kvinnen som filmer det hele plutselig stopper opp og sier: &#8211; H\u00f8r p\u00e5 meg. Jeg tror ikke vi skal v\u00e6re her. Det var ikke hit vi skulle. Fra dette \u00f8yeblikk gj\u00f8r fortellingen en helomvending fra brutal realisme til dyster fremtidsvisjon. Vi m\u00f8ter kvinnen igjen to \u00e5r senere, innlagt p\u00e5 en rettspsykiatrisk klinikk. Hun har tatt kontakt med bokens forteller, en forfatter, som hun har lest b\u00f8ker av og som hun vil dele sin historie med. Hun mener seg \u00e5 v\u00e6re en varsler fra fremtiden, en tid med heimevern, borgerkontrakt og interneringsleirer for muslimer og j\u00f8der. En fascistisk dystopi om Sverige 30 \u00e5r frem i tid. Poetisk og dr\u00f8mmeaktig utfolder romanen seg som en beskrivelse av og en refleksjon over et sivilisatorisk sammenbrudd.<\/p>\n","protected":false},"excerpt":{"rendered":"<p>Inspirert av IS opps\u00f8ker tre ungdommer en bokhandel i G\u00f8teborg, der en kjent kunstner skal holde et foredrag om sine kontroversielle karikaturtegninger. Seansen avbrytes av et pistolskudd som innevarsler en dramatisk terroraksjon, med publikum som gisler og livestreaming via YouTube. Det blodige dramaet f\u00e5r med ett en ny retning da kvinnen som filmer det hele [&hellip;]<\/p>\n","protected":false},"featured_media":26350,"template":"","meta":{"_acf_changed":false,"inline_featured_image":false},"product_brand":[],"product_cat":[1781],"product_tag":[391,548,1095,370,547,549],"class_list":{"0":"post-22208","1":"product","2":"type-product","3":"status-publish","4":"has-post-thumbnail","6":"product_cat-rabattkodekampanje","7":"product_tag-diskriminering","8":"product_tag-framtid","9":"product_tag-grafiske-romaner","10":"product_tag-skjonnlitteratur","11":"product_tag-sverige","12":"product_tag-terrorisme","14":"first","15":"instock","16":"shipping-taxable","17":"purchasable","18":"product-type-simple"},"acf":{"anmeldelse":null},"yoast_head":"<!-- This site is optimized with the Yoast SEO plugin v26.6 - https:\/\/yoast.com\/wordpress\/plugins\/seo\/ -->\n<title>De kommer til \u00e5 drukne i sine m\u00f8dres t\u00e5rer - Forlaget Press<\/title>\n<meta name=\"robots\" content=\"noindex, follow, max-snippet:-1, max-image-preview:large, max-video-preview:-1\" \/>\n<meta property=\"og:locale\" content=\"nb_NO\" \/>\n<meta property=\"og:type\" content=\"article\" \/>\n<meta property=\"og:title\" content=\"De kommer til \u00e5 drukne i sine m\u00f8dres t\u00e5rer - Forlaget Press\" \/>\n<meta property=\"og:description\" content=\"Inspirert av IS opps\u00f8ker tre ungdommer en bokhandel i G\u00f8teborg, der en kjent kunstner skal holde et foredrag om sine kontroversielle karikaturtegninger. Seansen avbrytes av et pistolskudd som innevarsler en dramatisk terroraksjon, med publikum som gisler og livestreaming via YouTube. Det blodige dramaet f\u00e5r med ett en ny retning da kvinnen som filmer det hele [&hellip;]\" \/>\n<meta property=\"og:url\" content=\"https:\/\/staging.forenteforlag.no\/forlaget\/produkt\/de-kommer-til-a-drukne-i-sine-modres-tarer-3\/\" \/>\n<meta property=\"og:site_name\" content=\"Forlaget Press\" \/>\n<meta property=\"article:publisher\" content=\"https:\/\/www.facebook.com\/Forlagetpress\" \/>\n<meta property=\"article:modified_time\" content=\"2026-03-04T11:37:19+00:00\" \/>\n<meta property=\"og:image\" content=\"https:\/\/staging.forenteforlag.no\/forlaget\/wp-content\/uploads\/sites\/3\/2026\/02\/9788232802661.jpg\" \/>\n\t<meta property=\"og:image:width\" content=\"720\" \/>\n\t<meta property=\"og:image:height\" content=\"1066\" \/>\n\t<meta property=\"og:image:type\" content=\"image\/jpeg\" \/>\n<meta name=\"twitter:card\" content=\"summary_large_image\" \/>\n<meta name=\"twitter:label1\" content=\"Ansl. lesetid\" \/>\n\t<meta name=\"twitter:data1\" content=\"2 minutter\" \/>\n<script type=\"application\/ld+json\" class=\"yoast-schema-graph\">{\"@context\":\"https:\/\/schema.org\",\"@graph\":[{\"@type\":\"WebPage\",\"@id\":\"https:\/\/staging.forenteforlag.no\/forlaget\/produkt\/de-kommer-til-a-drukne-i-sine-modres-tarer-3\/\",\"url\":\"https:\/\/staging.forenteforlag.no\/forlaget\/produkt\/de-kommer-til-a-drukne-i-sine-modres-tarer-3\/\",\"name\":\"De kommer til \u00e5 drukne i sine m\u00f8dres t\u00e5rer - Forlaget Press\",\"isPartOf\":{\"@id\":\"https:\/\/staging.forenteforlag.no\/forlaget\/#website\"},\"primaryImageOfPage\":{\"@id\":\"https:\/\/staging.forenteforlag.no\/forlaget\/produkt\/de-kommer-til-a-drukne-i-sine-modres-tarer-3\/#primaryimage\"},\"image\":{\"@id\":\"https:\/\/staging.forenteforlag.no\/forlaget\/produkt\/de-kommer-til-a-drukne-i-sine-modres-tarer-3\/#primaryimage\"},\"thumbnailUrl\":\"https:\/\/staging.forenteforlag.no\/forlaget\/wp-content\/uploads\/sites\/3\/2026\/02\/9788232802661.jpg\",\"datePublished\":\"2019-02-19T00:00:00+00:00\",\"dateModified\":\"2026-03-04T11:37:19+00:00\",\"breadcrumb\":{\"@id\":\"https:\/\/staging.forenteforlag.no\/forlaget\/produkt\/de-kommer-til-a-drukne-i-sine-modres-tarer-3\/#breadcrumb\"},\"inLanguage\":\"nb-NO\",\"potentialAction\":[{\"@type\":\"ReadAction\",\"target\":[\"https:\/\/staging.forenteforlag.no\/forlaget\/produkt\/de-kommer-til-a-drukne-i-sine-modres-tarer-3\/\"]}]},{\"@type\":\"ImageObject\",\"inLanguage\":\"nb-NO\",\"@id\":\"https:\/\/staging.forenteforlag.no\/forlaget\/produkt\/de-kommer-til-a-drukne-i-sine-modres-tarer-3\/#primaryimage\",\"url\":\"https:\/\/staging.forenteforlag.no\/forlaget\/wp-content\/uploads\/sites\/3\/2026\/02\/9788232802661.jpg\",\"contentUrl\":\"https:\/\/staging.forenteforlag.no\/forlaget\/wp-content\/uploads\/sites\/3\/2026\/02\/9788232802661.jpg\",\"width\":720,\"height\":1066},{\"@type\":\"BreadcrumbList\",\"@id\":\"https:\/\/staging.forenteforlag.no\/forlaget\/produkt\/de-kommer-til-a-drukne-i-sine-modres-tarer-3\/#breadcrumb\",\"itemListElement\":[{\"@type\":\"ListItem\",\"position\":1,\"name\":\"Hjem\",\"item\":\"https:\/\/staging.forenteforlag.no\/forlaget\/\"},{\"@type\":\"ListItem\",\"position\":2,\"name\":\"Alle b\u00f8ker\",\"item\":\"https:\/\/staging.forenteforlag.no\/forlaget\/butikk\/\"},{\"@type\":\"ListItem\",\"position\":3,\"name\":\"De kommer til \u00e5 drukne i sine m\u00f8dres t\u00e5rer\"}]},{\"@type\":\"WebSite\",\"@id\":\"https:\/\/staging.forenteforlag.no\/forlaget\/#website\",\"url\":\"https:\/\/staging.forenteforlag.no\/forlaget\/\",\"name\":\"Forlaget Press\",\"description\":\"\",\"publisher\":{\"@id\":\"https:\/\/staging.forenteforlag.no\/forlaget\/#organization\"},\"potentialAction\":[{\"@type\":\"SearchAction\",\"target\":{\"@type\":\"EntryPoint\",\"urlTemplate\":\"https:\/\/staging.forenteforlag.no\/forlaget\/?s={search_term_string}\"},\"query-input\":{\"@type\":\"PropertyValueSpecification\",\"valueRequired\":true,\"valueName\":\"search_term_string\"}}],\"inLanguage\":\"nb-NO\"},{\"@type\":\"Organization\",\"@id\":\"https:\/\/staging.forenteforlag.no\/forlaget\/#organization\",\"name\":\"Forlaget Press\",\"url\":\"https:\/\/staging.forenteforlag.no\/forlaget\/\",\"logo\":{\"@type\":\"ImageObject\",\"inLanguage\":\"nb-NO\",\"@id\":\"https:\/\/staging.forenteforlag.no\/forlaget\/#\/schema\/logo\/image\/\",\"url\":\"https:\/\/staging.forenteforlag.no\/forlaget\/wp-content\/uploads\/sites\/3\/2024\/09\/Press_logo.svg\",\"contentUrl\":\"https:\/\/staging.forenteforlag.no\/forlaget\/wp-content\/uploads\/sites\/3\/2024\/09\/Press_logo.svg\",\"width\":100,\"height\":100,\"caption\":\"Forlaget Press\"},\"image\":{\"@id\":\"https:\/\/staging.forenteforlag.no\/forlaget\/#\/schema\/logo\/image\/\"},\"sameAs\":[\"https:\/\/www.facebook.com\/Forlagetpress\"]}]}<\/script>\n<!-- \/ Yoast SEO plugin. -->","yoast_head_json":{"title":"De kommer til \u00e5 drukne i sine m\u00f8dres t\u00e5rer - Forlaget Press","robots":{"index":"noindex","follow":"follow","max-snippet":"max-snippet:-1","max-image-preview":"max-image-preview:large","max-video-preview":"max-video-preview:-1"},"og_locale":"nb_NO","og_type":"article","og_title":"De kommer til \u00e5 drukne i sine m\u00f8dres t\u00e5rer - Forlaget Press","og_description":"Inspirert av IS opps\u00f8ker tre ungdommer en bokhandel i G\u00f8teborg, der en kjent kunstner skal holde et foredrag om sine kontroversielle karikaturtegninger. Seansen avbrytes av et pistolskudd som innevarsler en dramatisk terroraksjon, med publikum som gisler og livestreaming via YouTube. Det blodige dramaet f\u00e5r med ett en ny retning da kvinnen som filmer det hele [&hellip;]","og_url":"https:\/\/staging.forenteforlag.no\/forlaget\/produkt\/de-kommer-til-a-drukne-i-sine-modres-tarer-3\/","og_site_name":"Forlaget Press","article_publisher":"https:\/\/www.facebook.com\/Forlagetpress","article_modified_time":"2026-03-04T11:37:19+00:00","og_image":[{"width":720,"height":1066,"url":"https:\/\/staging.forenteforlag.no\/forlaget\/wp-content\/uploads\/sites\/3\/2026\/02\/9788232802661.jpg","type":"image\/jpeg"}],"twitter_card":"summary_large_image","twitter_misc":{"Ansl. lesetid":"2 minutter"},"schema":{"@context":"https:\/\/schema.org","@graph":[{"@type":"WebPage","@id":"https:\/\/staging.forenteforlag.no\/forlaget\/produkt\/de-kommer-til-a-drukne-i-sine-modres-tarer-3\/","url":"https:\/\/staging.forenteforlag.no\/forlaget\/produkt\/de-kommer-til-a-drukne-i-sine-modres-tarer-3\/","name":"De kommer til \u00e5 drukne i sine m\u00f8dres t\u00e5rer - Forlaget Press","isPartOf":{"@id":"https:\/\/staging.forenteforlag.no\/forlaget\/#website"},"primaryImageOfPage":{"@id":"https:\/\/staging.forenteforlag.no\/forlaget\/produkt\/de-kommer-til-a-drukne-i-sine-modres-tarer-3\/#primaryimage"},"image":{"@id":"https:\/\/staging.forenteforlag.no\/forlaget\/produkt\/de-kommer-til-a-drukne-i-sine-modres-tarer-3\/#primaryimage"},"thumbnailUrl":"https:\/\/staging.forenteforlag.no\/forlaget\/wp-content\/uploads\/sites\/3\/2026\/02\/9788232802661.jpg","datePublished":"2019-02-19T00:00:00+00:00","dateModified":"2026-03-04T11:37:19+00:00","breadcrumb":{"@id":"https:\/\/staging.forenteforlag.no\/forlaget\/produkt\/de-kommer-til-a-drukne-i-sine-modres-tarer-3\/#breadcrumb"},"inLanguage":"nb-NO","potentialAction":[{"@type":"ReadAction","target":["https:\/\/staging.forenteforlag.no\/forlaget\/produkt\/de-kommer-til-a-drukne-i-sine-modres-tarer-3\/"]}]},{"@type":"ImageObject","inLanguage":"nb-NO","@id":"https:\/\/staging.forenteforlag.no\/forlaget\/produkt\/de-kommer-til-a-drukne-i-sine-modres-tarer-3\/#primaryimage","url":"https:\/\/staging.forenteforlag.no\/forlaget\/wp-content\/uploads\/sites\/3\/2026\/02\/9788232802661.jpg","contentUrl":"https:\/\/staging.forenteforlag.no\/forlaget\/wp-content\/uploads\/sites\/3\/2026\/02\/9788232802661.jpg","width":720,"height":1066},{"@type":"BreadcrumbList","@id":"https:\/\/staging.forenteforlag.no\/forlaget\/produkt\/de-kommer-til-a-drukne-i-sine-modres-tarer-3\/#breadcrumb","itemListElement":[{"@type":"ListItem","position":1,"name":"Hjem","item":"https:\/\/staging.forenteforlag.no\/forlaget\/"},{"@type":"ListItem","position":2,"name":"Alle b\u00f8ker","item":"https:\/\/staging.forenteforlag.no\/forlaget\/butikk\/"},{"@type":"ListItem","position":3,"name":"De kommer til \u00e5 drukne i sine m\u00f8dres t\u00e5rer"}]},{"@type":"WebSite","@id":"https:\/\/staging.forenteforlag.no\/forlaget\/#website","url":"https:\/\/staging.forenteforlag.no\/forlaget\/","name":"Forlaget Press","description":"","publisher":{"@id":"https:\/\/staging.forenteforlag.no\/forlaget\/#organization"},"potentialAction":[{"@type":"SearchAction","target":{"@type":"EntryPoint","urlTemplate":"https:\/\/staging.forenteforlag.no\/forlaget\/?s={search_term_string}"},"query-input":{"@type":"PropertyValueSpecification","valueRequired":true,"valueName":"search_term_string"}}],"inLanguage":"nb-NO"},{"@type":"Organization","@id":"https:\/\/staging.forenteforlag.no\/forlaget\/#organization","name":"Forlaget Press","url":"https:\/\/staging.forenteforlag.no\/forlaget\/","logo":{"@type":"ImageObject","inLanguage":"nb-NO","@id":"https:\/\/staging.forenteforlag.no\/forlaget\/#\/schema\/logo\/image\/","url":"https:\/\/staging.forenteforlag.no\/forlaget\/wp-content\/uploads\/sites\/3\/2024\/09\/Press_logo.svg","contentUrl":"https:\/\/staging.forenteforlag.no\/forlaget\/wp-content\/uploads\/sites\/3\/2024\/09\/Press_logo.svg","width":100,"height":100,"caption":"Forlaget Press"},"image":{"@id":"https:\/\/staging.forenteforlag.no\/forlaget\/#\/schema\/logo\/image\/"},"sameAs":["https:\/\/www.facebook.com\/Forlagetpress"]}]}},"_links":{"self":[{"href":"https:\/\/staging.forenteforlag.no\/forlaget\/wp-json\/wp\/v2\/product\/22208","targetHints":{"allow":["GET"]}}],"collection":[{"href":"https:\/\/staging.forenteforlag.no\/forlaget\/wp-json\/wp\/v2\/product"}],"about":[{"href":"https:\/\/staging.forenteforlag.no\/forlaget\/wp-json\/wp\/v2\/types\/product"}],"wp:featuredmedia":[{"embeddable":true,"href":"https:\/\/staging.forenteforlag.no\/forlaget\/wp-json\/wp\/v2\/media\/26350"}],"wp:attachment":[{"href":"https:\/\/staging.forenteforlag.no\/forlaget\/wp-json\/wp\/v2\/media?parent=22208"}],"wp:term":[{"taxonomy":"product_brand","embeddable":true,"href":"https:\/\/staging.forenteforlag.no\/forlaget\/wp-json\/wp\/v2\/product_brand?post=22208"},{"taxonomy":"product_cat","embeddable":true,"href":"https:\/\/staging.forenteforlag.no\/forlaget\/wp-json\/wp\/v2\/product_cat?post=22208"},{"taxonomy":"product_tag","embeddable":true,"href":"https:\/\/staging.forenteforlag.no\/forlaget\/wp-json\/wp\/v2\/product_tag?post=22208"}],"curies":[{"name":"wp","href":"https:\/\/api.w.org\/{rel}","templated":true}]}}