{"id":21361,"date":"2011-09-30T02:00:00","date_gmt":"2011-09-30T00:00:00","guid":{"rendered":"https:\/\/forlagetpress.forenteforlag.no\/produkt\/haren-med-oyne-av-rav\/"},"modified":"2026-02-24T06:19:52","modified_gmt":"2026-02-24T05:19:52","slug":"haren-med-oyne-av-rav","status":"publish","type":"product","link":"https:\/\/staging.forenteforlag.no\/forlaget\/produkt\/haren-med-oyne-av-rav\/","title":{"rendered":"Haren med \u00f8yne av rav"},"content":{"rendered":"<p>264 uts\u00f8kte sm\u00e5 japanske figurer, sk\u00e5ret ut i tre eller elfenben, med detaljer av rav eller kostbare stener. Da den engelske keramikeren Edmund de Waal f\u00f8rste gang s\u00e5 familiens samling av japanske netsuker i et glasskap i Tokyo, klarte han knapt \u00e5 puste. Senere, da han selv fikk arve samlingen, oppdaget han at netsukenevar n\u00f8kkelen til en historie langt st\u00f8rre enn han kunne forestille seg.  Edmund de Waals Haren med \u00f8yne av rav er en bok som knapt likner p\u00e5 noen andre: familiehistorie, memoar, biografi, essay, fortelling, kunsthistorie, detektivroman. I en prosa som er like presis og elegant som netsukene selv forteller Edmund de Waal historien om en mektig families langsomme vei mot tragedien &#8211; og om samlingen de klarte \u00e5 holde fast p\u00e5, et siste minne om hva de en gang hadde v\u00e6rt.  Vinner av Ondaatje-prisen og Costa BiographyAwards.   &laquo;Denne boken er umulig \u00e5 legge fra seg, akkurat som en netsuke: Du holder et mesterverk i dine hender.&raquo; The Sunday Times<\/p>\n","protected":false},"excerpt":{"rendered":"<p>264 uts\u00f8kte sm\u00e5 japanske figurer, sk\u00e5ret ut i tre eller elfenben, med detaljer av rav eller kostbare stener. Da den engelske keramikeren Edmund de Waal f\u00f8rste gang s\u00e5 familiens samling av japanske netsuker i et glasskap i Tokyo, klarte han knapt \u00e5 puste. Senere, da han selv fikk arve samlingen, oppdaget han at netsukenevar n\u00f8kkelen [&hellip;]<\/p>\n","protected":false},"featured_media":25503,"template":"","meta":{"_acf_changed":false,"inline_featured_image":false},"product_brand":[],"product_cat":[20],"product_tag":[362],"class_list":{"0":"post-21361","1":"product","2":"type-product","3":"status-publish","4":"has-post-thumbnail","6":"product_cat-biografier-og-memoarer","7":"product_tag-faglitteratur","8":"pa_format-innbundet","10":"first","11":"outofstock","12":"shipping-taxable","13":"purchasable","14":"product-type-simple"},"acf":{"anmeldelse":null},"yoast_head":"<!-- This site is optimized with the Yoast SEO plugin v26.6 - https:\/\/yoast.com\/wordpress\/plugins\/seo\/ -->\n<title>Haren med \u00f8yne av rav - Forlaget Press<\/title>\n<meta name=\"robots\" content=\"noindex, follow, max-snippet:-1, max-image-preview:large, max-video-preview:-1\" \/>\n<meta property=\"og:locale\" content=\"nb_NO\" \/>\n<meta property=\"og:type\" content=\"article\" \/>\n<meta property=\"og:title\" content=\"Haren med \u00f8yne av rav - Forlaget Press\" \/>\n<meta property=\"og:description\" content=\"264 uts\u00f8kte sm\u00e5 japanske figurer, sk\u00e5ret ut i tre eller elfenben, med detaljer av rav eller kostbare stener. Da den engelske keramikeren Edmund de Waal f\u00f8rste gang s\u00e5 familiens samling av japanske netsuker i et glasskap i Tokyo, klarte han knapt \u00e5 puste. Senere, da han selv fikk arve samlingen, oppdaget han at netsukenevar n\u00f8kkelen [&hellip;]\" \/>\n<meta property=\"og:url\" content=\"https:\/\/staging.forenteforlag.no\/forlaget\/produkt\/haren-med-oyne-av-rav\/\" \/>\n<meta property=\"og:site_name\" content=\"Forlaget Press\" \/>\n<meta property=\"article:publisher\" content=\"https:\/\/www.facebook.com\/Forlagetpress\" \/>\n<meta property=\"article:modified_time\" content=\"2026-02-24T05:19:52+00:00\" \/>\n<meta property=\"og:image\" content=\"https:\/\/staging.forenteforlag.no\/forlaget\/wp-content\/uploads\/sites\/3\/2025\/08\/jpg-9298.jpg\" \/>\n\t<meta property=\"og:image:width\" content=\"310\" \/>\n\t<meta property=\"og:image:height\" content=\"449\" \/>\n\t<meta property=\"og:image:type\" content=\"image\/jpeg\" \/>\n<meta name=\"twitter:card\" content=\"summary_large_image\" \/>\n<meta name=\"twitter:label1\" content=\"Ansl. lesetid\" \/>\n\t<meta name=\"twitter:data1\" content=\"1 minutt\" \/>\n<script type=\"application\/ld+json\" class=\"yoast-schema-graph\">{\"@context\":\"https:\/\/schema.org\",\"@graph\":[{\"@type\":\"WebPage\",\"@id\":\"https:\/\/staging.forenteforlag.no\/forlaget\/produkt\/haren-med-oyne-av-rav\/\",\"url\":\"https:\/\/staging.forenteforlag.no\/forlaget\/produkt\/haren-med-oyne-av-rav\/\",\"name\":\"Haren med \u00f8yne av rav - Forlaget Press\",\"isPartOf\":{\"@id\":\"https:\/\/staging.forenteforlag.no\/forlaget\/#website\"},\"primaryImageOfPage\":{\"@id\":\"https:\/\/staging.forenteforlag.no\/forlaget\/produkt\/haren-med-oyne-av-rav\/#primaryimage\"},\"image\":{\"@id\":\"https:\/\/staging.forenteforlag.no\/forlaget\/produkt\/haren-med-oyne-av-rav\/#primaryimage\"},\"thumbnailUrl\":\"https:\/\/staging.forenteforlag.no\/forlaget\/wp-content\/uploads\/sites\/3\/2025\/08\/jpg-9298.jpg\",\"datePublished\":\"2011-09-30T00:00:00+00:00\",\"dateModified\":\"2026-02-24T05:19:52+00:00\",\"breadcrumb\":{\"@id\":\"https:\/\/staging.forenteforlag.no\/forlaget\/produkt\/haren-med-oyne-av-rav\/#breadcrumb\"},\"inLanguage\":\"nb-NO\",\"potentialAction\":[{\"@type\":\"ReadAction\",\"target\":[\"https:\/\/staging.forenteforlag.no\/forlaget\/produkt\/haren-med-oyne-av-rav\/\"]}]},{\"@type\":\"ImageObject\",\"inLanguage\":\"nb-NO\",\"@id\":\"https:\/\/staging.forenteforlag.no\/forlaget\/produkt\/haren-med-oyne-av-rav\/#primaryimage\",\"url\":\"https:\/\/staging.forenteforlag.no\/forlaget\/wp-content\/uploads\/sites\/3\/2025\/08\/jpg-9298.jpg\",\"contentUrl\":\"https:\/\/staging.forenteforlag.no\/forlaget\/wp-content\/uploads\/sites\/3\/2025\/08\/jpg-9298.jpg\",\"width\":310,\"height\":449},{\"@type\":\"BreadcrumbList\",\"@id\":\"https:\/\/staging.forenteforlag.no\/forlaget\/produkt\/haren-med-oyne-av-rav\/#breadcrumb\",\"itemListElement\":[{\"@type\":\"ListItem\",\"position\":1,\"name\":\"Hjem\",\"item\":\"https:\/\/staging.forenteforlag.no\/forlaget\/\"},{\"@type\":\"ListItem\",\"position\":2,\"name\":\"Alle b\u00f8ker\",\"item\":\"https:\/\/staging.forenteforlag.no\/forlaget\/butikk\/\"},{\"@type\":\"ListItem\",\"position\":3,\"name\":\"Haren med \u00f8yne av rav\"}]},{\"@type\":\"WebSite\",\"@id\":\"https:\/\/staging.forenteforlag.no\/forlaget\/#website\",\"url\":\"https:\/\/staging.forenteforlag.no\/forlaget\/\",\"name\":\"Forlaget Press\",\"description\":\"\",\"publisher\":{\"@id\":\"https:\/\/staging.forenteforlag.no\/forlaget\/#organization\"},\"potentialAction\":[{\"@type\":\"SearchAction\",\"target\":{\"@type\":\"EntryPoint\",\"urlTemplate\":\"https:\/\/staging.forenteforlag.no\/forlaget\/?s={search_term_string}\"},\"query-input\":{\"@type\":\"PropertyValueSpecification\",\"valueRequired\":true,\"valueName\":\"search_term_string\"}}],\"inLanguage\":\"nb-NO\"},{\"@type\":\"Organization\",\"@id\":\"https:\/\/staging.forenteforlag.no\/forlaget\/#organization\",\"name\":\"Forlaget Press\",\"url\":\"https:\/\/staging.forenteforlag.no\/forlaget\/\",\"logo\":{\"@type\":\"ImageObject\",\"inLanguage\":\"nb-NO\",\"@id\":\"https:\/\/staging.forenteforlag.no\/forlaget\/#\/schema\/logo\/image\/\",\"url\":\"https:\/\/staging.forenteforlag.no\/forlaget\/wp-content\/uploads\/sites\/3\/2024\/09\/Press_logo.svg\",\"contentUrl\":\"https:\/\/staging.forenteforlag.no\/forlaget\/wp-content\/uploads\/sites\/3\/2024\/09\/Press_logo.svg\",\"width\":100,\"height\":100,\"caption\":\"Forlaget Press\"},\"image\":{\"@id\":\"https:\/\/staging.forenteforlag.no\/forlaget\/#\/schema\/logo\/image\/\"},\"sameAs\":[\"https:\/\/www.facebook.com\/Forlagetpress\"]}]}<\/script>\n<!-- \/ Yoast SEO plugin. -->","yoast_head_json":{"title":"Haren med \u00f8yne av rav - Forlaget Press","robots":{"index":"noindex","follow":"follow","max-snippet":"max-snippet:-1","max-image-preview":"max-image-preview:large","max-video-preview":"max-video-preview:-1"},"og_locale":"nb_NO","og_type":"article","og_title":"Haren med \u00f8yne av rav - Forlaget Press","og_description":"264 uts\u00f8kte sm\u00e5 japanske figurer, sk\u00e5ret ut i tre eller elfenben, med detaljer av rav eller kostbare stener. Da den engelske keramikeren Edmund de Waal f\u00f8rste gang s\u00e5 familiens samling av japanske netsuker i et glasskap i Tokyo, klarte han knapt \u00e5 puste. Senere, da han selv fikk arve samlingen, oppdaget han at netsukenevar n\u00f8kkelen [&hellip;]","og_url":"https:\/\/staging.forenteforlag.no\/forlaget\/produkt\/haren-med-oyne-av-rav\/","og_site_name":"Forlaget Press","article_publisher":"https:\/\/www.facebook.com\/Forlagetpress","article_modified_time":"2026-02-24T05:19:52+00:00","og_image":[{"width":310,"height":449,"url":"https:\/\/staging.forenteforlag.no\/forlaget\/wp-content\/uploads\/sites\/3\/2025\/08\/jpg-9298.jpg","type":"image\/jpeg"}],"twitter_card":"summary_large_image","twitter_misc":{"Ansl. lesetid":"1 minutt"},"schema":{"@context":"https:\/\/schema.org","@graph":[{"@type":"WebPage","@id":"https:\/\/staging.forenteforlag.no\/forlaget\/produkt\/haren-med-oyne-av-rav\/","url":"https:\/\/staging.forenteforlag.no\/forlaget\/produkt\/haren-med-oyne-av-rav\/","name":"Haren med \u00f8yne av rav - Forlaget Press","isPartOf":{"@id":"https:\/\/staging.forenteforlag.no\/forlaget\/#website"},"primaryImageOfPage":{"@id":"https:\/\/staging.forenteforlag.no\/forlaget\/produkt\/haren-med-oyne-av-rav\/#primaryimage"},"image":{"@id":"https:\/\/staging.forenteforlag.no\/forlaget\/produkt\/haren-med-oyne-av-rav\/#primaryimage"},"thumbnailUrl":"https:\/\/staging.forenteforlag.no\/forlaget\/wp-content\/uploads\/sites\/3\/2025\/08\/jpg-9298.jpg","datePublished":"2011-09-30T00:00:00+00:00","dateModified":"2026-02-24T05:19:52+00:00","breadcrumb":{"@id":"https:\/\/staging.forenteforlag.no\/forlaget\/produkt\/haren-med-oyne-av-rav\/#breadcrumb"},"inLanguage":"nb-NO","potentialAction":[{"@type":"ReadAction","target":["https:\/\/staging.forenteforlag.no\/forlaget\/produkt\/haren-med-oyne-av-rav\/"]}]},{"@type":"ImageObject","inLanguage":"nb-NO","@id":"https:\/\/staging.forenteforlag.no\/forlaget\/produkt\/haren-med-oyne-av-rav\/#primaryimage","url":"https:\/\/staging.forenteforlag.no\/forlaget\/wp-content\/uploads\/sites\/3\/2025\/08\/jpg-9298.jpg","contentUrl":"https:\/\/staging.forenteforlag.no\/forlaget\/wp-content\/uploads\/sites\/3\/2025\/08\/jpg-9298.jpg","width":310,"height":449},{"@type":"BreadcrumbList","@id":"https:\/\/staging.forenteforlag.no\/forlaget\/produkt\/haren-med-oyne-av-rav\/#breadcrumb","itemListElement":[{"@type":"ListItem","position":1,"name":"Hjem","item":"https:\/\/staging.forenteforlag.no\/forlaget\/"},{"@type":"ListItem","position":2,"name":"Alle b\u00f8ker","item":"https:\/\/staging.forenteforlag.no\/forlaget\/butikk\/"},{"@type":"ListItem","position":3,"name":"Haren med \u00f8yne av rav"}]},{"@type":"WebSite","@id":"https:\/\/staging.forenteforlag.no\/forlaget\/#website","url":"https:\/\/staging.forenteforlag.no\/forlaget\/","name":"Forlaget Press","description":"","publisher":{"@id":"https:\/\/staging.forenteforlag.no\/forlaget\/#organization"},"potentialAction":[{"@type":"SearchAction","target":{"@type":"EntryPoint","urlTemplate":"https:\/\/staging.forenteforlag.no\/forlaget\/?s={search_term_string}"},"query-input":{"@type":"PropertyValueSpecification","valueRequired":true,"valueName":"search_term_string"}}],"inLanguage":"nb-NO"},{"@type":"Organization","@id":"https:\/\/staging.forenteforlag.no\/forlaget\/#organization","name":"Forlaget Press","url":"https:\/\/staging.forenteforlag.no\/forlaget\/","logo":{"@type":"ImageObject","inLanguage":"nb-NO","@id":"https:\/\/staging.forenteforlag.no\/forlaget\/#\/schema\/logo\/image\/","url":"https:\/\/staging.forenteforlag.no\/forlaget\/wp-content\/uploads\/sites\/3\/2024\/09\/Press_logo.svg","contentUrl":"https:\/\/staging.forenteforlag.no\/forlaget\/wp-content\/uploads\/sites\/3\/2024\/09\/Press_logo.svg","width":100,"height":100,"caption":"Forlaget Press"},"image":{"@id":"https:\/\/staging.forenteforlag.no\/forlaget\/#\/schema\/logo\/image\/"},"sameAs":["https:\/\/www.facebook.com\/Forlagetpress"]}]}},"_links":{"self":[{"href":"https:\/\/staging.forenteforlag.no\/forlaget\/wp-json\/wp\/v2\/product\/21361","targetHints":{"allow":["GET"]}}],"collection":[{"href":"https:\/\/staging.forenteforlag.no\/forlaget\/wp-json\/wp\/v2\/product"}],"about":[{"href":"https:\/\/staging.forenteforlag.no\/forlaget\/wp-json\/wp\/v2\/types\/product"}],"wp:featuredmedia":[{"embeddable":true,"href":"https:\/\/staging.forenteforlag.no\/forlaget\/wp-json\/wp\/v2\/media\/25503"}],"wp:attachment":[{"href":"https:\/\/staging.forenteforlag.no\/forlaget\/wp-json\/wp\/v2\/media?parent=21361"}],"wp:term":[{"taxonomy":"product_brand","embeddable":true,"href":"https:\/\/staging.forenteforlag.no\/forlaget\/wp-json\/wp\/v2\/product_brand?post=21361"},{"taxonomy":"product_cat","embeddable":true,"href":"https:\/\/staging.forenteforlag.no\/forlaget\/wp-json\/wp\/v2\/product_cat?post=21361"},{"taxonomy":"product_tag","embeddable":true,"href":"https:\/\/staging.forenteforlag.no\/forlaget\/wp-json\/wp\/v2\/product_tag?post=21361"}],"curies":[{"name":"wp","href":"https:\/\/api.w.org\/{rel}","templated":true}]}}

Haren med øyne av rav

<p>264 utsøkte små japanske figurer, skåret ut i tre eller elfenben, med detaljer av rav eller kostbare stener. Da den engelske keramikeren Edmund de Waal første gang så familiens samling av japanske netsuker i et glasskap i Tokyo, klarte han knapt å puste. Senere, da han selv fikk arve samlingen, oppdaget han at netsukenevar nøkkelen til en historie langt større enn han kunne forestille seg.  Edmund de Waals Haren med øyne av rav er en bok som knapt likner på noen andre: familiehistorie, memoar, biografi, essay, fortelling, kunsthistorie, detektivroman. I en prosa som er like presis og elegant som netsukene selv forteller Edmund de Waal historien om en mektig families langsomme vei mot tragedien &#8211; og om samlingen de klarte å holde fast på, et siste minne om hva de en gang hadde vært.  Vinner av Ondaatje-prisen og Costa BiographyAwards.   &laquo;Denne boken er umulig å legge fra seg, akkurat som en netsuke: Du holder et mesterverk i dine hender.&raquo; The Sunday Times</p>

<p>264 utsøkte små japanske figurer, skåret ut i tre eller elfenben, med detaljer av rav eller kostbare stener. Da den engelske keramikeren Edmund de Waal første gang så familiens samling av japanske netsuker i et glasskap i Tokyo, klarte han knapt å puste. Senere, da han selv fikk arve samlingen, oppdaget han at netsukenevar nøkkelen [&hellip;]</p>

<!-- This site is optimized with the Yoast SEO plugin v26.6 - https://yoast.com/wordpress/plugins/seo/ -->
<title>Haren med øyne av rav - Forlaget Press</title>
<meta name="robots" content="noindex, follow, max-snippet:-1, max-image-preview:large, max-video-preview:-1" />
<meta property="og:locale" content="nb_NO" />
<meta property="og:type" content="article" />
<meta property="og:title" content="Haren med øyne av rav - Forlaget Press" />
<meta property="og:description" content="264 utsøkte små japanske figurer, skåret ut i tre eller elfenben, med detaljer av rav eller kostbare stener. Da den engelske keramikeren Edmund de Waal første gang så familiens samling av japanske netsuker i et glasskap i Tokyo, klarte han knapt å puste. Senere, da han selv fikk arve samlingen, oppdaget han at netsukenevar nøkkelen [&hellip;]" />
<meta property="og:url" content="https://staging.forenteforlag.no/forlaget/produkt/haren-med-oyne-av-rav/" />
<meta property="og:site_name" content="Forlaget Press" />
<meta property="article:publisher" content="https://www.facebook.com/Forlagetpress" />
<meta property="article:modified_time" content="2026-02-24T05:19:52+00:00" />
<meta property="og:image" content="https://staging.forenteforlag.no/forlaget/wp-content/uploads/sites/3/2025/08/jpg-9298.jpg" />
	<meta property="og:image:width" content="310" />
	<meta property="og:image:height" content="449" />
	<meta property="og:image:type" content="image/jpeg" />
<meta name="twitter:card" content="summary_large_image" />
<meta name="twitter:label1" content="Ansl. lesetid" />
	<meta name="twitter:data1" content="1 minutt" />
<script type="application/ld+json" class="yoast-schema-graph">{"@context":"https://schema.org","@graph":[{"@type":"WebPage","@id":"https://staging.forenteforlag.no/forlaget/produkt/haren-med-oyne-av-rav/","url":"https://staging.forenteforlag.no/forlaget/produkt/haren-med-oyne-av-rav/","name":"Haren med øyne av rav - Forlaget Press","isPartOf":{"@id":"https://staging.forenteforlag.no/forlaget/#website"},"primaryImageOfPage":{"@id":"https://staging.forenteforlag.no/forlaget/produkt/haren-med-oyne-av-rav/#primaryimage"},"image":{"@id":"https://staging.forenteforlag.no/forlaget/produkt/haren-med-oyne-av-rav/#primaryimage"},"thumbnailUrl":"https://staging.forenteforlag.no/forlaget/wp-content/uploads/sites/3/2025/08/jpg-9298.jpg","datePublished":"2011-09-30T00:00:00+00:00","dateModified":"2026-02-24T05:19:52+00:00","breadcrumb":{"@id":"https://staging.forenteforlag.no/forlaget/produkt/haren-med-oyne-av-rav/#breadcrumb"},"inLanguage":"nb-NO","potentialAction":[{"@type":"ReadAction","target":["https://staging.forenteforlag.no/forlaget/produkt/haren-med-oyne-av-rav/"]}]},{"@type":"ImageObject","inLanguage":"nb-NO","@id":"https://staging.forenteforlag.no/forlaget/produkt/haren-med-oyne-av-rav/#primaryimage","url":"https://staging.forenteforlag.no/forlaget/wp-content/uploads/sites/3/2025/08/jpg-9298.jpg","contentUrl":"https://staging.forenteforlag.no/forlaget/wp-content/uploads/sites/3/2025/08/jpg-9298.jpg","width":310,"height":449},{"@type":"BreadcrumbList","@id":"https://staging.forenteforlag.no/forlaget/produkt/haren-med-oyne-av-rav/#breadcrumb","itemListElement":[{"@type":"ListItem","position":1,"name":"Hjem","item":"https://staging.forenteforlag.no/forlaget/"},{"@type":"ListItem","position":2,"name":"Alle bøker","item":"https://staging.forenteforlag.no/forlaget/butikk/"},{"@type":"ListItem","position":3,"name":"Haren med øyne av rav"}]},{"@type":"WebSite","@id":"https://staging.forenteforlag.no/forlaget/#website","url":"https://staging.forenteforlag.no/forlaget/","name":"Forlaget Press","description":"","publisher":{"@id":"https://staging.forenteforlag.no/forlaget/#organization"},"potentialAction":[{"@type":"SearchAction","target":{"@type":"EntryPoint","urlTemplate":"https://staging.forenteforlag.no/forlaget/?s={search_term_string}"},"query-input":{"@type":"PropertyValueSpecification","valueRequired":true,"valueName":"search_term_string"}}],"inLanguage":"nb-NO"},{"@type":"Organization","@id":"https://staging.forenteforlag.no/forlaget/#organization","name":"Forlaget Press","url":"https://staging.forenteforlag.no/forlaget/","logo":{"@type":"ImageObject","inLanguage":"nb-NO","@id":"https://staging.forenteforlag.no/forlaget/#/schema/logo/image/","url":"https://staging.forenteforlag.no/forlaget/wp-content/uploads/sites/3/2024/09/Press_logo.svg","contentUrl":"https://staging.forenteforlag.no/forlaget/wp-content/uploads/sites/3/2024/09/Press_logo.svg","width":100,"height":100,"caption":"Forlaget Press"},"image":{"@id":"https://staging.forenteforlag.no/forlaget/#/schema/logo/image/"},"sameAs":["https://www.facebook.com/Forlagetpress"]}]}</script>
<!-- / Yoast SEO plugin. -->

Haren med øyne av rav - Forlaget Press

264 utsøkte små japanske figurer, skåret ut i tre eller elfenben, med detaljer av rav eller kostbare stener. Da den engelske keramikeren Edmund de Waal første gang så familiens samling av japanske netsuker i et glasskap i Tokyo, klarte han knapt å puste. Senere, da han selv fikk arve samlingen, oppdaget han at netsukenevar nøkkelen [&hellip;]

Alle bøker
