{"id":21316,"date":"2011-07-05T02:00:00","date_gmt":"2011-07-05T00:00:00","guid":{"rendered":"https:\/\/forlagetpress.forenteforlag.no\/produkt\/steilneset-minnested-steilneset-memorial\/"},"modified":"2026-03-03T23:30:09","modified_gmt":"2026-03-03T22:30:09","slug":"steilneset-minnested-steilneset-memorial","status":"publish","type":"product","link":"https:\/\/staging.forenteforlag.no\/forlaget\/produkt\/steilneset-minnested-steilneset-memorial\/","title":{"rendered":"Steilneset minnested = Steilneset memorial"},"content":{"rendered":"<p>Boka handler om Steilneset i Finnmark, et minnested over ofrene for trolldomsprossessene i Finnmark p\u00e5 1600-tallet. Den inneholder artikler om kunstneren Louise Bourgeois og arkitekten Peter Zumthor, som samarbeidet om \u00e5 utforme minnestedet, og innholder ogs\u00e5 tilbakeblikk p\u00e5 historien og utdrag fra rettsprotokoller i Finnmark. Parallell tekst p\u00e5 norsk og engelsk.<\/p>\n","protected":false},"excerpt":{"rendered":"<p>Boka handler om Steilneset i Finnmark, et minnested over ofrene for trolldomsprossessene i Finnmark p\u00e5 1600-tallet. Den inneholder artikler om kunstneren Louise Bourgeois og arkitekten Peter Zumthor, som samarbeidet om \u00e5 utforme minnestedet, og innholder ogs\u00e5 tilbakeblikk p\u00e5 historien og utdrag fra rettsprotokoller i Finnmark. Parallell tekst p\u00e5 norsk og engelsk.<\/p>\n","protected":false},"featured_media":25087,"template":"","meta":{"_acf_changed":false,"inline_featured_image":false},"product_brand":[],"product_cat":[1781],"product_tag":[1746,362,791,790],"class_list":{"0":"post-21316","1":"product","2":"type-product","3":"status-publish","4":"has-post-thumbnail","6":"product_cat-rabattkodekampanje","7":"product_tag-abstrakt-kunst","8":"product_tag-faglitteratur","9":"product_tag-finnmark","10":"product_tag-trolldomsprosesser","12":"first","13":"outofstock","14":"shipping-taxable","15":"purchasable","16":"product-type-simple"},"acf":{"anmeldelse":null},"yoast_head":"<!-- This site is optimized with the Yoast SEO plugin v26.6 - https:\/\/yoast.com\/wordpress\/plugins\/seo\/ -->\n<title>Steilneset minnested = Steilneset memorial - Forlaget Press<\/title>\n<meta name=\"robots\" content=\"noindex, follow, max-snippet:-1, max-image-preview:large, max-video-preview:-1\" \/>\n<meta property=\"og:locale\" content=\"nb_NO\" \/>\n<meta property=\"og:type\" content=\"article\" \/>\n<meta property=\"og:title\" content=\"Steilneset minnested = Steilneset memorial - Forlaget Press\" \/>\n<meta property=\"og:description\" content=\"Boka handler om Steilneset i Finnmark, et minnested over ofrene for trolldomsprossessene i Finnmark p\u00e5 1600-tallet. Den inneholder artikler om kunstneren Louise Bourgeois og arkitekten Peter Zumthor, som samarbeidet om \u00e5 utforme minnestedet, og innholder ogs\u00e5 tilbakeblikk p\u00e5 historien og utdrag fra rettsprotokoller i Finnmark. Parallell tekst p\u00e5 norsk og engelsk.\" \/>\n<meta property=\"og:url\" content=\"https:\/\/staging.forenteforlag.no\/forlaget\/produkt\/steilneset-minnested-steilneset-memorial\/\" \/>\n<meta property=\"og:site_name\" content=\"Forlaget Press\" \/>\n<meta property=\"article:publisher\" content=\"https:\/\/www.facebook.com\/Forlagetpress\" \/>\n<meta property=\"article:modified_time\" content=\"2026-03-03T22:30:09+00:00\" \/>\n<meta property=\"og:image\" content=\"https:\/\/staging.forenteforlag.no\/forlaget\/wp-content\/uploads\/sites\/3\/2025\/08\/jpg-7380.jpg\" \/>\n\t<meta property=\"og:image:width\" content=\"332\" \/>\n\t<meta property=\"og:image:height\" content=\"449\" \/>\n\t<meta property=\"og:image:type\" content=\"image\/jpeg\" \/>\n<meta name=\"twitter:card\" content=\"summary_large_image\" \/>\n<script type=\"application\/ld+json\" class=\"yoast-schema-graph\">{\"@context\":\"https:\/\/schema.org\",\"@graph\":[{\"@type\":\"WebPage\",\"@id\":\"https:\/\/staging.forenteforlag.no\/forlaget\/produkt\/steilneset-minnested-steilneset-memorial\/\",\"url\":\"https:\/\/staging.forenteforlag.no\/forlaget\/produkt\/steilneset-minnested-steilneset-memorial\/\",\"name\":\"Steilneset minnested = Steilneset memorial - Forlaget Press\",\"isPartOf\":{\"@id\":\"https:\/\/staging.forenteforlag.no\/forlaget\/#website\"},\"primaryImageOfPage\":{\"@id\":\"https:\/\/staging.forenteforlag.no\/forlaget\/produkt\/steilneset-minnested-steilneset-memorial\/#primaryimage\"},\"image\":{\"@id\":\"https:\/\/staging.forenteforlag.no\/forlaget\/produkt\/steilneset-minnested-steilneset-memorial\/#primaryimage\"},\"thumbnailUrl\":\"https:\/\/staging.forenteforlag.no\/forlaget\/wp-content\/uploads\/sites\/3\/2025\/08\/jpg-7380.jpg\",\"datePublished\":\"2011-07-05T00:00:00+00:00\",\"dateModified\":\"2026-03-03T22:30:09+00:00\",\"breadcrumb\":{\"@id\":\"https:\/\/staging.forenteforlag.no\/forlaget\/produkt\/steilneset-minnested-steilneset-memorial\/#breadcrumb\"},\"inLanguage\":\"nb-NO\",\"potentialAction\":[{\"@type\":\"ReadAction\",\"target\":[\"https:\/\/staging.forenteforlag.no\/forlaget\/produkt\/steilneset-minnested-steilneset-memorial\/\"]}]},{\"@type\":\"ImageObject\",\"inLanguage\":\"nb-NO\",\"@id\":\"https:\/\/staging.forenteforlag.no\/forlaget\/produkt\/steilneset-minnested-steilneset-memorial\/#primaryimage\",\"url\":\"https:\/\/staging.forenteforlag.no\/forlaget\/wp-content\/uploads\/sites\/3\/2025\/08\/jpg-7380.jpg\",\"contentUrl\":\"https:\/\/staging.forenteforlag.no\/forlaget\/wp-content\/uploads\/sites\/3\/2025\/08\/jpg-7380.jpg\",\"width\":332,\"height\":449},{\"@type\":\"BreadcrumbList\",\"@id\":\"https:\/\/staging.forenteforlag.no\/forlaget\/produkt\/steilneset-minnested-steilneset-memorial\/#breadcrumb\",\"itemListElement\":[{\"@type\":\"ListItem\",\"position\":1,\"name\":\"Hjem\",\"item\":\"https:\/\/staging.forenteforlag.no\/forlaget\/\"},{\"@type\":\"ListItem\",\"position\":2,\"name\":\"Alle b\u00f8ker\",\"item\":\"https:\/\/staging.forenteforlag.no\/forlaget\/butikk\/\"},{\"@type\":\"ListItem\",\"position\":3,\"name\":\"Steilneset minnested = Steilneset memorial\"}]},{\"@type\":\"WebSite\",\"@id\":\"https:\/\/staging.forenteforlag.no\/forlaget\/#website\",\"url\":\"https:\/\/staging.forenteforlag.no\/forlaget\/\",\"name\":\"Forlaget Press\",\"description\":\"\",\"publisher\":{\"@id\":\"https:\/\/staging.forenteforlag.no\/forlaget\/#organization\"},\"potentialAction\":[{\"@type\":\"SearchAction\",\"target\":{\"@type\":\"EntryPoint\",\"urlTemplate\":\"https:\/\/staging.forenteforlag.no\/forlaget\/?s={search_term_string}\"},\"query-input\":{\"@type\":\"PropertyValueSpecification\",\"valueRequired\":true,\"valueName\":\"search_term_string\"}}],\"inLanguage\":\"nb-NO\"},{\"@type\":\"Organization\",\"@id\":\"https:\/\/staging.forenteforlag.no\/forlaget\/#organization\",\"name\":\"Forlaget Press\",\"url\":\"https:\/\/staging.forenteforlag.no\/forlaget\/\",\"logo\":{\"@type\":\"ImageObject\",\"inLanguage\":\"nb-NO\",\"@id\":\"https:\/\/staging.forenteforlag.no\/forlaget\/#\/schema\/logo\/image\/\",\"url\":\"https:\/\/staging.forenteforlag.no\/forlaget\/wp-content\/uploads\/sites\/3\/2024\/09\/Press_logo.svg\",\"contentUrl\":\"https:\/\/staging.forenteforlag.no\/forlaget\/wp-content\/uploads\/sites\/3\/2024\/09\/Press_logo.svg\",\"width\":100,\"height\":100,\"caption\":\"Forlaget Press\"},\"image\":{\"@id\":\"https:\/\/staging.forenteforlag.no\/forlaget\/#\/schema\/logo\/image\/\"},\"sameAs\":[\"https:\/\/www.facebook.com\/Forlagetpress\"]}]}<\/script>\n<!-- \/ Yoast SEO plugin. -->","yoast_head_json":{"title":"Steilneset minnested = Steilneset memorial - Forlaget Press","robots":{"index":"noindex","follow":"follow","max-snippet":"max-snippet:-1","max-image-preview":"max-image-preview:large","max-video-preview":"max-video-preview:-1"},"og_locale":"nb_NO","og_type":"article","og_title":"Steilneset minnested = Steilneset memorial - Forlaget Press","og_description":"Boka handler om Steilneset i Finnmark, et minnested over ofrene for trolldomsprossessene i Finnmark p\u00e5 1600-tallet. Den inneholder artikler om kunstneren Louise Bourgeois og arkitekten Peter Zumthor, som samarbeidet om \u00e5 utforme minnestedet, og innholder ogs\u00e5 tilbakeblikk p\u00e5 historien og utdrag fra rettsprotokoller i Finnmark. Parallell tekst p\u00e5 norsk og engelsk.","og_url":"https:\/\/staging.forenteforlag.no\/forlaget\/produkt\/steilneset-minnested-steilneset-memorial\/","og_site_name":"Forlaget Press","article_publisher":"https:\/\/www.facebook.com\/Forlagetpress","article_modified_time":"2026-03-03T22:30:09+00:00","og_image":[{"width":332,"height":449,"url":"https:\/\/staging.forenteforlag.no\/forlaget\/wp-content\/uploads\/sites\/3\/2025\/08\/jpg-7380.jpg","type":"image\/jpeg"}],"twitter_card":"summary_large_image","schema":{"@context":"https:\/\/schema.org","@graph":[{"@type":"WebPage","@id":"https:\/\/staging.forenteforlag.no\/forlaget\/produkt\/steilneset-minnested-steilneset-memorial\/","url":"https:\/\/staging.forenteforlag.no\/forlaget\/produkt\/steilneset-minnested-steilneset-memorial\/","name":"Steilneset minnested = Steilneset memorial - Forlaget Press","isPartOf":{"@id":"https:\/\/staging.forenteforlag.no\/forlaget\/#website"},"primaryImageOfPage":{"@id":"https:\/\/staging.forenteforlag.no\/forlaget\/produkt\/steilneset-minnested-steilneset-memorial\/#primaryimage"},"image":{"@id":"https:\/\/staging.forenteforlag.no\/forlaget\/produkt\/steilneset-minnested-steilneset-memorial\/#primaryimage"},"thumbnailUrl":"https:\/\/staging.forenteforlag.no\/forlaget\/wp-content\/uploads\/sites\/3\/2025\/08\/jpg-7380.jpg","datePublished":"2011-07-05T00:00:00+00:00","dateModified":"2026-03-03T22:30:09+00:00","breadcrumb":{"@id":"https:\/\/staging.forenteforlag.no\/forlaget\/produkt\/steilneset-minnested-steilneset-memorial\/#breadcrumb"},"inLanguage":"nb-NO","potentialAction":[{"@type":"ReadAction","target":["https:\/\/staging.forenteforlag.no\/forlaget\/produkt\/steilneset-minnested-steilneset-memorial\/"]}]},{"@type":"ImageObject","inLanguage":"nb-NO","@id":"https:\/\/staging.forenteforlag.no\/forlaget\/produkt\/steilneset-minnested-steilneset-memorial\/#primaryimage","url":"https:\/\/staging.forenteforlag.no\/forlaget\/wp-content\/uploads\/sites\/3\/2025\/08\/jpg-7380.jpg","contentUrl":"https:\/\/staging.forenteforlag.no\/forlaget\/wp-content\/uploads\/sites\/3\/2025\/08\/jpg-7380.jpg","width":332,"height":449},{"@type":"BreadcrumbList","@id":"https:\/\/staging.forenteforlag.no\/forlaget\/produkt\/steilneset-minnested-steilneset-memorial\/#breadcrumb","itemListElement":[{"@type":"ListItem","position":1,"name":"Hjem","item":"https:\/\/staging.forenteforlag.no\/forlaget\/"},{"@type":"ListItem","position":2,"name":"Alle b\u00f8ker","item":"https:\/\/staging.forenteforlag.no\/forlaget\/butikk\/"},{"@type":"ListItem","position":3,"name":"Steilneset minnested = Steilneset memorial"}]},{"@type":"WebSite","@id":"https:\/\/staging.forenteforlag.no\/forlaget\/#website","url":"https:\/\/staging.forenteforlag.no\/forlaget\/","name":"Forlaget Press","description":"","publisher":{"@id":"https:\/\/staging.forenteforlag.no\/forlaget\/#organization"},"potentialAction":[{"@type":"SearchAction","target":{"@type":"EntryPoint","urlTemplate":"https:\/\/staging.forenteforlag.no\/forlaget\/?s={search_term_string}"},"query-input":{"@type":"PropertyValueSpecification","valueRequired":true,"valueName":"search_term_string"}}],"inLanguage":"nb-NO"},{"@type":"Organization","@id":"https:\/\/staging.forenteforlag.no\/forlaget\/#organization","name":"Forlaget Press","url":"https:\/\/staging.forenteforlag.no\/forlaget\/","logo":{"@type":"ImageObject","inLanguage":"nb-NO","@id":"https:\/\/staging.forenteforlag.no\/forlaget\/#\/schema\/logo\/image\/","url":"https:\/\/staging.forenteforlag.no\/forlaget\/wp-content\/uploads\/sites\/3\/2024\/09\/Press_logo.svg","contentUrl":"https:\/\/staging.forenteforlag.no\/forlaget\/wp-content\/uploads\/sites\/3\/2024\/09\/Press_logo.svg","width":100,"height":100,"caption":"Forlaget Press"},"image":{"@id":"https:\/\/staging.forenteforlag.no\/forlaget\/#\/schema\/logo\/image\/"},"sameAs":["https:\/\/www.facebook.com\/Forlagetpress"]}]}},"_links":{"self":[{"href":"https:\/\/staging.forenteforlag.no\/forlaget\/wp-json\/wp\/v2\/product\/21316","targetHints":{"allow":["GET"]}}],"collection":[{"href":"https:\/\/staging.forenteforlag.no\/forlaget\/wp-json\/wp\/v2\/product"}],"about":[{"href":"https:\/\/staging.forenteforlag.no\/forlaget\/wp-json\/wp\/v2\/types\/product"}],"wp:featuredmedia":[{"embeddable":true,"href":"https:\/\/staging.forenteforlag.no\/forlaget\/wp-json\/wp\/v2\/media\/25087"}],"wp:attachment":[{"href":"https:\/\/staging.forenteforlag.no\/forlaget\/wp-json\/wp\/v2\/media?parent=21316"}],"wp:term":[{"taxonomy":"product_brand","embeddable":true,"href":"https:\/\/staging.forenteforlag.no\/forlaget\/wp-json\/wp\/v2\/product_brand?post=21316"},{"taxonomy":"product_cat","embeddable":true,"href":"https:\/\/staging.forenteforlag.no\/forlaget\/wp-json\/wp\/v2\/product_cat?post=21316"},{"taxonomy":"product_tag","embeddable":true,"href":"https:\/\/staging.forenteforlag.no\/forlaget\/wp-json\/wp\/v2\/product_tag?post=21316"}],"curies":[{"name":"wp","href":"https:\/\/api.w.org\/{rel}","templated":true}]}}

<p>Boka handler om Steilneset i Finnmark, et minnested over ofrene for trolldomsprossessene i Finnmark på 1600-tallet. Den inneholder artikler om kunstneren Louise Bourgeois og arkitekten Peter Zumthor, som samarbeidet om å utforme minnestedet, og innholder også tilbakeblikk på historien og utdrag fra rettsprotokoller i Finnmark. Parallell tekst på norsk og engelsk.</p>

<!-- This site is optimized with the Yoast SEO plugin v26.6 - https://yoast.com/wordpress/plugins/seo/ -->
<title>Steilneset minnested = Steilneset memorial - Forlaget Press</title>
<meta name="robots" content="noindex, follow, max-snippet:-1, max-image-preview:large, max-video-preview:-1" />
<meta property="og:locale" content="nb_NO" />
<meta property="og:type" content="article" />
<meta property="og:title" content="Steilneset minnested = Steilneset memorial - Forlaget Press" />
<meta property="og:description" content="Boka handler om Steilneset i Finnmark, et minnested over ofrene for trolldomsprossessene i Finnmark på 1600-tallet. Den inneholder artikler om kunstneren Louise Bourgeois og arkitekten Peter Zumthor, som samarbeidet om å utforme minnestedet, og innholder også tilbakeblikk på historien og utdrag fra rettsprotokoller i Finnmark. Parallell tekst på norsk og engelsk." />
<meta property="og:url" content="https://staging.forenteforlag.no/forlaget/produkt/steilneset-minnested-steilneset-memorial/" />
<meta property="og:site_name" content="Forlaget Press" />
<meta property="article:publisher" content="https://www.facebook.com/Forlagetpress" />
<meta property="article:modified_time" content="2026-03-03T22:30:09+00:00" />
<meta property="og:image" content="https://staging.forenteforlag.no/forlaget/wp-content/uploads/sites/3/2025/08/jpg-7380.jpg" />
	<meta property="og:image:width" content="332" />
	<meta property="og:image:height" content="449" />
	<meta property="og:image:type" content="image/jpeg" />
<meta name="twitter:card" content="summary_large_image" />
<script type="application/ld+json" class="yoast-schema-graph">{"@context":"https://schema.org","@graph":[{"@type":"WebPage","@id":"https://staging.forenteforlag.no/forlaget/produkt/steilneset-minnested-steilneset-memorial/","url":"https://staging.forenteforlag.no/forlaget/produkt/steilneset-minnested-steilneset-memorial/","name":"Steilneset minnested = Steilneset memorial - Forlaget Press","isPartOf":{"@id":"https://staging.forenteforlag.no/forlaget/#website"},"primaryImageOfPage":{"@id":"https://staging.forenteforlag.no/forlaget/produkt/steilneset-minnested-steilneset-memorial/#primaryimage"},"image":{"@id":"https://staging.forenteforlag.no/forlaget/produkt/steilneset-minnested-steilneset-memorial/#primaryimage"},"thumbnailUrl":"https://staging.forenteforlag.no/forlaget/wp-content/uploads/sites/3/2025/08/jpg-7380.jpg","datePublished":"2011-07-05T00:00:00+00:00","dateModified":"2026-03-03T22:30:09+00:00","breadcrumb":{"@id":"https://staging.forenteforlag.no/forlaget/produkt/steilneset-minnested-steilneset-memorial/#breadcrumb"},"inLanguage":"nb-NO","potentialAction":[{"@type":"ReadAction","target":["https://staging.forenteforlag.no/forlaget/produkt/steilneset-minnested-steilneset-memorial/"]}]},{"@type":"ImageObject","inLanguage":"nb-NO","@id":"https://staging.forenteforlag.no/forlaget/produkt/steilneset-minnested-steilneset-memorial/#primaryimage","url":"https://staging.forenteforlag.no/forlaget/wp-content/uploads/sites/3/2025/08/jpg-7380.jpg","contentUrl":"https://staging.forenteforlag.no/forlaget/wp-content/uploads/sites/3/2025/08/jpg-7380.jpg","width":332,"height":449},{"@type":"BreadcrumbList","@id":"https://staging.forenteforlag.no/forlaget/produkt/steilneset-minnested-steilneset-memorial/#breadcrumb","itemListElement":[{"@type":"ListItem","position":1,"name":"Hjem","item":"https://staging.forenteforlag.no/forlaget/"},{"@type":"ListItem","position":2,"name":"Alle bøker","item":"https://staging.forenteforlag.no/forlaget/butikk/"},{"@type":"ListItem","position":3,"name":"Steilneset minnested = Steilneset memorial"}]},{"@type":"WebSite","@id":"https://staging.forenteforlag.no/forlaget/#website","url":"https://staging.forenteforlag.no/forlaget/","name":"Forlaget Press","description":"","publisher":{"@id":"https://staging.forenteforlag.no/forlaget/#organization"},"potentialAction":[{"@type":"SearchAction","target":{"@type":"EntryPoint","urlTemplate":"https://staging.forenteforlag.no/forlaget/?s={search_term_string}"},"query-input":{"@type":"PropertyValueSpecification","valueRequired":true,"valueName":"search_term_string"}}],"inLanguage":"nb-NO"},{"@type":"Organization","@id":"https://staging.forenteforlag.no/forlaget/#organization","name":"Forlaget Press","url":"https://staging.forenteforlag.no/forlaget/","logo":{"@type":"ImageObject","inLanguage":"nb-NO","@id":"https://staging.forenteforlag.no/forlaget/#/schema/logo/image/","url":"https://staging.forenteforlag.no/forlaget/wp-content/uploads/sites/3/2024/09/Press_logo.svg","contentUrl":"https://staging.forenteforlag.no/forlaget/wp-content/uploads/sites/3/2024/09/Press_logo.svg","width":100,"height":100,"caption":"Forlaget Press"},"image":{"@id":"https://staging.forenteforlag.no/forlaget/#/schema/logo/image/"},"sameAs":["https://www.facebook.com/Forlagetpress"]}]}</script>
<!-- / Yoast SEO plugin. -->

Boka handler om Steilneset i Finnmark, et minnested over ofrene for trolldomsprossessene i Finnmark på 1600-tallet. Den inneholder artikler om kunstneren Louise Bourgeois og arkitekten Peter Zumthor, som samarbeidet om å utforme minnestedet, og innholder også tilbakeblikk på historien og utdrag fra rettsprotokoller i Finnmark. Parallell tekst på norsk og engelsk.

Alle bøker
