{"id":21015,"date":"2017-10-30T01:00:00","date_gmt":"2017-10-30T00:00:00","guid":{"rendered":"https:\/\/forlagetpress.forenteforlag.no\/produkt\/det-onde-er-begynt\/"},"modified":"2026-03-04T12:28:09","modified_gmt":"2026-03-04T11:28:09","slug":"det-onde-er-begynt","status":"publish","type":"product","link":"https:\/\/staging.forenteforlag.no\/forlaget\/produkt\/det-onde-er-begynt\/","title":{"rendered":"Det onde er begynt"},"content":{"rendered":"<p>Vi er i Madrid p\u00e5 \u00e5ttitallet, i en by der minnene etter Francos diktatur fortsatt er tydelig til stede. Den unge Juan De Vere arbeider som Eduardo Muriels assistent. Eduardo er en kjent filmregiss\u00f8r, bosatt i et stort hus i hovedstaden. Der bor han med sin kone, den vakre Beatriz Noguera. Sett fra utsiden ser det ut som de har alt, ogs\u00e5 lykken, men Juan oppdager raskt at Eduardo behandler sin kone kaldt og avvisende. En kveld er han vitne til et opptrinn i hjemmet. Beatriz blir regelrett plassert p\u00e5 sitt eget rom. Hva er hemmeligheten bak det ulykkelige ekteskapet? Juan vil finne ut av dette og det f\u00f8rer han inn i en jakt tilbake i historien, dypere og dypere inn i diktaturets m\u00f8rke.  <\/p>\n<p>Det onde er begynt er en fortelling om et ekteskap som er mer preget av hat og forakt enn av kj\u00e6rlighet. Mar\u00edas tar for seg den sterke destruktive kraften i begj\u00e6r, men tilgivelse er ogs\u00e5 et sentralt tema. Juan innser at vi m\u00e5 akseptere v\u00e5r fortid for \u00e5 slippe \u00e5 leve p\u00e5 en l\u00f8gn.   <\/p>\n<p>Javier Mar\u00edas er en av Spanias st\u00f8rste n\u00e5levende forfattere, og noe s\u00e5 sjeldent som en forfatter som kombinerer enorm litter\u00e6r anseelse med stort salg og h\u00f8y popularitet. De siste \u00e5rene har Mar\u00edas ogs\u00e5 hatt et stort internasjonalt gjennombrudd. Han er stadig nevnt som en aktuell kandidat til Nobelprisen i litteratur<\/p>\n","protected":false},"excerpt":{"rendered":"<p>Vi er i Madrid p\u00e5 \u00e5ttitallet, i en by der minnene etter Francos diktatur fortsatt er tydelig til stede. Den unge Juan De Vere arbeider som Eduardo Muriels assistent. Eduardo er en kjent filmregiss\u00f8r, bosatt i et stort hus i hovedstaden. Der bor han med sin kone, den vakre Beatriz Noguera. Sett fra utsiden ser [&hellip;]<\/p>\n","protected":false},"featured_media":26216,"template":"","meta":{"_acf_changed":false,"inline_featured_image":false},"product_brand":[],"product_cat":[1781],"product_tag":[387,470,1095,528,752,370],"class_list":{"0":"post-21015","1":"product","2":"type-product","3":"status-publish","4":"has-post-thumbnail","6":"product_cat-rabattkodekampanje","7":"product_tag-1980-1989","8":"product_tag-ekteskap-og-parforhold","9":"product_tag-grafiske-romaner","10":"product_tag-kunstnermiljoer","11":"product_tag-madrid","12":"product_tag-skjonnlitteratur","14":"first","15":"outofstock","16":"shipping-taxable","17":"purchasable","18":"product-type-simple"},"acf":{"anmeldelse":null},"yoast_head":"<!-- This site is optimized with the Yoast SEO plugin v26.6 - https:\/\/yoast.com\/wordpress\/plugins\/seo\/ -->\n<title>Det onde er begynt - Forlaget Press<\/title>\n<meta name=\"robots\" content=\"noindex, follow, max-snippet:-1, max-image-preview:large, max-video-preview:-1\" \/>\n<meta property=\"og:locale\" content=\"nb_NO\" \/>\n<meta property=\"og:type\" content=\"article\" \/>\n<meta property=\"og:title\" content=\"Det onde er begynt - Forlaget Press\" \/>\n<meta property=\"og:description\" content=\"Vi er i Madrid p\u00e5 \u00e5ttitallet, i en by der minnene etter Francos diktatur fortsatt er tydelig til stede. Den unge Juan De Vere arbeider som Eduardo Muriels assistent. Eduardo er en kjent filmregiss\u00f8r, bosatt i et stort hus i hovedstaden. Der bor han med sin kone, den vakre Beatriz Noguera. Sett fra utsiden ser [&hellip;]\" \/>\n<meta property=\"og:url\" content=\"https:\/\/staging.forenteforlag.no\/forlaget\/produkt\/det-onde-er-begynt\/\" \/>\n<meta property=\"og:site_name\" content=\"Forlaget Press\" \/>\n<meta property=\"article:publisher\" content=\"https:\/\/www.facebook.com\/Forlagetpress\" \/>\n<meta property=\"article:modified_time\" content=\"2026-03-04T11:28:09+00:00\" \/>\n<meta property=\"og:image\" content=\"https:\/\/staging.forenteforlag.no\/forlaget\/wp-content\/uploads\/sites\/3\/2026\/02\/9788232800322.jpg\" \/>\n\t<meta property=\"og:image:width\" content=\"720\" \/>\n\t<meta property=\"og:image:height\" content=\"1046\" \/>\n\t<meta property=\"og:image:type\" content=\"image\/jpeg\" \/>\n<meta name=\"twitter:card\" content=\"summary_large_image\" \/>\n<meta name=\"twitter:label1\" content=\"Ansl. lesetid\" \/>\n\t<meta name=\"twitter:data1\" content=\"1 minutt\" \/>\n<script type=\"application\/ld+json\" class=\"yoast-schema-graph\">{\"@context\":\"https:\/\/schema.org\",\"@graph\":[{\"@type\":\"WebPage\",\"@id\":\"https:\/\/staging.forenteforlag.no\/forlaget\/produkt\/det-onde-er-begynt\/\",\"url\":\"https:\/\/staging.forenteforlag.no\/forlaget\/produkt\/det-onde-er-begynt\/\",\"name\":\"Det onde er begynt - Forlaget Press\",\"isPartOf\":{\"@id\":\"https:\/\/staging.forenteforlag.no\/forlaget\/#website\"},\"primaryImageOfPage\":{\"@id\":\"https:\/\/staging.forenteforlag.no\/forlaget\/produkt\/det-onde-er-begynt\/#primaryimage\"},\"image\":{\"@id\":\"https:\/\/staging.forenteforlag.no\/forlaget\/produkt\/det-onde-er-begynt\/#primaryimage\"},\"thumbnailUrl\":\"https:\/\/staging.forenteforlag.no\/forlaget\/wp-content\/uploads\/sites\/3\/2026\/02\/9788232800322.jpg\",\"datePublished\":\"2017-10-30T00:00:00+00:00\",\"dateModified\":\"2026-03-04T11:28:09+00:00\",\"breadcrumb\":{\"@id\":\"https:\/\/staging.forenteforlag.no\/forlaget\/produkt\/det-onde-er-begynt\/#breadcrumb\"},\"inLanguage\":\"nb-NO\",\"potentialAction\":[{\"@type\":\"ReadAction\",\"target\":[\"https:\/\/staging.forenteforlag.no\/forlaget\/produkt\/det-onde-er-begynt\/\"]}]},{\"@type\":\"ImageObject\",\"inLanguage\":\"nb-NO\",\"@id\":\"https:\/\/staging.forenteforlag.no\/forlaget\/produkt\/det-onde-er-begynt\/#primaryimage\",\"url\":\"https:\/\/staging.forenteforlag.no\/forlaget\/wp-content\/uploads\/sites\/3\/2026\/02\/9788232800322.jpg\",\"contentUrl\":\"https:\/\/staging.forenteforlag.no\/forlaget\/wp-content\/uploads\/sites\/3\/2026\/02\/9788232800322.jpg\",\"width\":720,\"height\":1046},{\"@type\":\"BreadcrumbList\",\"@id\":\"https:\/\/staging.forenteforlag.no\/forlaget\/produkt\/det-onde-er-begynt\/#breadcrumb\",\"itemListElement\":[{\"@type\":\"ListItem\",\"position\":1,\"name\":\"Hjem\",\"item\":\"https:\/\/staging.forenteforlag.no\/forlaget\/\"},{\"@type\":\"ListItem\",\"position\":2,\"name\":\"Alle b\u00f8ker\",\"item\":\"https:\/\/staging.forenteforlag.no\/forlaget\/butikk\/\"},{\"@type\":\"ListItem\",\"position\":3,\"name\":\"Det onde er begynt\"}]},{\"@type\":\"WebSite\",\"@id\":\"https:\/\/staging.forenteforlag.no\/forlaget\/#website\",\"url\":\"https:\/\/staging.forenteforlag.no\/forlaget\/\",\"name\":\"Forlaget Press\",\"description\":\"\",\"publisher\":{\"@id\":\"https:\/\/staging.forenteforlag.no\/forlaget\/#organization\"},\"potentialAction\":[{\"@type\":\"SearchAction\",\"target\":{\"@type\":\"EntryPoint\",\"urlTemplate\":\"https:\/\/staging.forenteforlag.no\/forlaget\/?s={search_term_string}\"},\"query-input\":{\"@type\":\"PropertyValueSpecification\",\"valueRequired\":true,\"valueName\":\"search_term_string\"}}],\"inLanguage\":\"nb-NO\"},{\"@type\":\"Organization\",\"@id\":\"https:\/\/staging.forenteforlag.no\/forlaget\/#organization\",\"name\":\"Forlaget Press\",\"url\":\"https:\/\/staging.forenteforlag.no\/forlaget\/\",\"logo\":{\"@type\":\"ImageObject\",\"inLanguage\":\"nb-NO\",\"@id\":\"https:\/\/staging.forenteforlag.no\/forlaget\/#\/schema\/logo\/image\/\",\"url\":\"https:\/\/staging.forenteforlag.no\/forlaget\/wp-content\/uploads\/sites\/3\/2024\/09\/Press_logo.svg\",\"contentUrl\":\"https:\/\/staging.forenteforlag.no\/forlaget\/wp-content\/uploads\/sites\/3\/2024\/09\/Press_logo.svg\",\"width\":100,\"height\":100,\"caption\":\"Forlaget Press\"},\"image\":{\"@id\":\"https:\/\/staging.forenteforlag.no\/forlaget\/#\/schema\/logo\/image\/\"},\"sameAs\":[\"https:\/\/www.facebook.com\/Forlagetpress\"]}]}<\/script>\n<!-- \/ Yoast SEO plugin. -->","yoast_head_json":{"title":"Det onde er begynt - Forlaget Press","robots":{"index":"noindex","follow":"follow","max-snippet":"max-snippet:-1","max-image-preview":"max-image-preview:large","max-video-preview":"max-video-preview:-1"},"og_locale":"nb_NO","og_type":"article","og_title":"Det onde er begynt - Forlaget Press","og_description":"Vi er i Madrid p\u00e5 \u00e5ttitallet, i en by der minnene etter Francos diktatur fortsatt er tydelig til stede. Den unge Juan De Vere arbeider som Eduardo Muriels assistent. Eduardo er en kjent filmregiss\u00f8r, bosatt i et stort hus i hovedstaden. Der bor han med sin kone, den vakre Beatriz Noguera. Sett fra utsiden ser [&hellip;]","og_url":"https:\/\/staging.forenteforlag.no\/forlaget\/produkt\/det-onde-er-begynt\/","og_site_name":"Forlaget Press","article_publisher":"https:\/\/www.facebook.com\/Forlagetpress","article_modified_time":"2026-03-04T11:28:09+00:00","og_image":[{"width":720,"height":1046,"url":"https:\/\/staging.forenteforlag.no\/forlaget\/wp-content\/uploads\/sites\/3\/2026\/02\/9788232800322.jpg","type":"image\/jpeg"}],"twitter_card":"summary_large_image","twitter_misc":{"Ansl. lesetid":"1 minutt"},"schema":{"@context":"https:\/\/schema.org","@graph":[{"@type":"WebPage","@id":"https:\/\/staging.forenteforlag.no\/forlaget\/produkt\/det-onde-er-begynt\/","url":"https:\/\/staging.forenteforlag.no\/forlaget\/produkt\/det-onde-er-begynt\/","name":"Det onde er begynt - Forlaget Press","isPartOf":{"@id":"https:\/\/staging.forenteforlag.no\/forlaget\/#website"},"primaryImageOfPage":{"@id":"https:\/\/staging.forenteforlag.no\/forlaget\/produkt\/det-onde-er-begynt\/#primaryimage"},"image":{"@id":"https:\/\/staging.forenteforlag.no\/forlaget\/produkt\/det-onde-er-begynt\/#primaryimage"},"thumbnailUrl":"https:\/\/staging.forenteforlag.no\/forlaget\/wp-content\/uploads\/sites\/3\/2026\/02\/9788232800322.jpg","datePublished":"2017-10-30T00:00:00+00:00","dateModified":"2026-03-04T11:28:09+00:00","breadcrumb":{"@id":"https:\/\/staging.forenteforlag.no\/forlaget\/produkt\/det-onde-er-begynt\/#breadcrumb"},"inLanguage":"nb-NO","potentialAction":[{"@type":"ReadAction","target":["https:\/\/staging.forenteforlag.no\/forlaget\/produkt\/det-onde-er-begynt\/"]}]},{"@type":"ImageObject","inLanguage":"nb-NO","@id":"https:\/\/staging.forenteforlag.no\/forlaget\/produkt\/det-onde-er-begynt\/#primaryimage","url":"https:\/\/staging.forenteforlag.no\/forlaget\/wp-content\/uploads\/sites\/3\/2026\/02\/9788232800322.jpg","contentUrl":"https:\/\/staging.forenteforlag.no\/forlaget\/wp-content\/uploads\/sites\/3\/2026\/02\/9788232800322.jpg","width":720,"height":1046},{"@type":"BreadcrumbList","@id":"https:\/\/staging.forenteforlag.no\/forlaget\/produkt\/det-onde-er-begynt\/#breadcrumb","itemListElement":[{"@type":"ListItem","position":1,"name":"Hjem","item":"https:\/\/staging.forenteforlag.no\/forlaget\/"},{"@type":"ListItem","position":2,"name":"Alle b\u00f8ker","item":"https:\/\/staging.forenteforlag.no\/forlaget\/butikk\/"},{"@type":"ListItem","position":3,"name":"Det onde er begynt"}]},{"@type":"WebSite","@id":"https:\/\/staging.forenteforlag.no\/forlaget\/#website","url":"https:\/\/staging.forenteforlag.no\/forlaget\/","name":"Forlaget Press","description":"","publisher":{"@id":"https:\/\/staging.forenteforlag.no\/forlaget\/#organization"},"potentialAction":[{"@type":"SearchAction","target":{"@type":"EntryPoint","urlTemplate":"https:\/\/staging.forenteforlag.no\/forlaget\/?s={search_term_string}"},"query-input":{"@type":"PropertyValueSpecification","valueRequired":true,"valueName":"search_term_string"}}],"inLanguage":"nb-NO"},{"@type":"Organization","@id":"https:\/\/staging.forenteforlag.no\/forlaget\/#organization","name":"Forlaget Press","url":"https:\/\/staging.forenteforlag.no\/forlaget\/","logo":{"@type":"ImageObject","inLanguage":"nb-NO","@id":"https:\/\/staging.forenteforlag.no\/forlaget\/#\/schema\/logo\/image\/","url":"https:\/\/staging.forenteforlag.no\/forlaget\/wp-content\/uploads\/sites\/3\/2024\/09\/Press_logo.svg","contentUrl":"https:\/\/staging.forenteforlag.no\/forlaget\/wp-content\/uploads\/sites\/3\/2024\/09\/Press_logo.svg","width":100,"height":100,"caption":"Forlaget Press"},"image":{"@id":"https:\/\/staging.forenteforlag.no\/forlaget\/#\/schema\/logo\/image\/"},"sameAs":["https:\/\/www.facebook.com\/Forlagetpress"]}]}},"_links":{"self":[{"href":"https:\/\/staging.forenteforlag.no\/forlaget\/wp-json\/wp\/v2\/product\/21015","targetHints":{"allow":["GET"]}}],"collection":[{"href":"https:\/\/staging.forenteforlag.no\/forlaget\/wp-json\/wp\/v2\/product"}],"about":[{"href":"https:\/\/staging.forenteforlag.no\/forlaget\/wp-json\/wp\/v2\/types\/product"}],"wp:featuredmedia":[{"embeddable":true,"href":"https:\/\/staging.forenteforlag.no\/forlaget\/wp-json\/wp\/v2\/media\/26216"}],"wp:attachment":[{"href":"https:\/\/staging.forenteforlag.no\/forlaget\/wp-json\/wp\/v2\/media?parent=21015"}],"wp:term":[{"taxonomy":"product_brand","embeddable":true,"href":"https:\/\/staging.forenteforlag.no\/forlaget\/wp-json\/wp\/v2\/product_brand?post=21015"},{"taxonomy":"product_cat","embeddable":true,"href":"https:\/\/staging.forenteforlag.no\/forlaget\/wp-json\/wp\/v2\/product_cat?post=21015"},{"taxonomy":"product_tag","embeddable":true,"href":"https:\/\/staging.forenteforlag.no\/forlaget\/wp-json\/wp\/v2\/product_tag?post=21015"}],"curies":[{"name":"wp","href":"https:\/\/api.w.org\/{rel}","templated":true}]}}

<p>Vi er i Madrid på åttitallet, i en by der minnene etter Francos diktatur fortsatt er tydelig til stede. Den unge Juan De Vere arbeider som Eduardo Muriels assistent. Eduardo er en kjent filmregissør, bosatt i et stort hus i hovedstaden. Der bor han med sin kone, den vakre Beatriz Noguera. Sett fra utsiden ser det ut som de har alt, også lykken, men Juan oppdager raskt at Eduardo behandler sin kone kaldt og avvisende. En kveld er han vitne til et opptrinn i hjemmet. Beatriz blir regelrett plassert på sitt eget rom. Hva er hemmeligheten bak det ulykkelige ekteskapet? Juan vil finne ut av dette og det fører han inn i en jakt tilbake i historien, dypere og dypere inn i diktaturets mørke.  </p>
<p>Det onde er begynt er en fortelling om et ekteskap som er mer preget av hat og forakt enn av kjærlighet. Marías tar for seg den sterke destruktive kraften i begjær, men tilgivelse er også et sentralt tema. Juan innser at vi må akseptere vår fortid for å slippe å leve på en løgn.   </p>
<p>Javier Marías er en av Spanias største nålevende forfattere, og noe så sjeldent som en forfatter som kombinerer enorm litterær anseelse med stort salg og høy popularitet. De siste årene har Marías også hatt et stort internasjonalt gjennombrudd. Han er stadig nevnt som en aktuell kandidat til Nobelprisen i litteratur</p>

<p>Vi er i Madrid på åttitallet, i en by der minnene etter Francos diktatur fortsatt er tydelig til stede. Den unge Juan De Vere arbeider som Eduardo Muriels assistent. Eduardo er en kjent filmregissør, bosatt i et stort hus i hovedstaden. Der bor han med sin kone, den vakre Beatriz Noguera. Sett fra utsiden ser [&hellip;]</p>

<!-- This site is optimized with the Yoast SEO plugin v26.6 - https://yoast.com/wordpress/plugins/seo/ -->
<title>Det onde er begynt - Forlaget Press</title>
<meta name="robots" content="noindex, follow, max-snippet:-1, max-image-preview:large, max-video-preview:-1" />
<meta property="og:locale" content="nb_NO" />
<meta property="og:type" content="article" />
<meta property="og:title" content="Det onde er begynt - Forlaget Press" />
<meta property="og:description" content="Vi er i Madrid på åttitallet, i en by der minnene etter Francos diktatur fortsatt er tydelig til stede. Den unge Juan De Vere arbeider som Eduardo Muriels assistent. Eduardo er en kjent filmregissør, bosatt i et stort hus i hovedstaden. Der bor han med sin kone, den vakre Beatriz Noguera. Sett fra utsiden ser [&hellip;]" />
<meta property="og:url" content="https://staging.forenteforlag.no/forlaget/produkt/det-onde-er-begynt/" />
<meta property="og:site_name" content="Forlaget Press" />
<meta property="article:publisher" content="https://www.facebook.com/Forlagetpress" />
<meta property="article:modified_time" content="2026-03-04T11:28:09+00:00" />
<meta property="og:image" content="https://staging.forenteforlag.no/forlaget/wp-content/uploads/sites/3/2026/02/9788232800322.jpg" />
	<meta property="og:image:width" content="720" />
	<meta property="og:image:height" content="1046" />
	<meta property="og:image:type" content="image/jpeg" />
<meta name="twitter:card" content="summary_large_image" />
<meta name="twitter:label1" content="Ansl. lesetid" />
	<meta name="twitter:data1" content="1 minutt" />
<script type="application/ld+json" class="yoast-schema-graph">{"@context":"https://schema.org","@graph":[{"@type":"WebPage","@id":"https://staging.forenteforlag.no/forlaget/produkt/det-onde-er-begynt/","url":"https://staging.forenteforlag.no/forlaget/produkt/det-onde-er-begynt/","name":"Det onde er begynt - Forlaget Press","isPartOf":{"@id":"https://staging.forenteforlag.no/forlaget/#website"},"primaryImageOfPage":{"@id":"https://staging.forenteforlag.no/forlaget/produkt/det-onde-er-begynt/#primaryimage"},"image":{"@id":"https://staging.forenteforlag.no/forlaget/produkt/det-onde-er-begynt/#primaryimage"},"thumbnailUrl":"https://staging.forenteforlag.no/forlaget/wp-content/uploads/sites/3/2026/02/9788232800322.jpg","datePublished":"2017-10-30T00:00:00+00:00","dateModified":"2026-03-04T11:28:09+00:00","breadcrumb":{"@id":"https://staging.forenteforlag.no/forlaget/produkt/det-onde-er-begynt/#breadcrumb"},"inLanguage":"nb-NO","potentialAction":[{"@type":"ReadAction","target":["https://staging.forenteforlag.no/forlaget/produkt/det-onde-er-begynt/"]}]},{"@type":"ImageObject","inLanguage":"nb-NO","@id":"https://staging.forenteforlag.no/forlaget/produkt/det-onde-er-begynt/#primaryimage","url":"https://staging.forenteforlag.no/forlaget/wp-content/uploads/sites/3/2026/02/9788232800322.jpg","contentUrl":"https://staging.forenteforlag.no/forlaget/wp-content/uploads/sites/3/2026/02/9788232800322.jpg","width":720,"height":1046},{"@type":"BreadcrumbList","@id":"https://staging.forenteforlag.no/forlaget/produkt/det-onde-er-begynt/#breadcrumb","itemListElement":[{"@type":"ListItem","position":1,"name":"Hjem","item":"https://staging.forenteforlag.no/forlaget/"},{"@type":"ListItem","position":2,"name":"Alle bøker","item":"https://staging.forenteforlag.no/forlaget/butikk/"},{"@type":"ListItem","position":3,"name":"Det onde er begynt"}]},{"@type":"WebSite","@id":"https://staging.forenteforlag.no/forlaget/#website","url":"https://staging.forenteforlag.no/forlaget/","name":"Forlaget Press","description":"","publisher":{"@id":"https://staging.forenteforlag.no/forlaget/#organization"},"potentialAction":[{"@type":"SearchAction","target":{"@type":"EntryPoint","urlTemplate":"https://staging.forenteforlag.no/forlaget/?s={search_term_string}"},"query-input":{"@type":"PropertyValueSpecification","valueRequired":true,"valueName":"search_term_string"}}],"inLanguage":"nb-NO"},{"@type":"Organization","@id":"https://staging.forenteforlag.no/forlaget/#organization","name":"Forlaget Press","url":"https://staging.forenteforlag.no/forlaget/","logo":{"@type":"ImageObject","inLanguage":"nb-NO","@id":"https://staging.forenteforlag.no/forlaget/#/schema/logo/image/","url":"https://staging.forenteforlag.no/forlaget/wp-content/uploads/sites/3/2024/09/Press_logo.svg","contentUrl":"https://staging.forenteforlag.no/forlaget/wp-content/uploads/sites/3/2024/09/Press_logo.svg","width":100,"height":100,"caption":"Forlaget Press"},"image":{"@id":"https://staging.forenteforlag.no/forlaget/#/schema/logo/image/"},"sameAs":["https://www.facebook.com/Forlagetpress"]}]}</script>
<!-- / Yoast SEO plugin. -->

Vi er i Madrid på åttitallet, i en by der minnene etter Francos diktatur fortsatt er tydelig til stede. Den unge Juan De Vere arbeider som Eduardo Muriels assistent. Eduardo er en kjent filmregissør, bosatt i et stort hus i hovedstaden. Der bor han med sin kone, den vakre Beatriz Noguera. Sett fra utsiden ser [&hellip;]

Alle bøker
