{"id":20934,"date":"2015-10-15T02:00:00","date_gmt":"2015-10-15T00:00:00","guid":{"rendered":"https:\/\/forlagetpress.forenteforlag.no\/produkt\/den-hvite-veien\/"},"modified":"2026-03-04T12:27:57","modified_gmt":"2026-03-04T11:27:57","slug":"den-hvite-veien","status":"publish","type":"product","link":"https:\/\/staging.forenteforlag.no\/forlaget\/produkt\/den-hvite-veien\/","title":{"rendered":"Den hvite veien"},"content":{"rendered":"<p>Edmund de Waal er keramiker. Gjennom mer enn f\u00f8rti \u00e5r har han arbeidet med porselen &#8211; fors\u00f8kt \u00e5 beherske det merkelige materialet, p\u00e5 samme tid hardt og skj\u00f8rt, kompakt og gjennomsiktig, b\u00e6rende p\u00e5 et hvitt og skimrende lys. Men fortsatt mestrer han det ikke, ikke egentlig. For \u00e5 fors\u00f8ke \u00e5 forst\u00e5 hva han driver med &#8211; og samtidig skj\u00f8nne mer av eget liv, av verden og alt som er vakkert i den &#8211; bestemmer han seg for \u00e5 reise. Edmund de Waal vil reise i porselenets historie. <\/p>\n<p>Han reiser til Jingdezhen i Kina, hvor man f\u00f8rst begynte \u00e5 utvinne kaolinleire for over tusen \u00e5r siden og m\u00f8ysommelig avdekket porselenets magi. Han valfarter til Meissen ved Dresden, til Versailles og til Plymouth, hvor europeerne gradvis avsl\u00f8rte kinesernes hemmeligheter. Men reisene tar ham ogs\u00e5 videre, til andre steder p\u00e5 kloden hvor porselenet har satt sine spor. Og videre i historien, til noen av de merkelige og mangfoldige samlerne, skj\u00f8nnerne og spekulantene som gjennom tidene har holdt det \u00abhvite gullet\u00bb mellom hendene. Og til noen av det 20. \u00e5rhundres m\u00f8rkeste \u00f8yeblikk, hvor samlinger har blitt knust, stj\u00e5let og \u00f8delagt &#8211; og mennesker har g\u00e5tt til grunne gjennom porselenets magi. <\/p>\n<p>Utallige lesere b\u00e5de i Norge og internasjonalt har Edmund de Waals Haren med \u00f8yne av rav som sin absolutte favorittbok fra de siste \u00e5rene. N\u00e5 er den engelske keramikeren tilbake med en bok som b\u00e5de minner om og overg\u00e5r sin forgjenger: Den hvite veien er en forbl\u00f8ffende bok, dels selvbiografi, dels historie, dels detektivfortelling &#8211; en intim, s\u00f8rgmodig og borende velskrevet utforsking av noen av de vakreste gjenstandene menneskeheten har skapt, og av en global besettelse: en dr\u00f8m om alkymi, skj\u00f8nnhet, rikdom, kunnskap og renhet. En dr\u00f8m om hvithet.<\/p>\n","protected":false},"excerpt":{"rendered":"<p>Edmund de Waal er keramiker. Gjennom mer enn f\u00f8rti \u00e5r har han arbeidet med porselen &#8211; fors\u00f8kt \u00e5 beherske det merkelige materialet, p\u00e5 samme tid hardt og skj\u00f8rt, kompakt og gjennomsiktig, b\u00e6rende p\u00e5 et hvitt og skimrende lys. Men fortsatt mestrer han det ikke, ikke egentlig. For \u00e5 fors\u00f8ke \u00e5 forst\u00e5 hva han driver med [&hellip;]<\/p>\n","protected":false},"featured_media":26214,"template":"","meta":{"_acf_changed":false,"inline_featured_image":false},"product_brand":[],"product_cat":[1781],"product_tag":[362,882,1740,492,361,383],"class_list":{"0":"post-20934","1":"product","2":"type-product","3":"status-publish","4":"has-post-thumbnail","6":"product_cat-rabattkodekampanje","7":"product_tag-faglitteratur","8":"product_tag-geografi-og-reiser","9":"product_tag-hverdagsbetraktninger","10":"product_tag-keramisk-kunst","11":"product_tag-kulturhistorie","12":"product_tag-personlige-beretninger","14":"first","15":"outofstock","16":"shipping-taxable","17":"purchasable","18":"product-type-simple"},"acf":{"anmeldelse":null},"yoast_head":"<!-- This site is optimized with the Yoast SEO plugin v26.6 - https:\/\/yoast.com\/wordpress\/plugins\/seo\/ -->\n<title>Den hvite veien - Forlaget Press<\/title>\n<meta name=\"robots\" content=\"noindex, follow, max-snippet:-1, max-image-preview:large, max-video-preview:-1\" \/>\n<meta property=\"og:locale\" content=\"nb_NO\" \/>\n<meta property=\"og:type\" content=\"article\" \/>\n<meta property=\"og:title\" content=\"Den hvite veien - Forlaget Press\" \/>\n<meta property=\"og:description\" content=\"Edmund de Waal er keramiker. Gjennom mer enn f\u00f8rti \u00e5r har han arbeidet med porselen &#8211; fors\u00f8kt \u00e5 beherske det merkelige materialet, p\u00e5 samme tid hardt og skj\u00f8rt, kompakt og gjennomsiktig, b\u00e6rende p\u00e5 et hvitt og skimrende lys. Men fortsatt mestrer han det ikke, ikke egentlig. For \u00e5 fors\u00f8ke \u00e5 forst\u00e5 hva han driver med [&hellip;]\" \/>\n<meta property=\"og:url\" content=\"https:\/\/staging.forenteforlag.no\/forlaget\/produkt\/den-hvite-veien\/\" \/>\n<meta property=\"og:site_name\" content=\"Forlaget Press\" \/>\n<meta property=\"article:publisher\" content=\"https:\/\/www.facebook.com\/Forlagetpress\" \/>\n<meta property=\"article:modified_time\" content=\"2026-03-04T11:27:57+00:00\" \/>\n<meta property=\"og:image\" content=\"https:\/\/staging.forenteforlag.no\/forlaget\/wp-content\/uploads\/sites\/3\/2026\/02\/9788232800308.jpg\" \/>\n\t<meta property=\"og:image:width\" content=\"720\" \/>\n\t<meta property=\"og:image:height\" content=\"1043\" \/>\n\t<meta property=\"og:image:type\" content=\"image\/jpeg\" \/>\n<meta name=\"twitter:card\" content=\"summary_large_image\" \/>\n<meta name=\"twitter:label1\" content=\"Ansl. lesetid\" \/>\n\t<meta name=\"twitter:data1\" content=\"2 minutter\" \/>\n<script type=\"application\/ld+json\" class=\"yoast-schema-graph\">{\"@context\":\"https:\/\/schema.org\",\"@graph\":[{\"@type\":\"WebPage\",\"@id\":\"https:\/\/staging.forenteforlag.no\/forlaget\/produkt\/den-hvite-veien\/\",\"url\":\"https:\/\/staging.forenteforlag.no\/forlaget\/produkt\/den-hvite-veien\/\",\"name\":\"Den hvite veien - Forlaget Press\",\"isPartOf\":{\"@id\":\"https:\/\/staging.forenteforlag.no\/forlaget\/#website\"},\"primaryImageOfPage\":{\"@id\":\"https:\/\/staging.forenteforlag.no\/forlaget\/produkt\/den-hvite-veien\/#primaryimage\"},\"image\":{\"@id\":\"https:\/\/staging.forenteforlag.no\/forlaget\/produkt\/den-hvite-veien\/#primaryimage\"},\"thumbnailUrl\":\"https:\/\/staging.forenteforlag.no\/forlaget\/wp-content\/uploads\/sites\/3\/2026\/02\/9788232800308.jpg\",\"datePublished\":\"2015-10-15T00:00:00+00:00\",\"dateModified\":\"2026-03-04T11:27:57+00:00\",\"breadcrumb\":{\"@id\":\"https:\/\/staging.forenteforlag.no\/forlaget\/produkt\/den-hvite-veien\/#breadcrumb\"},\"inLanguage\":\"nb-NO\",\"potentialAction\":[{\"@type\":\"ReadAction\",\"target\":[\"https:\/\/staging.forenteforlag.no\/forlaget\/produkt\/den-hvite-veien\/\"]}]},{\"@type\":\"ImageObject\",\"inLanguage\":\"nb-NO\",\"@id\":\"https:\/\/staging.forenteforlag.no\/forlaget\/produkt\/den-hvite-veien\/#primaryimage\",\"url\":\"https:\/\/staging.forenteforlag.no\/forlaget\/wp-content\/uploads\/sites\/3\/2026\/02\/9788232800308.jpg\",\"contentUrl\":\"https:\/\/staging.forenteforlag.no\/forlaget\/wp-content\/uploads\/sites\/3\/2026\/02\/9788232800308.jpg\",\"width\":720,\"height\":1043},{\"@type\":\"BreadcrumbList\",\"@id\":\"https:\/\/staging.forenteforlag.no\/forlaget\/produkt\/den-hvite-veien\/#breadcrumb\",\"itemListElement\":[{\"@type\":\"ListItem\",\"position\":1,\"name\":\"Hjem\",\"item\":\"https:\/\/staging.forenteforlag.no\/forlaget\/\"},{\"@type\":\"ListItem\",\"position\":2,\"name\":\"Alle b\u00f8ker\",\"item\":\"https:\/\/staging.forenteforlag.no\/forlaget\/butikk\/\"},{\"@type\":\"ListItem\",\"position\":3,\"name\":\"Den hvite veien\"}]},{\"@type\":\"WebSite\",\"@id\":\"https:\/\/staging.forenteforlag.no\/forlaget\/#website\",\"url\":\"https:\/\/staging.forenteforlag.no\/forlaget\/\",\"name\":\"Forlaget Press\",\"description\":\"\",\"publisher\":{\"@id\":\"https:\/\/staging.forenteforlag.no\/forlaget\/#organization\"},\"potentialAction\":[{\"@type\":\"SearchAction\",\"target\":{\"@type\":\"EntryPoint\",\"urlTemplate\":\"https:\/\/staging.forenteforlag.no\/forlaget\/?s={search_term_string}\"},\"query-input\":{\"@type\":\"PropertyValueSpecification\",\"valueRequired\":true,\"valueName\":\"search_term_string\"}}],\"inLanguage\":\"nb-NO\"},{\"@type\":\"Organization\",\"@id\":\"https:\/\/staging.forenteforlag.no\/forlaget\/#organization\",\"name\":\"Forlaget Press\",\"url\":\"https:\/\/staging.forenteforlag.no\/forlaget\/\",\"logo\":{\"@type\":\"ImageObject\",\"inLanguage\":\"nb-NO\",\"@id\":\"https:\/\/staging.forenteforlag.no\/forlaget\/#\/schema\/logo\/image\/\",\"url\":\"https:\/\/staging.forenteforlag.no\/forlaget\/wp-content\/uploads\/sites\/3\/2024\/09\/Press_logo.svg\",\"contentUrl\":\"https:\/\/staging.forenteforlag.no\/forlaget\/wp-content\/uploads\/sites\/3\/2024\/09\/Press_logo.svg\",\"width\":100,\"height\":100,\"caption\":\"Forlaget Press\"},\"image\":{\"@id\":\"https:\/\/staging.forenteforlag.no\/forlaget\/#\/schema\/logo\/image\/\"},\"sameAs\":[\"https:\/\/www.facebook.com\/Forlagetpress\"]}]}<\/script>\n<!-- \/ Yoast SEO plugin. -->","yoast_head_json":{"title":"Den hvite veien - Forlaget Press","robots":{"index":"noindex","follow":"follow","max-snippet":"max-snippet:-1","max-image-preview":"max-image-preview:large","max-video-preview":"max-video-preview:-1"},"og_locale":"nb_NO","og_type":"article","og_title":"Den hvite veien - Forlaget Press","og_description":"Edmund de Waal er keramiker. Gjennom mer enn f\u00f8rti \u00e5r har han arbeidet med porselen &#8211; fors\u00f8kt \u00e5 beherske det merkelige materialet, p\u00e5 samme tid hardt og skj\u00f8rt, kompakt og gjennomsiktig, b\u00e6rende p\u00e5 et hvitt og skimrende lys. Men fortsatt mestrer han det ikke, ikke egentlig. For \u00e5 fors\u00f8ke \u00e5 forst\u00e5 hva han driver med [&hellip;]","og_url":"https:\/\/staging.forenteforlag.no\/forlaget\/produkt\/den-hvite-veien\/","og_site_name":"Forlaget Press","article_publisher":"https:\/\/www.facebook.com\/Forlagetpress","article_modified_time":"2026-03-04T11:27:57+00:00","og_image":[{"width":720,"height":1043,"url":"https:\/\/staging.forenteforlag.no\/forlaget\/wp-content\/uploads\/sites\/3\/2026\/02\/9788232800308.jpg","type":"image\/jpeg"}],"twitter_card":"summary_large_image","twitter_misc":{"Ansl. lesetid":"2 minutter"},"schema":{"@context":"https:\/\/schema.org","@graph":[{"@type":"WebPage","@id":"https:\/\/staging.forenteforlag.no\/forlaget\/produkt\/den-hvite-veien\/","url":"https:\/\/staging.forenteforlag.no\/forlaget\/produkt\/den-hvite-veien\/","name":"Den hvite veien - Forlaget Press","isPartOf":{"@id":"https:\/\/staging.forenteforlag.no\/forlaget\/#website"},"primaryImageOfPage":{"@id":"https:\/\/staging.forenteforlag.no\/forlaget\/produkt\/den-hvite-veien\/#primaryimage"},"image":{"@id":"https:\/\/staging.forenteforlag.no\/forlaget\/produkt\/den-hvite-veien\/#primaryimage"},"thumbnailUrl":"https:\/\/staging.forenteforlag.no\/forlaget\/wp-content\/uploads\/sites\/3\/2026\/02\/9788232800308.jpg","datePublished":"2015-10-15T00:00:00+00:00","dateModified":"2026-03-04T11:27:57+00:00","breadcrumb":{"@id":"https:\/\/staging.forenteforlag.no\/forlaget\/produkt\/den-hvite-veien\/#breadcrumb"},"inLanguage":"nb-NO","potentialAction":[{"@type":"ReadAction","target":["https:\/\/staging.forenteforlag.no\/forlaget\/produkt\/den-hvite-veien\/"]}]},{"@type":"ImageObject","inLanguage":"nb-NO","@id":"https:\/\/staging.forenteforlag.no\/forlaget\/produkt\/den-hvite-veien\/#primaryimage","url":"https:\/\/staging.forenteforlag.no\/forlaget\/wp-content\/uploads\/sites\/3\/2026\/02\/9788232800308.jpg","contentUrl":"https:\/\/staging.forenteforlag.no\/forlaget\/wp-content\/uploads\/sites\/3\/2026\/02\/9788232800308.jpg","width":720,"height":1043},{"@type":"BreadcrumbList","@id":"https:\/\/staging.forenteforlag.no\/forlaget\/produkt\/den-hvite-veien\/#breadcrumb","itemListElement":[{"@type":"ListItem","position":1,"name":"Hjem","item":"https:\/\/staging.forenteforlag.no\/forlaget\/"},{"@type":"ListItem","position":2,"name":"Alle b\u00f8ker","item":"https:\/\/staging.forenteforlag.no\/forlaget\/butikk\/"},{"@type":"ListItem","position":3,"name":"Den hvite veien"}]},{"@type":"WebSite","@id":"https:\/\/staging.forenteforlag.no\/forlaget\/#website","url":"https:\/\/staging.forenteforlag.no\/forlaget\/","name":"Forlaget Press","description":"","publisher":{"@id":"https:\/\/staging.forenteforlag.no\/forlaget\/#organization"},"potentialAction":[{"@type":"SearchAction","target":{"@type":"EntryPoint","urlTemplate":"https:\/\/staging.forenteforlag.no\/forlaget\/?s={search_term_string}"},"query-input":{"@type":"PropertyValueSpecification","valueRequired":true,"valueName":"search_term_string"}}],"inLanguage":"nb-NO"},{"@type":"Organization","@id":"https:\/\/staging.forenteforlag.no\/forlaget\/#organization","name":"Forlaget Press","url":"https:\/\/staging.forenteforlag.no\/forlaget\/","logo":{"@type":"ImageObject","inLanguage":"nb-NO","@id":"https:\/\/staging.forenteforlag.no\/forlaget\/#\/schema\/logo\/image\/","url":"https:\/\/staging.forenteforlag.no\/forlaget\/wp-content\/uploads\/sites\/3\/2024\/09\/Press_logo.svg","contentUrl":"https:\/\/staging.forenteforlag.no\/forlaget\/wp-content\/uploads\/sites\/3\/2024\/09\/Press_logo.svg","width":100,"height":100,"caption":"Forlaget Press"},"image":{"@id":"https:\/\/staging.forenteforlag.no\/forlaget\/#\/schema\/logo\/image\/"},"sameAs":["https:\/\/www.facebook.com\/Forlagetpress"]}]}},"_links":{"self":[{"href":"https:\/\/staging.forenteforlag.no\/forlaget\/wp-json\/wp\/v2\/product\/20934","targetHints":{"allow":["GET"]}}],"collection":[{"href":"https:\/\/staging.forenteforlag.no\/forlaget\/wp-json\/wp\/v2\/product"}],"about":[{"href":"https:\/\/staging.forenteforlag.no\/forlaget\/wp-json\/wp\/v2\/types\/product"}],"wp:featuredmedia":[{"embeddable":true,"href":"https:\/\/staging.forenteforlag.no\/forlaget\/wp-json\/wp\/v2\/media\/26214"}],"wp:attachment":[{"href":"https:\/\/staging.forenteforlag.no\/forlaget\/wp-json\/wp\/v2\/media?parent=20934"}],"wp:term":[{"taxonomy":"product_brand","embeddable":true,"href":"https:\/\/staging.forenteforlag.no\/forlaget\/wp-json\/wp\/v2\/product_brand?post=20934"},{"taxonomy":"product_cat","embeddable":true,"href":"https:\/\/staging.forenteforlag.no\/forlaget\/wp-json\/wp\/v2\/product_cat?post=20934"},{"taxonomy":"product_tag","embeddable":true,"href":"https:\/\/staging.forenteforlag.no\/forlaget\/wp-json\/wp\/v2\/product_tag?post=20934"}],"curies":[{"name":"wp","href":"https:\/\/api.w.org\/{rel}","templated":true}]}}

<p>Edmund de Waal er keramiker. Gjennom mer enn førti år har han arbeidet med porselen &#8211; forsøkt å beherske det merkelige materialet, på samme tid hardt og skjørt, kompakt og gjennomsiktig, bærende på et hvitt og skimrende lys. Men fortsatt mestrer han det ikke, ikke egentlig. For å forsøke å forstå hva han driver med &#8211; og samtidig skjønne mer av eget liv, av verden og alt som er vakkert i den &#8211; bestemmer han seg for å reise. Edmund de Waal vil reise i porselenets historie. </p>
<p>Han reiser til Jingdezhen i Kina, hvor man først begynte å utvinne kaolinleire for over tusen år siden og møysommelig avdekket porselenets magi. Han valfarter til Meissen ved Dresden, til Versailles og til Plymouth, hvor europeerne gradvis avslørte kinesernes hemmeligheter. Men reisene tar ham også videre, til andre steder på kloden hvor porselenet har satt sine spor. Og videre i historien, til noen av de merkelige og mangfoldige samlerne, skjønnerne og spekulantene som gjennom tidene har holdt det «hvite gullet» mellom hendene. Og til noen av det 20. århundres mørkeste øyeblikk, hvor samlinger har blitt knust, stjålet og ødelagt &#8211; og mennesker har gått til grunne gjennom porselenets magi. </p>
<p>Utallige lesere både i Norge og internasjonalt har Edmund de Waals Haren med øyne av rav som sin absolutte favorittbok fra de siste årene. Nå er den engelske keramikeren tilbake med en bok som både minner om og overgår sin forgjenger: Den hvite veien er en forbløffende bok, dels selvbiografi, dels historie, dels detektivfortelling &#8211; en intim, sørgmodig og borende velskrevet utforsking av noen av de vakreste gjenstandene menneskeheten har skapt, og av en global besettelse: en drøm om alkymi, skjønnhet, rikdom, kunnskap og renhet. En drøm om hvithet.</p>

<p>Edmund de Waal er keramiker. Gjennom mer enn førti år har han arbeidet med porselen &#8211; forsøkt å beherske det merkelige materialet, på samme tid hardt og skjørt, kompakt og gjennomsiktig, bærende på et hvitt og skimrende lys. Men fortsatt mestrer han det ikke, ikke egentlig. For å forsøke å forstå hva han driver med [&hellip;]</p>

<!-- This site is optimized with the Yoast SEO plugin v26.6 - https://yoast.com/wordpress/plugins/seo/ -->
<title>Den hvite veien - Forlaget Press</title>
<meta name="robots" content="noindex, follow, max-snippet:-1, max-image-preview:large, max-video-preview:-1" />
<meta property="og:locale" content="nb_NO" />
<meta property="og:type" content="article" />
<meta property="og:title" content="Den hvite veien - Forlaget Press" />
<meta property="og:description" content="Edmund de Waal er keramiker. Gjennom mer enn førti år har han arbeidet med porselen &#8211; forsøkt å beherske det merkelige materialet, på samme tid hardt og skjørt, kompakt og gjennomsiktig, bærende på et hvitt og skimrende lys. Men fortsatt mestrer han det ikke, ikke egentlig. For å forsøke å forstå hva han driver med [&hellip;]" />
<meta property="og:url" content="https://staging.forenteforlag.no/forlaget/produkt/den-hvite-veien/" />
<meta property="og:site_name" content="Forlaget Press" />
<meta property="article:publisher" content="https://www.facebook.com/Forlagetpress" />
<meta property="article:modified_time" content="2026-03-04T11:27:57+00:00" />
<meta property="og:image" content="https://staging.forenteforlag.no/forlaget/wp-content/uploads/sites/3/2026/02/9788232800308.jpg" />
	<meta property="og:image:width" content="720" />
	<meta property="og:image:height" content="1043" />
	<meta property="og:image:type" content="image/jpeg" />
<meta name="twitter:card" content="summary_large_image" />
<meta name="twitter:label1" content="Ansl. lesetid" />
	<meta name="twitter:data1" content="2 minutter" />
<script type="application/ld+json" class="yoast-schema-graph">{"@context":"https://schema.org","@graph":[{"@type":"WebPage","@id":"https://staging.forenteforlag.no/forlaget/produkt/den-hvite-veien/","url":"https://staging.forenteforlag.no/forlaget/produkt/den-hvite-veien/","name":"Den hvite veien - Forlaget Press","isPartOf":{"@id":"https://staging.forenteforlag.no/forlaget/#website"},"primaryImageOfPage":{"@id":"https://staging.forenteforlag.no/forlaget/produkt/den-hvite-veien/#primaryimage"},"image":{"@id":"https://staging.forenteforlag.no/forlaget/produkt/den-hvite-veien/#primaryimage"},"thumbnailUrl":"https://staging.forenteforlag.no/forlaget/wp-content/uploads/sites/3/2026/02/9788232800308.jpg","datePublished":"2015-10-15T00:00:00+00:00","dateModified":"2026-03-04T11:27:57+00:00","breadcrumb":{"@id":"https://staging.forenteforlag.no/forlaget/produkt/den-hvite-veien/#breadcrumb"},"inLanguage":"nb-NO","potentialAction":[{"@type":"ReadAction","target":["https://staging.forenteforlag.no/forlaget/produkt/den-hvite-veien/"]}]},{"@type":"ImageObject","inLanguage":"nb-NO","@id":"https://staging.forenteforlag.no/forlaget/produkt/den-hvite-veien/#primaryimage","url":"https://staging.forenteforlag.no/forlaget/wp-content/uploads/sites/3/2026/02/9788232800308.jpg","contentUrl":"https://staging.forenteforlag.no/forlaget/wp-content/uploads/sites/3/2026/02/9788232800308.jpg","width":720,"height":1043},{"@type":"BreadcrumbList","@id":"https://staging.forenteforlag.no/forlaget/produkt/den-hvite-veien/#breadcrumb","itemListElement":[{"@type":"ListItem","position":1,"name":"Hjem","item":"https://staging.forenteforlag.no/forlaget/"},{"@type":"ListItem","position":2,"name":"Alle bøker","item":"https://staging.forenteforlag.no/forlaget/butikk/"},{"@type":"ListItem","position":3,"name":"Den hvite veien"}]},{"@type":"WebSite","@id":"https://staging.forenteforlag.no/forlaget/#website","url":"https://staging.forenteforlag.no/forlaget/","name":"Forlaget Press","description":"","publisher":{"@id":"https://staging.forenteforlag.no/forlaget/#organization"},"potentialAction":[{"@type":"SearchAction","target":{"@type":"EntryPoint","urlTemplate":"https://staging.forenteforlag.no/forlaget/?s={search_term_string}"},"query-input":{"@type":"PropertyValueSpecification","valueRequired":true,"valueName":"search_term_string"}}],"inLanguage":"nb-NO"},{"@type":"Organization","@id":"https://staging.forenteforlag.no/forlaget/#organization","name":"Forlaget Press","url":"https://staging.forenteforlag.no/forlaget/","logo":{"@type":"ImageObject","inLanguage":"nb-NO","@id":"https://staging.forenteforlag.no/forlaget/#/schema/logo/image/","url":"https://staging.forenteforlag.no/forlaget/wp-content/uploads/sites/3/2024/09/Press_logo.svg","contentUrl":"https://staging.forenteforlag.no/forlaget/wp-content/uploads/sites/3/2024/09/Press_logo.svg","width":100,"height":100,"caption":"Forlaget Press"},"image":{"@id":"https://staging.forenteforlag.no/forlaget/#/schema/logo/image/"},"sameAs":["https://www.facebook.com/Forlagetpress"]}]}</script>
<!-- / Yoast SEO plugin. -->

Edmund de Waal er keramiker. Gjennom mer enn førti år har han arbeidet med porselen &#8211; forsøkt å beherske det merkelige materialet, på samme tid hardt og skjørt, kompakt og gjennomsiktig, bærende på et hvitt og skimrende lys. Men fortsatt mestrer han det ikke, ikke egentlig. For å forsøke å forstå hva han driver med [&hellip;]

Alle bøker
