{"id":20916,"date":"2019-10-09T02:00:00","date_gmt":"2019-10-09T00:00:00","guid":{"rendered":"https:\/\/forlagetpress.forenteforlag.no\/produkt\/jenta-med-minneboken-2\/"},"modified":"2026-03-04T09:44:17","modified_gmt":"2026-03-04T08:44:17","slug":"jenta-med-minneboken-2","status":"publish","type":"product","link":"https:\/\/staging.forenteforlag.no\/forlaget\/produkt\/jenta-med-minneboken-2\/","title":{"rendered":"Jenta med minneboken"},"content":{"rendered":"<p>K\u00e5ret til \u00e5rets bok i Storbritannia 2018.<\/p>\n<p>Vinner av Costa-prisen som \u00e5rets bok 2018 <br \/>Vinner av Costa-prisen som \u00e5rets biografi 2018 <\/p>\n<p>Da lille Lien ble skilt fra de j\u00f8diske foreldrene sine i Haag under andre verdenskrig, var det ikke fordi hun ble tatt fra dem. I stedet ble hun gitt vekk &#8211; i et h\u00e5p om at i alle fall hun ville bli reddet. Hun vokste opp i skjul, gjemt hos forskjellige fosterfamilier. F\u00f8rst da krigen var over oppdaget hun at hun var den eneste overlevende i sin n\u00e6re familie.  <\/p>\n<p>Det er mange \u00e5r siden n\u00e5 at litteraturprofessoren og Shakespeare-eksperten Bart van Es forlot Nederland og slo seg ned i England for \u00e5 arbeide. Men \u00e9n fortelling fra barndommen klarte han ikke helt \u00e5 slippe. Det var et slags mysterium: En ung j\u00f8disk jente kalt Lientje som slektningene hans visstnok hadde gjemt fra nazistene under krigen. Jenta hadde blitt oppdratt av besteforeldrene hans som en av deres egne barn. Men etter krigen hadde noe skjedd. Jenta hadde brutt med familien, ingen visste hvor det var blitt av henne. Hvordan s\u00e5 historien ut fra jentas side? Hva hadde egentlig hendt under krigen &#8211; og i \u00e5rene som fulgte?  <\/p>\n<p>Bart van Es&#8217; fortelling om sin leting etter Lien &#8211; og fors\u00f8ket p\u00e5 \u00e5 gi spr\u00e5k til hennes historie &#8211; er en krevende utforsking av to liv og to familier. Det er en fortelling om fellesskap og atskillelse, om kj\u00e6rlighet og fremmedhet &#8211; om b\u00e5ndene som binder oss sammen, og smertepunktene som holder oss fra hverandre. Men det er ogs\u00e5 en bok om det nederlandske holocaust: Om den j\u00f8diske motstanden, om hjelpernes mot &#8211; og om den ivrige kollaborasjonen med okkupasjonsmakten p\u00e5 alle niv\u00e5er, som gjorde at en st\u00f8rre andel av den j\u00f8diske befolkningen ble sendt i d\u00f8den i Nederland enn i noen andre land i Vest-Europa.<\/p>\n","protected":false},"excerpt":{"rendered":"<p>K\u00e5ret til \u00e5rets bok i Storbritannia 2018. Vinner av Costa-prisen som \u00e5rets bok 2018 Vinner av Costa-prisen som \u00e5rets biografi 2018 Da lille Lien ble skilt fra de j\u00f8diske foreldrene sine i Haag under andre verdenskrig, var det ikke fordi hun ble tatt fra dem. I stedet ble hun gitt vekk &#8211; i et h\u00e5p [&hellip;]<\/p>\n","protected":false},"featured_media":26362,"template":"","meta":{"_acf_changed":false,"inline_featured_image":false},"product_brand":[],"product_cat":[1781],"product_tag":[362],"class_list":{"0":"post-20916","1":"product","2":"type-product","3":"status-publish","4":"has-post-thumbnail","6":"product_cat-rabattkodekampanje","7":"product_tag-faglitteratur","9":"first","10":"outofstock","11":"shipping-taxable","12":"purchasable","13":"product-type-simple"},"acf":{"anmeldelse":null},"yoast_head":"<!-- This site is optimized with the Yoast SEO plugin v26.6 - https:\/\/yoast.com\/wordpress\/plugins\/seo\/ -->\n<title>Jenta med minneboken - Forlaget Press<\/title>\n<meta name=\"robots\" content=\"noindex, follow, max-snippet:-1, max-image-preview:large, max-video-preview:-1\" \/>\n<meta property=\"og:locale\" content=\"nb_NO\" \/>\n<meta property=\"og:type\" content=\"article\" \/>\n<meta property=\"og:title\" content=\"Jenta med minneboken - Forlaget Press\" \/>\n<meta property=\"og:description\" content=\"K\u00e5ret til \u00e5rets bok i Storbritannia 2018. Vinner av Costa-prisen som \u00e5rets bok 2018 Vinner av Costa-prisen som \u00e5rets biografi 2018 Da lille Lien ble skilt fra de j\u00f8diske foreldrene sine i Haag under andre verdenskrig, var det ikke fordi hun ble tatt fra dem. I stedet ble hun gitt vekk &#8211; i et h\u00e5p [&hellip;]\" \/>\n<meta property=\"og:url\" content=\"https:\/\/staging.forenteforlag.no\/forlaget\/produkt\/jenta-med-minneboken-2\/\" \/>\n<meta property=\"og:site_name\" content=\"Forlaget Press\" \/>\n<meta property=\"article:publisher\" content=\"https:\/\/www.facebook.com\/Forlagetpress\" \/>\n<meta property=\"article:modified_time\" content=\"2026-03-04T08:44:17+00:00\" \/>\n<meta property=\"og:image\" content=\"https:\/\/staging.forenteforlag.no\/forlaget\/wp-content\/uploads\/sites\/3\/2026\/02\/9788232802920.jpg\" \/>\n\t<meta property=\"og:image:width\" content=\"720\" \/>\n\t<meta property=\"og:image:height\" content=\"1117\" \/>\n\t<meta property=\"og:image:type\" content=\"image\/jpeg\" \/>\n<meta name=\"twitter:card\" content=\"summary_large_image\" \/>\n<meta name=\"twitter:label1\" content=\"Ansl. lesetid\" \/>\n\t<meta name=\"twitter:data1\" content=\"2 minutter\" \/>\n<script type=\"application\/ld+json\" class=\"yoast-schema-graph\">{\"@context\":\"https:\/\/schema.org\",\"@graph\":[{\"@type\":\"WebPage\",\"@id\":\"https:\/\/staging.forenteforlag.no\/forlaget\/produkt\/jenta-med-minneboken-2\/\",\"url\":\"https:\/\/staging.forenteforlag.no\/forlaget\/produkt\/jenta-med-minneboken-2\/\",\"name\":\"Jenta med minneboken - Forlaget Press\",\"isPartOf\":{\"@id\":\"https:\/\/staging.forenteforlag.no\/forlaget\/#website\"},\"primaryImageOfPage\":{\"@id\":\"https:\/\/staging.forenteforlag.no\/forlaget\/produkt\/jenta-med-minneboken-2\/#primaryimage\"},\"image\":{\"@id\":\"https:\/\/staging.forenteforlag.no\/forlaget\/produkt\/jenta-med-minneboken-2\/#primaryimage\"},\"thumbnailUrl\":\"https:\/\/staging.forenteforlag.no\/forlaget\/wp-content\/uploads\/sites\/3\/2026\/02\/9788232802920.jpg\",\"datePublished\":\"2019-10-09T00:00:00+00:00\",\"dateModified\":\"2026-03-04T08:44:17+00:00\",\"breadcrumb\":{\"@id\":\"https:\/\/staging.forenteforlag.no\/forlaget\/produkt\/jenta-med-minneboken-2\/#breadcrumb\"},\"inLanguage\":\"nb-NO\",\"potentialAction\":[{\"@type\":\"ReadAction\",\"target\":[\"https:\/\/staging.forenteforlag.no\/forlaget\/produkt\/jenta-med-minneboken-2\/\"]}]},{\"@type\":\"ImageObject\",\"inLanguage\":\"nb-NO\",\"@id\":\"https:\/\/staging.forenteforlag.no\/forlaget\/produkt\/jenta-med-minneboken-2\/#primaryimage\",\"url\":\"https:\/\/staging.forenteforlag.no\/forlaget\/wp-content\/uploads\/sites\/3\/2026\/02\/9788232802920.jpg\",\"contentUrl\":\"https:\/\/staging.forenteforlag.no\/forlaget\/wp-content\/uploads\/sites\/3\/2026\/02\/9788232802920.jpg\",\"width\":720,\"height\":1117},{\"@type\":\"BreadcrumbList\",\"@id\":\"https:\/\/staging.forenteforlag.no\/forlaget\/produkt\/jenta-med-minneboken-2\/#breadcrumb\",\"itemListElement\":[{\"@type\":\"ListItem\",\"position\":1,\"name\":\"Hjem\",\"item\":\"https:\/\/staging.forenteforlag.no\/forlaget\/\"},{\"@type\":\"ListItem\",\"position\":2,\"name\":\"Alle b\u00f8ker\",\"item\":\"https:\/\/staging.forenteforlag.no\/forlaget\/butikk\/\"},{\"@type\":\"ListItem\",\"position\":3,\"name\":\"Jenta med minneboken\"}]},{\"@type\":\"WebSite\",\"@id\":\"https:\/\/staging.forenteforlag.no\/forlaget\/#website\",\"url\":\"https:\/\/staging.forenteforlag.no\/forlaget\/\",\"name\":\"Forlaget Press\",\"description\":\"\",\"publisher\":{\"@id\":\"https:\/\/staging.forenteforlag.no\/forlaget\/#organization\"},\"potentialAction\":[{\"@type\":\"SearchAction\",\"target\":{\"@type\":\"EntryPoint\",\"urlTemplate\":\"https:\/\/staging.forenteforlag.no\/forlaget\/?s={search_term_string}\"},\"query-input\":{\"@type\":\"PropertyValueSpecification\",\"valueRequired\":true,\"valueName\":\"search_term_string\"}}],\"inLanguage\":\"nb-NO\"},{\"@type\":\"Organization\",\"@id\":\"https:\/\/staging.forenteforlag.no\/forlaget\/#organization\",\"name\":\"Forlaget Press\",\"url\":\"https:\/\/staging.forenteforlag.no\/forlaget\/\",\"logo\":{\"@type\":\"ImageObject\",\"inLanguage\":\"nb-NO\",\"@id\":\"https:\/\/staging.forenteforlag.no\/forlaget\/#\/schema\/logo\/image\/\",\"url\":\"https:\/\/staging.forenteforlag.no\/forlaget\/wp-content\/uploads\/sites\/3\/2024\/09\/Press_logo.svg\",\"contentUrl\":\"https:\/\/staging.forenteforlag.no\/forlaget\/wp-content\/uploads\/sites\/3\/2024\/09\/Press_logo.svg\",\"width\":100,\"height\":100,\"caption\":\"Forlaget Press\"},\"image\":{\"@id\":\"https:\/\/staging.forenteforlag.no\/forlaget\/#\/schema\/logo\/image\/\"},\"sameAs\":[\"https:\/\/www.facebook.com\/Forlagetpress\"]}]}<\/script>\n<!-- \/ Yoast SEO plugin. -->","yoast_head_json":{"title":"Jenta med minneboken - Forlaget Press","robots":{"index":"noindex","follow":"follow","max-snippet":"max-snippet:-1","max-image-preview":"max-image-preview:large","max-video-preview":"max-video-preview:-1"},"og_locale":"nb_NO","og_type":"article","og_title":"Jenta med minneboken - Forlaget Press","og_description":"K\u00e5ret til \u00e5rets bok i Storbritannia 2018. Vinner av Costa-prisen som \u00e5rets bok 2018 Vinner av Costa-prisen som \u00e5rets biografi 2018 Da lille Lien ble skilt fra de j\u00f8diske foreldrene sine i Haag under andre verdenskrig, var det ikke fordi hun ble tatt fra dem. I stedet ble hun gitt vekk &#8211; i et h\u00e5p [&hellip;]","og_url":"https:\/\/staging.forenteforlag.no\/forlaget\/produkt\/jenta-med-minneboken-2\/","og_site_name":"Forlaget Press","article_publisher":"https:\/\/www.facebook.com\/Forlagetpress","article_modified_time":"2026-03-04T08:44:17+00:00","og_image":[{"width":720,"height":1117,"url":"https:\/\/staging.forenteforlag.no\/forlaget\/wp-content\/uploads\/sites\/3\/2026\/02\/9788232802920.jpg","type":"image\/jpeg"}],"twitter_card":"summary_large_image","twitter_misc":{"Ansl. lesetid":"2 minutter"},"schema":{"@context":"https:\/\/schema.org","@graph":[{"@type":"WebPage","@id":"https:\/\/staging.forenteforlag.no\/forlaget\/produkt\/jenta-med-minneboken-2\/","url":"https:\/\/staging.forenteforlag.no\/forlaget\/produkt\/jenta-med-minneboken-2\/","name":"Jenta med minneboken - Forlaget Press","isPartOf":{"@id":"https:\/\/staging.forenteforlag.no\/forlaget\/#website"},"primaryImageOfPage":{"@id":"https:\/\/staging.forenteforlag.no\/forlaget\/produkt\/jenta-med-minneboken-2\/#primaryimage"},"image":{"@id":"https:\/\/staging.forenteforlag.no\/forlaget\/produkt\/jenta-med-minneboken-2\/#primaryimage"},"thumbnailUrl":"https:\/\/staging.forenteforlag.no\/forlaget\/wp-content\/uploads\/sites\/3\/2026\/02\/9788232802920.jpg","datePublished":"2019-10-09T00:00:00+00:00","dateModified":"2026-03-04T08:44:17+00:00","breadcrumb":{"@id":"https:\/\/staging.forenteforlag.no\/forlaget\/produkt\/jenta-med-minneboken-2\/#breadcrumb"},"inLanguage":"nb-NO","potentialAction":[{"@type":"ReadAction","target":["https:\/\/staging.forenteforlag.no\/forlaget\/produkt\/jenta-med-minneboken-2\/"]}]},{"@type":"ImageObject","inLanguage":"nb-NO","@id":"https:\/\/staging.forenteforlag.no\/forlaget\/produkt\/jenta-med-minneboken-2\/#primaryimage","url":"https:\/\/staging.forenteforlag.no\/forlaget\/wp-content\/uploads\/sites\/3\/2026\/02\/9788232802920.jpg","contentUrl":"https:\/\/staging.forenteforlag.no\/forlaget\/wp-content\/uploads\/sites\/3\/2026\/02\/9788232802920.jpg","width":720,"height":1117},{"@type":"BreadcrumbList","@id":"https:\/\/staging.forenteforlag.no\/forlaget\/produkt\/jenta-med-minneboken-2\/#breadcrumb","itemListElement":[{"@type":"ListItem","position":1,"name":"Hjem","item":"https:\/\/staging.forenteforlag.no\/forlaget\/"},{"@type":"ListItem","position":2,"name":"Alle b\u00f8ker","item":"https:\/\/staging.forenteforlag.no\/forlaget\/butikk\/"},{"@type":"ListItem","position":3,"name":"Jenta med minneboken"}]},{"@type":"WebSite","@id":"https:\/\/staging.forenteforlag.no\/forlaget\/#website","url":"https:\/\/staging.forenteforlag.no\/forlaget\/","name":"Forlaget Press","description":"","publisher":{"@id":"https:\/\/staging.forenteforlag.no\/forlaget\/#organization"},"potentialAction":[{"@type":"SearchAction","target":{"@type":"EntryPoint","urlTemplate":"https:\/\/staging.forenteforlag.no\/forlaget\/?s={search_term_string}"},"query-input":{"@type":"PropertyValueSpecification","valueRequired":true,"valueName":"search_term_string"}}],"inLanguage":"nb-NO"},{"@type":"Organization","@id":"https:\/\/staging.forenteforlag.no\/forlaget\/#organization","name":"Forlaget Press","url":"https:\/\/staging.forenteforlag.no\/forlaget\/","logo":{"@type":"ImageObject","inLanguage":"nb-NO","@id":"https:\/\/staging.forenteforlag.no\/forlaget\/#\/schema\/logo\/image\/","url":"https:\/\/staging.forenteforlag.no\/forlaget\/wp-content\/uploads\/sites\/3\/2024\/09\/Press_logo.svg","contentUrl":"https:\/\/staging.forenteforlag.no\/forlaget\/wp-content\/uploads\/sites\/3\/2024\/09\/Press_logo.svg","width":100,"height":100,"caption":"Forlaget Press"},"image":{"@id":"https:\/\/staging.forenteforlag.no\/forlaget\/#\/schema\/logo\/image\/"},"sameAs":["https:\/\/www.facebook.com\/Forlagetpress"]}]}},"_links":{"self":[{"href":"https:\/\/staging.forenteforlag.no\/forlaget\/wp-json\/wp\/v2\/product\/20916","targetHints":{"allow":["GET"]}}],"collection":[{"href":"https:\/\/staging.forenteforlag.no\/forlaget\/wp-json\/wp\/v2\/product"}],"about":[{"href":"https:\/\/staging.forenteforlag.no\/forlaget\/wp-json\/wp\/v2\/types\/product"}],"wp:featuredmedia":[{"embeddable":true,"href":"https:\/\/staging.forenteforlag.no\/forlaget\/wp-json\/wp\/v2\/media\/26362"}],"wp:attachment":[{"href":"https:\/\/staging.forenteforlag.no\/forlaget\/wp-json\/wp\/v2\/media?parent=20916"}],"wp:term":[{"taxonomy":"product_brand","embeddable":true,"href":"https:\/\/staging.forenteforlag.no\/forlaget\/wp-json\/wp\/v2\/product_brand?post=20916"},{"taxonomy":"product_cat","embeddable":true,"href":"https:\/\/staging.forenteforlag.no\/forlaget\/wp-json\/wp\/v2\/product_cat?post=20916"},{"taxonomy":"product_tag","embeddable":true,"href":"https:\/\/staging.forenteforlag.no\/forlaget\/wp-json\/wp\/v2\/product_tag?post=20916"}],"curies":[{"name":"wp","href":"https:\/\/api.w.org\/{rel}","templated":true}]}}

<p>Kåret til årets bok i Storbritannia 2018.</p>
<p>Vinner av Costa-prisen som årets bok 2018 <br />Vinner av Costa-prisen som årets biografi 2018 </p>
<p>Da lille Lien ble skilt fra de jødiske foreldrene sine i Haag under andre verdenskrig, var det ikke fordi hun ble tatt fra dem. I stedet ble hun gitt vekk &#8211; i et håp om at i alle fall hun ville bli reddet. Hun vokste opp i skjul, gjemt hos forskjellige fosterfamilier. Først da krigen var over oppdaget hun at hun var den eneste overlevende i sin nære familie.  </p>
<p>Det er mange år siden nå at litteraturprofessoren og Shakespeare-eksperten Bart van Es forlot Nederland og slo seg ned i England for å arbeide. Men én fortelling fra barndommen klarte han ikke helt å slippe. Det var et slags mysterium: En ung jødisk jente kalt Lientje som slektningene hans visstnok hadde gjemt fra nazistene under krigen. Jenta hadde blitt oppdratt av besteforeldrene hans som en av deres egne barn. Men etter krigen hadde noe skjedd. Jenta hadde brutt med familien, ingen visste hvor det var blitt av henne. Hvordan så historien ut fra jentas side? Hva hadde egentlig hendt under krigen &#8211; og i årene som fulgte?  </p>
<p>Bart van Es&#8217; fortelling om sin leting etter Lien &#8211; og forsøket på å gi språk til hennes historie &#8211; er en krevende utforsking av to liv og to familier. Det er en fortelling om fellesskap og atskillelse, om kjærlighet og fremmedhet &#8211; om båndene som binder oss sammen, og smertepunktene som holder oss fra hverandre. Men det er også en bok om det nederlandske holocaust: Om den jødiske motstanden, om hjelpernes mot &#8211; og om den ivrige kollaborasjonen med okkupasjonsmakten på alle nivåer, som gjorde at en større andel av den jødiske befolkningen ble sendt i døden i Nederland enn i noen andre land i Vest-Europa.</p>

<p>Kåret til årets bok i Storbritannia 2018. Vinner av Costa-prisen som årets bok 2018 Vinner av Costa-prisen som årets biografi 2018 Da lille Lien ble skilt fra de jødiske foreldrene sine i Haag under andre verdenskrig, var det ikke fordi hun ble tatt fra dem. I stedet ble hun gitt vekk &#8211; i et håp [&hellip;]</p>

<!-- This site is optimized with the Yoast SEO plugin v26.6 - https://yoast.com/wordpress/plugins/seo/ -->
<title>Jenta med minneboken - Forlaget Press</title>
<meta name="robots" content="noindex, follow, max-snippet:-1, max-image-preview:large, max-video-preview:-1" />
<meta property="og:locale" content="nb_NO" />
<meta property="og:type" content="article" />
<meta property="og:title" content="Jenta med minneboken - Forlaget Press" />
<meta property="og:description" content="Kåret til årets bok i Storbritannia 2018. Vinner av Costa-prisen som årets bok 2018 Vinner av Costa-prisen som årets biografi 2018 Da lille Lien ble skilt fra de jødiske foreldrene sine i Haag under andre verdenskrig, var det ikke fordi hun ble tatt fra dem. I stedet ble hun gitt vekk &#8211; i et håp [&hellip;]" />
<meta property="og:url" content="https://staging.forenteforlag.no/forlaget/produkt/jenta-med-minneboken-2/" />
<meta property="og:site_name" content="Forlaget Press" />
<meta property="article:publisher" content="https://www.facebook.com/Forlagetpress" />
<meta property="article:modified_time" content="2026-03-04T08:44:17+00:00" />
<meta property="og:image" content="https://staging.forenteforlag.no/forlaget/wp-content/uploads/sites/3/2026/02/9788232802920.jpg" />
	<meta property="og:image:width" content="720" />
	<meta property="og:image:height" content="1117" />
	<meta property="og:image:type" content="image/jpeg" />
<meta name="twitter:card" content="summary_large_image" />
<meta name="twitter:label1" content="Ansl. lesetid" />
	<meta name="twitter:data1" content="2 minutter" />
<script type="application/ld+json" class="yoast-schema-graph">{"@context":"https://schema.org","@graph":[{"@type":"WebPage","@id":"https://staging.forenteforlag.no/forlaget/produkt/jenta-med-minneboken-2/","url":"https://staging.forenteforlag.no/forlaget/produkt/jenta-med-minneboken-2/","name":"Jenta med minneboken - Forlaget Press","isPartOf":{"@id":"https://staging.forenteforlag.no/forlaget/#website"},"primaryImageOfPage":{"@id":"https://staging.forenteforlag.no/forlaget/produkt/jenta-med-minneboken-2/#primaryimage"},"image":{"@id":"https://staging.forenteforlag.no/forlaget/produkt/jenta-med-minneboken-2/#primaryimage"},"thumbnailUrl":"https://staging.forenteforlag.no/forlaget/wp-content/uploads/sites/3/2026/02/9788232802920.jpg","datePublished":"2019-10-09T00:00:00+00:00","dateModified":"2026-03-04T08:44:17+00:00","breadcrumb":{"@id":"https://staging.forenteforlag.no/forlaget/produkt/jenta-med-minneboken-2/#breadcrumb"},"inLanguage":"nb-NO","potentialAction":[{"@type":"ReadAction","target":["https://staging.forenteforlag.no/forlaget/produkt/jenta-med-minneboken-2/"]}]},{"@type":"ImageObject","inLanguage":"nb-NO","@id":"https://staging.forenteforlag.no/forlaget/produkt/jenta-med-minneboken-2/#primaryimage","url":"https://staging.forenteforlag.no/forlaget/wp-content/uploads/sites/3/2026/02/9788232802920.jpg","contentUrl":"https://staging.forenteforlag.no/forlaget/wp-content/uploads/sites/3/2026/02/9788232802920.jpg","width":720,"height":1117},{"@type":"BreadcrumbList","@id":"https://staging.forenteforlag.no/forlaget/produkt/jenta-med-minneboken-2/#breadcrumb","itemListElement":[{"@type":"ListItem","position":1,"name":"Hjem","item":"https://staging.forenteforlag.no/forlaget/"},{"@type":"ListItem","position":2,"name":"Alle bøker","item":"https://staging.forenteforlag.no/forlaget/butikk/"},{"@type":"ListItem","position":3,"name":"Jenta med minneboken"}]},{"@type":"WebSite","@id":"https://staging.forenteforlag.no/forlaget/#website","url":"https://staging.forenteforlag.no/forlaget/","name":"Forlaget Press","description":"","publisher":{"@id":"https://staging.forenteforlag.no/forlaget/#organization"},"potentialAction":[{"@type":"SearchAction","target":{"@type":"EntryPoint","urlTemplate":"https://staging.forenteforlag.no/forlaget/?s={search_term_string}"},"query-input":{"@type":"PropertyValueSpecification","valueRequired":true,"valueName":"search_term_string"}}],"inLanguage":"nb-NO"},{"@type":"Organization","@id":"https://staging.forenteforlag.no/forlaget/#organization","name":"Forlaget Press","url":"https://staging.forenteforlag.no/forlaget/","logo":{"@type":"ImageObject","inLanguage":"nb-NO","@id":"https://staging.forenteforlag.no/forlaget/#/schema/logo/image/","url":"https://staging.forenteforlag.no/forlaget/wp-content/uploads/sites/3/2024/09/Press_logo.svg","contentUrl":"https://staging.forenteforlag.no/forlaget/wp-content/uploads/sites/3/2024/09/Press_logo.svg","width":100,"height":100,"caption":"Forlaget Press"},"image":{"@id":"https://staging.forenteforlag.no/forlaget/#/schema/logo/image/"},"sameAs":["https://www.facebook.com/Forlagetpress"]}]}</script>
<!-- / Yoast SEO plugin. -->

Kåret til årets bok i Storbritannia 2018. Vinner av Costa-prisen som årets bok 2018 Vinner av Costa-prisen som årets biografi 2018 Da lille Lien ble skilt fra de jødiske foreldrene sine i Haag under andre verdenskrig, var det ikke fordi hun ble tatt fra dem. I stedet ble hun gitt vekk &#8211; i et håp [&hellip;]

Alle bøker
