{"id":20902,"date":"2018-03-05T01:00:00","date_gmt":"2018-03-05T00:00:00","guid":{"rendered":"https:\/\/forlagetpress.forenteforlag.no\/produkt\/hvorfor-vi-sover\/"},"modified":"2026-03-04T09:40:57","modified_gmt":"2026-03-04T08:40:57","slug":"hvorfor-vi-sover","status":"publish","type":"product","link":"https:\/\/staging.forenteforlag.no\/forlaget\/produkt\/hvorfor-vi-sover\/","title":{"rendered":"Hvorfor vi sover"},"content":{"rendered":"<p>Inntil helt nylig hadde ikke vitenskapen noen fornuftige svar p\u00e5 hvorfor vi sover, hva godt det gj\u00f8r eller hvorfor frav\u00e6r av s\u00f8vn er s\u00e5 skadelig. Til forskjell fra de andre basale livsfaktorene, som \u00e5 spise, drikke og reprodusere oss, l\u00e5 s\u00f8vnens hensikt og mening liksom innhyllet bak et sl\u00f8r.  <\/p>\n<p>Dette er den f\u00f8rste boken i sitt slag, skrevet p\u00e5 bakgrunn av 20 \u00e5rs grunnforskning p\u00e5 s\u00f8vn, der professor Matthew Walker avsl\u00f8rer s\u00f8vnens betydning for v\u00e5re liv. Hvorfor vi sover tar for seg en omfattende tematikk; fra hva som i virkeligheten foreg\u00e5r i hjernen og kroppen n\u00e5r vi sover, dr\u00f8mmenes betydning, hva koffein og alkohol gj\u00f8r med v\u00e5r s\u00f8vn og om hvordan v\u00e5rt s\u00f8vnm\u00f8nster endrer seg gjennom livet. For \u00e5 nevne noe. Dette er en bok som totalt endrer v\u00e5r oppfattelse av hva s\u00f8vn er &#8211; en ekstraordin\u00e6r vokter av hele v\u00e5r eksistens.<\/p>\n","protected":false},"excerpt":{"rendered":"<p>Inntil helt nylig hadde ikke vitenskapen noen fornuftige svar p\u00e5 hvorfor vi sover, hva godt det gj\u00f8r eller hvorfor frav\u00e6r av s\u00f8vn er s\u00e5 skadelig. Til forskjell fra de andre basale livsfaktorene, som \u00e5 spise, drikke og reprodusere oss, l\u00e5 s\u00f8vnens hensikt og mening liksom innhyllet bak et sl\u00f8r. Dette er den f\u00f8rste boken i [&hellip;]<\/p>\n","protected":false},"featured_media":26317,"template":"","meta":{"_acf_changed":false,"inline_featured_image":false},"product_brand":[],"product_cat":[1781],"product_tag":[362],"class_list":{"0":"post-20902","1":"product","2":"type-product","3":"status-publish","4":"has-post-thumbnail","6":"product_cat-rabattkodekampanje","7":"product_tag-faglitteratur","9":"first","10":"outofstock","11":"shipping-taxable","12":"purchasable","13":"product-type-simple"},"acf":{"anmeldelse":null},"yoast_head":"<!-- This site is optimized with the Yoast SEO plugin v26.6 - https:\/\/yoast.com\/wordpress\/plugins\/seo\/ -->\n<title>Hvorfor vi sover - Forlaget Press<\/title>\n<meta name=\"robots\" content=\"noindex, follow, max-snippet:-1, max-image-preview:large, max-video-preview:-1\" \/>\n<meta property=\"og:locale\" content=\"nb_NO\" \/>\n<meta property=\"og:type\" content=\"article\" \/>\n<meta property=\"og:title\" content=\"Hvorfor vi sover - Forlaget Press\" \/>\n<meta property=\"og:description\" content=\"Inntil helt nylig hadde ikke vitenskapen noen fornuftige svar p\u00e5 hvorfor vi sover, hva godt det gj\u00f8r eller hvorfor frav\u00e6r av s\u00f8vn er s\u00e5 skadelig. Til forskjell fra de andre basale livsfaktorene, som \u00e5 spise, drikke og reprodusere oss, l\u00e5 s\u00f8vnens hensikt og mening liksom innhyllet bak et sl\u00f8r. Dette er den f\u00f8rste boken i [&hellip;]\" \/>\n<meta property=\"og:url\" content=\"https:\/\/staging.forenteforlag.no\/forlaget\/produkt\/hvorfor-vi-sover\/\" \/>\n<meta property=\"og:site_name\" content=\"Forlaget Press\" \/>\n<meta property=\"article:publisher\" content=\"https:\/\/www.facebook.com\/Forlagetpress\" \/>\n<meta property=\"article:modified_time\" content=\"2026-03-04T08:40:57+00:00\" \/>\n<meta property=\"og:image\" content=\"https:\/\/staging.forenteforlag.no\/forlaget\/wp-content\/uploads\/sites\/3\/2026\/02\/9788232801978.jpg\" \/>\n\t<meta property=\"og:image:width\" content=\"720\" \/>\n\t<meta property=\"og:image:height\" content=\"1053\" \/>\n\t<meta property=\"og:image:type\" content=\"image\/jpeg\" \/>\n<meta name=\"twitter:card\" content=\"summary_large_image\" \/>\n<meta name=\"twitter:label1\" content=\"Ansl. lesetid\" \/>\n\t<meta name=\"twitter:data1\" content=\"1 minutt\" \/>\n<script type=\"application\/ld+json\" class=\"yoast-schema-graph\">{\"@context\":\"https:\/\/schema.org\",\"@graph\":[{\"@type\":\"WebPage\",\"@id\":\"https:\/\/staging.forenteforlag.no\/forlaget\/produkt\/hvorfor-vi-sover\/\",\"url\":\"https:\/\/staging.forenteforlag.no\/forlaget\/produkt\/hvorfor-vi-sover\/\",\"name\":\"Hvorfor vi sover - Forlaget Press\",\"isPartOf\":{\"@id\":\"https:\/\/staging.forenteforlag.no\/forlaget\/#website\"},\"primaryImageOfPage\":{\"@id\":\"https:\/\/staging.forenteforlag.no\/forlaget\/produkt\/hvorfor-vi-sover\/#primaryimage\"},\"image\":{\"@id\":\"https:\/\/staging.forenteforlag.no\/forlaget\/produkt\/hvorfor-vi-sover\/#primaryimage\"},\"thumbnailUrl\":\"https:\/\/staging.forenteforlag.no\/forlaget\/wp-content\/uploads\/sites\/3\/2026\/02\/9788232801978.jpg\",\"datePublished\":\"2018-03-05T00:00:00+00:00\",\"dateModified\":\"2026-03-04T08:40:57+00:00\",\"breadcrumb\":{\"@id\":\"https:\/\/staging.forenteforlag.no\/forlaget\/produkt\/hvorfor-vi-sover\/#breadcrumb\"},\"inLanguage\":\"nb-NO\",\"potentialAction\":[{\"@type\":\"ReadAction\",\"target\":[\"https:\/\/staging.forenteforlag.no\/forlaget\/produkt\/hvorfor-vi-sover\/\"]}]},{\"@type\":\"ImageObject\",\"inLanguage\":\"nb-NO\",\"@id\":\"https:\/\/staging.forenteforlag.no\/forlaget\/produkt\/hvorfor-vi-sover\/#primaryimage\",\"url\":\"https:\/\/staging.forenteforlag.no\/forlaget\/wp-content\/uploads\/sites\/3\/2026\/02\/9788232801978.jpg\",\"contentUrl\":\"https:\/\/staging.forenteforlag.no\/forlaget\/wp-content\/uploads\/sites\/3\/2026\/02\/9788232801978.jpg\",\"width\":720,\"height\":1053},{\"@type\":\"BreadcrumbList\",\"@id\":\"https:\/\/staging.forenteforlag.no\/forlaget\/produkt\/hvorfor-vi-sover\/#breadcrumb\",\"itemListElement\":[{\"@type\":\"ListItem\",\"position\":1,\"name\":\"Hjem\",\"item\":\"https:\/\/staging.forenteforlag.no\/forlaget\/\"},{\"@type\":\"ListItem\",\"position\":2,\"name\":\"Alle b\u00f8ker\",\"item\":\"https:\/\/staging.forenteforlag.no\/forlaget\/butikk\/\"},{\"@type\":\"ListItem\",\"position\":3,\"name\":\"Hvorfor vi sover\"}]},{\"@type\":\"WebSite\",\"@id\":\"https:\/\/staging.forenteforlag.no\/forlaget\/#website\",\"url\":\"https:\/\/staging.forenteforlag.no\/forlaget\/\",\"name\":\"Forlaget Press\",\"description\":\"\",\"publisher\":{\"@id\":\"https:\/\/staging.forenteforlag.no\/forlaget\/#organization\"},\"potentialAction\":[{\"@type\":\"SearchAction\",\"target\":{\"@type\":\"EntryPoint\",\"urlTemplate\":\"https:\/\/staging.forenteforlag.no\/forlaget\/?s={search_term_string}\"},\"query-input\":{\"@type\":\"PropertyValueSpecification\",\"valueRequired\":true,\"valueName\":\"search_term_string\"}}],\"inLanguage\":\"nb-NO\"},{\"@type\":\"Organization\",\"@id\":\"https:\/\/staging.forenteforlag.no\/forlaget\/#organization\",\"name\":\"Forlaget Press\",\"url\":\"https:\/\/staging.forenteforlag.no\/forlaget\/\",\"logo\":{\"@type\":\"ImageObject\",\"inLanguage\":\"nb-NO\",\"@id\":\"https:\/\/staging.forenteforlag.no\/forlaget\/#\/schema\/logo\/image\/\",\"url\":\"https:\/\/staging.forenteforlag.no\/forlaget\/wp-content\/uploads\/sites\/3\/2024\/09\/Press_logo.svg\",\"contentUrl\":\"https:\/\/staging.forenteforlag.no\/forlaget\/wp-content\/uploads\/sites\/3\/2024\/09\/Press_logo.svg\",\"width\":100,\"height\":100,\"caption\":\"Forlaget Press\"},\"image\":{\"@id\":\"https:\/\/staging.forenteforlag.no\/forlaget\/#\/schema\/logo\/image\/\"},\"sameAs\":[\"https:\/\/www.facebook.com\/Forlagetpress\"]}]}<\/script>\n<!-- \/ Yoast SEO plugin. -->","yoast_head_json":{"title":"Hvorfor vi sover - Forlaget Press","robots":{"index":"noindex","follow":"follow","max-snippet":"max-snippet:-1","max-image-preview":"max-image-preview:large","max-video-preview":"max-video-preview:-1"},"og_locale":"nb_NO","og_type":"article","og_title":"Hvorfor vi sover - Forlaget Press","og_description":"Inntil helt nylig hadde ikke vitenskapen noen fornuftige svar p\u00e5 hvorfor vi sover, hva godt det gj\u00f8r eller hvorfor frav\u00e6r av s\u00f8vn er s\u00e5 skadelig. Til forskjell fra de andre basale livsfaktorene, som \u00e5 spise, drikke og reprodusere oss, l\u00e5 s\u00f8vnens hensikt og mening liksom innhyllet bak et sl\u00f8r. Dette er den f\u00f8rste boken i [&hellip;]","og_url":"https:\/\/staging.forenteforlag.no\/forlaget\/produkt\/hvorfor-vi-sover\/","og_site_name":"Forlaget Press","article_publisher":"https:\/\/www.facebook.com\/Forlagetpress","article_modified_time":"2026-03-04T08:40:57+00:00","og_image":[{"width":720,"height":1053,"url":"https:\/\/staging.forenteforlag.no\/forlaget\/wp-content\/uploads\/sites\/3\/2026\/02\/9788232801978.jpg","type":"image\/jpeg"}],"twitter_card":"summary_large_image","twitter_misc":{"Ansl. lesetid":"1 minutt"},"schema":{"@context":"https:\/\/schema.org","@graph":[{"@type":"WebPage","@id":"https:\/\/staging.forenteforlag.no\/forlaget\/produkt\/hvorfor-vi-sover\/","url":"https:\/\/staging.forenteforlag.no\/forlaget\/produkt\/hvorfor-vi-sover\/","name":"Hvorfor vi sover - Forlaget Press","isPartOf":{"@id":"https:\/\/staging.forenteforlag.no\/forlaget\/#website"},"primaryImageOfPage":{"@id":"https:\/\/staging.forenteforlag.no\/forlaget\/produkt\/hvorfor-vi-sover\/#primaryimage"},"image":{"@id":"https:\/\/staging.forenteforlag.no\/forlaget\/produkt\/hvorfor-vi-sover\/#primaryimage"},"thumbnailUrl":"https:\/\/staging.forenteforlag.no\/forlaget\/wp-content\/uploads\/sites\/3\/2026\/02\/9788232801978.jpg","datePublished":"2018-03-05T00:00:00+00:00","dateModified":"2026-03-04T08:40:57+00:00","breadcrumb":{"@id":"https:\/\/staging.forenteforlag.no\/forlaget\/produkt\/hvorfor-vi-sover\/#breadcrumb"},"inLanguage":"nb-NO","potentialAction":[{"@type":"ReadAction","target":["https:\/\/staging.forenteforlag.no\/forlaget\/produkt\/hvorfor-vi-sover\/"]}]},{"@type":"ImageObject","inLanguage":"nb-NO","@id":"https:\/\/staging.forenteforlag.no\/forlaget\/produkt\/hvorfor-vi-sover\/#primaryimage","url":"https:\/\/staging.forenteforlag.no\/forlaget\/wp-content\/uploads\/sites\/3\/2026\/02\/9788232801978.jpg","contentUrl":"https:\/\/staging.forenteforlag.no\/forlaget\/wp-content\/uploads\/sites\/3\/2026\/02\/9788232801978.jpg","width":720,"height":1053},{"@type":"BreadcrumbList","@id":"https:\/\/staging.forenteforlag.no\/forlaget\/produkt\/hvorfor-vi-sover\/#breadcrumb","itemListElement":[{"@type":"ListItem","position":1,"name":"Hjem","item":"https:\/\/staging.forenteforlag.no\/forlaget\/"},{"@type":"ListItem","position":2,"name":"Alle b\u00f8ker","item":"https:\/\/staging.forenteforlag.no\/forlaget\/butikk\/"},{"@type":"ListItem","position":3,"name":"Hvorfor vi sover"}]},{"@type":"WebSite","@id":"https:\/\/staging.forenteforlag.no\/forlaget\/#website","url":"https:\/\/staging.forenteforlag.no\/forlaget\/","name":"Forlaget Press","description":"","publisher":{"@id":"https:\/\/staging.forenteforlag.no\/forlaget\/#organization"},"potentialAction":[{"@type":"SearchAction","target":{"@type":"EntryPoint","urlTemplate":"https:\/\/staging.forenteforlag.no\/forlaget\/?s={search_term_string}"},"query-input":{"@type":"PropertyValueSpecification","valueRequired":true,"valueName":"search_term_string"}}],"inLanguage":"nb-NO"},{"@type":"Organization","@id":"https:\/\/staging.forenteforlag.no\/forlaget\/#organization","name":"Forlaget Press","url":"https:\/\/staging.forenteforlag.no\/forlaget\/","logo":{"@type":"ImageObject","inLanguage":"nb-NO","@id":"https:\/\/staging.forenteforlag.no\/forlaget\/#\/schema\/logo\/image\/","url":"https:\/\/staging.forenteforlag.no\/forlaget\/wp-content\/uploads\/sites\/3\/2024\/09\/Press_logo.svg","contentUrl":"https:\/\/staging.forenteforlag.no\/forlaget\/wp-content\/uploads\/sites\/3\/2024\/09\/Press_logo.svg","width":100,"height":100,"caption":"Forlaget Press"},"image":{"@id":"https:\/\/staging.forenteforlag.no\/forlaget\/#\/schema\/logo\/image\/"},"sameAs":["https:\/\/www.facebook.com\/Forlagetpress"]}]}},"_links":{"self":[{"href":"https:\/\/staging.forenteforlag.no\/forlaget\/wp-json\/wp\/v2\/product\/20902","targetHints":{"allow":["GET"]}}],"collection":[{"href":"https:\/\/staging.forenteforlag.no\/forlaget\/wp-json\/wp\/v2\/product"}],"about":[{"href":"https:\/\/staging.forenteforlag.no\/forlaget\/wp-json\/wp\/v2\/types\/product"}],"wp:featuredmedia":[{"embeddable":true,"href":"https:\/\/staging.forenteforlag.no\/forlaget\/wp-json\/wp\/v2\/media\/26317"}],"wp:attachment":[{"href":"https:\/\/staging.forenteforlag.no\/forlaget\/wp-json\/wp\/v2\/media?parent=20902"}],"wp:term":[{"taxonomy":"product_brand","embeddable":true,"href":"https:\/\/staging.forenteforlag.no\/forlaget\/wp-json\/wp\/v2\/product_brand?post=20902"},{"taxonomy":"product_cat","embeddable":true,"href":"https:\/\/staging.forenteforlag.no\/forlaget\/wp-json\/wp\/v2\/product_cat?post=20902"},{"taxonomy":"product_tag","embeddable":true,"href":"https:\/\/staging.forenteforlag.no\/forlaget\/wp-json\/wp\/v2\/product_tag?post=20902"}],"curies":[{"name":"wp","href":"https:\/\/api.w.org\/{rel}","templated":true}]}}

<p>Inntil helt nylig hadde ikke vitenskapen noen fornuftige svar på hvorfor vi sover, hva godt det gjør eller hvorfor fravær av søvn er så skadelig. Til forskjell fra de andre basale livsfaktorene, som å spise, drikke og reprodusere oss, lå søvnens hensikt og mening liksom innhyllet bak et slør.  </p>
<p>Dette er den første boken i sitt slag, skrevet på bakgrunn av 20 års grunnforskning på søvn, der professor Matthew Walker avslører søvnens betydning for våre liv. Hvorfor vi sover tar for seg en omfattende tematikk; fra hva som i virkeligheten foregår i hjernen og kroppen når vi sover, drømmenes betydning, hva koffein og alkohol gjør med vår søvn og om hvordan vårt søvnmønster endrer seg gjennom livet. For å nevne noe. Dette er en bok som totalt endrer vår oppfattelse av hva søvn er &#8211; en ekstraordinær vokter av hele vår eksistens.</p>

<p>Inntil helt nylig hadde ikke vitenskapen noen fornuftige svar på hvorfor vi sover, hva godt det gjør eller hvorfor fravær av søvn er så skadelig. Til forskjell fra de andre basale livsfaktorene, som å spise, drikke og reprodusere oss, lå søvnens hensikt og mening liksom innhyllet bak et slør. Dette er den første boken i [&hellip;]</p>

<!-- This site is optimized with the Yoast SEO plugin v26.6 - https://yoast.com/wordpress/plugins/seo/ -->
<title>Hvorfor vi sover - Forlaget Press</title>
<meta name="robots" content="noindex, follow, max-snippet:-1, max-image-preview:large, max-video-preview:-1" />
<meta property="og:locale" content="nb_NO" />
<meta property="og:type" content="article" />
<meta property="og:title" content="Hvorfor vi sover - Forlaget Press" />
<meta property="og:description" content="Inntil helt nylig hadde ikke vitenskapen noen fornuftige svar på hvorfor vi sover, hva godt det gjør eller hvorfor fravær av søvn er så skadelig. Til forskjell fra de andre basale livsfaktorene, som å spise, drikke og reprodusere oss, lå søvnens hensikt og mening liksom innhyllet bak et slør. Dette er den første boken i [&hellip;]" />
<meta property="og:url" content="https://staging.forenteforlag.no/forlaget/produkt/hvorfor-vi-sover/" />
<meta property="og:site_name" content="Forlaget Press" />
<meta property="article:publisher" content="https://www.facebook.com/Forlagetpress" />
<meta property="article:modified_time" content="2026-03-04T08:40:57+00:00" />
<meta property="og:image" content="https://staging.forenteforlag.no/forlaget/wp-content/uploads/sites/3/2026/02/9788232801978.jpg" />
	<meta property="og:image:width" content="720" />
	<meta property="og:image:height" content="1053" />
	<meta property="og:image:type" content="image/jpeg" />
<meta name="twitter:card" content="summary_large_image" />
<meta name="twitter:label1" content="Ansl. lesetid" />
	<meta name="twitter:data1" content="1 minutt" />
<script type="application/ld+json" class="yoast-schema-graph">{"@context":"https://schema.org","@graph":[{"@type":"WebPage","@id":"https://staging.forenteforlag.no/forlaget/produkt/hvorfor-vi-sover/","url":"https://staging.forenteforlag.no/forlaget/produkt/hvorfor-vi-sover/","name":"Hvorfor vi sover - Forlaget Press","isPartOf":{"@id":"https://staging.forenteforlag.no/forlaget/#website"},"primaryImageOfPage":{"@id":"https://staging.forenteforlag.no/forlaget/produkt/hvorfor-vi-sover/#primaryimage"},"image":{"@id":"https://staging.forenteforlag.no/forlaget/produkt/hvorfor-vi-sover/#primaryimage"},"thumbnailUrl":"https://staging.forenteforlag.no/forlaget/wp-content/uploads/sites/3/2026/02/9788232801978.jpg","datePublished":"2018-03-05T00:00:00+00:00","dateModified":"2026-03-04T08:40:57+00:00","breadcrumb":{"@id":"https://staging.forenteforlag.no/forlaget/produkt/hvorfor-vi-sover/#breadcrumb"},"inLanguage":"nb-NO","potentialAction":[{"@type":"ReadAction","target":["https://staging.forenteforlag.no/forlaget/produkt/hvorfor-vi-sover/"]}]},{"@type":"ImageObject","inLanguage":"nb-NO","@id":"https://staging.forenteforlag.no/forlaget/produkt/hvorfor-vi-sover/#primaryimage","url":"https://staging.forenteforlag.no/forlaget/wp-content/uploads/sites/3/2026/02/9788232801978.jpg","contentUrl":"https://staging.forenteforlag.no/forlaget/wp-content/uploads/sites/3/2026/02/9788232801978.jpg","width":720,"height":1053},{"@type":"BreadcrumbList","@id":"https://staging.forenteforlag.no/forlaget/produkt/hvorfor-vi-sover/#breadcrumb","itemListElement":[{"@type":"ListItem","position":1,"name":"Hjem","item":"https://staging.forenteforlag.no/forlaget/"},{"@type":"ListItem","position":2,"name":"Alle bøker","item":"https://staging.forenteforlag.no/forlaget/butikk/"},{"@type":"ListItem","position":3,"name":"Hvorfor vi sover"}]},{"@type":"WebSite","@id":"https://staging.forenteforlag.no/forlaget/#website","url":"https://staging.forenteforlag.no/forlaget/","name":"Forlaget Press","description":"","publisher":{"@id":"https://staging.forenteforlag.no/forlaget/#organization"},"potentialAction":[{"@type":"SearchAction","target":{"@type":"EntryPoint","urlTemplate":"https://staging.forenteforlag.no/forlaget/?s={search_term_string}"},"query-input":{"@type":"PropertyValueSpecification","valueRequired":true,"valueName":"search_term_string"}}],"inLanguage":"nb-NO"},{"@type":"Organization","@id":"https://staging.forenteforlag.no/forlaget/#organization","name":"Forlaget Press","url":"https://staging.forenteforlag.no/forlaget/","logo":{"@type":"ImageObject","inLanguage":"nb-NO","@id":"https://staging.forenteforlag.no/forlaget/#/schema/logo/image/","url":"https://staging.forenteforlag.no/forlaget/wp-content/uploads/sites/3/2024/09/Press_logo.svg","contentUrl":"https://staging.forenteforlag.no/forlaget/wp-content/uploads/sites/3/2024/09/Press_logo.svg","width":100,"height":100,"caption":"Forlaget Press"},"image":{"@id":"https://staging.forenteforlag.no/forlaget/#/schema/logo/image/"},"sameAs":["https://www.facebook.com/Forlagetpress"]}]}</script>
<!-- / Yoast SEO plugin. -->

Inntil helt nylig hadde ikke vitenskapen noen fornuftige svar på hvorfor vi sover, hva godt det gjør eller hvorfor fravær av søvn er så skadelig. Til forskjell fra de andre basale livsfaktorene, som å spise, drikke og reprodusere oss, lå søvnens hensikt og mening liksom innhyllet bak et slør. Dette er den første boken i [&hellip;]

Alle bøker
