{"id":20884,"date":"2016-10-10T02:00:00","date_gmt":"2016-10-10T00:00:00","guid":{"rendered":"https:\/\/forlagetpress.forenteforlag.no\/produkt\/vekten-av-skyld\/"},"modified":"2026-03-04T09:35:44","modified_gmt":"2026-03-04T08:35:44","slug":"vekten-av-skyld","status":"publish","type":"product","link":"https:\/\/staging.forenteforlag.no\/forlaget\/produkt\/vekten-av-skyld\/","title":{"rendered":"Vekten av skyld"},"content":{"rendered":"<p>I denne n\u00e5 moderne klassikeren unders\u00f8ker den internasjonalt anerkjente forfatteren Ian Buruma hvordan Tyskland og Japan har fors\u00f8kt \u00e5 komme over eller forsone seg med sine handlinger under andre verdenskrig &#8211; en krig de s\u00e5 brutalt startet og ydmykende tapte, mens de begikk fryktelige krigsforbrytelser underveis. <\/p>\n<p>Buruma reiser til begge land, til Berlin og Tokyo, Hiroshima og Auschwitz. Her m\u00f8ter han dem som b\u00e5de er bemerkelsesverdig \u00e6rlige om fortiden og dem som mener at det \u00e5 ta ansvar er en for stor byrde. Noen vil bare glemme alt, mens andre vil bruke erfaringene etter krigen til \u00e5 advare og arbeide for at noe lignende aldri mer m\u00e5 skje. Buruma unders\u00f8ker disse ulike m\u00e5tene \u00e5 forholde seg til krigen p\u00e5, og hvordan de to landene p\u00e5 sv\u00e6rt forskjellig vis har forholdt seg til fortidens grusomheter. De har f\u00f8rt til ulike politiske bevegelser, ulik politikk, litteratur og kunst. <\/p>\n<p>N\u00e5, mer enn sytti \u00e5r etter krigens slutt, mener han at Tyskland for det meste har klart \u00e5 forsone seg med sin m\u00f8rke fortid, mens Japan fortsatt er sterkt preget av historiske  hendelser som for lengst burde v\u00e6rt h\u00e5ndtert. Boka er en sv\u00e6rt \u00e6rlig, men samtidig \u00f8mfintlig beskrivelse av hvordan noen mennesker tar ansvar og noen fors\u00f8ker \u00e5 unnslippe vekten av skyld<\/p>\n","protected":false},"excerpt":{"rendered":"<p>I denne n\u00e5 moderne klassikeren unders\u00f8ker den internasjonalt anerkjente forfatteren Ian Buruma hvordan Tyskland og Japan har fors\u00f8kt \u00e5 komme over eller forsone seg med sine handlinger under andre verdenskrig &#8211; en krig de s\u00e5 brutalt startet og ydmykende tapte, mens de begikk fryktelige krigsforbrytelser underveis. Buruma reiser til begge land, til Berlin og Tokyo, [&hellip;]<\/p>\n","protected":false},"featured_media":26250,"template":"","meta":{"_acf_changed":false,"inline_featured_image":false},"product_brand":[],"product_cat":[1781],"product_tag":[362],"class_list":{"0":"post-20884","1":"product","2":"type-product","3":"status-publish","4":"has-post-thumbnail","6":"product_cat-rabattkodekampanje","7":"product_tag-faglitteratur","9":"first","10":"outofstock","11":"shipping-taxable","12":"purchasable","13":"product-type-simple"},"acf":{"anmeldelse":null},"yoast_head":"<!-- This site is optimized with the Yoast SEO plugin v26.6 - https:\/\/yoast.com\/wordpress\/plugins\/seo\/ -->\n<title>Vekten av skyld - Forlaget Press<\/title>\n<meta name=\"robots\" content=\"noindex, follow, max-snippet:-1, max-image-preview:large, max-video-preview:-1\" \/>\n<meta property=\"og:locale\" content=\"nb_NO\" \/>\n<meta property=\"og:type\" content=\"article\" \/>\n<meta property=\"og:title\" content=\"Vekten av skyld - Forlaget Press\" \/>\n<meta property=\"og:description\" content=\"I denne n\u00e5 moderne klassikeren unders\u00f8ker den internasjonalt anerkjente forfatteren Ian Buruma hvordan Tyskland og Japan har fors\u00f8kt \u00e5 komme over eller forsone seg med sine handlinger under andre verdenskrig &#8211; en krig de s\u00e5 brutalt startet og ydmykende tapte, mens de begikk fryktelige krigsforbrytelser underveis. Buruma reiser til begge land, til Berlin og Tokyo, [&hellip;]\" \/>\n<meta property=\"og:url\" content=\"https:\/\/staging.forenteforlag.no\/forlaget\/produkt\/vekten-av-skyld\/\" \/>\n<meta property=\"og:site_name\" content=\"Forlaget Press\" \/>\n<meta property=\"article:publisher\" content=\"https:\/\/www.facebook.com\/Forlagetpress\" \/>\n<meta property=\"article:modified_time\" content=\"2026-03-04T08:35:44+00:00\" \/>\n<meta property=\"og:image\" content=\"https:\/\/staging.forenteforlag.no\/forlaget\/wp-content\/uploads\/sites\/3\/2026\/02\/9788232800926.jpg\" \/>\n\t<meta property=\"og:image:width\" content=\"720\" \/>\n\t<meta property=\"og:image:height\" content=\"1051\" \/>\n\t<meta property=\"og:image:type\" content=\"image\/jpeg\" \/>\n<meta name=\"twitter:card\" content=\"summary_large_image\" \/>\n<meta name=\"twitter:label1\" content=\"Ansl. lesetid\" \/>\n\t<meta name=\"twitter:data1\" content=\"1 minutt\" \/>\n<script type=\"application\/ld+json\" class=\"yoast-schema-graph\">{\"@context\":\"https:\/\/schema.org\",\"@graph\":[{\"@type\":\"WebPage\",\"@id\":\"https:\/\/staging.forenteforlag.no\/forlaget\/produkt\/vekten-av-skyld\/\",\"url\":\"https:\/\/staging.forenteforlag.no\/forlaget\/produkt\/vekten-av-skyld\/\",\"name\":\"Vekten av skyld - Forlaget Press\",\"isPartOf\":{\"@id\":\"https:\/\/staging.forenteforlag.no\/forlaget\/#website\"},\"primaryImageOfPage\":{\"@id\":\"https:\/\/staging.forenteforlag.no\/forlaget\/produkt\/vekten-av-skyld\/#primaryimage\"},\"image\":{\"@id\":\"https:\/\/staging.forenteforlag.no\/forlaget\/produkt\/vekten-av-skyld\/#primaryimage\"},\"thumbnailUrl\":\"https:\/\/staging.forenteforlag.no\/forlaget\/wp-content\/uploads\/sites\/3\/2026\/02\/9788232800926.jpg\",\"datePublished\":\"2016-10-10T00:00:00+00:00\",\"dateModified\":\"2026-03-04T08:35:44+00:00\",\"breadcrumb\":{\"@id\":\"https:\/\/staging.forenteforlag.no\/forlaget\/produkt\/vekten-av-skyld\/#breadcrumb\"},\"inLanguage\":\"nb-NO\",\"potentialAction\":[{\"@type\":\"ReadAction\",\"target\":[\"https:\/\/staging.forenteforlag.no\/forlaget\/produkt\/vekten-av-skyld\/\"]}]},{\"@type\":\"ImageObject\",\"inLanguage\":\"nb-NO\",\"@id\":\"https:\/\/staging.forenteforlag.no\/forlaget\/produkt\/vekten-av-skyld\/#primaryimage\",\"url\":\"https:\/\/staging.forenteforlag.no\/forlaget\/wp-content\/uploads\/sites\/3\/2026\/02\/9788232800926.jpg\",\"contentUrl\":\"https:\/\/staging.forenteforlag.no\/forlaget\/wp-content\/uploads\/sites\/3\/2026\/02\/9788232800926.jpg\",\"width\":720,\"height\":1051},{\"@type\":\"BreadcrumbList\",\"@id\":\"https:\/\/staging.forenteforlag.no\/forlaget\/produkt\/vekten-av-skyld\/#breadcrumb\",\"itemListElement\":[{\"@type\":\"ListItem\",\"position\":1,\"name\":\"Hjem\",\"item\":\"https:\/\/staging.forenteforlag.no\/forlaget\/\"},{\"@type\":\"ListItem\",\"position\":2,\"name\":\"Alle b\u00f8ker\",\"item\":\"https:\/\/staging.forenteforlag.no\/forlaget\/butikk\/\"},{\"@type\":\"ListItem\",\"position\":3,\"name\":\"Vekten av skyld\"}]},{\"@type\":\"WebSite\",\"@id\":\"https:\/\/staging.forenteforlag.no\/forlaget\/#website\",\"url\":\"https:\/\/staging.forenteforlag.no\/forlaget\/\",\"name\":\"Forlaget Press\",\"description\":\"\",\"publisher\":{\"@id\":\"https:\/\/staging.forenteforlag.no\/forlaget\/#organization\"},\"potentialAction\":[{\"@type\":\"SearchAction\",\"target\":{\"@type\":\"EntryPoint\",\"urlTemplate\":\"https:\/\/staging.forenteforlag.no\/forlaget\/?s={search_term_string}\"},\"query-input\":{\"@type\":\"PropertyValueSpecification\",\"valueRequired\":true,\"valueName\":\"search_term_string\"}}],\"inLanguage\":\"nb-NO\"},{\"@type\":\"Organization\",\"@id\":\"https:\/\/staging.forenteforlag.no\/forlaget\/#organization\",\"name\":\"Forlaget Press\",\"url\":\"https:\/\/staging.forenteforlag.no\/forlaget\/\",\"logo\":{\"@type\":\"ImageObject\",\"inLanguage\":\"nb-NO\",\"@id\":\"https:\/\/staging.forenteforlag.no\/forlaget\/#\/schema\/logo\/image\/\",\"url\":\"https:\/\/staging.forenteforlag.no\/forlaget\/wp-content\/uploads\/sites\/3\/2024\/09\/Press_logo.svg\",\"contentUrl\":\"https:\/\/staging.forenteforlag.no\/forlaget\/wp-content\/uploads\/sites\/3\/2024\/09\/Press_logo.svg\",\"width\":100,\"height\":100,\"caption\":\"Forlaget Press\"},\"image\":{\"@id\":\"https:\/\/staging.forenteforlag.no\/forlaget\/#\/schema\/logo\/image\/\"},\"sameAs\":[\"https:\/\/www.facebook.com\/Forlagetpress\"]}]}<\/script>\n<!-- \/ Yoast SEO plugin. -->","yoast_head_json":{"title":"Vekten av skyld - Forlaget Press","robots":{"index":"noindex","follow":"follow","max-snippet":"max-snippet:-1","max-image-preview":"max-image-preview:large","max-video-preview":"max-video-preview:-1"},"og_locale":"nb_NO","og_type":"article","og_title":"Vekten av skyld - Forlaget Press","og_description":"I denne n\u00e5 moderne klassikeren unders\u00f8ker den internasjonalt anerkjente forfatteren Ian Buruma hvordan Tyskland og Japan har fors\u00f8kt \u00e5 komme over eller forsone seg med sine handlinger under andre verdenskrig &#8211; en krig de s\u00e5 brutalt startet og ydmykende tapte, mens de begikk fryktelige krigsforbrytelser underveis. Buruma reiser til begge land, til Berlin og Tokyo, [&hellip;]","og_url":"https:\/\/staging.forenteforlag.no\/forlaget\/produkt\/vekten-av-skyld\/","og_site_name":"Forlaget Press","article_publisher":"https:\/\/www.facebook.com\/Forlagetpress","article_modified_time":"2026-03-04T08:35:44+00:00","og_image":[{"width":720,"height":1051,"url":"https:\/\/staging.forenteforlag.no\/forlaget\/wp-content\/uploads\/sites\/3\/2026\/02\/9788232800926.jpg","type":"image\/jpeg"}],"twitter_card":"summary_large_image","twitter_misc":{"Ansl. lesetid":"1 minutt"},"schema":{"@context":"https:\/\/schema.org","@graph":[{"@type":"WebPage","@id":"https:\/\/staging.forenteforlag.no\/forlaget\/produkt\/vekten-av-skyld\/","url":"https:\/\/staging.forenteforlag.no\/forlaget\/produkt\/vekten-av-skyld\/","name":"Vekten av skyld - Forlaget Press","isPartOf":{"@id":"https:\/\/staging.forenteforlag.no\/forlaget\/#website"},"primaryImageOfPage":{"@id":"https:\/\/staging.forenteforlag.no\/forlaget\/produkt\/vekten-av-skyld\/#primaryimage"},"image":{"@id":"https:\/\/staging.forenteforlag.no\/forlaget\/produkt\/vekten-av-skyld\/#primaryimage"},"thumbnailUrl":"https:\/\/staging.forenteforlag.no\/forlaget\/wp-content\/uploads\/sites\/3\/2026\/02\/9788232800926.jpg","datePublished":"2016-10-10T00:00:00+00:00","dateModified":"2026-03-04T08:35:44+00:00","breadcrumb":{"@id":"https:\/\/staging.forenteforlag.no\/forlaget\/produkt\/vekten-av-skyld\/#breadcrumb"},"inLanguage":"nb-NO","potentialAction":[{"@type":"ReadAction","target":["https:\/\/staging.forenteforlag.no\/forlaget\/produkt\/vekten-av-skyld\/"]}]},{"@type":"ImageObject","inLanguage":"nb-NO","@id":"https:\/\/staging.forenteforlag.no\/forlaget\/produkt\/vekten-av-skyld\/#primaryimage","url":"https:\/\/staging.forenteforlag.no\/forlaget\/wp-content\/uploads\/sites\/3\/2026\/02\/9788232800926.jpg","contentUrl":"https:\/\/staging.forenteforlag.no\/forlaget\/wp-content\/uploads\/sites\/3\/2026\/02\/9788232800926.jpg","width":720,"height":1051},{"@type":"BreadcrumbList","@id":"https:\/\/staging.forenteforlag.no\/forlaget\/produkt\/vekten-av-skyld\/#breadcrumb","itemListElement":[{"@type":"ListItem","position":1,"name":"Hjem","item":"https:\/\/staging.forenteforlag.no\/forlaget\/"},{"@type":"ListItem","position":2,"name":"Alle b\u00f8ker","item":"https:\/\/staging.forenteforlag.no\/forlaget\/butikk\/"},{"@type":"ListItem","position":3,"name":"Vekten av skyld"}]},{"@type":"WebSite","@id":"https:\/\/staging.forenteforlag.no\/forlaget\/#website","url":"https:\/\/staging.forenteforlag.no\/forlaget\/","name":"Forlaget Press","description":"","publisher":{"@id":"https:\/\/staging.forenteforlag.no\/forlaget\/#organization"},"potentialAction":[{"@type":"SearchAction","target":{"@type":"EntryPoint","urlTemplate":"https:\/\/staging.forenteforlag.no\/forlaget\/?s={search_term_string}"},"query-input":{"@type":"PropertyValueSpecification","valueRequired":true,"valueName":"search_term_string"}}],"inLanguage":"nb-NO"},{"@type":"Organization","@id":"https:\/\/staging.forenteforlag.no\/forlaget\/#organization","name":"Forlaget Press","url":"https:\/\/staging.forenteforlag.no\/forlaget\/","logo":{"@type":"ImageObject","inLanguage":"nb-NO","@id":"https:\/\/staging.forenteforlag.no\/forlaget\/#\/schema\/logo\/image\/","url":"https:\/\/staging.forenteforlag.no\/forlaget\/wp-content\/uploads\/sites\/3\/2024\/09\/Press_logo.svg","contentUrl":"https:\/\/staging.forenteforlag.no\/forlaget\/wp-content\/uploads\/sites\/3\/2024\/09\/Press_logo.svg","width":100,"height":100,"caption":"Forlaget Press"},"image":{"@id":"https:\/\/staging.forenteforlag.no\/forlaget\/#\/schema\/logo\/image\/"},"sameAs":["https:\/\/www.facebook.com\/Forlagetpress"]}]}},"_links":{"self":[{"href":"https:\/\/staging.forenteforlag.no\/forlaget\/wp-json\/wp\/v2\/product\/20884","targetHints":{"allow":["GET"]}}],"collection":[{"href":"https:\/\/staging.forenteforlag.no\/forlaget\/wp-json\/wp\/v2\/product"}],"about":[{"href":"https:\/\/staging.forenteforlag.no\/forlaget\/wp-json\/wp\/v2\/types\/product"}],"wp:featuredmedia":[{"embeddable":true,"href":"https:\/\/staging.forenteforlag.no\/forlaget\/wp-json\/wp\/v2\/media\/26250"}],"wp:attachment":[{"href":"https:\/\/staging.forenteforlag.no\/forlaget\/wp-json\/wp\/v2\/media?parent=20884"}],"wp:term":[{"taxonomy":"product_brand","embeddable":true,"href":"https:\/\/staging.forenteforlag.no\/forlaget\/wp-json\/wp\/v2\/product_brand?post=20884"},{"taxonomy":"product_cat","embeddable":true,"href":"https:\/\/staging.forenteforlag.no\/forlaget\/wp-json\/wp\/v2\/product_cat?post=20884"},{"taxonomy":"product_tag","embeddable":true,"href":"https:\/\/staging.forenteforlag.no\/forlaget\/wp-json\/wp\/v2\/product_tag?post=20884"}],"curies":[{"name":"wp","href":"https:\/\/api.w.org\/{rel}","templated":true}]}}

<p>I denne nå moderne klassikeren undersøker den internasjonalt anerkjente forfatteren Ian Buruma hvordan Tyskland og Japan har forsøkt å komme over eller forsone seg med sine handlinger under andre verdenskrig &#8211; en krig de så brutalt startet og ydmykende tapte, mens de begikk fryktelige krigsforbrytelser underveis. </p>
<p>Buruma reiser til begge land, til Berlin og Tokyo, Hiroshima og Auschwitz. Her møter han dem som både er bemerkelsesverdig ærlige om fortiden og dem som mener at det å ta ansvar er en for stor byrde. Noen vil bare glemme alt, mens andre vil bruke erfaringene etter krigen til å advare og arbeide for at noe lignende aldri mer må skje. Buruma undersøker disse ulike måtene å forholde seg til krigen på, og hvordan de to landene på svært forskjellig vis har forholdt seg til fortidens grusomheter. De har ført til ulike politiske bevegelser, ulik politikk, litteratur og kunst. </p>
<p>Nå, mer enn sytti år etter krigens slutt, mener han at Tyskland for det meste har klart å forsone seg med sin mørke fortid, mens Japan fortsatt er sterkt preget av historiske  hendelser som for lengst burde vært håndtert. Boka er en svært ærlig, men samtidig ømfintlig beskrivelse av hvordan noen mennesker tar ansvar og noen forsøker å unnslippe vekten av skyld</p>

<p>I denne nå moderne klassikeren undersøker den internasjonalt anerkjente forfatteren Ian Buruma hvordan Tyskland og Japan har forsøkt å komme over eller forsone seg med sine handlinger under andre verdenskrig &#8211; en krig de så brutalt startet og ydmykende tapte, mens de begikk fryktelige krigsforbrytelser underveis. Buruma reiser til begge land, til Berlin og Tokyo, [&hellip;]</p>

<!-- This site is optimized with the Yoast SEO plugin v26.6 - https://yoast.com/wordpress/plugins/seo/ -->
<title>Vekten av skyld - Forlaget Press</title>
<meta name="robots" content="noindex, follow, max-snippet:-1, max-image-preview:large, max-video-preview:-1" />
<meta property="og:locale" content="nb_NO" />
<meta property="og:type" content="article" />
<meta property="og:title" content="Vekten av skyld - Forlaget Press" />
<meta property="og:description" content="I denne nå moderne klassikeren undersøker den internasjonalt anerkjente forfatteren Ian Buruma hvordan Tyskland og Japan har forsøkt å komme over eller forsone seg med sine handlinger under andre verdenskrig &#8211; en krig de så brutalt startet og ydmykende tapte, mens de begikk fryktelige krigsforbrytelser underveis. Buruma reiser til begge land, til Berlin og Tokyo, [&hellip;]" />
<meta property="og:url" content="https://staging.forenteforlag.no/forlaget/produkt/vekten-av-skyld/" />
<meta property="og:site_name" content="Forlaget Press" />
<meta property="article:publisher" content="https://www.facebook.com/Forlagetpress" />
<meta property="article:modified_time" content="2026-03-04T08:35:44+00:00" />
<meta property="og:image" content="https://staging.forenteforlag.no/forlaget/wp-content/uploads/sites/3/2026/02/9788232800926.jpg" />
	<meta property="og:image:width" content="720" />
	<meta property="og:image:height" content="1051" />
	<meta property="og:image:type" content="image/jpeg" />
<meta name="twitter:card" content="summary_large_image" />
<meta name="twitter:label1" content="Ansl. lesetid" />
	<meta name="twitter:data1" content="1 minutt" />
<script type="application/ld+json" class="yoast-schema-graph">{"@context":"https://schema.org","@graph":[{"@type":"WebPage","@id":"https://staging.forenteforlag.no/forlaget/produkt/vekten-av-skyld/","url":"https://staging.forenteforlag.no/forlaget/produkt/vekten-av-skyld/","name":"Vekten av skyld - Forlaget Press","isPartOf":{"@id":"https://staging.forenteforlag.no/forlaget/#website"},"primaryImageOfPage":{"@id":"https://staging.forenteforlag.no/forlaget/produkt/vekten-av-skyld/#primaryimage"},"image":{"@id":"https://staging.forenteforlag.no/forlaget/produkt/vekten-av-skyld/#primaryimage"},"thumbnailUrl":"https://staging.forenteforlag.no/forlaget/wp-content/uploads/sites/3/2026/02/9788232800926.jpg","datePublished":"2016-10-10T00:00:00+00:00","dateModified":"2026-03-04T08:35:44+00:00","breadcrumb":{"@id":"https://staging.forenteforlag.no/forlaget/produkt/vekten-av-skyld/#breadcrumb"},"inLanguage":"nb-NO","potentialAction":[{"@type":"ReadAction","target":["https://staging.forenteforlag.no/forlaget/produkt/vekten-av-skyld/"]}]},{"@type":"ImageObject","inLanguage":"nb-NO","@id":"https://staging.forenteforlag.no/forlaget/produkt/vekten-av-skyld/#primaryimage","url":"https://staging.forenteforlag.no/forlaget/wp-content/uploads/sites/3/2026/02/9788232800926.jpg","contentUrl":"https://staging.forenteforlag.no/forlaget/wp-content/uploads/sites/3/2026/02/9788232800926.jpg","width":720,"height":1051},{"@type":"BreadcrumbList","@id":"https://staging.forenteforlag.no/forlaget/produkt/vekten-av-skyld/#breadcrumb","itemListElement":[{"@type":"ListItem","position":1,"name":"Hjem","item":"https://staging.forenteforlag.no/forlaget/"},{"@type":"ListItem","position":2,"name":"Alle bøker","item":"https://staging.forenteforlag.no/forlaget/butikk/"},{"@type":"ListItem","position":3,"name":"Vekten av skyld"}]},{"@type":"WebSite","@id":"https://staging.forenteforlag.no/forlaget/#website","url":"https://staging.forenteforlag.no/forlaget/","name":"Forlaget Press","description":"","publisher":{"@id":"https://staging.forenteforlag.no/forlaget/#organization"},"potentialAction":[{"@type":"SearchAction","target":{"@type":"EntryPoint","urlTemplate":"https://staging.forenteforlag.no/forlaget/?s={search_term_string}"},"query-input":{"@type":"PropertyValueSpecification","valueRequired":true,"valueName":"search_term_string"}}],"inLanguage":"nb-NO"},{"@type":"Organization","@id":"https://staging.forenteforlag.no/forlaget/#organization","name":"Forlaget Press","url":"https://staging.forenteforlag.no/forlaget/","logo":{"@type":"ImageObject","inLanguage":"nb-NO","@id":"https://staging.forenteforlag.no/forlaget/#/schema/logo/image/","url":"https://staging.forenteforlag.no/forlaget/wp-content/uploads/sites/3/2024/09/Press_logo.svg","contentUrl":"https://staging.forenteforlag.no/forlaget/wp-content/uploads/sites/3/2024/09/Press_logo.svg","width":100,"height":100,"caption":"Forlaget Press"},"image":{"@id":"https://staging.forenteforlag.no/forlaget/#/schema/logo/image/"},"sameAs":["https://www.facebook.com/Forlagetpress"]}]}</script>
<!-- / Yoast SEO plugin. -->

I denne nå moderne klassikeren undersøker den internasjonalt anerkjente forfatteren Ian Buruma hvordan Tyskland og Japan har forsøkt å komme over eller forsone seg med sine handlinger under andre verdenskrig &#8211; en krig de så brutalt startet og ydmykende tapte, mens de begikk fryktelige krigsforbrytelser underveis. Buruma reiser til begge land, til Berlin og Tokyo, [&hellip;]

Alle bøker
