{"id":20834,"date":"2020-04-01T02:00:00","date_gmt":"2020-04-01T00:00:00","guid":{"rendered":"https:\/\/forlagetpress.forenteforlag.no\/produkt\/nar-sola-vender-tilbake-vil-vi-vite-2\/"},"modified":"2026-03-04T12:37:42","modified_gmt":"2026-03-04T11:37:42","slug":"nar-sola-vender-tilbake-vil-vi-vite-2","status":"publish","type":"product","link":"https:\/\/staging.forenteforlag.no\/forlaget\/produkt\/nar-sola-vender-tilbake-vil-vi-vite-2\/","title":{"rendered":"N\u00e5r sola vender tilbake, vil vi vite"},"content":{"rendered":"<p>\u00b7        Fra forfatteren av Ned til elva <br \/>\u00b7        Solgt 1,5 millioner b\u00f8ker <br \/>\u00b7        Independent Publisher Book Award <\/p>\n<p>Virgil Wander eier en gammel kino i en nedlagt industriby i Midtvesten. Under en h\u00f8ststorm seiler han og bilen av veien og havner i den iskalde Lake Superior. Virgil overlever, men en hjernerystelse har svekket hans hukommelse og tatt fra ham spr\u00e5ket. Han m\u00e5 begynne p\u00e5 nytt, finne igjen ordene s\u00e5 vel som sin egen historie. <\/p>\n<p>En mystisk skikkelse kommer inn i Virgils liv: Rune, fra det h\u00f8ye nord i Troms\u00f8, som leter etter sin forvunne s\u00f8nn. Han r\u00f8yker pipe og lager de mest fantasifulle drager, som han flyr over Lake Superior. Med den gamle kinoen som sentrum, samler de to og et knippe venner seg om en tilv\u00e6relse bygget p\u00e5 gamle filmer, vennskap og muligheten for \u00e5 starte p\u00e5 ny. <\/p>\n<p>Dette er &#8216;The American-novel&#8217; anno 2019: Et lite og stillferdig liv under en diger himmel, plassert midt p\u00e5 et enormt kontinent. N\u00e5r sola vender tilbake, vil vi vite er en lavm\u00e6lt fortelling, men full av spr\u00e5klig lekenhet og lun humor &#8211; en fortelling som insisterer p\u00e5 anstendighet s\u00e5 vel som magien i de sm\u00e5 hendelser i hverdagen, alt det skj\u00f8re og rare som holder et liv sammen.<\/p>\n","protected":false},"excerpt":{"rendered":"<p>\u00b7 Fra forfatteren av Ned til elva \u00b7 Solgt 1,5 millioner b\u00f8ker \u00b7 Independent Publisher Book Award Virgil Wander eier en gammel kino i en nedlagt industriby i Midtvesten. Under en h\u00f8ststorm seiler han og bilen av veien og havner i den iskalde Lake Superior. Virgil overlever, men en hjernerystelse har svekket hans hukommelse og [&hellip;]<\/p>\n","protected":false},"featured_media":26355,"template":"","meta":{"_acf_changed":false,"inline_featured_image":false},"product_brand":[],"product_cat":[1781],"product_tag":[1095,564,563,370,513],"class_list":{"0":"post-20834","1":"product","2":"type-product","3":"status-publish","4":"has-post-thumbnail","6":"product_cat-rabattkodekampanje","7":"product_tag-grafiske-romaner","8":"product_tag-hukommelsestap","9":"product_tag-nordlige-sentralstater","10":"product_tag-skjonnlitteratur","11":"product_tag-vennskap","13":"first","14":"outofstock","15":"shipping-taxable","16":"purchasable","17":"product-type-simple"},"acf":{"anmeldelse":null},"yoast_head":"<!-- This site is optimized with the Yoast SEO plugin v26.6 - https:\/\/yoast.com\/wordpress\/plugins\/seo\/ -->\n<title>N\u00e5r sola vender tilbake, vil vi vite - Forlaget Press<\/title>\n<meta name=\"robots\" content=\"noindex, follow, max-snippet:-1, max-image-preview:large, max-video-preview:-1\" \/>\n<meta property=\"og:locale\" content=\"nb_NO\" \/>\n<meta property=\"og:type\" content=\"article\" \/>\n<meta property=\"og:title\" content=\"N\u00e5r sola vender tilbake, vil vi vite - Forlaget Press\" \/>\n<meta property=\"og:description\" content=\"\u00b7 Fra forfatteren av Ned til elva \u00b7 Solgt 1,5 millioner b\u00f8ker \u00b7 Independent Publisher Book Award Virgil Wander eier en gammel kino i en nedlagt industriby i Midtvesten. Under en h\u00f8ststorm seiler han og bilen av veien og havner i den iskalde Lake Superior. Virgil overlever, men en hjernerystelse har svekket hans hukommelse og [&hellip;]\" \/>\n<meta property=\"og:url\" content=\"https:\/\/staging.forenteforlag.no\/forlaget\/produkt\/nar-sola-vender-tilbake-vil-vi-vite-2\/\" \/>\n<meta property=\"og:site_name\" content=\"Forlaget Press\" \/>\n<meta property=\"article:publisher\" content=\"https:\/\/www.facebook.com\/Forlagetpress\" \/>\n<meta property=\"article:modified_time\" content=\"2026-03-04T11:37:42+00:00\" \/>\n<meta property=\"og:image\" content=\"https:\/\/staging.forenteforlag.no\/forlaget\/wp-content\/uploads\/sites\/3\/2026\/02\/9788232802791.jpg\" \/>\n\t<meta property=\"og:image:width\" content=\"720\" \/>\n\t<meta property=\"og:image:height\" content=\"1053\" \/>\n\t<meta property=\"og:image:type\" content=\"image\/jpeg\" \/>\n<meta name=\"twitter:card\" content=\"summary_large_image\" \/>\n<meta name=\"twitter:label1\" content=\"Ansl. lesetid\" \/>\n\t<meta name=\"twitter:data1\" content=\"1 minutt\" \/>\n<script type=\"application\/ld+json\" class=\"yoast-schema-graph\">{\"@context\":\"https:\/\/schema.org\",\"@graph\":[{\"@type\":\"WebPage\",\"@id\":\"https:\/\/staging.forenteforlag.no\/forlaget\/produkt\/nar-sola-vender-tilbake-vil-vi-vite-2\/\",\"url\":\"https:\/\/staging.forenteforlag.no\/forlaget\/produkt\/nar-sola-vender-tilbake-vil-vi-vite-2\/\",\"name\":\"N\u00e5r sola vender tilbake, vil vi vite - Forlaget Press\",\"isPartOf\":{\"@id\":\"https:\/\/staging.forenteforlag.no\/forlaget\/#website\"},\"primaryImageOfPage\":{\"@id\":\"https:\/\/staging.forenteforlag.no\/forlaget\/produkt\/nar-sola-vender-tilbake-vil-vi-vite-2\/#primaryimage\"},\"image\":{\"@id\":\"https:\/\/staging.forenteforlag.no\/forlaget\/produkt\/nar-sola-vender-tilbake-vil-vi-vite-2\/#primaryimage\"},\"thumbnailUrl\":\"https:\/\/staging.forenteforlag.no\/forlaget\/wp-content\/uploads\/sites\/3\/2026\/02\/9788232802791.jpg\",\"datePublished\":\"2020-04-01T00:00:00+00:00\",\"dateModified\":\"2026-03-04T11:37:42+00:00\",\"breadcrumb\":{\"@id\":\"https:\/\/staging.forenteforlag.no\/forlaget\/produkt\/nar-sola-vender-tilbake-vil-vi-vite-2\/#breadcrumb\"},\"inLanguage\":\"nb-NO\",\"potentialAction\":[{\"@type\":\"ReadAction\",\"target\":[\"https:\/\/staging.forenteforlag.no\/forlaget\/produkt\/nar-sola-vender-tilbake-vil-vi-vite-2\/\"]}]},{\"@type\":\"ImageObject\",\"inLanguage\":\"nb-NO\",\"@id\":\"https:\/\/staging.forenteforlag.no\/forlaget\/produkt\/nar-sola-vender-tilbake-vil-vi-vite-2\/#primaryimage\",\"url\":\"https:\/\/staging.forenteforlag.no\/forlaget\/wp-content\/uploads\/sites\/3\/2026\/02\/9788232802791.jpg\",\"contentUrl\":\"https:\/\/staging.forenteforlag.no\/forlaget\/wp-content\/uploads\/sites\/3\/2026\/02\/9788232802791.jpg\",\"width\":720,\"height\":1053},{\"@type\":\"BreadcrumbList\",\"@id\":\"https:\/\/staging.forenteforlag.no\/forlaget\/produkt\/nar-sola-vender-tilbake-vil-vi-vite-2\/#breadcrumb\",\"itemListElement\":[{\"@type\":\"ListItem\",\"position\":1,\"name\":\"Hjem\",\"item\":\"https:\/\/staging.forenteforlag.no\/forlaget\/\"},{\"@type\":\"ListItem\",\"position\":2,\"name\":\"Alle b\u00f8ker\",\"item\":\"https:\/\/staging.forenteforlag.no\/forlaget\/butikk\/\"},{\"@type\":\"ListItem\",\"position\":3,\"name\":\"N\u00e5r sola vender tilbake, vil vi vite\"}]},{\"@type\":\"WebSite\",\"@id\":\"https:\/\/staging.forenteforlag.no\/forlaget\/#website\",\"url\":\"https:\/\/staging.forenteforlag.no\/forlaget\/\",\"name\":\"Forlaget Press\",\"description\":\"\",\"publisher\":{\"@id\":\"https:\/\/staging.forenteforlag.no\/forlaget\/#organization\"},\"potentialAction\":[{\"@type\":\"SearchAction\",\"target\":{\"@type\":\"EntryPoint\",\"urlTemplate\":\"https:\/\/staging.forenteforlag.no\/forlaget\/?s={search_term_string}\"},\"query-input\":{\"@type\":\"PropertyValueSpecification\",\"valueRequired\":true,\"valueName\":\"search_term_string\"}}],\"inLanguage\":\"nb-NO\"},{\"@type\":\"Organization\",\"@id\":\"https:\/\/staging.forenteforlag.no\/forlaget\/#organization\",\"name\":\"Forlaget Press\",\"url\":\"https:\/\/staging.forenteforlag.no\/forlaget\/\",\"logo\":{\"@type\":\"ImageObject\",\"inLanguage\":\"nb-NO\",\"@id\":\"https:\/\/staging.forenteforlag.no\/forlaget\/#\/schema\/logo\/image\/\",\"url\":\"https:\/\/staging.forenteforlag.no\/forlaget\/wp-content\/uploads\/sites\/3\/2024\/09\/Press_logo.svg\",\"contentUrl\":\"https:\/\/staging.forenteforlag.no\/forlaget\/wp-content\/uploads\/sites\/3\/2024\/09\/Press_logo.svg\",\"width\":100,\"height\":100,\"caption\":\"Forlaget Press\"},\"image\":{\"@id\":\"https:\/\/staging.forenteforlag.no\/forlaget\/#\/schema\/logo\/image\/\"},\"sameAs\":[\"https:\/\/www.facebook.com\/Forlagetpress\"]}]}<\/script>\n<!-- \/ Yoast SEO plugin. -->","yoast_head_json":{"title":"N\u00e5r sola vender tilbake, vil vi vite - Forlaget Press","robots":{"index":"noindex","follow":"follow","max-snippet":"max-snippet:-1","max-image-preview":"max-image-preview:large","max-video-preview":"max-video-preview:-1"},"og_locale":"nb_NO","og_type":"article","og_title":"N\u00e5r sola vender tilbake, vil vi vite - Forlaget Press","og_description":"\u00b7 Fra forfatteren av Ned til elva \u00b7 Solgt 1,5 millioner b\u00f8ker \u00b7 Independent Publisher Book Award Virgil Wander eier en gammel kino i en nedlagt industriby i Midtvesten. Under en h\u00f8ststorm seiler han og bilen av veien og havner i den iskalde Lake Superior. Virgil overlever, men en hjernerystelse har svekket hans hukommelse og [&hellip;]","og_url":"https:\/\/staging.forenteforlag.no\/forlaget\/produkt\/nar-sola-vender-tilbake-vil-vi-vite-2\/","og_site_name":"Forlaget Press","article_publisher":"https:\/\/www.facebook.com\/Forlagetpress","article_modified_time":"2026-03-04T11:37:42+00:00","og_image":[{"width":720,"height":1053,"url":"https:\/\/staging.forenteforlag.no\/forlaget\/wp-content\/uploads\/sites\/3\/2026\/02\/9788232802791.jpg","type":"image\/jpeg"}],"twitter_card":"summary_large_image","twitter_misc":{"Ansl. lesetid":"1 minutt"},"schema":{"@context":"https:\/\/schema.org","@graph":[{"@type":"WebPage","@id":"https:\/\/staging.forenteforlag.no\/forlaget\/produkt\/nar-sola-vender-tilbake-vil-vi-vite-2\/","url":"https:\/\/staging.forenteforlag.no\/forlaget\/produkt\/nar-sola-vender-tilbake-vil-vi-vite-2\/","name":"N\u00e5r sola vender tilbake, vil vi vite - Forlaget Press","isPartOf":{"@id":"https:\/\/staging.forenteforlag.no\/forlaget\/#website"},"primaryImageOfPage":{"@id":"https:\/\/staging.forenteforlag.no\/forlaget\/produkt\/nar-sola-vender-tilbake-vil-vi-vite-2\/#primaryimage"},"image":{"@id":"https:\/\/staging.forenteforlag.no\/forlaget\/produkt\/nar-sola-vender-tilbake-vil-vi-vite-2\/#primaryimage"},"thumbnailUrl":"https:\/\/staging.forenteforlag.no\/forlaget\/wp-content\/uploads\/sites\/3\/2026\/02\/9788232802791.jpg","datePublished":"2020-04-01T00:00:00+00:00","dateModified":"2026-03-04T11:37:42+00:00","breadcrumb":{"@id":"https:\/\/staging.forenteforlag.no\/forlaget\/produkt\/nar-sola-vender-tilbake-vil-vi-vite-2\/#breadcrumb"},"inLanguage":"nb-NO","potentialAction":[{"@type":"ReadAction","target":["https:\/\/staging.forenteforlag.no\/forlaget\/produkt\/nar-sola-vender-tilbake-vil-vi-vite-2\/"]}]},{"@type":"ImageObject","inLanguage":"nb-NO","@id":"https:\/\/staging.forenteforlag.no\/forlaget\/produkt\/nar-sola-vender-tilbake-vil-vi-vite-2\/#primaryimage","url":"https:\/\/staging.forenteforlag.no\/forlaget\/wp-content\/uploads\/sites\/3\/2026\/02\/9788232802791.jpg","contentUrl":"https:\/\/staging.forenteforlag.no\/forlaget\/wp-content\/uploads\/sites\/3\/2026\/02\/9788232802791.jpg","width":720,"height":1053},{"@type":"BreadcrumbList","@id":"https:\/\/staging.forenteforlag.no\/forlaget\/produkt\/nar-sola-vender-tilbake-vil-vi-vite-2\/#breadcrumb","itemListElement":[{"@type":"ListItem","position":1,"name":"Hjem","item":"https:\/\/staging.forenteforlag.no\/forlaget\/"},{"@type":"ListItem","position":2,"name":"Alle b\u00f8ker","item":"https:\/\/staging.forenteforlag.no\/forlaget\/butikk\/"},{"@type":"ListItem","position":3,"name":"N\u00e5r sola vender tilbake, vil vi vite"}]},{"@type":"WebSite","@id":"https:\/\/staging.forenteforlag.no\/forlaget\/#website","url":"https:\/\/staging.forenteforlag.no\/forlaget\/","name":"Forlaget Press","description":"","publisher":{"@id":"https:\/\/staging.forenteforlag.no\/forlaget\/#organization"},"potentialAction":[{"@type":"SearchAction","target":{"@type":"EntryPoint","urlTemplate":"https:\/\/staging.forenteforlag.no\/forlaget\/?s={search_term_string}"},"query-input":{"@type":"PropertyValueSpecification","valueRequired":true,"valueName":"search_term_string"}}],"inLanguage":"nb-NO"},{"@type":"Organization","@id":"https:\/\/staging.forenteforlag.no\/forlaget\/#organization","name":"Forlaget Press","url":"https:\/\/staging.forenteforlag.no\/forlaget\/","logo":{"@type":"ImageObject","inLanguage":"nb-NO","@id":"https:\/\/staging.forenteforlag.no\/forlaget\/#\/schema\/logo\/image\/","url":"https:\/\/staging.forenteforlag.no\/forlaget\/wp-content\/uploads\/sites\/3\/2024\/09\/Press_logo.svg","contentUrl":"https:\/\/staging.forenteforlag.no\/forlaget\/wp-content\/uploads\/sites\/3\/2024\/09\/Press_logo.svg","width":100,"height":100,"caption":"Forlaget Press"},"image":{"@id":"https:\/\/staging.forenteforlag.no\/forlaget\/#\/schema\/logo\/image\/"},"sameAs":["https:\/\/www.facebook.com\/Forlagetpress"]}]}},"_links":{"self":[{"href":"https:\/\/staging.forenteforlag.no\/forlaget\/wp-json\/wp\/v2\/product\/20834","targetHints":{"allow":["GET"]}}],"collection":[{"href":"https:\/\/staging.forenteforlag.no\/forlaget\/wp-json\/wp\/v2\/product"}],"about":[{"href":"https:\/\/staging.forenteforlag.no\/forlaget\/wp-json\/wp\/v2\/types\/product"}],"wp:featuredmedia":[{"embeddable":true,"href":"https:\/\/staging.forenteforlag.no\/forlaget\/wp-json\/wp\/v2\/media\/26355"}],"wp:attachment":[{"href":"https:\/\/staging.forenteforlag.no\/forlaget\/wp-json\/wp\/v2\/media?parent=20834"}],"wp:term":[{"taxonomy":"product_brand","embeddable":true,"href":"https:\/\/staging.forenteforlag.no\/forlaget\/wp-json\/wp\/v2\/product_brand?post=20834"},{"taxonomy":"product_cat","embeddable":true,"href":"https:\/\/staging.forenteforlag.no\/forlaget\/wp-json\/wp\/v2\/product_cat?post=20834"},{"taxonomy":"product_tag","embeddable":true,"href":"https:\/\/staging.forenteforlag.no\/forlaget\/wp-json\/wp\/v2\/product_tag?post=20834"}],"curies":[{"name":"wp","href":"https:\/\/api.w.org\/{rel}","templated":true}]}}

Når sola vender tilbake, vil vi vite

<p>·        Fra forfatteren av Ned til elva <br />·        Solgt 1,5 millioner bøker <br />·        Independent Publisher Book Award </p>
<p>Virgil Wander eier en gammel kino i en nedlagt industriby i Midtvesten. Under en høststorm seiler han og bilen av veien og havner i den iskalde Lake Superior. Virgil overlever, men en hjernerystelse har svekket hans hukommelse og tatt fra ham språket. Han må begynne på nytt, finne igjen ordene så vel som sin egen historie. </p>
<p>En mystisk skikkelse kommer inn i Virgils liv: Rune, fra det høye nord i Tromsø, som leter etter sin forvunne sønn. Han røyker pipe og lager de mest fantasifulle drager, som han flyr over Lake Superior. Med den gamle kinoen som sentrum, samler de to og et knippe venner seg om en tilværelse bygget på gamle filmer, vennskap og muligheten for å starte på ny. </p>
<p>Dette er &#8216;The American-novel&#8217; anno 2019: Et lite og stillferdig liv under en diger himmel, plassert midt på et enormt kontinent. Når sola vender tilbake, vil vi vite er en lavmælt fortelling, men full av språklig lekenhet og lun humor &#8211; en fortelling som insisterer på anstendighet så vel som magien i de små hendelser i hverdagen, alt det skjøre og rare som holder et liv sammen.</p>

<p>· Fra forfatteren av Ned til elva · Solgt 1,5 millioner bøker · Independent Publisher Book Award Virgil Wander eier en gammel kino i en nedlagt industriby i Midtvesten. Under en høststorm seiler han og bilen av veien og havner i den iskalde Lake Superior. Virgil overlever, men en hjernerystelse har svekket hans hukommelse og [&hellip;]</p>

<!-- This site is optimized with the Yoast SEO plugin v26.6 - https://yoast.com/wordpress/plugins/seo/ -->
<title>Når sola vender tilbake, vil vi vite - Forlaget Press</title>
<meta name="robots" content="noindex, follow, max-snippet:-1, max-image-preview:large, max-video-preview:-1" />
<meta property="og:locale" content="nb_NO" />
<meta property="og:type" content="article" />
<meta property="og:title" content="Når sola vender tilbake, vil vi vite - Forlaget Press" />
<meta property="og:description" content="· Fra forfatteren av Ned til elva · Solgt 1,5 millioner bøker · Independent Publisher Book Award Virgil Wander eier en gammel kino i en nedlagt industriby i Midtvesten. Under en høststorm seiler han og bilen av veien og havner i den iskalde Lake Superior. Virgil overlever, men en hjernerystelse har svekket hans hukommelse og [&hellip;]" />
<meta property="og:url" content="https://staging.forenteforlag.no/forlaget/produkt/nar-sola-vender-tilbake-vil-vi-vite-2/" />
<meta property="og:site_name" content="Forlaget Press" />
<meta property="article:publisher" content="https://www.facebook.com/Forlagetpress" />
<meta property="article:modified_time" content="2026-03-04T11:37:42+00:00" />
<meta property="og:image" content="https://staging.forenteforlag.no/forlaget/wp-content/uploads/sites/3/2026/02/9788232802791.jpg" />
	<meta property="og:image:width" content="720" />
	<meta property="og:image:height" content="1053" />
	<meta property="og:image:type" content="image/jpeg" />
<meta name="twitter:card" content="summary_large_image" />
<meta name="twitter:label1" content="Ansl. lesetid" />
	<meta name="twitter:data1" content="1 minutt" />
<script type="application/ld+json" class="yoast-schema-graph">{"@context":"https://schema.org","@graph":[{"@type":"WebPage","@id":"https://staging.forenteforlag.no/forlaget/produkt/nar-sola-vender-tilbake-vil-vi-vite-2/","url":"https://staging.forenteforlag.no/forlaget/produkt/nar-sola-vender-tilbake-vil-vi-vite-2/","name":"Når sola vender tilbake, vil vi vite - Forlaget Press","isPartOf":{"@id":"https://staging.forenteforlag.no/forlaget/#website"},"primaryImageOfPage":{"@id":"https://staging.forenteforlag.no/forlaget/produkt/nar-sola-vender-tilbake-vil-vi-vite-2/#primaryimage"},"image":{"@id":"https://staging.forenteforlag.no/forlaget/produkt/nar-sola-vender-tilbake-vil-vi-vite-2/#primaryimage"},"thumbnailUrl":"https://staging.forenteforlag.no/forlaget/wp-content/uploads/sites/3/2026/02/9788232802791.jpg","datePublished":"2020-04-01T00:00:00+00:00","dateModified":"2026-03-04T11:37:42+00:00","breadcrumb":{"@id":"https://staging.forenteforlag.no/forlaget/produkt/nar-sola-vender-tilbake-vil-vi-vite-2/#breadcrumb"},"inLanguage":"nb-NO","potentialAction":[{"@type":"ReadAction","target":["https://staging.forenteforlag.no/forlaget/produkt/nar-sola-vender-tilbake-vil-vi-vite-2/"]}]},{"@type":"ImageObject","inLanguage":"nb-NO","@id":"https://staging.forenteforlag.no/forlaget/produkt/nar-sola-vender-tilbake-vil-vi-vite-2/#primaryimage","url":"https://staging.forenteforlag.no/forlaget/wp-content/uploads/sites/3/2026/02/9788232802791.jpg","contentUrl":"https://staging.forenteforlag.no/forlaget/wp-content/uploads/sites/3/2026/02/9788232802791.jpg","width":720,"height":1053},{"@type":"BreadcrumbList","@id":"https://staging.forenteforlag.no/forlaget/produkt/nar-sola-vender-tilbake-vil-vi-vite-2/#breadcrumb","itemListElement":[{"@type":"ListItem","position":1,"name":"Hjem","item":"https://staging.forenteforlag.no/forlaget/"},{"@type":"ListItem","position":2,"name":"Alle bøker","item":"https://staging.forenteforlag.no/forlaget/butikk/"},{"@type":"ListItem","position":3,"name":"Når sola vender tilbake, vil vi vite"}]},{"@type":"WebSite","@id":"https://staging.forenteforlag.no/forlaget/#website","url":"https://staging.forenteforlag.no/forlaget/","name":"Forlaget Press","description":"","publisher":{"@id":"https://staging.forenteforlag.no/forlaget/#organization"},"potentialAction":[{"@type":"SearchAction","target":{"@type":"EntryPoint","urlTemplate":"https://staging.forenteforlag.no/forlaget/?s={search_term_string}"},"query-input":{"@type":"PropertyValueSpecification","valueRequired":true,"valueName":"search_term_string"}}],"inLanguage":"nb-NO"},{"@type":"Organization","@id":"https://staging.forenteforlag.no/forlaget/#organization","name":"Forlaget Press","url":"https://staging.forenteforlag.no/forlaget/","logo":{"@type":"ImageObject","inLanguage":"nb-NO","@id":"https://staging.forenteforlag.no/forlaget/#/schema/logo/image/","url":"https://staging.forenteforlag.no/forlaget/wp-content/uploads/sites/3/2024/09/Press_logo.svg","contentUrl":"https://staging.forenteforlag.no/forlaget/wp-content/uploads/sites/3/2024/09/Press_logo.svg","width":100,"height":100,"caption":"Forlaget Press"},"image":{"@id":"https://staging.forenteforlag.no/forlaget/#/schema/logo/image/"},"sameAs":["https://www.facebook.com/Forlagetpress"]}]}</script>
<!-- / Yoast SEO plugin. -->

Når sola vender tilbake, vil vi vite - Forlaget Press

· Fra forfatteren av Ned til elva · Solgt 1,5 millioner bøker · Independent Publisher Book Award Virgil Wander eier en gammel kino i en nedlagt industriby i Midtvesten. Under en høststorm seiler han og bilen av veien og havner i den iskalde Lake Superior. Virgil overlever, men en hjernerystelse har svekket hans hukommelse og [&hellip;]

Alle bøker
