{"id":20803,"date":"2020-03-10T01:00:00","date_gmt":"2020-03-10T00:00:00","guid":{"rendered":"https:\/\/forlagetpress.forenteforlag.no\/produkt\/krigen-mot-bakteriene-2\/"},"modified":"2026-03-04T12:39:10","modified_gmt":"2026-03-04T11:39:10","slug":"krigen-mot-bakteriene-2","status":"publish","type":"product","link":"https:\/\/staging.forenteforlag.no\/forlaget\/produkt\/krigen-mot-bakteriene-2\/","title":{"rendered":"Krigen mot bakteriene"},"content":{"rendered":"<p>Antibiotikaresistens er en snikende epidemi som truer med \u00e5 \u00f8delegge det globale helsevesenet innenfra. Hvis antibiotika slutter \u00e5 virke, kan det moderne medisinske systemet langt p\u00e5 vei kollapse: Risikoen ved alle operasjoner vil \u00f8ke radikalt, sykdommer vi trodde vi hadde bekjempet vil igjen bli d\u00f8delige &#8211; ja selv kolera og pest kan komme tilbake som store epidemier. Likevel snakker vi nesten aldri om trusselen som omgir oss &#8211; og det globale overforbruket av antibiotika fortsetter, b\u00e5de i medisinen og i jordbruket. I boka kartlegger Erik Martiniussen en av de st\u00f8rste utfordringene verden st\u00e5r ovenfor i dag.  <\/p>\n<p>Men Krigen mot bakteriene er ogs\u00e5 en fascinerende utforskning av mulighetene vi har for \u00e5 l\u00f8se krisen. Erik Martiniussen snakker med helsearbeidere i Troms\u00f8, Georgia, Polen og USA om hvordan antibiotikabruk kan reduseres drastisk. Han bes\u00f8ker b\u00f8nder og jordbrukseksperter i Storbritannia, Belgia og Vestfold for \u00e5 l\u00e6re mer om dyrehold uten antibiotika. Han jakter etter nye bakteriedrepere p\u00e5 tubestasjoner i London eller i elvemudderet langs Themsen. Og han utforsker de glemte kurene &#8211; og den nye kunnskapen om bakterienes vesen &#8211; som gj\u00f8r det mulig \u00e5 se for seg et helsevesen langt mindre avhengig av antibiotika. Kanskje kan krigen mot bakteriene f\u00f8rst vinnes hvis vi slutter \u00e5 se p\u00e5 dette som en krig? Krigen mot bakteriene er popul\u00e6rvitenskapelig formidling p\u00e5 h\u00f8yt internasjonalt niv\u00e5 &#8211; og en bok som vil hjelpe oss \u00e5 se l\u00f8sninger p\u00e5 krisen vi st\u00e5r oppe i. <\/p>\n<p>Erik Martiniussen (f. 1975) er journalist og forfatter, og debuterte med den mye omtalte sakprosaboka Drivhuseffekten &#8211; klimapolitikken som forsvant (2013). Krigen mot bakteriene har allerede vakt bred interesse blant internasjonale forleggere.<\/p>\n","protected":false},"excerpt":{"rendered":"<p>Antibiotikaresistens er en snikende epidemi som truer med \u00e5 \u00f8delegge det globale helsevesenet innenfra. Hvis antibiotika slutter \u00e5 virke, kan det moderne medisinske systemet langt p\u00e5 vei kollapse: Risikoen ved alle operasjoner vil \u00f8ke radikalt, sykdommer vi trodde vi hadde bekjempet vil igjen bli d\u00f8delige &#8211; ja selv kolera og pest kan komme tilbake som [&hellip;]<\/p>\n","protected":false},"featured_media":26384,"template":"","meta":{"_acf_changed":false,"inline_featured_image":false},"product_brand":[],"product_cat":[1781],"product_tag":[507,362,508,509],"class_list":{"0":"post-20803","1":"product","2":"type-product","3":"status-publish","4":"has-post-thumbnail","6":"product_cat-rabattkodekampanje","7":"product_tag-bakterier","8":"product_tag-faglitteratur","9":"product_tag-folkehelse","10":"product_tag-legemidler","12":"first","13":"outofstock","14":"shipping-taxable","15":"purchasable","16":"product-type-simple"},"acf":{"anmeldelse":null},"yoast_head":"<!-- This site is optimized with the Yoast SEO plugin v26.6 - https:\/\/yoast.com\/wordpress\/plugins\/seo\/ -->\n<title>Krigen mot bakteriene - Forlaget Press<\/title>\n<meta name=\"robots\" content=\"noindex, follow, max-snippet:-1, max-image-preview:large, max-video-preview:-1\" \/>\n<meta property=\"og:locale\" content=\"nb_NO\" \/>\n<meta property=\"og:type\" content=\"article\" \/>\n<meta property=\"og:title\" content=\"Krigen mot bakteriene - Forlaget Press\" \/>\n<meta property=\"og:description\" content=\"Antibiotikaresistens er en snikende epidemi som truer med \u00e5 \u00f8delegge det globale helsevesenet innenfra. Hvis antibiotika slutter \u00e5 virke, kan det moderne medisinske systemet langt p\u00e5 vei kollapse: Risikoen ved alle operasjoner vil \u00f8ke radikalt, sykdommer vi trodde vi hadde bekjempet vil igjen bli d\u00f8delige &#8211; ja selv kolera og pest kan komme tilbake som [&hellip;]\" \/>\n<meta property=\"og:url\" content=\"https:\/\/staging.forenteforlag.no\/forlaget\/produkt\/krigen-mot-bakteriene-2\/\" \/>\n<meta property=\"og:site_name\" content=\"Forlaget Press\" \/>\n<meta property=\"article:publisher\" content=\"https:\/\/www.facebook.com\/Forlagetpress\" \/>\n<meta property=\"article:modified_time\" content=\"2026-03-04T11:39:10+00:00\" \/>\n<meta property=\"og:image\" content=\"https:\/\/staging.forenteforlag.no\/forlaget\/wp-content\/uploads\/sites\/3\/2026\/02\/9788232803309.jpg\" \/>\n\t<meta property=\"og:image:width\" content=\"720\" \/>\n\t<meta property=\"og:image:height\" content=\"1078\" \/>\n\t<meta property=\"og:image:type\" content=\"image\/jpeg\" \/>\n<meta name=\"twitter:card\" content=\"summary_large_image\" \/>\n<meta name=\"twitter:label1\" content=\"Ansl. lesetid\" \/>\n\t<meta name=\"twitter:data1\" content=\"1 minutt\" \/>\n<script type=\"application\/ld+json\" class=\"yoast-schema-graph\">{\"@context\":\"https:\/\/schema.org\",\"@graph\":[{\"@type\":\"WebPage\",\"@id\":\"https:\/\/staging.forenteforlag.no\/forlaget\/produkt\/krigen-mot-bakteriene-2\/\",\"url\":\"https:\/\/staging.forenteforlag.no\/forlaget\/produkt\/krigen-mot-bakteriene-2\/\",\"name\":\"Krigen mot bakteriene - Forlaget Press\",\"isPartOf\":{\"@id\":\"https:\/\/staging.forenteforlag.no\/forlaget\/#website\"},\"primaryImageOfPage\":{\"@id\":\"https:\/\/staging.forenteforlag.no\/forlaget\/produkt\/krigen-mot-bakteriene-2\/#primaryimage\"},\"image\":{\"@id\":\"https:\/\/staging.forenteforlag.no\/forlaget\/produkt\/krigen-mot-bakteriene-2\/#primaryimage\"},\"thumbnailUrl\":\"https:\/\/staging.forenteforlag.no\/forlaget\/wp-content\/uploads\/sites\/3\/2026\/02\/9788232803309.jpg\",\"datePublished\":\"2020-03-10T00:00:00+00:00\",\"dateModified\":\"2026-03-04T11:39:10+00:00\",\"breadcrumb\":{\"@id\":\"https:\/\/staging.forenteforlag.no\/forlaget\/produkt\/krigen-mot-bakteriene-2\/#breadcrumb\"},\"inLanguage\":\"nb-NO\",\"potentialAction\":[{\"@type\":\"ReadAction\",\"target\":[\"https:\/\/staging.forenteforlag.no\/forlaget\/produkt\/krigen-mot-bakteriene-2\/\"]}]},{\"@type\":\"ImageObject\",\"inLanguage\":\"nb-NO\",\"@id\":\"https:\/\/staging.forenteforlag.no\/forlaget\/produkt\/krigen-mot-bakteriene-2\/#primaryimage\",\"url\":\"https:\/\/staging.forenteforlag.no\/forlaget\/wp-content\/uploads\/sites\/3\/2026\/02\/9788232803309.jpg\",\"contentUrl\":\"https:\/\/staging.forenteforlag.no\/forlaget\/wp-content\/uploads\/sites\/3\/2026\/02\/9788232803309.jpg\",\"width\":720,\"height\":1078},{\"@type\":\"BreadcrumbList\",\"@id\":\"https:\/\/staging.forenteforlag.no\/forlaget\/produkt\/krigen-mot-bakteriene-2\/#breadcrumb\",\"itemListElement\":[{\"@type\":\"ListItem\",\"position\":1,\"name\":\"Hjem\",\"item\":\"https:\/\/staging.forenteforlag.no\/forlaget\/\"},{\"@type\":\"ListItem\",\"position\":2,\"name\":\"Alle b\u00f8ker\",\"item\":\"https:\/\/staging.forenteforlag.no\/forlaget\/butikk\/\"},{\"@type\":\"ListItem\",\"position\":3,\"name\":\"Krigen mot bakteriene\"}]},{\"@type\":\"WebSite\",\"@id\":\"https:\/\/staging.forenteforlag.no\/forlaget\/#website\",\"url\":\"https:\/\/staging.forenteforlag.no\/forlaget\/\",\"name\":\"Forlaget Press\",\"description\":\"\",\"publisher\":{\"@id\":\"https:\/\/staging.forenteforlag.no\/forlaget\/#organization\"},\"potentialAction\":[{\"@type\":\"SearchAction\",\"target\":{\"@type\":\"EntryPoint\",\"urlTemplate\":\"https:\/\/staging.forenteforlag.no\/forlaget\/?s={search_term_string}\"},\"query-input\":{\"@type\":\"PropertyValueSpecification\",\"valueRequired\":true,\"valueName\":\"search_term_string\"}}],\"inLanguage\":\"nb-NO\"},{\"@type\":\"Organization\",\"@id\":\"https:\/\/staging.forenteforlag.no\/forlaget\/#organization\",\"name\":\"Forlaget Press\",\"url\":\"https:\/\/staging.forenteforlag.no\/forlaget\/\",\"logo\":{\"@type\":\"ImageObject\",\"inLanguage\":\"nb-NO\",\"@id\":\"https:\/\/staging.forenteforlag.no\/forlaget\/#\/schema\/logo\/image\/\",\"url\":\"https:\/\/staging.forenteforlag.no\/forlaget\/wp-content\/uploads\/sites\/3\/2024\/09\/Press_logo.svg\",\"contentUrl\":\"https:\/\/staging.forenteforlag.no\/forlaget\/wp-content\/uploads\/sites\/3\/2024\/09\/Press_logo.svg\",\"width\":100,\"height\":100,\"caption\":\"Forlaget Press\"},\"image\":{\"@id\":\"https:\/\/staging.forenteforlag.no\/forlaget\/#\/schema\/logo\/image\/\"},\"sameAs\":[\"https:\/\/www.facebook.com\/Forlagetpress\"]}]}<\/script>\n<!-- \/ Yoast SEO plugin. -->","yoast_head_json":{"title":"Krigen mot bakteriene - Forlaget Press","robots":{"index":"noindex","follow":"follow","max-snippet":"max-snippet:-1","max-image-preview":"max-image-preview:large","max-video-preview":"max-video-preview:-1"},"og_locale":"nb_NO","og_type":"article","og_title":"Krigen mot bakteriene - Forlaget Press","og_description":"Antibiotikaresistens er en snikende epidemi som truer med \u00e5 \u00f8delegge det globale helsevesenet innenfra. Hvis antibiotika slutter \u00e5 virke, kan det moderne medisinske systemet langt p\u00e5 vei kollapse: Risikoen ved alle operasjoner vil \u00f8ke radikalt, sykdommer vi trodde vi hadde bekjempet vil igjen bli d\u00f8delige &#8211; ja selv kolera og pest kan komme tilbake som [&hellip;]","og_url":"https:\/\/staging.forenteforlag.no\/forlaget\/produkt\/krigen-mot-bakteriene-2\/","og_site_name":"Forlaget Press","article_publisher":"https:\/\/www.facebook.com\/Forlagetpress","article_modified_time":"2026-03-04T11:39:10+00:00","og_image":[{"width":720,"height":1078,"url":"https:\/\/staging.forenteforlag.no\/forlaget\/wp-content\/uploads\/sites\/3\/2026\/02\/9788232803309.jpg","type":"image\/jpeg"}],"twitter_card":"summary_large_image","twitter_misc":{"Ansl. lesetid":"1 minutt"},"schema":{"@context":"https:\/\/schema.org","@graph":[{"@type":"WebPage","@id":"https:\/\/staging.forenteforlag.no\/forlaget\/produkt\/krigen-mot-bakteriene-2\/","url":"https:\/\/staging.forenteforlag.no\/forlaget\/produkt\/krigen-mot-bakteriene-2\/","name":"Krigen mot bakteriene - Forlaget Press","isPartOf":{"@id":"https:\/\/staging.forenteforlag.no\/forlaget\/#website"},"primaryImageOfPage":{"@id":"https:\/\/staging.forenteforlag.no\/forlaget\/produkt\/krigen-mot-bakteriene-2\/#primaryimage"},"image":{"@id":"https:\/\/staging.forenteforlag.no\/forlaget\/produkt\/krigen-mot-bakteriene-2\/#primaryimage"},"thumbnailUrl":"https:\/\/staging.forenteforlag.no\/forlaget\/wp-content\/uploads\/sites\/3\/2026\/02\/9788232803309.jpg","datePublished":"2020-03-10T00:00:00+00:00","dateModified":"2026-03-04T11:39:10+00:00","breadcrumb":{"@id":"https:\/\/staging.forenteforlag.no\/forlaget\/produkt\/krigen-mot-bakteriene-2\/#breadcrumb"},"inLanguage":"nb-NO","potentialAction":[{"@type":"ReadAction","target":["https:\/\/staging.forenteforlag.no\/forlaget\/produkt\/krigen-mot-bakteriene-2\/"]}]},{"@type":"ImageObject","inLanguage":"nb-NO","@id":"https:\/\/staging.forenteforlag.no\/forlaget\/produkt\/krigen-mot-bakteriene-2\/#primaryimage","url":"https:\/\/staging.forenteforlag.no\/forlaget\/wp-content\/uploads\/sites\/3\/2026\/02\/9788232803309.jpg","contentUrl":"https:\/\/staging.forenteforlag.no\/forlaget\/wp-content\/uploads\/sites\/3\/2026\/02\/9788232803309.jpg","width":720,"height":1078},{"@type":"BreadcrumbList","@id":"https:\/\/staging.forenteforlag.no\/forlaget\/produkt\/krigen-mot-bakteriene-2\/#breadcrumb","itemListElement":[{"@type":"ListItem","position":1,"name":"Hjem","item":"https:\/\/staging.forenteforlag.no\/forlaget\/"},{"@type":"ListItem","position":2,"name":"Alle b\u00f8ker","item":"https:\/\/staging.forenteforlag.no\/forlaget\/butikk\/"},{"@type":"ListItem","position":3,"name":"Krigen mot bakteriene"}]},{"@type":"WebSite","@id":"https:\/\/staging.forenteforlag.no\/forlaget\/#website","url":"https:\/\/staging.forenteforlag.no\/forlaget\/","name":"Forlaget Press","description":"","publisher":{"@id":"https:\/\/staging.forenteforlag.no\/forlaget\/#organization"},"potentialAction":[{"@type":"SearchAction","target":{"@type":"EntryPoint","urlTemplate":"https:\/\/staging.forenteforlag.no\/forlaget\/?s={search_term_string}"},"query-input":{"@type":"PropertyValueSpecification","valueRequired":true,"valueName":"search_term_string"}}],"inLanguage":"nb-NO"},{"@type":"Organization","@id":"https:\/\/staging.forenteforlag.no\/forlaget\/#organization","name":"Forlaget Press","url":"https:\/\/staging.forenteforlag.no\/forlaget\/","logo":{"@type":"ImageObject","inLanguage":"nb-NO","@id":"https:\/\/staging.forenteforlag.no\/forlaget\/#\/schema\/logo\/image\/","url":"https:\/\/staging.forenteforlag.no\/forlaget\/wp-content\/uploads\/sites\/3\/2024\/09\/Press_logo.svg","contentUrl":"https:\/\/staging.forenteforlag.no\/forlaget\/wp-content\/uploads\/sites\/3\/2024\/09\/Press_logo.svg","width":100,"height":100,"caption":"Forlaget Press"},"image":{"@id":"https:\/\/staging.forenteforlag.no\/forlaget\/#\/schema\/logo\/image\/"},"sameAs":["https:\/\/www.facebook.com\/Forlagetpress"]}]}},"_links":{"self":[{"href":"https:\/\/staging.forenteforlag.no\/forlaget\/wp-json\/wp\/v2\/product\/20803","targetHints":{"allow":["GET"]}}],"collection":[{"href":"https:\/\/staging.forenteforlag.no\/forlaget\/wp-json\/wp\/v2\/product"}],"about":[{"href":"https:\/\/staging.forenteforlag.no\/forlaget\/wp-json\/wp\/v2\/types\/product"}],"wp:featuredmedia":[{"embeddable":true,"href":"https:\/\/staging.forenteforlag.no\/forlaget\/wp-json\/wp\/v2\/media\/26384"}],"wp:attachment":[{"href":"https:\/\/staging.forenteforlag.no\/forlaget\/wp-json\/wp\/v2\/media?parent=20803"}],"wp:term":[{"taxonomy":"product_brand","embeddable":true,"href":"https:\/\/staging.forenteforlag.no\/forlaget\/wp-json\/wp\/v2\/product_brand?post=20803"},{"taxonomy":"product_cat","embeddable":true,"href":"https:\/\/staging.forenteforlag.no\/forlaget\/wp-json\/wp\/v2\/product_cat?post=20803"},{"taxonomy":"product_tag","embeddable":true,"href":"https:\/\/staging.forenteforlag.no\/forlaget\/wp-json\/wp\/v2\/product_tag?post=20803"}],"curies":[{"name":"wp","href":"https:\/\/api.w.org\/{rel}","templated":true}]}}

<p>Antibiotikaresistens er en snikende epidemi som truer med å ødelegge det globale helsevesenet innenfra. Hvis antibiotika slutter å virke, kan det moderne medisinske systemet langt på vei kollapse: Risikoen ved alle operasjoner vil øke radikalt, sykdommer vi trodde vi hadde bekjempet vil igjen bli dødelige &#8211; ja selv kolera og pest kan komme tilbake som store epidemier. Likevel snakker vi nesten aldri om trusselen som omgir oss &#8211; og det globale overforbruket av antibiotika fortsetter, både i medisinen og i jordbruket. I boka kartlegger Erik Martiniussen en av de største utfordringene verden står ovenfor i dag.  </p>
<p>Men Krigen mot bakteriene er også en fascinerende utforskning av mulighetene vi har for å løse krisen. Erik Martiniussen snakker med helsearbeidere i Tromsø, Georgia, Polen og USA om hvordan antibiotikabruk kan reduseres drastisk. Han besøker bønder og jordbrukseksperter i Storbritannia, Belgia og Vestfold for å lære mer om dyrehold uten antibiotika. Han jakter etter nye bakteriedrepere på tubestasjoner i London eller i elvemudderet langs Themsen. Og han utforsker de glemte kurene &#8211; og den nye kunnskapen om bakterienes vesen &#8211; som gjør det mulig å se for seg et helsevesen langt mindre avhengig av antibiotika. Kanskje kan krigen mot bakteriene først vinnes hvis vi slutter å se på dette som en krig? Krigen mot bakteriene er populærvitenskapelig formidling på høyt internasjonalt nivå &#8211; og en bok som vil hjelpe oss å se løsninger på krisen vi står oppe i. </p>
<p>Erik Martiniussen (f. 1975) er journalist og forfatter, og debuterte med den mye omtalte sakprosaboka Drivhuseffekten &#8211; klimapolitikken som forsvant (2013). Krigen mot bakteriene har allerede vakt bred interesse blant internasjonale forleggere.</p>

<p>Antibiotikaresistens er en snikende epidemi som truer med å ødelegge det globale helsevesenet innenfra. Hvis antibiotika slutter å virke, kan det moderne medisinske systemet langt på vei kollapse: Risikoen ved alle operasjoner vil øke radikalt, sykdommer vi trodde vi hadde bekjempet vil igjen bli dødelige &#8211; ja selv kolera og pest kan komme tilbake som [&hellip;]</p>

<!-- This site is optimized with the Yoast SEO plugin v26.6 - https://yoast.com/wordpress/plugins/seo/ -->
<title>Krigen mot bakteriene - Forlaget Press</title>
<meta name="robots" content="noindex, follow, max-snippet:-1, max-image-preview:large, max-video-preview:-1" />
<meta property="og:locale" content="nb_NO" />
<meta property="og:type" content="article" />
<meta property="og:title" content="Krigen mot bakteriene - Forlaget Press" />
<meta property="og:description" content="Antibiotikaresistens er en snikende epidemi som truer med å ødelegge det globale helsevesenet innenfra. Hvis antibiotika slutter å virke, kan det moderne medisinske systemet langt på vei kollapse: Risikoen ved alle operasjoner vil øke radikalt, sykdommer vi trodde vi hadde bekjempet vil igjen bli dødelige &#8211; ja selv kolera og pest kan komme tilbake som [&hellip;]" />
<meta property="og:url" content="https://staging.forenteforlag.no/forlaget/produkt/krigen-mot-bakteriene-2/" />
<meta property="og:site_name" content="Forlaget Press" />
<meta property="article:publisher" content="https://www.facebook.com/Forlagetpress" />
<meta property="article:modified_time" content="2026-03-04T11:39:10+00:00" />
<meta property="og:image" content="https://staging.forenteforlag.no/forlaget/wp-content/uploads/sites/3/2026/02/9788232803309.jpg" />
	<meta property="og:image:width" content="720" />
	<meta property="og:image:height" content="1078" />
	<meta property="og:image:type" content="image/jpeg" />
<meta name="twitter:card" content="summary_large_image" />
<meta name="twitter:label1" content="Ansl. lesetid" />
	<meta name="twitter:data1" content="1 minutt" />
<script type="application/ld+json" class="yoast-schema-graph">{"@context":"https://schema.org","@graph":[{"@type":"WebPage","@id":"https://staging.forenteforlag.no/forlaget/produkt/krigen-mot-bakteriene-2/","url":"https://staging.forenteforlag.no/forlaget/produkt/krigen-mot-bakteriene-2/","name":"Krigen mot bakteriene - Forlaget Press","isPartOf":{"@id":"https://staging.forenteforlag.no/forlaget/#website"},"primaryImageOfPage":{"@id":"https://staging.forenteforlag.no/forlaget/produkt/krigen-mot-bakteriene-2/#primaryimage"},"image":{"@id":"https://staging.forenteforlag.no/forlaget/produkt/krigen-mot-bakteriene-2/#primaryimage"},"thumbnailUrl":"https://staging.forenteforlag.no/forlaget/wp-content/uploads/sites/3/2026/02/9788232803309.jpg","datePublished":"2020-03-10T00:00:00+00:00","dateModified":"2026-03-04T11:39:10+00:00","breadcrumb":{"@id":"https://staging.forenteforlag.no/forlaget/produkt/krigen-mot-bakteriene-2/#breadcrumb"},"inLanguage":"nb-NO","potentialAction":[{"@type":"ReadAction","target":["https://staging.forenteforlag.no/forlaget/produkt/krigen-mot-bakteriene-2/"]}]},{"@type":"ImageObject","inLanguage":"nb-NO","@id":"https://staging.forenteforlag.no/forlaget/produkt/krigen-mot-bakteriene-2/#primaryimage","url":"https://staging.forenteforlag.no/forlaget/wp-content/uploads/sites/3/2026/02/9788232803309.jpg","contentUrl":"https://staging.forenteforlag.no/forlaget/wp-content/uploads/sites/3/2026/02/9788232803309.jpg","width":720,"height":1078},{"@type":"BreadcrumbList","@id":"https://staging.forenteforlag.no/forlaget/produkt/krigen-mot-bakteriene-2/#breadcrumb","itemListElement":[{"@type":"ListItem","position":1,"name":"Hjem","item":"https://staging.forenteforlag.no/forlaget/"},{"@type":"ListItem","position":2,"name":"Alle bøker","item":"https://staging.forenteforlag.no/forlaget/butikk/"},{"@type":"ListItem","position":3,"name":"Krigen mot bakteriene"}]},{"@type":"WebSite","@id":"https://staging.forenteforlag.no/forlaget/#website","url":"https://staging.forenteforlag.no/forlaget/","name":"Forlaget Press","description":"","publisher":{"@id":"https://staging.forenteforlag.no/forlaget/#organization"},"potentialAction":[{"@type":"SearchAction","target":{"@type":"EntryPoint","urlTemplate":"https://staging.forenteforlag.no/forlaget/?s={search_term_string}"},"query-input":{"@type":"PropertyValueSpecification","valueRequired":true,"valueName":"search_term_string"}}],"inLanguage":"nb-NO"},{"@type":"Organization","@id":"https://staging.forenteforlag.no/forlaget/#organization","name":"Forlaget Press","url":"https://staging.forenteforlag.no/forlaget/","logo":{"@type":"ImageObject","inLanguage":"nb-NO","@id":"https://staging.forenteforlag.no/forlaget/#/schema/logo/image/","url":"https://staging.forenteforlag.no/forlaget/wp-content/uploads/sites/3/2024/09/Press_logo.svg","contentUrl":"https://staging.forenteforlag.no/forlaget/wp-content/uploads/sites/3/2024/09/Press_logo.svg","width":100,"height":100,"caption":"Forlaget Press"},"image":{"@id":"https://staging.forenteforlag.no/forlaget/#/schema/logo/image/"},"sameAs":["https://www.facebook.com/Forlagetpress"]}]}</script>
<!-- / Yoast SEO plugin. -->

Antibiotikaresistens er en snikende epidemi som truer med å ødelegge det globale helsevesenet innenfra. Hvis antibiotika slutter å virke, kan det moderne medisinske systemet langt på vei kollapse: Risikoen ved alle operasjoner vil øke radikalt, sykdommer vi trodde vi hadde bekjempet vil igjen bli dødelige &#8211; ja selv kolera og pest kan komme tilbake som [&hellip;]

Alle bøker
