{"id":20655,"date":"2020-02-13T01:00:00","date_gmt":"2020-02-13T00:00:00","guid":{"rendered":"https:\/\/forlagetpress.forenteforlag.no\/produkt\/jeg-blir-borte-i-morket\/"},"modified":"2026-03-03T18:45:43","modified_gmt":"2026-03-03T17:45:43","slug":"jeg-blir-borte-i-morket","status":"publish","type":"product","link":"https:\/\/staging.forenteforlag.no\/forlaget\/produkt\/jeg-blir-borte-i-morket\/","title":{"rendered":"Jeg blir borte i m\u00f8rket"},"content":{"rendered":"<p>Den sanne historien om den ukjente seriemorderen som terroriserte California p\u00e5 1970- og 1980- tallet &#8211; og om journalisten Michelle McNamara som tre ti\u00e5r senere til slutt var med p\u00e5 \u00e5 l\u00f8se saken om Golden State-morderen. Jeg blir borte i m\u00f8rket er en av de mest omtalte true crime-b\u00f8kene noensinne &#8211; og et ekte, rystende mesterverk i sjangeren. I mer enn ti \u00e5r ble California p\u00e5 1970- og 1980-tallet terrorisert av en ukjent massemorder. F\u00f8rst over femti forskjellige tilfeller av innbrudd og voldtekt i omr\u00e5det rundt Sacramento. S\u00e5 beveget gjerningsmannen seg s\u00f8rover: Mellom 1979 og 1986 begikk han minst ti sadistiske drap langs s\u00f8rkysten av California. Morderen br\u00f8t seg inn hos intetanende familier, voldtok og torturerte folk i hjemmene deres, tilsynelatende uten \u00e5 etterlate seg spor.<\/p>\n<p>Tre ti\u00e5r senere tok journalisten Michelle McNamara opp jakten p\u00e5 den ukjente drapsmannen. Forfatteren gransket gamle politirapporter og gulnede aviser, intervjuet ofre og vitner, forfulgte spor og tips rundt om i Californias forsteder. Sannheten kunne ikke lenger vente. Jeg blir borte i m\u00f8rket er true crime-mesterverket McNamara var i ferd med \u00e5 avslutte da hun d\u00f8de i 2016. Boka er et unikt tidsbilde fra den amerikanske vestkysten &#8211; og en original og skremmende skildring av en utspekulert drapsmann og lidelsene han etterlot seg. Men den er ogs\u00e5 et portrett av en kvinnes besettelse, og hennes ub\u00f8nnh\u00f8rlige jakt p\u00e5 sannheten. Etter McNamaras d\u00f8d ble boka fullf\u00f8rt p\u00e5 grunnlag av forfatterens notater. To m\u00e5neder etter at Jeg blir borte i m\u00f8rket ble utgitt i februar 2018, offentliggjorde politiet i California at de hadde identifisert Golden Statemorderen: en pensjonert politimann bosatt i Sacramento, ved navn Joseph James DeAngelo. Michelle McNamara hadde endelig oppn\u00e5dd det hun kjempet for.<\/p>\n","protected":false},"excerpt":{"rendered":"<p>Den sanne historien om den ukjente seriemorderen som terroriserte California p\u00e5 1970- og 1980- tallet &#8211; og om journalisten Michelle McNamara som tre ti\u00e5r senere til slutt var med p\u00e5 \u00e5 l\u00f8se saken om Golden State-morderen. Jeg blir borte i m\u00f8rket er en av de mest omtalte true crime-b\u00f8kene noensinne &#8211; og et ekte, rystende [&hellip;]<\/p>\n","protected":false},"featured_media":26390,"template":"","meta":{"_acf_changed":false,"inline_featured_image":false},"product_brand":[],"product_cat":[1781],"product_tag":[362],"class_list":{"0":"post-20655","1":"product","2":"type-product","3":"status-publish","4":"has-post-thumbnail","6":"product_cat-rabattkodekampanje","7":"product_tag-faglitteratur","9":"first","10":"instock","11":"shipping-taxable","12":"purchasable","13":"product-type-simple"},"acf":{"anmeldelse":null},"yoast_head":"<!-- This site is optimized with the Yoast SEO plugin v26.6 - https:\/\/yoast.com\/wordpress\/plugins\/seo\/ -->\n<title>Jeg blir borte i m\u00f8rket - Forlaget Press<\/title>\n<meta name=\"robots\" content=\"noindex, follow, max-snippet:-1, max-image-preview:large, max-video-preview:-1\" \/>\n<meta property=\"og:locale\" content=\"nb_NO\" \/>\n<meta property=\"og:type\" content=\"article\" \/>\n<meta property=\"og:title\" content=\"Jeg blir borte i m\u00f8rket - Forlaget Press\" \/>\n<meta property=\"og:description\" content=\"Den sanne historien om den ukjente seriemorderen som terroriserte California p\u00e5 1970- og 1980- tallet &#8211; og om journalisten Michelle McNamara som tre ti\u00e5r senere til slutt var med p\u00e5 \u00e5 l\u00f8se saken om Golden State-morderen. Jeg blir borte i m\u00f8rket er en av de mest omtalte true crime-b\u00f8kene noensinne &#8211; og et ekte, rystende [&hellip;]\" \/>\n<meta property=\"og:url\" content=\"https:\/\/staging.forenteforlag.no\/forlaget\/produkt\/jeg-blir-borte-i-morket\/\" \/>\n<meta property=\"og:site_name\" content=\"Forlaget Press\" \/>\n<meta property=\"article:publisher\" content=\"https:\/\/www.facebook.com\/Forlagetpress\" \/>\n<meta property=\"article:modified_time\" content=\"2026-03-03T17:45:43+00:00\" \/>\n<meta property=\"og:image\" content=\"https:\/\/staging.forenteforlag.no\/forlaget\/wp-content\/uploads\/sites\/3\/2026\/02\/9788232803361.jpg\" \/>\n\t<meta property=\"og:image:width\" content=\"720\" \/>\n\t<meta property=\"og:image:height\" content=\"1091\" \/>\n\t<meta property=\"og:image:type\" content=\"image\/jpeg\" \/>\n<meta name=\"twitter:card\" content=\"summary_large_image\" \/>\n<meta name=\"twitter:label1\" content=\"Ansl. lesetid\" \/>\n\t<meta name=\"twitter:data1\" content=\"1 minutt\" \/>\n<script type=\"application\/ld+json\" class=\"yoast-schema-graph\">{\"@context\":\"https:\/\/schema.org\",\"@graph\":[{\"@type\":\"WebPage\",\"@id\":\"https:\/\/staging.forenteforlag.no\/forlaget\/produkt\/jeg-blir-borte-i-morket\/\",\"url\":\"https:\/\/staging.forenteforlag.no\/forlaget\/produkt\/jeg-blir-borte-i-morket\/\",\"name\":\"Jeg blir borte i m\u00f8rket - Forlaget Press\",\"isPartOf\":{\"@id\":\"https:\/\/staging.forenteforlag.no\/forlaget\/#website\"},\"primaryImageOfPage\":{\"@id\":\"https:\/\/staging.forenteforlag.no\/forlaget\/produkt\/jeg-blir-borte-i-morket\/#primaryimage\"},\"image\":{\"@id\":\"https:\/\/staging.forenteforlag.no\/forlaget\/produkt\/jeg-blir-borte-i-morket\/#primaryimage\"},\"thumbnailUrl\":\"https:\/\/staging.forenteforlag.no\/forlaget\/wp-content\/uploads\/sites\/3\/2026\/02\/9788232803361.jpg\",\"datePublished\":\"2020-02-13T00:00:00+00:00\",\"dateModified\":\"2026-03-03T17:45:43+00:00\",\"breadcrumb\":{\"@id\":\"https:\/\/staging.forenteforlag.no\/forlaget\/produkt\/jeg-blir-borte-i-morket\/#breadcrumb\"},\"inLanguage\":\"nb-NO\",\"potentialAction\":[{\"@type\":\"ReadAction\",\"target\":[\"https:\/\/staging.forenteforlag.no\/forlaget\/produkt\/jeg-blir-borte-i-morket\/\"]}]},{\"@type\":\"ImageObject\",\"inLanguage\":\"nb-NO\",\"@id\":\"https:\/\/staging.forenteforlag.no\/forlaget\/produkt\/jeg-blir-borte-i-morket\/#primaryimage\",\"url\":\"https:\/\/staging.forenteforlag.no\/forlaget\/wp-content\/uploads\/sites\/3\/2026\/02\/9788232803361.jpg\",\"contentUrl\":\"https:\/\/staging.forenteforlag.no\/forlaget\/wp-content\/uploads\/sites\/3\/2026\/02\/9788232803361.jpg\",\"width\":720,\"height\":1091},{\"@type\":\"BreadcrumbList\",\"@id\":\"https:\/\/staging.forenteforlag.no\/forlaget\/produkt\/jeg-blir-borte-i-morket\/#breadcrumb\",\"itemListElement\":[{\"@type\":\"ListItem\",\"position\":1,\"name\":\"Hjem\",\"item\":\"https:\/\/staging.forenteforlag.no\/forlaget\/\"},{\"@type\":\"ListItem\",\"position\":2,\"name\":\"Alle b\u00f8ker\",\"item\":\"https:\/\/staging.forenteforlag.no\/forlaget\/butikk\/\"},{\"@type\":\"ListItem\",\"position\":3,\"name\":\"Jeg blir borte i m\u00f8rket\"}]},{\"@type\":\"WebSite\",\"@id\":\"https:\/\/staging.forenteforlag.no\/forlaget\/#website\",\"url\":\"https:\/\/staging.forenteforlag.no\/forlaget\/\",\"name\":\"Forlaget Press\",\"description\":\"\",\"publisher\":{\"@id\":\"https:\/\/staging.forenteforlag.no\/forlaget\/#organization\"},\"potentialAction\":[{\"@type\":\"SearchAction\",\"target\":{\"@type\":\"EntryPoint\",\"urlTemplate\":\"https:\/\/staging.forenteforlag.no\/forlaget\/?s={search_term_string}\"},\"query-input\":{\"@type\":\"PropertyValueSpecification\",\"valueRequired\":true,\"valueName\":\"search_term_string\"}}],\"inLanguage\":\"nb-NO\"},{\"@type\":\"Organization\",\"@id\":\"https:\/\/staging.forenteforlag.no\/forlaget\/#organization\",\"name\":\"Forlaget Press\",\"url\":\"https:\/\/staging.forenteforlag.no\/forlaget\/\",\"logo\":{\"@type\":\"ImageObject\",\"inLanguage\":\"nb-NO\",\"@id\":\"https:\/\/staging.forenteforlag.no\/forlaget\/#\/schema\/logo\/image\/\",\"url\":\"https:\/\/staging.forenteforlag.no\/forlaget\/wp-content\/uploads\/sites\/3\/2024\/09\/Press_logo.svg\",\"contentUrl\":\"https:\/\/staging.forenteforlag.no\/forlaget\/wp-content\/uploads\/sites\/3\/2024\/09\/Press_logo.svg\",\"width\":100,\"height\":100,\"caption\":\"Forlaget Press\"},\"image\":{\"@id\":\"https:\/\/staging.forenteforlag.no\/forlaget\/#\/schema\/logo\/image\/\"},\"sameAs\":[\"https:\/\/www.facebook.com\/Forlagetpress\"]}]}<\/script>\n<!-- \/ Yoast SEO plugin. -->","yoast_head_json":{"title":"Jeg blir borte i m\u00f8rket - Forlaget Press","robots":{"index":"noindex","follow":"follow","max-snippet":"max-snippet:-1","max-image-preview":"max-image-preview:large","max-video-preview":"max-video-preview:-1"},"og_locale":"nb_NO","og_type":"article","og_title":"Jeg blir borte i m\u00f8rket - Forlaget Press","og_description":"Den sanne historien om den ukjente seriemorderen som terroriserte California p\u00e5 1970- og 1980- tallet &#8211; og om journalisten Michelle McNamara som tre ti\u00e5r senere til slutt var med p\u00e5 \u00e5 l\u00f8se saken om Golden State-morderen. Jeg blir borte i m\u00f8rket er en av de mest omtalte true crime-b\u00f8kene noensinne &#8211; og et ekte, rystende [&hellip;]","og_url":"https:\/\/staging.forenteforlag.no\/forlaget\/produkt\/jeg-blir-borte-i-morket\/","og_site_name":"Forlaget Press","article_publisher":"https:\/\/www.facebook.com\/Forlagetpress","article_modified_time":"2026-03-03T17:45:43+00:00","og_image":[{"width":720,"height":1091,"url":"https:\/\/staging.forenteforlag.no\/forlaget\/wp-content\/uploads\/sites\/3\/2026\/02\/9788232803361.jpg","type":"image\/jpeg"}],"twitter_card":"summary_large_image","twitter_misc":{"Ansl. lesetid":"1 minutt"},"schema":{"@context":"https:\/\/schema.org","@graph":[{"@type":"WebPage","@id":"https:\/\/staging.forenteforlag.no\/forlaget\/produkt\/jeg-blir-borte-i-morket\/","url":"https:\/\/staging.forenteforlag.no\/forlaget\/produkt\/jeg-blir-borte-i-morket\/","name":"Jeg blir borte i m\u00f8rket - Forlaget Press","isPartOf":{"@id":"https:\/\/staging.forenteforlag.no\/forlaget\/#website"},"primaryImageOfPage":{"@id":"https:\/\/staging.forenteforlag.no\/forlaget\/produkt\/jeg-blir-borte-i-morket\/#primaryimage"},"image":{"@id":"https:\/\/staging.forenteforlag.no\/forlaget\/produkt\/jeg-blir-borte-i-morket\/#primaryimage"},"thumbnailUrl":"https:\/\/staging.forenteforlag.no\/forlaget\/wp-content\/uploads\/sites\/3\/2026\/02\/9788232803361.jpg","datePublished":"2020-02-13T00:00:00+00:00","dateModified":"2026-03-03T17:45:43+00:00","breadcrumb":{"@id":"https:\/\/staging.forenteforlag.no\/forlaget\/produkt\/jeg-blir-borte-i-morket\/#breadcrumb"},"inLanguage":"nb-NO","potentialAction":[{"@type":"ReadAction","target":["https:\/\/staging.forenteforlag.no\/forlaget\/produkt\/jeg-blir-borte-i-morket\/"]}]},{"@type":"ImageObject","inLanguage":"nb-NO","@id":"https:\/\/staging.forenteforlag.no\/forlaget\/produkt\/jeg-blir-borte-i-morket\/#primaryimage","url":"https:\/\/staging.forenteforlag.no\/forlaget\/wp-content\/uploads\/sites\/3\/2026\/02\/9788232803361.jpg","contentUrl":"https:\/\/staging.forenteforlag.no\/forlaget\/wp-content\/uploads\/sites\/3\/2026\/02\/9788232803361.jpg","width":720,"height":1091},{"@type":"BreadcrumbList","@id":"https:\/\/staging.forenteforlag.no\/forlaget\/produkt\/jeg-blir-borte-i-morket\/#breadcrumb","itemListElement":[{"@type":"ListItem","position":1,"name":"Hjem","item":"https:\/\/staging.forenteforlag.no\/forlaget\/"},{"@type":"ListItem","position":2,"name":"Alle b\u00f8ker","item":"https:\/\/staging.forenteforlag.no\/forlaget\/butikk\/"},{"@type":"ListItem","position":3,"name":"Jeg blir borte i m\u00f8rket"}]},{"@type":"WebSite","@id":"https:\/\/staging.forenteforlag.no\/forlaget\/#website","url":"https:\/\/staging.forenteforlag.no\/forlaget\/","name":"Forlaget Press","description":"","publisher":{"@id":"https:\/\/staging.forenteforlag.no\/forlaget\/#organization"},"potentialAction":[{"@type":"SearchAction","target":{"@type":"EntryPoint","urlTemplate":"https:\/\/staging.forenteforlag.no\/forlaget\/?s={search_term_string}"},"query-input":{"@type":"PropertyValueSpecification","valueRequired":true,"valueName":"search_term_string"}}],"inLanguage":"nb-NO"},{"@type":"Organization","@id":"https:\/\/staging.forenteforlag.no\/forlaget\/#organization","name":"Forlaget Press","url":"https:\/\/staging.forenteforlag.no\/forlaget\/","logo":{"@type":"ImageObject","inLanguage":"nb-NO","@id":"https:\/\/staging.forenteforlag.no\/forlaget\/#\/schema\/logo\/image\/","url":"https:\/\/staging.forenteforlag.no\/forlaget\/wp-content\/uploads\/sites\/3\/2024\/09\/Press_logo.svg","contentUrl":"https:\/\/staging.forenteforlag.no\/forlaget\/wp-content\/uploads\/sites\/3\/2024\/09\/Press_logo.svg","width":100,"height":100,"caption":"Forlaget Press"},"image":{"@id":"https:\/\/staging.forenteforlag.no\/forlaget\/#\/schema\/logo\/image\/"},"sameAs":["https:\/\/www.facebook.com\/Forlagetpress"]}]}},"_links":{"self":[{"href":"https:\/\/staging.forenteforlag.no\/forlaget\/wp-json\/wp\/v2\/product\/20655","targetHints":{"allow":["GET"]}}],"collection":[{"href":"https:\/\/staging.forenteforlag.no\/forlaget\/wp-json\/wp\/v2\/product"}],"about":[{"href":"https:\/\/staging.forenteforlag.no\/forlaget\/wp-json\/wp\/v2\/types\/product"}],"wp:featuredmedia":[{"embeddable":true,"href":"https:\/\/staging.forenteforlag.no\/forlaget\/wp-json\/wp\/v2\/media\/26390"}],"wp:attachment":[{"href":"https:\/\/staging.forenteforlag.no\/forlaget\/wp-json\/wp\/v2\/media?parent=20655"}],"wp:term":[{"taxonomy":"product_brand","embeddable":true,"href":"https:\/\/staging.forenteforlag.no\/forlaget\/wp-json\/wp\/v2\/product_brand?post=20655"},{"taxonomy":"product_cat","embeddable":true,"href":"https:\/\/staging.forenteforlag.no\/forlaget\/wp-json\/wp\/v2\/product_cat?post=20655"},{"taxonomy":"product_tag","embeddable":true,"href":"https:\/\/staging.forenteforlag.no\/forlaget\/wp-json\/wp\/v2\/product_tag?post=20655"}],"curies":[{"name":"wp","href":"https:\/\/api.w.org\/{rel}","templated":true}]}}