{"id":20622,"date":"2020-11-18T01:00:00","date_gmt":"2020-11-18T00:00:00","guid":{"rendered":"https:\/\/forlagetpress.forenteforlag.no\/produkt\/bjelken-i-mitt-oye\/"},"modified":"2026-03-04T12:40:36","modified_gmt":"2026-03-04T11:40:36","slug":"bjelken-i-mitt-oye","status":"publish","type":"product","link":"https:\/\/staging.forenteforlag.no\/forlaget\/produkt\/bjelken-i-mitt-oye\/","title":{"rendered":"Bjelken i mitt \u00f8ye"},"content":{"rendered":"<p>Denne boken handler om krig, i historien, i litteraturen og i samfunnet. Den handler om den ubegripelige ufred vi til enhver tid skaper omkring oss, p\u00e5 en planet som roper etter samhandling og fred for at vi skal fungere som individer og som samfunn. For Carsten Jensen representerer 2. september 2015 et nytt tidsskille. Det var dagen da den lille d\u00f8de kurdiske gutten ble skylt i land p\u00e5 en strand i Helles, etter at hans foreldre hadde fors\u00f8kt \u00e5 krysse Egeerhavet fra Tyrkia. Dette sterke bildet avstedkom ikke en offensiv hjelpeplan i Europa, tvert imot, det innledet det Jensen omd\u00f8per fra flyktningkrisen til flyktningkrigen. Bjelken i mitt \u00f8ye handler ogs\u00e5 om hvordan krigen i moderne tid er en krig mot unge menneskers h\u00e5p og fremtidstro. Om hvordan terror, milj\u00f8katastrofe, samfunnssplittelse og populisme koloniserer unge menneskers sinn som en form for \u00abstille krigf\u00f8ring\u00bb, og som for hvert \u00e5r skaper stadig flere unge selvmordere i v\u00e5rt samfunn.  <\/p>\n<p>\u00abCarsten Jensen [&#8230;] skriver om verdens konflikter og deler sin smerte.\u00bb John le Carr\u00e9<\/p>\n<p>Carsten Jensen &#8211; Forfatter og journalist, f. 1952 i Marstal<\/p>\n","protected":false},"excerpt":{"rendered":"<p>Denne boken handler om krig, i historien, i litteraturen og i samfunnet. Den handler om den ubegripelige ufred vi til enhver tid skaper omkring oss, p\u00e5 en planet som roper etter samhandling og fred for at vi skal fungere som individer og som samfunn. For Carsten Jensen representerer 2. september 2015 et nytt tidsskille. Det [&hellip;]<\/p>\n","protected":false},"featured_media":26406,"template":"","meta":{"_acf_changed":false,"inline_featured_image":false},"product_brand":[],"product_cat":[1781],"product_tag":[405,362,539],"class_list":{"0":"post-20622","1":"product","2":"type-product","3":"status-publish","4":"has-post-thumbnail","6":"product_cat-rabattkodekampanje","7":"product_tag-andre-verdenskrig","8":"product_tag-faglitteratur","9":"product_tag-vold","11":"first","12":"outofstock","13":"shipping-taxable","14":"purchasable","15":"product-type-simple"},"acf":{"anmeldelse":null},"yoast_head":"<!-- This site is optimized with the Yoast SEO plugin v26.6 - https:\/\/yoast.com\/wordpress\/plugins\/seo\/ -->\n<title>Bjelken i mitt \u00f8ye - Forlaget Press<\/title>\n<meta name=\"robots\" content=\"noindex, follow, max-snippet:-1, max-image-preview:large, max-video-preview:-1\" \/>\n<meta property=\"og:locale\" content=\"nb_NO\" \/>\n<meta property=\"og:type\" content=\"article\" \/>\n<meta property=\"og:title\" content=\"Bjelken i mitt \u00f8ye - Forlaget Press\" \/>\n<meta property=\"og:description\" content=\"Denne boken handler om krig, i historien, i litteraturen og i samfunnet. Den handler om den ubegripelige ufred vi til enhver tid skaper omkring oss, p\u00e5 en planet som roper etter samhandling og fred for at vi skal fungere som individer og som samfunn. For Carsten Jensen representerer 2. september 2015 et nytt tidsskille. Det [&hellip;]\" \/>\n<meta property=\"og:url\" content=\"https:\/\/staging.forenteforlag.no\/forlaget\/produkt\/bjelken-i-mitt-oye\/\" \/>\n<meta property=\"og:site_name\" content=\"Forlaget Press\" \/>\n<meta property=\"article:publisher\" content=\"https:\/\/www.facebook.com\/Forlagetpress\" \/>\n<meta property=\"article:modified_time\" content=\"2026-03-04T11:40:36+00:00\" \/>\n<meta property=\"og:image\" content=\"https:\/\/staging.forenteforlag.no\/forlaget\/wp-content\/uploads\/sites\/3\/2026\/02\/9788232803620.jpg\" \/>\n\t<meta property=\"og:image:width\" content=\"720\" \/>\n\t<meta property=\"og:image:height\" content=\"1217\" \/>\n\t<meta property=\"og:image:type\" content=\"image\/jpeg\" \/>\n<meta name=\"twitter:card\" content=\"summary_large_image\" \/>\n<meta name=\"twitter:label1\" content=\"Ansl. lesetid\" \/>\n\t<meta name=\"twitter:data1\" content=\"1 minutt\" \/>\n<script type=\"application\/ld+json\" class=\"yoast-schema-graph\">{\"@context\":\"https:\/\/schema.org\",\"@graph\":[{\"@type\":\"WebPage\",\"@id\":\"https:\/\/staging.forenteforlag.no\/forlaget\/produkt\/bjelken-i-mitt-oye\/\",\"url\":\"https:\/\/staging.forenteforlag.no\/forlaget\/produkt\/bjelken-i-mitt-oye\/\",\"name\":\"Bjelken i mitt \u00f8ye - Forlaget Press\",\"isPartOf\":{\"@id\":\"https:\/\/staging.forenteforlag.no\/forlaget\/#website\"},\"primaryImageOfPage\":{\"@id\":\"https:\/\/staging.forenteforlag.no\/forlaget\/produkt\/bjelken-i-mitt-oye\/#primaryimage\"},\"image\":{\"@id\":\"https:\/\/staging.forenteforlag.no\/forlaget\/produkt\/bjelken-i-mitt-oye\/#primaryimage\"},\"thumbnailUrl\":\"https:\/\/staging.forenteforlag.no\/forlaget\/wp-content\/uploads\/sites\/3\/2026\/02\/9788232803620.jpg\",\"datePublished\":\"2020-11-18T00:00:00+00:00\",\"dateModified\":\"2026-03-04T11:40:36+00:00\",\"breadcrumb\":{\"@id\":\"https:\/\/staging.forenteforlag.no\/forlaget\/produkt\/bjelken-i-mitt-oye\/#breadcrumb\"},\"inLanguage\":\"nb-NO\",\"potentialAction\":[{\"@type\":\"ReadAction\",\"target\":[\"https:\/\/staging.forenteforlag.no\/forlaget\/produkt\/bjelken-i-mitt-oye\/\"]}]},{\"@type\":\"ImageObject\",\"inLanguage\":\"nb-NO\",\"@id\":\"https:\/\/staging.forenteforlag.no\/forlaget\/produkt\/bjelken-i-mitt-oye\/#primaryimage\",\"url\":\"https:\/\/staging.forenteforlag.no\/forlaget\/wp-content\/uploads\/sites\/3\/2026\/02\/9788232803620.jpg\",\"contentUrl\":\"https:\/\/staging.forenteforlag.no\/forlaget\/wp-content\/uploads\/sites\/3\/2026\/02\/9788232803620.jpg\",\"width\":720,\"height\":1217},{\"@type\":\"BreadcrumbList\",\"@id\":\"https:\/\/staging.forenteforlag.no\/forlaget\/produkt\/bjelken-i-mitt-oye\/#breadcrumb\",\"itemListElement\":[{\"@type\":\"ListItem\",\"position\":1,\"name\":\"Hjem\",\"item\":\"https:\/\/staging.forenteforlag.no\/forlaget\/\"},{\"@type\":\"ListItem\",\"position\":2,\"name\":\"Alle b\u00f8ker\",\"item\":\"https:\/\/staging.forenteforlag.no\/forlaget\/butikk\/\"},{\"@type\":\"ListItem\",\"position\":3,\"name\":\"Bjelken i mitt \u00f8ye\"}]},{\"@type\":\"WebSite\",\"@id\":\"https:\/\/staging.forenteforlag.no\/forlaget\/#website\",\"url\":\"https:\/\/staging.forenteforlag.no\/forlaget\/\",\"name\":\"Forlaget Press\",\"description\":\"\",\"publisher\":{\"@id\":\"https:\/\/staging.forenteforlag.no\/forlaget\/#organization\"},\"potentialAction\":[{\"@type\":\"SearchAction\",\"target\":{\"@type\":\"EntryPoint\",\"urlTemplate\":\"https:\/\/staging.forenteforlag.no\/forlaget\/?s={search_term_string}\"},\"query-input\":{\"@type\":\"PropertyValueSpecification\",\"valueRequired\":true,\"valueName\":\"search_term_string\"}}],\"inLanguage\":\"nb-NO\"},{\"@type\":\"Organization\",\"@id\":\"https:\/\/staging.forenteforlag.no\/forlaget\/#organization\",\"name\":\"Forlaget Press\",\"url\":\"https:\/\/staging.forenteforlag.no\/forlaget\/\",\"logo\":{\"@type\":\"ImageObject\",\"inLanguage\":\"nb-NO\",\"@id\":\"https:\/\/staging.forenteforlag.no\/forlaget\/#\/schema\/logo\/image\/\",\"url\":\"https:\/\/staging.forenteforlag.no\/forlaget\/wp-content\/uploads\/sites\/3\/2024\/09\/Press_logo.svg\",\"contentUrl\":\"https:\/\/staging.forenteforlag.no\/forlaget\/wp-content\/uploads\/sites\/3\/2024\/09\/Press_logo.svg\",\"width\":100,\"height\":100,\"caption\":\"Forlaget Press\"},\"image\":{\"@id\":\"https:\/\/staging.forenteforlag.no\/forlaget\/#\/schema\/logo\/image\/\"},\"sameAs\":[\"https:\/\/www.facebook.com\/Forlagetpress\"]}]}<\/script>\n<!-- \/ Yoast SEO plugin. -->","yoast_head_json":{"title":"Bjelken i mitt \u00f8ye - Forlaget Press","robots":{"index":"noindex","follow":"follow","max-snippet":"max-snippet:-1","max-image-preview":"max-image-preview:large","max-video-preview":"max-video-preview:-1"},"og_locale":"nb_NO","og_type":"article","og_title":"Bjelken i mitt \u00f8ye - Forlaget Press","og_description":"Denne boken handler om krig, i historien, i litteraturen og i samfunnet. Den handler om den ubegripelige ufred vi til enhver tid skaper omkring oss, p\u00e5 en planet som roper etter samhandling og fred for at vi skal fungere som individer og som samfunn. For Carsten Jensen representerer 2. september 2015 et nytt tidsskille. Det [&hellip;]","og_url":"https:\/\/staging.forenteforlag.no\/forlaget\/produkt\/bjelken-i-mitt-oye\/","og_site_name":"Forlaget Press","article_publisher":"https:\/\/www.facebook.com\/Forlagetpress","article_modified_time":"2026-03-04T11:40:36+00:00","og_image":[{"width":720,"height":1217,"url":"https:\/\/staging.forenteforlag.no\/forlaget\/wp-content\/uploads\/sites\/3\/2026\/02\/9788232803620.jpg","type":"image\/jpeg"}],"twitter_card":"summary_large_image","twitter_misc":{"Ansl. lesetid":"1 minutt"},"schema":{"@context":"https:\/\/schema.org","@graph":[{"@type":"WebPage","@id":"https:\/\/staging.forenteforlag.no\/forlaget\/produkt\/bjelken-i-mitt-oye\/","url":"https:\/\/staging.forenteforlag.no\/forlaget\/produkt\/bjelken-i-mitt-oye\/","name":"Bjelken i mitt \u00f8ye - Forlaget Press","isPartOf":{"@id":"https:\/\/staging.forenteforlag.no\/forlaget\/#website"},"primaryImageOfPage":{"@id":"https:\/\/staging.forenteforlag.no\/forlaget\/produkt\/bjelken-i-mitt-oye\/#primaryimage"},"image":{"@id":"https:\/\/staging.forenteforlag.no\/forlaget\/produkt\/bjelken-i-mitt-oye\/#primaryimage"},"thumbnailUrl":"https:\/\/staging.forenteforlag.no\/forlaget\/wp-content\/uploads\/sites\/3\/2026\/02\/9788232803620.jpg","datePublished":"2020-11-18T00:00:00+00:00","dateModified":"2026-03-04T11:40:36+00:00","breadcrumb":{"@id":"https:\/\/staging.forenteforlag.no\/forlaget\/produkt\/bjelken-i-mitt-oye\/#breadcrumb"},"inLanguage":"nb-NO","potentialAction":[{"@type":"ReadAction","target":["https:\/\/staging.forenteforlag.no\/forlaget\/produkt\/bjelken-i-mitt-oye\/"]}]},{"@type":"ImageObject","inLanguage":"nb-NO","@id":"https:\/\/staging.forenteforlag.no\/forlaget\/produkt\/bjelken-i-mitt-oye\/#primaryimage","url":"https:\/\/staging.forenteforlag.no\/forlaget\/wp-content\/uploads\/sites\/3\/2026\/02\/9788232803620.jpg","contentUrl":"https:\/\/staging.forenteforlag.no\/forlaget\/wp-content\/uploads\/sites\/3\/2026\/02\/9788232803620.jpg","width":720,"height":1217},{"@type":"BreadcrumbList","@id":"https:\/\/staging.forenteforlag.no\/forlaget\/produkt\/bjelken-i-mitt-oye\/#breadcrumb","itemListElement":[{"@type":"ListItem","position":1,"name":"Hjem","item":"https:\/\/staging.forenteforlag.no\/forlaget\/"},{"@type":"ListItem","position":2,"name":"Alle b\u00f8ker","item":"https:\/\/staging.forenteforlag.no\/forlaget\/butikk\/"},{"@type":"ListItem","position":3,"name":"Bjelken i mitt \u00f8ye"}]},{"@type":"WebSite","@id":"https:\/\/staging.forenteforlag.no\/forlaget\/#website","url":"https:\/\/staging.forenteforlag.no\/forlaget\/","name":"Forlaget Press","description":"","publisher":{"@id":"https:\/\/staging.forenteforlag.no\/forlaget\/#organization"},"potentialAction":[{"@type":"SearchAction","target":{"@type":"EntryPoint","urlTemplate":"https:\/\/staging.forenteforlag.no\/forlaget\/?s={search_term_string}"},"query-input":{"@type":"PropertyValueSpecification","valueRequired":true,"valueName":"search_term_string"}}],"inLanguage":"nb-NO"},{"@type":"Organization","@id":"https:\/\/staging.forenteforlag.no\/forlaget\/#organization","name":"Forlaget Press","url":"https:\/\/staging.forenteforlag.no\/forlaget\/","logo":{"@type":"ImageObject","inLanguage":"nb-NO","@id":"https:\/\/staging.forenteforlag.no\/forlaget\/#\/schema\/logo\/image\/","url":"https:\/\/staging.forenteforlag.no\/forlaget\/wp-content\/uploads\/sites\/3\/2024\/09\/Press_logo.svg","contentUrl":"https:\/\/staging.forenteforlag.no\/forlaget\/wp-content\/uploads\/sites\/3\/2024\/09\/Press_logo.svg","width":100,"height":100,"caption":"Forlaget Press"},"image":{"@id":"https:\/\/staging.forenteforlag.no\/forlaget\/#\/schema\/logo\/image\/"},"sameAs":["https:\/\/www.facebook.com\/Forlagetpress"]}]}},"_links":{"self":[{"href":"https:\/\/staging.forenteforlag.no\/forlaget\/wp-json\/wp\/v2\/product\/20622","targetHints":{"allow":["GET"]}}],"collection":[{"href":"https:\/\/staging.forenteforlag.no\/forlaget\/wp-json\/wp\/v2\/product"}],"about":[{"href":"https:\/\/staging.forenteforlag.no\/forlaget\/wp-json\/wp\/v2\/types\/product"}],"wp:featuredmedia":[{"embeddable":true,"href":"https:\/\/staging.forenteforlag.no\/forlaget\/wp-json\/wp\/v2\/media\/26406"}],"wp:attachment":[{"href":"https:\/\/staging.forenteforlag.no\/forlaget\/wp-json\/wp\/v2\/media?parent=20622"}],"wp:term":[{"taxonomy":"product_brand","embeddable":true,"href":"https:\/\/staging.forenteforlag.no\/forlaget\/wp-json\/wp\/v2\/product_brand?post=20622"},{"taxonomy":"product_cat","embeddable":true,"href":"https:\/\/staging.forenteforlag.no\/forlaget\/wp-json\/wp\/v2\/product_cat?post=20622"},{"taxonomy":"product_tag","embeddable":true,"href":"https:\/\/staging.forenteforlag.no\/forlaget\/wp-json\/wp\/v2\/product_tag?post=20622"}],"curies":[{"name":"wp","href":"https:\/\/api.w.org\/{rel}","templated":true}]}}

Bjelken i mitt øye

<p>Denne boken handler om krig, i historien, i litteraturen og i samfunnet. Den handler om den ubegripelige ufred vi til enhver tid skaper omkring oss, på en planet som roper etter samhandling og fred for at vi skal fungere som individer og som samfunn. For Carsten Jensen representerer 2. september 2015 et nytt tidsskille. Det var dagen da den lille døde kurdiske gutten ble skylt i land på en strand i Helles, etter at hans foreldre hadde forsøkt å krysse Egeerhavet fra Tyrkia. Dette sterke bildet avstedkom ikke en offensiv hjelpeplan i Europa, tvert imot, det innledet det Jensen omdøper fra flyktningkrisen til flyktningkrigen. Bjelken i mitt øye handler også om hvordan krigen i moderne tid er en krig mot unge menneskers håp og fremtidstro. Om hvordan terror, miljøkatastrofe, samfunnssplittelse og populisme koloniserer unge menneskers sinn som en form for «stille krigføring», og som for hvert år skaper stadig flere unge selvmordere i vårt samfunn.  </p>
<p>«Carsten Jensen [&#8230;] skriver om verdens konflikter og deler sin smerte.» John le Carré</p>
<p>Carsten Jensen &#8211; Forfatter og journalist, f. 1952 i Marstal</p>

<p>Denne boken handler om krig, i historien, i litteraturen og i samfunnet. Den handler om den ubegripelige ufred vi til enhver tid skaper omkring oss, på en planet som roper etter samhandling og fred for at vi skal fungere som individer og som samfunn. For Carsten Jensen representerer 2. september 2015 et nytt tidsskille. Det [&hellip;]</p>

<!-- This site is optimized with the Yoast SEO plugin v26.6 - https://yoast.com/wordpress/plugins/seo/ -->
<title>Bjelken i mitt øye - Forlaget Press</title>
<meta name="robots" content="noindex, follow, max-snippet:-1, max-image-preview:large, max-video-preview:-1" />
<meta property="og:locale" content="nb_NO" />
<meta property="og:type" content="article" />
<meta property="og:title" content="Bjelken i mitt øye - Forlaget Press" />
<meta property="og:description" content="Denne boken handler om krig, i historien, i litteraturen og i samfunnet. Den handler om den ubegripelige ufred vi til enhver tid skaper omkring oss, på en planet som roper etter samhandling og fred for at vi skal fungere som individer og som samfunn. For Carsten Jensen representerer 2. september 2015 et nytt tidsskille. Det [&hellip;]" />
<meta property="og:url" content="https://staging.forenteforlag.no/forlaget/produkt/bjelken-i-mitt-oye/" />
<meta property="og:site_name" content="Forlaget Press" />
<meta property="article:publisher" content="https://www.facebook.com/Forlagetpress" />
<meta property="article:modified_time" content="2026-03-04T11:40:36+00:00" />
<meta property="og:image" content="https://staging.forenteforlag.no/forlaget/wp-content/uploads/sites/3/2026/02/9788232803620.jpg" />
	<meta property="og:image:width" content="720" />
	<meta property="og:image:height" content="1217" />
	<meta property="og:image:type" content="image/jpeg" />
<meta name="twitter:card" content="summary_large_image" />
<meta name="twitter:label1" content="Ansl. lesetid" />
	<meta name="twitter:data1" content="1 minutt" />
<script type="application/ld+json" class="yoast-schema-graph">{"@context":"https://schema.org","@graph":[{"@type":"WebPage","@id":"https://staging.forenteforlag.no/forlaget/produkt/bjelken-i-mitt-oye/","url":"https://staging.forenteforlag.no/forlaget/produkt/bjelken-i-mitt-oye/","name":"Bjelken i mitt øye - Forlaget Press","isPartOf":{"@id":"https://staging.forenteforlag.no/forlaget/#website"},"primaryImageOfPage":{"@id":"https://staging.forenteforlag.no/forlaget/produkt/bjelken-i-mitt-oye/#primaryimage"},"image":{"@id":"https://staging.forenteforlag.no/forlaget/produkt/bjelken-i-mitt-oye/#primaryimage"},"thumbnailUrl":"https://staging.forenteforlag.no/forlaget/wp-content/uploads/sites/3/2026/02/9788232803620.jpg","datePublished":"2020-11-18T00:00:00+00:00","dateModified":"2026-03-04T11:40:36+00:00","breadcrumb":{"@id":"https://staging.forenteforlag.no/forlaget/produkt/bjelken-i-mitt-oye/#breadcrumb"},"inLanguage":"nb-NO","potentialAction":[{"@type":"ReadAction","target":["https://staging.forenteforlag.no/forlaget/produkt/bjelken-i-mitt-oye/"]}]},{"@type":"ImageObject","inLanguage":"nb-NO","@id":"https://staging.forenteforlag.no/forlaget/produkt/bjelken-i-mitt-oye/#primaryimage","url":"https://staging.forenteforlag.no/forlaget/wp-content/uploads/sites/3/2026/02/9788232803620.jpg","contentUrl":"https://staging.forenteforlag.no/forlaget/wp-content/uploads/sites/3/2026/02/9788232803620.jpg","width":720,"height":1217},{"@type":"BreadcrumbList","@id":"https://staging.forenteforlag.no/forlaget/produkt/bjelken-i-mitt-oye/#breadcrumb","itemListElement":[{"@type":"ListItem","position":1,"name":"Hjem","item":"https://staging.forenteforlag.no/forlaget/"},{"@type":"ListItem","position":2,"name":"Alle bøker","item":"https://staging.forenteforlag.no/forlaget/butikk/"},{"@type":"ListItem","position":3,"name":"Bjelken i mitt øye"}]},{"@type":"WebSite","@id":"https://staging.forenteforlag.no/forlaget/#website","url":"https://staging.forenteforlag.no/forlaget/","name":"Forlaget Press","description":"","publisher":{"@id":"https://staging.forenteforlag.no/forlaget/#organization"},"potentialAction":[{"@type":"SearchAction","target":{"@type":"EntryPoint","urlTemplate":"https://staging.forenteforlag.no/forlaget/?s={search_term_string}"},"query-input":{"@type":"PropertyValueSpecification","valueRequired":true,"valueName":"search_term_string"}}],"inLanguage":"nb-NO"},{"@type":"Organization","@id":"https://staging.forenteforlag.no/forlaget/#organization","name":"Forlaget Press","url":"https://staging.forenteforlag.no/forlaget/","logo":{"@type":"ImageObject","inLanguage":"nb-NO","@id":"https://staging.forenteforlag.no/forlaget/#/schema/logo/image/","url":"https://staging.forenteforlag.no/forlaget/wp-content/uploads/sites/3/2024/09/Press_logo.svg","contentUrl":"https://staging.forenteforlag.no/forlaget/wp-content/uploads/sites/3/2024/09/Press_logo.svg","width":100,"height":100,"caption":"Forlaget Press"},"image":{"@id":"https://staging.forenteforlag.no/forlaget/#/schema/logo/image/"},"sameAs":["https://www.facebook.com/Forlagetpress"]}]}</script>
<!-- / Yoast SEO plugin. -->

Bjelken i mitt øye - Forlaget Press

Denne boken handler om krig, i historien, i litteraturen og i samfunnet. Den handler om den ubegripelige ufred vi til enhver tid skaper omkring oss, på en planet som roper etter samhandling og fred for at vi skal fungere som individer og som samfunn. For Carsten Jensen representerer 2. september 2015 et nytt tidsskille. Det [&hellip;]

Alle bøker
