{"id":20584,"date":"2021-11-02T01:00:00","date_gmt":"2021-11-02T00:00:00","guid":{"rendered":"https:\/\/forlagetpress.forenteforlag.no\/produkt\/hjertet-er-en-egensindig-traktor-2\/"},"modified":"2026-03-04T13:53:45","modified_gmt":"2026-03-04T12:53:45","slug":"hjertet-er-en-egensindig-traktor-2","status":"publish","type":"product","link":"https:\/\/staging.forenteforlag.no\/forlaget\/produkt\/hjertet-er-en-egensindig-traktor-2\/","title":{"rendered":"Hjertet er en egensindig traktor"},"content":{"rendered":"<p>En av Nordens mest anerkjente og folkekj\u00e6re forfattere, J\u00f3n Kalman Stef\u00e1nsson, \u00e5pner opp sitt arkiv og kommer med en unik utgivelse til alle sine norske lesere: En vakker og veldesignet gavebok best\u00e5ende av dikt fra perioden 1988 til 2021. <\/p>\n<p>I forordet skriver J\u00f3n Kalman om hvordan han ble forfatter, og hvordan hans f\u00f8rste diktsamling ble mottatt. Deretter f\u00f8lger et utvalg av hans beste dikt, presentert p\u00e5 norsk for aller f\u00f8rste gang. &laquo;Hjertet er en egensindig traktor&raquo; er en personlig og unik gavebok til alle som er glad i J\u00f3n Kalman Stef\u00e1nsson evne til \u00e5 si noe essensielt om livet, d\u00f8den og kj\u00e6rligheten.<\/p>\n","protected":false},"excerpt":{"rendered":"<p>En av Nordens mest anerkjente og folkekj\u00e6re forfattere, J\u00f3n Kalman Stef\u00e1nsson, \u00e5pner opp sitt arkiv og kommer med en unik utgivelse til alle sine norske lesere: En vakker og veldesignet gavebok best\u00e5ende av dikt fra perioden 1988 til 2021. I forordet skriver J\u00f3n Kalman om hvordan han ble forfatter, og hvordan hans f\u00f8rste diktsamling ble [&hellip;]<\/p>\n","protected":false},"featured_media":26446,"template":"","meta":{"_acf_changed":false,"inline_featured_image":false},"product_brand":[],"product_cat":[1781],"product_tag":[511,1076,370],"class_list":{"0":"post-20584","1":"product","2":"type-product","3":"status-publish","4":"has-post-thumbnail","6":"product_cat-rabattkodekampanje","7":"product_tag-lyrikk","8":"product_tag-prosalyrikk","9":"product_tag-skjonnlitteratur","11":"first","12":"instock","13":"shipping-taxable","14":"purchasable","15":"product-type-simple"},"acf":{"anmeldelse":null},"yoast_head":"<!-- This site is optimized with the Yoast SEO plugin v26.6 - https:\/\/yoast.com\/wordpress\/plugins\/seo\/ -->\n<title>Hjertet er en egensindig traktor - Forlaget Press<\/title>\n<meta name=\"robots\" content=\"noindex, follow, max-snippet:-1, max-image-preview:large, max-video-preview:-1\" \/>\n<meta property=\"og:locale\" content=\"nb_NO\" \/>\n<meta property=\"og:type\" content=\"article\" \/>\n<meta property=\"og:title\" content=\"Hjertet er en egensindig traktor - Forlaget Press\" \/>\n<meta property=\"og:description\" content=\"En av Nordens mest anerkjente og folkekj\u00e6re forfattere, J\u00f3n Kalman Stef\u00e1nsson, \u00e5pner opp sitt arkiv og kommer med en unik utgivelse til alle sine norske lesere: En vakker og veldesignet gavebok best\u00e5ende av dikt fra perioden 1988 til 2021. I forordet skriver J\u00f3n Kalman om hvordan han ble forfatter, og hvordan hans f\u00f8rste diktsamling ble [&hellip;]\" \/>\n<meta property=\"og:url\" content=\"https:\/\/staging.forenteforlag.no\/forlaget\/produkt\/hjertet-er-en-egensindig-traktor-2\/\" \/>\n<meta property=\"og:site_name\" content=\"Forlaget Press\" \/>\n<meta property=\"article:publisher\" content=\"https:\/\/www.facebook.com\/Forlagetpress\" \/>\n<meta property=\"article:modified_time\" content=\"2026-03-04T12:53:45+00:00\" \/>\n<meta property=\"og:image\" content=\"https:\/\/staging.forenteforlag.no\/forlaget\/wp-content\/uploads\/sites\/3\/2026\/02\/9788232804269.jpg\" \/>\n\t<meta property=\"og:image:width\" content=\"720\" \/>\n\t<meta property=\"og:image:height\" content=\"1067\" \/>\n\t<meta property=\"og:image:type\" content=\"image\/jpeg\" \/>\n<meta name=\"twitter:card\" content=\"summary_large_image\" \/>\n<meta name=\"twitter:label1\" content=\"Ansl. lesetid\" \/>\n\t<meta name=\"twitter:data1\" content=\"1 minutt\" \/>\n<script type=\"application\/ld+json\" class=\"yoast-schema-graph\">{\"@context\":\"https:\/\/schema.org\",\"@graph\":[{\"@type\":\"WebPage\",\"@id\":\"https:\/\/staging.forenteforlag.no\/forlaget\/produkt\/hjertet-er-en-egensindig-traktor-2\/\",\"url\":\"https:\/\/staging.forenteforlag.no\/forlaget\/produkt\/hjertet-er-en-egensindig-traktor-2\/\",\"name\":\"Hjertet er en egensindig traktor - Forlaget Press\",\"isPartOf\":{\"@id\":\"https:\/\/staging.forenteforlag.no\/forlaget\/#website\"},\"primaryImageOfPage\":{\"@id\":\"https:\/\/staging.forenteforlag.no\/forlaget\/produkt\/hjertet-er-en-egensindig-traktor-2\/#primaryimage\"},\"image\":{\"@id\":\"https:\/\/staging.forenteforlag.no\/forlaget\/produkt\/hjertet-er-en-egensindig-traktor-2\/#primaryimage\"},\"thumbnailUrl\":\"https:\/\/staging.forenteforlag.no\/forlaget\/wp-content\/uploads\/sites\/3\/2026\/02\/9788232804269.jpg\",\"datePublished\":\"2021-11-02T00:00:00+00:00\",\"dateModified\":\"2026-03-04T12:53:45+00:00\",\"breadcrumb\":{\"@id\":\"https:\/\/staging.forenteforlag.no\/forlaget\/produkt\/hjertet-er-en-egensindig-traktor-2\/#breadcrumb\"},\"inLanguage\":\"nb-NO\",\"potentialAction\":[{\"@type\":\"ReadAction\",\"target\":[\"https:\/\/staging.forenteforlag.no\/forlaget\/produkt\/hjertet-er-en-egensindig-traktor-2\/\"]}]},{\"@type\":\"ImageObject\",\"inLanguage\":\"nb-NO\",\"@id\":\"https:\/\/staging.forenteforlag.no\/forlaget\/produkt\/hjertet-er-en-egensindig-traktor-2\/#primaryimage\",\"url\":\"https:\/\/staging.forenteforlag.no\/forlaget\/wp-content\/uploads\/sites\/3\/2026\/02\/9788232804269.jpg\",\"contentUrl\":\"https:\/\/staging.forenteforlag.no\/forlaget\/wp-content\/uploads\/sites\/3\/2026\/02\/9788232804269.jpg\",\"width\":720,\"height\":1067},{\"@type\":\"BreadcrumbList\",\"@id\":\"https:\/\/staging.forenteforlag.no\/forlaget\/produkt\/hjertet-er-en-egensindig-traktor-2\/#breadcrumb\",\"itemListElement\":[{\"@type\":\"ListItem\",\"position\":1,\"name\":\"Hjem\",\"item\":\"https:\/\/staging.forenteforlag.no\/forlaget\/\"},{\"@type\":\"ListItem\",\"position\":2,\"name\":\"Alle b\u00f8ker\",\"item\":\"https:\/\/staging.forenteforlag.no\/forlaget\/butikk\/\"},{\"@type\":\"ListItem\",\"position\":3,\"name\":\"Hjertet er en egensindig traktor\"}]},{\"@type\":\"WebSite\",\"@id\":\"https:\/\/staging.forenteforlag.no\/forlaget\/#website\",\"url\":\"https:\/\/staging.forenteforlag.no\/forlaget\/\",\"name\":\"Forlaget Press\",\"description\":\"\",\"publisher\":{\"@id\":\"https:\/\/staging.forenteforlag.no\/forlaget\/#organization\"},\"potentialAction\":[{\"@type\":\"SearchAction\",\"target\":{\"@type\":\"EntryPoint\",\"urlTemplate\":\"https:\/\/staging.forenteforlag.no\/forlaget\/?s={search_term_string}\"},\"query-input\":{\"@type\":\"PropertyValueSpecification\",\"valueRequired\":true,\"valueName\":\"search_term_string\"}}],\"inLanguage\":\"nb-NO\"},{\"@type\":\"Organization\",\"@id\":\"https:\/\/staging.forenteforlag.no\/forlaget\/#organization\",\"name\":\"Forlaget Press\",\"url\":\"https:\/\/staging.forenteforlag.no\/forlaget\/\",\"logo\":{\"@type\":\"ImageObject\",\"inLanguage\":\"nb-NO\",\"@id\":\"https:\/\/staging.forenteforlag.no\/forlaget\/#\/schema\/logo\/image\/\",\"url\":\"https:\/\/staging.forenteforlag.no\/forlaget\/wp-content\/uploads\/sites\/3\/2024\/09\/Press_logo.svg\",\"contentUrl\":\"https:\/\/staging.forenteforlag.no\/forlaget\/wp-content\/uploads\/sites\/3\/2024\/09\/Press_logo.svg\",\"width\":100,\"height\":100,\"caption\":\"Forlaget Press\"},\"image\":{\"@id\":\"https:\/\/staging.forenteforlag.no\/forlaget\/#\/schema\/logo\/image\/\"},\"sameAs\":[\"https:\/\/www.facebook.com\/Forlagetpress\"]}]}<\/script>\n<!-- \/ Yoast SEO plugin. -->","yoast_head_json":{"title":"Hjertet er en egensindig traktor - Forlaget Press","robots":{"index":"noindex","follow":"follow","max-snippet":"max-snippet:-1","max-image-preview":"max-image-preview:large","max-video-preview":"max-video-preview:-1"},"og_locale":"nb_NO","og_type":"article","og_title":"Hjertet er en egensindig traktor - Forlaget Press","og_description":"En av Nordens mest anerkjente og folkekj\u00e6re forfattere, J\u00f3n Kalman Stef\u00e1nsson, \u00e5pner opp sitt arkiv og kommer med en unik utgivelse til alle sine norske lesere: En vakker og veldesignet gavebok best\u00e5ende av dikt fra perioden 1988 til 2021. I forordet skriver J\u00f3n Kalman om hvordan han ble forfatter, og hvordan hans f\u00f8rste diktsamling ble [&hellip;]","og_url":"https:\/\/staging.forenteforlag.no\/forlaget\/produkt\/hjertet-er-en-egensindig-traktor-2\/","og_site_name":"Forlaget Press","article_publisher":"https:\/\/www.facebook.com\/Forlagetpress","article_modified_time":"2026-03-04T12:53:45+00:00","og_image":[{"width":720,"height":1067,"url":"https:\/\/staging.forenteforlag.no\/forlaget\/wp-content\/uploads\/sites\/3\/2026\/02\/9788232804269.jpg","type":"image\/jpeg"}],"twitter_card":"summary_large_image","twitter_misc":{"Ansl. lesetid":"1 minutt"},"schema":{"@context":"https:\/\/schema.org","@graph":[{"@type":"WebPage","@id":"https:\/\/staging.forenteforlag.no\/forlaget\/produkt\/hjertet-er-en-egensindig-traktor-2\/","url":"https:\/\/staging.forenteforlag.no\/forlaget\/produkt\/hjertet-er-en-egensindig-traktor-2\/","name":"Hjertet er en egensindig traktor - Forlaget Press","isPartOf":{"@id":"https:\/\/staging.forenteforlag.no\/forlaget\/#website"},"primaryImageOfPage":{"@id":"https:\/\/staging.forenteforlag.no\/forlaget\/produkt\/hjertet-er-en-egensindig-traktor-2\/#primaryimage"},"image":{"@id":"https:\/\/staging.forenteforlag.no\/forlaget\/produkt\/hjertet-er-en-egensindig-traktor-2\/#primaryimage"},"thumbnailUrl":"https:\/\/staging.forenteforlag.no\/forlaget\/wp-content\/uploads\/sites\/3\/2026\/02\/9788232804269.jpg","datePublished":"2021-11-02T00:00:00+00:00","dateModified":"2026-03-04T12:53:45+00:00","breadcrumb":{"@id":"https:\/\/staging.forenteforlag.no\/forlaget\/produkt\/hjertet-er-en-egensindig-traktor-2\/#breadcrumb"},"inLanguage":"nb-NO","potentialAction":[{"@type":"ReadAction","target":["https:\/\/staging.forenteforlag.no\/forlaget\/produkt\/hjertet-er-en-egensindig-traktor-2\/"]}]},{"@type":"ImageObject","inLanguage":"nb-NO","@id":"https:\/\/staging.forenteforlag.no\/forlaget\/produkt\/hjertet-er-en-egensindig-traktor-2\/#primaryimage","url":"https:\/\/staging.forenteforlag.no\/forlaget\/wp-content\/uploads\/sites\/3\/2026\/02\/9788232804269.jpg","contentUrl":"https:\/\/staging.forenteforlag.no\/forlaget\/wp-content\/uploads\/sites\/3\/2026\/02\/9788232804269.jpg","width":720,"height":1067},{"@type":"BreadcrumbList","@id":"https:\/\/staging.forenteforlag.no\/forlaget\/produkt\/hjertet-er-en-egensindig-traktor-2\/#breadcrumb","itemListElement":[{"@type":"ListItem","position":1,"name":"Hjem","item":"https:\/\/staging.forenteforlag.no\/forlaget\/"},{"@type":"ListItem","position":2,"name":"Alle b\u00f8ker","item":"https:\/\/staging.forenteforlag.no\/forlaget\/butikk\/"},{"@type":"ListItem","position":3,"name":"Hjertet er en egensindig traktor"}]},{"@type":"WebSite","@id":"https:\/\/staging.forenteforlag.no\/forlaget\/#website","url":"https:\/\/staging.forenteforlag.no\/forlaget\/","name":"Forlaget Press","description":"","publisher":{"@id":"https:\/\/staging.forenteforlag.no\/forlaget\/#organization"},"potentialAction":[{"@type":"SearchAction","target":{"@type":"EntryPoint","urlTemplate":"https:\/\/staging.forenteforlag.no\/forlaget\/?s={search_term_string}"},"query-input":{"@type":"PropertyValueSpecification","valueRequired":true,"valueName":"search_term_string"}}],"inLanguage":"nb-NO"},{"@type":"Organization","@id":"https:\/\/staging.forenteforlag.no\/forlaget\/#organization","name":"Forlaget Press","url":"https:\/\/staging.forenteforlag.no\/forlaget\/","logo":{"@type":"ImageObject","inLanguage":"nb-NO","@id":"https:\/\/staging.forenteforlag.no\/forlaget\/#\/schema\/logo\/image\/","url":"https:\/\/staging.forenteforlag.no\/forlaget\/wp-content\/uploads\/sites\/3\/2024\/09\/Press_logo.svg","contentUrl":"https:\/\/staging.forenteforlag.no\/forlaget\/wp-content\/uploads\/sites\/3\/2024\/09\/Press_logo.svg","width":100,"height":100,"caption":"Forlaget Press"},"image":{"@id":"https:\/\/staging.forenteforlag.no\/forlaget\/#\/schema\/logo\/image\/"},"sameAs":["https:\/\/www.facebook.com\/Forlagetpress"]}]}},"_links":{"self":[{"href":"https:\/\/staging.forenteforlag.no\/forlaget\/wp-json\/wp\/v2\/product\/20584","targetHints":{"allow":["GET"]}}],"collection":[{"href":"https:\/\/staging.forenteforlag.no\/forlaget\/wp-json\/wp\/v2\/product"}],"about":[{"href":"https:\/\/staging.forenteforlag.no\/forlaget\/wp-json\/wp\/v2\/types\/product"}],"wp:featuredmedia":[{"embeddable":true,"href":"https:\/\/staging.forenteforlag.no\/forlaget\/wp-json\/wp\/v2\/media\/26446"}],"wp:attachment":[{"href":"https:\/\/staging.forenteforlag.no\/forlaget\/wp-json\/wp\/v2\/media?parent=20584"}],"wp:term":[{"taxonomy":"product_brand","embeddable":true,"href":"https:\/\/staging.forenteforlag.no\/forlaget\/wp-json\/wp\/v2\/product_brand?post=20584"},{"taxonomy":"product_cat","embeddable":true,"href":"https:\/\/staging.forenteforlag.no\/forlaget\/wp-json\/wp\/v2\/product_cat?post=20584"},{"taxonomy":"product_tag","embeddable":true,"href":"https:\/\/staging.forenteforlag.no\/forlaget\/wp-json\/wp\/v2\/product_tag?post=20584"}],"curies":[{"name":"wp","href":"https:\/\/api.w.org\/{rel}","templated":true}]}}

<p>En av Nordens mest anerkjente og folkekjære forfattere, Jón Kalman Stefánsson, åpner opp sitt arkiv og kommer med en unik utgivelse til alle sine norske lesere: En vakker og veldesignet gavebok bestående av dikt fra perioden 1988 til 2021. </p>
<p>I forordet skriver Jón Kalman om hvordan han ble forfatter, og hvordan hans første diktsamling ble mottatt. Deretter følger et utvalg av hans beste dikt, presentert på norsk for aller første gang. &laquo;Hjertet er en egensindig traktor&raquo; er en personlig og unik gavebok til alle som er glad i Jón Kalman Stefánsson evne til å si noe essensielt om livet, døden og kjærligheten.</p>

<p>En av Nordens mest anerkjente og folkekjære forfattere, Jón Kalman Stefánsson, åpner opp sitt arkiv og kommer med en unik utgivelse til alle sine norske lesere: En vakker og veldesignet gavebok bestående av dikt fra perioden 1988 til 2021. I forordet skriver Jón Kalman om hvordan han ble forfatter, og hvordan hans første diktsamling ble [&hellip;]</p>

<!-- This site is optimized with the Yoast SEO plugin v26.6 - https://yoast.com/wordpress/plugins/seo/ -->
<title>Hjertet er en egensindig traktor - Forlaget Press</title>
<meta name="robots" content="noindex, follow, max-snippet:-1, max-image-preview:large, max-video-preview:-1" />
<meta property="og:locale" content="nb_NO" />
<meta property="og:type" content="article" />
<meta property="og:title" content="Hjertet er en egensindig traktor - Forlaget Press" />
<meta property="og:description" content="En av Nordens mest anerkjente og folkekjære forfattere, Jón Kalman Stefánsson, åpner opp sitt arkiv og kommer med en unik utgivelse til alle sine norske lesere: En vakker og veldesignet gavebok bestående av dikt fra perioden 1988 til 2021. I forordet skriver Jón Kalman om hvordan han ble forfatter, og hvordan hans første diktsamling ble [&hellip;]" />
<meta property="og:url" content="https://staging.forenteforlag.no/forlaget/produkt/hjertet-er-en-egensindig-traktor-2/" />
<meta property="og:site_name" content="Forlaget Press" />
<meta property="article:publisher" content="https://www.facebook.com/Forlagetpress" />
<meta property="article:modified_time" content="2026-03-04T12:53:45+00:00" />
<meta property="og:image" content="https://staging.forenteforlag.no/forlaget/wp-content/uploads/sites/3/2026/02/9788232804269.jpg" />
	<meta property="og:image:width" content="720" />
	<meta property="og:image:height" content="1067" />
	<meta property="og:image:type" content="image/jpeg" />
<meta name="twitter:card" content="summary_large_image" />
<meta name="twitter:label1" content="Ansl. lesetid" />
	<meta name="twitter:data1" content="1 minutt" />
<script type="application/ld+json" class="yoast-schema-graph">{"@context":"https://schema.org","@graph":[{"@type":"WebPage","@id":"https://staging.forenteforlag.no/forlaget/produkt/hjertet-er-en-egensindig-traktor-2/","url":"https://staging.forenteforlag.no/forlaget/produkt/hjertet-er-en-egensindig-traktor-2/","name":"Hjertet er en egensindig traktor - Forlaget Press","isPartOf":{"@id":"https://staging.forenteforlag.no/forlaget/#website"},"primaryImageOfPage":{"@id":"https://staging.forenteforlag.no/forlaget/produkt/hjertet-er-en-egensindig-traktor-2/#primaryimage"},"image":{"@id":"https://staging.forenteforlag.no/forlaget/produkt/hjertet-er-en-egensindig-traktor-2/#primaryimage"},"thumbnailUrl":"https://staging.forenteforlag.no/forlaget/wp-content/uploads/sites/3/2026/02/9788232804269.jpg","datePublished":"2021-11-02T00:00:00+00:00","dateModified":"2026-03-04T12:53:45+00:00","breadcrumb":{"@id":"https://staging.forenteforlag.no/forlaget/produkt/hjertet-er-en-egensindig-traktor-2/#breadcrumb"},"inLanguage":"nb-NO","potentialAction":[{"@type":"ReadAction","target":["https://staging.forenteforlag.no/forlaget/produkt/hjertet-er-en-egensindig-traktor-2/"]}]},{"@type":"ImageObject","inLanguage":"nb-NO","@id":"https://staging.forenteforlag.no/forlaget/produkt/hjertet-er-en-egensindig-traktor-2/#primaryimage","url":"https://staging.forenteforlag.no/forlaget/wp-content/uploads/sites/3/2026/02/9788232804269.jpg","contentUrl":"https://staging.forenteforlag.no/forlaget/wp-content/uploads/sites/3/2026/02/9788232804269.jpg","width":720,"height":1067},{"@type":"BreadcrumbList","@id":"https://staging.forenteforlag.no/forlaget/produkt/hjertet-er-en-egensindig-traktor-2/#breadcrumb","itemListElement":[{"@type":"ListItem","position":1,"name":"Hjem","item":"https://staging.forenteforlag.no/forlaget/"},{"@type":"ListItem","position":2,"name":"Alle bøker","item":"https://staging.forenteforlag.no/forlaget/butikk/"},{"@type":"ListItem","position":3,"name":"Hjertet er en egensindig traktor"}]},{"@type":"WebSite","@id":"https://staging.forenteforlag.no/forlaget/#website","url":"https://staging.forenteforlag.no/forlaget/","name":"Forlaget Press","description":"","publisher":{"@id":"https://staging.forenteforlag.no/forlaget/#organization"},"potentialAction":[{"@type":"SearchAction","target":{"@type":"EntryPoint","urlTemplate":"https://staging.forenteforlag.no/forlaget/?s={search_term_string}"},"query-input":{"@type":"PropertyValueSpecification","valueRequired":true,"valueName":"search_term_string"}}],"inLanguage":"nb-NO"},{"@type":"Organization","@id":"https://staging.forenteforlag.no/forlaget/#organization","name":"Forlaget Press","url":"https://staging.forenteforlag.no/forlaget/","logo":{"@type":"ImageObject","inLanguage":"nb-NO","@id":"https://staging.forenteforlag.no/forlaget/#/schema/logo/image/","url":"https://staging.forenteforlag.no/forlaget/wp-content/uploads/sites/3/2024/09/Press_logo.svg","contentUrl":"https://staging.forenteforlag.no/forlaget/wp-content/uploads/sites/3/2024/09/Press_logo.svg","width":100,"height":100,"caption":"Forlaget Press"},"image":{"@id":"https://staging.forenteforlag.no/forlaget/#/schema/logo/image/"},"sameAs":["https://www.facebook.com/Forlagetpress"]}]}</script>
<!-- / Yoast SEO plugin. -->

En av Nordens mest anerkjente og folkekjære forfattere, Jón Kalman Stefánsson, åpner opp sitt arkiv og kommer med en unik utgivelse til alle sine norske lesere: En vakker og veldesignet gavebok bestående av dikt fra perioden 1988 til 2021. I forordet skriver Jón Kalman om hvordan han ble forfatter, og hvordan hans første diktsamling ble [&hellip;]

Alle bøker
