{"id":20311,"date":"2022-09-07T02:00:00","date_gmt":"2022-09-07T00:00:00","guid":{"rendered":"https:\/\/forlagetpress.forenteforlag.no\/produkt\/usynlige-kvinner-3\/"},"modified":"2026-03-04T13:57:50","modified_gmt":"2026-03-04T12:57:50","slug":"usynlige-kvinner-3","status":"publish","type":"product","link":"https:\/\/staging.forenteforlag.no\/forlaget\/produkt\/usynlige-kvinner-3\/","title":{"rendered":"Usynlige kvinner"},"content":{"rendered":"<p>Forestill deg en verden hvor mobilen er for stor for b\u00e5de h\u00e5nden og lommen din, hvor legen din skriver ut en medisin som er feil for din kropp, hvor du har 47 % st\u00f8rre sjanse for \u00e5 bli alvorlig skadd i en bilulykke eller hvor de utallige arbeidstimene du legger ned hver uke ikke blir anerkjent eller verdsatt. Om noe av dette h\u00f8res kjent ut s\u00e5 er det gode sjanser for at du er kvinne..  <\/p>\n<p>Gjennom eksempler fra hele verden synliggj\u00f8r Caroline Criado Perez hvordan kvinner systematisk ignoreres og diskrimineres. Fra teknikk til naturkatastrofer, fra sexistisk sn\u00f8rydding til politikk og akademia &#8211; Usynlige kvinner er en kompromissl\u00f8s analyse av alt vi ikke vet, og hvorfor vi ikke vet det.  <\/p>\n<p>Bygget p\u00e5 hundrevis av studier og skrevet med energi, vidd og glitrende intelligens, er Usynlige kvinner en banebrytende avsl\u00f8ring av hvorfor vi lever i en verden designet for menn, en verden hvor vi er programmert til \u00e5 se det mannlige kj\u00f8nnet som standard og ignorere eller viske ut kvinnelig erfaring.<\/p>\n","protected":false},"excerpt":{"rendered":"<p>Forestill deg en verden hvor mobilen er for stor for b\u00e5de h\u00e5nden og lommen din, hvor legen din skriver ut en medisin som er feil for din kropp, hvor du har 47 % st\u00f8rre sjanse for \u00e5 bli alvorlig skadd i en bilulykke eller hvor de utallige arbeidstimene du legger ned hver uke ikke blir [&hellip;]<\/p>\n","protected":false},"featured_media":26477,"template":"","meta":{"_acf_changed":false,"inline_featured_image":false},"product_brand":[],"product_cat":[1781],"product_tag":[390,391,362,380,392],"class_list":{"0":"post-20311","1":"product","2":"type-product","3":"status-publish","4":"has-post-thumbnail","6":"product_cat-rabattkodekampanje","7":"product_tag-design","8":"product_tag-diskriminering","9":"product_tag-faglitteratur","10":"product_tag-kvinner","11":"product_tag-samfunnsanalyse","13":"first","14":"instock","15":"shipping-taxable","16":"purchasable","17":"product-type-simple"},"acf":{"anmeldelse":[{"tekst_anmeldelser":"\u00abLes denne boken og fortell meg s\u00e5 at patriarkatet er et utslag av min fantasi.\u00bb","av_anmeldelser":"Jeanette Winterson","terningkast":false,"kilde":"New York Times"},{"tekst_anmeldelser":"\u00abEn provoserende og livsviktig bok.\u00bb","av_anmeldelser":"","terningkast":false,"kilde":"Publishers Weekly"},{"tekst_anmeldelser":"\u00abUsynlige kvinner er en game-changer, en kompromissl\u00f8s tornado av fakta \u2013 triste, sinte, negative og morsomme \u2013 som p\u00e5 briljant vis demonstrerer et ubestridelig faktum \u2026 ambisjonen og omfanget \u2013 og orginaliteten \u2013 til Usynlige kvinner er like enorm som historien om hva som skjer n\u00e5r vi glemmer \u00e5 ta hensyn til halvparten av menneskeheten. Boken burde st\u00e5 i hyllen til alle beslutningstagere, politikere og ledere.\u00bb","av_anmeldelser":"","terningkast":false,"kilde":"The Times, Storbritannia"},{"tekst_anmeldelser":"\u00abDenne boken er en rystende anklage mot den institusjonaliserte selvtilfredsheten og en intens anmodning om \u00e5 kjempe imot den . Usynlige kvinner burde egge kvinner til kamp.\u00bb","av_anmeldelser":"Christina Patterson","terningkast":false,"kilde":"The Sunday Times"},{"tekst_anmeldelser":"\u00abCriado Perez pr\u00f8ver ikke \u00e5 bevise en enorm konspirasjon, hun bruker rett og slett data som en laser for \u00e5 skj\u00e6re gjennom t\u00e5ken av ubevisste og tankel\u00f8se prioriteringer.\u00bb","av_anmeldelser":"Eliane Glaser","terningkast":false,"kilde":"The Guardian"},{"tekst_anmeldelser":"\u00abDenne boken er et vendepunkt.\u00bb","av_anmeldelser":"","terningkast":false,"kilde":"S\u00fcddeutsche Zeitung, Tyskland."},{"tekst_anmeldelser":"\u00abOm noen lesere skulle antyde at vi har likestilling og kj\u00f8nn ikke lenger betyr noe, er denne boken - som burde ha bred allmenn appell - et solid korrektiv til den tankegangen.\u00bb","av_anmeldelser":"","terningkast":false,"kilde":"Kirkus Reviews"},{"tekst_anmeldelser":"\u00ab... at denne usynliggj\u00f8ringen av kvinners liv, kropper og hverdag forekommer s\u00e5 bredt, nesten overalt, nesten hele tiden, er rett og slett sjokkerende.\u00bb","av_anmeldelser":"","terningkast":false,"kilde":"Svenska Dagbladet, Sverige"}]},"yoast_head":"<!-- This site is optimized with the Yoast SEO plugin v26.6 - https:\/\/yoast.com\/wordpress\/plugins\/seo\/ -->\n<title>Usynlige kvinner - Forlaget Press<\/title>\n<meta name=\"robots\" content=\"noindex, follow, max-snippet:-1, max-image-preview:large, max-video-preview:-1\" \/>\n<meta property=\"og:locale\" content=\"nb_NO\" \/>\n<meta property=\"og:type\" content=\"article\" \/>\n<meta property=\"og:title\" content=\"Usynlige kvinner - Forlaget Press\" \/>\n<meta property=\"og:description\" content=\"Forestill deg en verden hvor mobilen er for stor for b\u00e5de h\u00e5nden og lommen din, hvor legen din skriver ut en medisin som er feil for din kropp, hvor du har 47 % st\u00f8rre sjanse for \u00e5 bli alvorlig skadd i en bilulykke eller hvor de utallige arbeidstimene du legger ned hver uke ikke blir [&hellip;]\" \/>\n<meta property=\"og:url\" content=\"https:\/\/staging.forenteforlag.no\/forlaget\/produkt\/usynlige-kvinner-3\/\" \/>\n<meta property=\"og:site_name\" content=\"Forlaget Press\" \/>\n<meta property=\"article:publisher\" content=\"https:\/\/www.facebook.com\/Forlagetpress\" \/>\n<meta property=\"article:modified_time\" content=\"2026-03-04T12:57:50+00:00\" \/>\n<meta property=\"og:image\" content=\"https:\/\/staging.forenteforlag.no\/forlaget\/wp-content\/uploads\/sites\/3\/2026\/02\/9788232804825.jpg\" \/>\n\t<meta property=\"og:image:width\" content=\"720\" \/>\n\t<meta property=\"og:image:height\" content=\"1015\" \/>\n\t<meta property=\"og:image:type\" content=\"image\/jpeg\" \/>\n<meta name=\"twitter:card\" content=\"summary_large_image\" \/>\n<meta name=\"twitter:label1\" content=\"Ansl. lesetid\" \/>\n\t<meta name=\"twitter:data1\" content=\"1 minutt\" \/>\n<script type=\"application\/ld+json\" class=\"yoast-schema-graph\">{\"@context\":\"https:\/\/schema.org\",\"@graph\":[{\"@type\":\"WebPage\",\"@id\":\"https:\/\/staging.forenteforlag.no\/forlaget\/produkt\/usynlige-kvinner-3\/\",\"url\":\"https:\/\/staging.forenteforlag.no\/forlaget\/produkt\/usynlige-kvinner-3\/\",\"name\":\"Usynlige kvinner - Forlaget Press\",\"isPartOf\":{\"@id\":\"https:\/\/staging.forenteforlag.no\/forlaget\/#website\"},\"primaryImageOfPage\":{\"@id\":\"https:\/\/staging.forenteforlag.no\/forlaget\/produkt\/usynlige-kvinner-3\/#primaryimage\"},\"image\":{\"@id\":\"https:\/\/staging.forenteforlag.no\/forlaget\/produkt\/usynlige-kvinner-3\/#primaryimage\"},\"thumbnailUrl\":\"https:\/\/staging.forenteforlag.no\/forlaget\/wp-content\/uploads\/sites\/3\/2026\/02\/9788232804825.jpg\",\"datePublished\":\"2022-09-07T00:00:00+00:00\",\"dateModified\":\"2026-03-04T12:57:50+00:00\",\"breadcrumb\":{\"@id\":\"https:\/\/staging.forenteforlag.no\/forlaget\/produkt\/usynlige-kvinner-3\/#breadcrumb\"},\"inLanguage\":\"nb-NO\",\"potentialAction\":[{\"@type\":\"ReadAction\",\"target\":[\"https:\/\/staging.forenteforlag.no\/forlaget\/produkt\/usynlige-kvinner-3\/\"]}]},{\"@type\":\"ImageObject\",\"inLanguage\":\"nb-NO\",\"@id\":\"https:\/\/staging.forenteforlag.no\/forlaget\/produkt\/usynlige-kvinner-3\/#primaryimage\",\"url\":\"https:\/\/staging.forenteforlag.no\/forlaget\/wp-content\/uploads\/sites\/3\/2026\/02\/9788232804825.jpg\",\"contentUrl\":\"https:\/\/staging.forenteforlag.no\/forlaget\/wp-content\/uploads\/sites\/3\/2026\/02\/9788232804825.jpg\",\"width\":720,\"height\":1015},{\"@type\":\"BreadcrumbList\",\"@id\":\"https:\/\/staging.forenteforlag.no\/forlaget\/produkt\/usynlige-kvinner-3\/#breadcrumb\",\"itemListElement\":[{\"@type\":\"ListItem\",\"position\":1,\"name\":\"Hjem\",\"item\":\"https:\/\/staging.forenteforlag.no\/forlaget\/\"},{\"@type\":\"ListItem\",\"position\":2,\"name\":\"Alle b\u00f8ker\",\"item\":\"https:\/\/staging.forenteforlag.no\/forlaget\/butikk\/\"},{\"@type\":\"ListItem\",\"position\":3,\"name\":\"Usynlige kvinner\"}]},{\"@type\":\"WebSite\",\"@id\":\"https:\/\/staging.forenteforlag.no\/forlaget\/#website\",\"url\":\"https:\/\/staging.forenteforlag.no\/forlaget\/\",\"name\":\"Forlaget Press\",\"description\":\"\",\"publisher\":{\"@id\":\"https:\/\/staging.forenteforlag.no\/forlaget\/#organization\"},\"potentialAction\":[{\"@type\":\"SearchAction\",\"target\":{\"@type\":\"EntryPoint\",\"urlTemplate\":\"https:\/\/staging.forenteforlag.no\/forlaget\/?s={search_term_string}\"},\"query-input\":{\"@type\":\"PropertyValueSpecification\",\"valueRequired\":true,\"valueName\":\"search_term_string\"}}],\"inLanguage\":\"nb-NO\"},{\"@type\":\"Organization\",\"@id\":\"https:\/\/staging.forenteforlag.no\/forlaget\/#organization\",\"name\":\"Forlaget Press\",\"url\":\"https:\/\/staging.forenteforlag.no\/forlaget\/\",\"logo\":{\"@type\":\"ImageObject\",\"inLanguage\":\"nb-NO\",\"@id\":\"https:\/\/staging.forenteforlag.no\/forlaget\/#\/schema\/logo\/image\/\",\"url\":\"https:\/\/staging.forenteforlag.no\/forlaget\/wp-content\/uploads\/sites\/3\/2024\/09\/Press_logo.svg\",\"contentUrl\":\"https:\/\/staging.forenteforlag.no\/forlaget\/wp-content\/uploads\/sites\/3\/2024\/09\/Press_logo.svg\",\"width\":100,\"height\":100,\"caption\":\"Forlaget Press\"},\"image\":{\"@id\":\"https:\/\/staging.forenteforlag.no\/forlaget\/#\/schema\/logo\/image\/\"},\"sameAs\":[\"https:\/\/www.facebook.com\/Forlagetpress\"]}]}<\/script>\n<!-- \/ Yoast SEO plugin. -->","yoast_head_json":{"title":"Usynlige kvinner - Forlaget Press","robots":{"index":"noindex","follow":"follow","max-snippet":"max-snippet:-1","max-image-preview":"max-image-preview:large","max-video-preview":"max-video-preview:-1"},"og_locale":"nb_NO","og_type":"article","og_title":"Usynlige kvinner - Forlaget Press","og_description":"Forestill deg en verden hvor mobilen er for stor for b\u00e5de h\u00e5nden og lommen din, hvor legen din skriver ut en medisin som er feil for din kropp, hvor du har 47 % st\u00f8rre sjanse for \u00e5 bli alvorlig skadd i en bilulykke eller hvor de utallige arbeidstimene du legger ned hver uke ikke blir [&hellip;]","og_url":"https:\/\/staging.forenteforlag.no\/forlaget\/produkt\/usynlige-kvinner-3\/","og_site_name":"Forlaget Press","article_publisher":"https:\/\/www.facebook.com\/Forlagetpress","article_modified_time":"2026-03-04T12:57:50+00:00","og_image":[{"width":720,"height":1015,"url":"https:\/\/staging.forenteforlag.no\/forlaget\/wp-content\/uploads\/sites\/3\/2026\/02\/9788232804825.jpg","type":"image\/jpeg"}],"twitter_card":"summary_large_image","twitter_misc":{"Ansl. lesetid":"1 minutt"},"schema":{"@context":"https:\/\/schema.org","@graph":[{"@type":"WebPage","@id":"https:\/\/staging.forenteforlag.no\/forlaget\/produkt\/usynlige-kvinner-3\/","url":"https:\/\/staging.forenteforlag.no\/forlaget\/produkt\/usynlige-kvinner-3\/","name":"Usynlige kvinner - Forlaget Press","isPartOf":{"@id":"https:\/\/staging.forenteforlag.no\/forlaget\/#website"},"primaryImageOfPage":{"@id":"https:\/\/staging.forenteforlag.no\/forlaget\/produkt\/usynlige-kvinner-3\/#primaryimage"},"image":{"@id":"https:\/\/staging.forenteforlag.no\/forlaget\/produkt\/usynlige-kvinner-3\/#primaryimage"},"thumbnailUrl":"https:\/\/staging.forenteforlag.no\/forlaget\/wp-content\/uploads\/sites\/3\/2026\/02\/9788232804825.jpg","datePublished":"2022-09-07T00:00:00+00:00","dateModified":"2026-03-04T12:57:50+00:00","breadcrumb":{"@id":"https:\/\/staging.forenteforlag.no\/forlaget\/produkt\/usynlige-kvinner-3\/#breadcrumb"},"inLanguage":"nb-NO","potentialAction":[{"@type":"ReadAction","target":["https:\/\/staging.forenteforlag.no\/forlaget\/produkt\/usynlige-kvinner-3\/"]}]},{"@type":"ImageObject","inLanguage":"nb-NO","@id":"https:\/\/staging.forenteforlag.no\/forlaget\/produkt\/usynlige-kvinner-3\/#primaryimage","url":"https:\/\/staging.forenteforlag.no\/forlaget\/wp-content\/uploads\/sites\/3\/2026\/02\/9788232804825.jpg","contentUrl":"https:\/\/staging.forenteforlag.no\/forlaget\/wp-content\/uploads\/sites\/3\/2026\/02\/9788232804825.jpg","width":720,"height":1015},{"@type":"BreadcrumbList","@id":"https:\/\/staging.forenteforlag.no\/forlaget\/produkt\/usynlige-kvinner-3\/#breadcrumb","itemListElement":[{"@type":"ListItem","position":1,"name":"Hjem","item":"https:\/\/staging.forenteforlag.no\/forlaget\/"},{"@type":"ListItem","position":2,"name":"Alle b\u00f8ker","item":"https:\/\/staging.forenteforlag.no\/forlaget\/butikk\/"},{"@type":"ListItem","position":3,"name":"Usynlige kvinner"}]},{"@type":"WebSite","@id":"https:\/\/staging.forenteforlag.no\/forlaget\/#website","url":"https:\/\/staging.forenteforlag.no\/forlaget\/","name":"Forlaget Press","description":"","publisher":{"@id":"https:\/\/staging.forenteforlag.no\/forlaget\/#organization"},"potentialAction":[{"@type":"SearchAction","target":{"@type":"EntryPoint","urlTemplate":"https:\/\/staging.forenteforlag.no\/forlaget\/?s={search_term_string}"},"query-input":{"@type":"PropertyValueSpecification","valueRequired":true,"valueName":"search_term_string"}}],"inLanguage":"nb-NO"},{"@type":"Organization","@id":"https:\/\/staging.forenteforlag.no\/forlaget\/#organization","name":"Forlaget Press","url":"https:\/\/staging.forenteforlag.no\/forlaget\/","logo":{"@type":"ImageObject","inLanguage":"nb-NO","@id":"https:\/\/staging.forenteforlag.no\/forlaget\/#\/schema\/logo\/image\/","url":"https:\/\/staging.forenteforlag.no\/forlaget\/wp-content\/uploads\/sites\/3\/2024\/09\/Press_logo.svg","contentUrl":"https:\/\/staging.forenteforlag.no\/forlaget\/wp-content\/uploads\/sites\/3\/2024\/09\/Press_logo.svg","width":100,"height":100,"caption":"Forlaget Press"},"image":{"@id":"https:\/\/staging.forenteforlag.no\/forlaget\/#\/schema\/logo\/image\/"},"sameAs":["https:\/\/www.facebook.com\/Forlagetpress"]}]}},"_links":{"self":[{"href":"https:\/\/staging.forenteforlag.no\/forlaget\/wp-json\/wp\/v2\/product\/20311","targetHints":{"allow":["GET"]}}],"collection":[{"href":"https:\/\/staging.forenteforlag.no\/forlaget\/wp-json\/wp\/v2\/product"}],"about":[{"href":"https:\/\/staging.forenteforlag.no\/forlaget\/wp-json\/wp\/v2\/types\/product"}],"wp:featuredmedia":[{"embeddable":true,"href":"https:\/\/staging.forenteforlag.no\/forlaget\/wp-json\/wp\/v2\/media\/26477"}],"wp:attachment":[{"href":"https:\/\/staging.forenteforlag.no\/forlaget\/wp-json\/wp\/v2\/media?parent=20311"}],"wp:term":[{"taxonomy":"product_brand","embeddable":true,"href":"https:\/\/staging.forenteforlag.no\/forlaget\/wp-json\/wp\/v2\/product_brand?post=20311"},{"taxonomy":"product_cat","embeddable":true,"href":"https:\/\/staging.forenteforlag.no\/forlaget\/wp-json\/wp\/v2\/product_cat?post=20311"},{"taxonomy":"product_tag","embeddable":true,"href":"https:\/\/staging.forenteforlag.no\/forlaget\/wp-json\/wp\/v2\/product_tag?post=20311"}],"curies":[{"name":"wp","href":"https:\/\/api.w.org\/{rel}","templated":true}]}}