{"id":20297,"date":"2021-05-25T02:00:00","date_gmt":"2021-05-25T00:00:00","guid":{"rendered":"https:\/\/forlagetpress.forenteforlag.no\/produkt\/ovelser-i-avskjed-2\/"},"modified":"2026-03-04T13:50:56","modified_gmt":"2026-03-04T12:50:56","slug":"ovelser-i-avskjed-2","status":"publish","type":"product","link":"https:\/\/staging.forenteforlag.no\/forlaget\/produkt\/ovelser-i-avskjed-2\/","title":{"rendered":"\u00d8velser i avskjed"},"content":{"rendered":"<p>En m\u00e5ned f\u00f8r koronaen rammer verden, d\u00f8r Carsten Jensens stes\u00f8nn, Raph. Han blir kun 25 \u00e5r gammel. Resten av verden har en pandemi \u00e5 h\u00e5ndtere og folk opplever tap av trygghet og mening. Carsten Jensen finner en parallell til sin egen sorg, og hans betraktninger leses og deles utover de tradisjonelle mediene, noen ganger til over 1,8 millioner mennesker.   <\/p>\n<p>\u00d8velser i avskjed er en bok om avskjed, b\u00e5de p\u00e5 det personlige og globale plan. B\u00e5de sorg og pandemi er ukjent farvann, men de har ensomhet, refleksjon og en f\u00f8lelse av tap til felles. \u00c5 komme seg videre krever nye sp\u00f8rsm\u00e5l og nye svar. \u00d8velser i avskjed kan v\u00e6re et fint sted \u00e5 begynne.<\/p>\n","protected":false},"excerpt":{"rendered":"<p>En m\u00e5ned f\u00f8r koronaen rammer verden, d\u00f8r Carsten Jensens stes\u00f8nn, Raph. Han blir kun 25 \u00e5r gammel. Resten av verden har en pandemi \u00e5 h\u00e5ndtere og folk opplever tap av trygghet og mening. Carsten Jensen finner en parallell til sin egen sorg, og hans betraktninger leses og deles utover de tradisjonelle mediene, noen ganger til [&hellip;]<\/p>\n","protected":false},"featured_media":26416,"template":"","meta":{"_acf_changed":false,"inline_featured_image":false},"product_brand":[],"product_cat":[1781],"product_tag":[362,488,489,392],"class_list":{"0":"post-20297","1":"product","2":"type-product","3":"status-publish","4":"has-post-thumbnail","6":"product_cat-rabattkodekampanje","7":"product_tag-faglitteratur","8":"product_tag-koronavirussykdommer","9":"product_tag-pandemier","10":"product_tag-samfunnsanalyse","12":"first","13":"instock","14":"shipping-taxable","15":"purchasable","16":"product-type-simple"},"acf":{"anmeldelse":[{"tekst_anmeldelser":"\u00abJensen skriver med en tydelig tone av desperasjon om dybden i sorgen over \u00e5 miste et barn. Tapet er mer en amputasjon enn et s\u00e5r, det er noe som aldri vil bli helet. [\u2026] Som han flere ganger p\u00e5peker, er pandemien bare en generalpr\u00f8ve p\u00e5 de utfordringene klimaendringene vil stille oss overfor \u2013 ikke i en fjern fremtid, men i livene til de som er unge i dag, og deres barns.\u00bb","av_anmeldelser":"Sven Egil Omdal","terningkast":"<i class=\"fa-solid fa-dice-six\"><\/i>","kilde":"Stavanger Aftenblad"},{"tekst_anmeldelser":"\u00abHan viser i klarspr\u00e5k hvordan vi kan bruke spr\u00e5ket for \u00e5 l\u00e6re av hverandre. Slik f\u00e5r leseren \u00f8yne vevsfine sammenhenger mellom menneske og natur, og p\u00e5 kj\u00f8pet en r\u00f8dgl\u00f8dende hjerteenergi og tankekraft som lar gleden, kampen og sorgen f\u00e5 vandre tilhopes. '\u00d8velser i avskjed' skaper h\u00e5p b\u00e5de for litteraturen og leserne.\u00bb","av_anmeldelser":"Freddy Fjellheim","terningkast":false,"kilde":"V\u00e5rt Land"}]},"yoast_head":"<!-- This site is optimized with the Yoast SEO plugin v26.6 - https:\/\/yoast.com\/wordpress\/plugins\/seo\/ -->\n<title>\u00d8velser i avskjed - Forlaget Press<\/title>\n<meta name=\"robots\" content=\"noindex, follow, max-snippet:-1, max-image-preview:large, max-video-preview:-1\" \/>\n<meta property=\"og:locale\" content=\"nb_NO\" \/>\n<meta property=\"og:type\" content=\"article\" \/>\n<meta property=\"og:title\" content=\"\u00d8velser i avskjed - Forlaget Press\" \/>\n<meta property=\"og:description\" content=\"En m\u00e5ned f\u00f8r koronaen rammer verden, d\u00f8r Carsten Jensens stes\u00f8nn, Raph. Han blir kun 25 \u00e5r gammel. Resten av verden har en pandemi \u00e5 h\u00e5ndtere og folk opplever tap av trygghet og mening. Carsten Jensen finner en parallell til sin egen sorg, og hans betraktninger leses og deles utover de tradisjonelle mediene, noen ganger til [&hellip;]\" \/>\n<meta property=\"og:url\" content=\"https:\/\/staging.forenteforlag.no\/forlaget\/produkt\/ovelser-i-avskjed-2\/\" \/>\n<meta property=\"og:site_name\" content=\"Forlaget Press\" \/>\n<meta property=\"article:publisher\" content=\"https:\/\/www.facebook.com\/Forlagetpress\" \/>\n<meta property=\"article:modified_time\" content=\"2026-03-04T12:50:56+00:00\" \/>\n<meta property=\"og:image\" content=\"https:\/\/staging.forenteforlag.no\/forlaget\/wp-content\/uploads\/sites\/3\/2026\/02\/9788232803781.jpg\" \/>\n\t<meta property=\"og:image:width\" content=\"720\" \/>\n\t<meta property=\"og:image:height\" content=\"1090\" \/>\n\t<meta property=\"og:image:type\" content=\"image\/jpeg\" \/>\n<meta name=\"twitter:card\" content=\"summary_large_image\" \/>\n<meta name=\"twitter:label1\" content=\"Ansl. lesetid\" \/>\n\t<meta name=\"twitter:data1\" content=\"1 minutt\" \/>\n<script type=\"application\/ld+json\" class=\"yoast-schema-graph\">{\"@context\":\"https:\/\/schema.org\",\"@graph\":[{\"@type\":\"WebPage\",\"@id\":\"https:\/\/staging.forenteforlag.no\/forlaget\/produkt\/ovelser-i-avskjed-2\/\",\"url\":\"https:\/\/staging.forenteforlag.no\/forlaget\/produkt\/ovelser-i-avskjed-2\/\",\"name\":\"\u00d8velser i avskjed - Forlaget Press\",\"isPartOf\":{\"@id\":\"https:\/\/staging.forenteforlag.no\/forlaget\/#website\"},\"primaryImageOfPage\":{\"@id\":\"https:\/\/staging.forenteforlag.no\/forlaget\/produkt\/ovelser-i-avskjed-2\/#primaryimage\"},\"image\":{\"@id\":\"https:\/\/staging.forenteforlag.no\/forlaget\/produkt\/ovelser-i-avskjed-2\/#primaryimage\"},\"thumbnailUrl\":\"https:\/\/staging.forenteforlag.no\/forlaget\/wp-content\/uploads\/sites\/3\/2026\/02\/9788232803781.jpg\",\"datePublished\":\"2021-05-25T00:00:00+00:00\",\"dateModified\":\"2026-03-04T12:50:56+00:00\",\"breadcrumb\":{\"@id\":\"https:\/\/staging.forenteforlag.no\/forlaget\/produkt\/ovelser-i-avskjed-2\/#breadcrumb\"},\"inLanguage\":\"nb-NO\",\"potentialAction\":[{\"@type\":\"ReadAction\",\"target\":[\"https:\/\/staging.forenteforlag.no\/forlaget\/produkt\/ovelser-i-avskjed-2\/\"]}]},{\"@type\":\"ImageObject\",\"inLanguage\":\"nb-NO\",\"@id\":\"https:\/\/staging.forenteforlag.no\/forlaget\/produkt\/ovelser-i-avskjed-2\/#primaryimage\",\"url\":\"https:\/\/staging.forenteforlag.no\/forlaget\/wp-content\/uploads\/sites\/3\/2026\/02\/9788232803781.jpg\",\"contentUrl\":\"https:\/\/staging.forenteforlag.no\/forlaget\/wp-content\/uploads\/sites\/3\/2026\/02\/9788232803781.jpg\",\"width\":720,\"height\":1090},{\"@type\":\"BreadcrumbList\",\"@id\":\"https:\/\/staging.forenteforlag.no\/forlaget\/produkt\/ovelser-i-avskjed-2\/#breadcrumb\",\"itemListElement\":[{\"@type\":\"ListItem\",\"position\":1,\"name\":\"Hjem\",\"item\":\"https:\/\/staging.forenteforlag.no\/forlaget\/\"},{\"@type\":\"ListItem\",\"position\":2,\"name\":\"Alle b\u00f8ker\",\"item\":\"https:\/\/staging.forenteforlag.no\/forlaget\/butikk\/\"},{\"@type\":\"ListItem\",\"position\":3,\"name\":\"\u00d8velser i avskjed\"}]},{\"@type\":\"WebSite\",\"@id\":\"https:\/\/staging.forenteforlag.no\/forlaget\/#website\",\"url\":\"https:\/\/staging.forenteforlag.no\/forlaget\/\",\"name\":\"Forlaget Press\",\"description\":\"\",\"publisher\":{\"@id\":\"https:\/\/staging.forenteforlag.no\/forlaget\/#organization\"},\"potentialAction\":[{\"@type\":\"SearchAction\",\"target\":{\"@type\":\"EntryPoint\",\"urlTemplate\":\"https:\/\/staging.forenteforlag.no\/forlaget\/?s={search_term_string}\"},\"query-input\":{\"@type\":\"PropertyValueSpecification\",\"valueRequired\":true,\"valueName\":\"search_term_string\"}}],\"inLanguage\":\"nb-NO\"},{\"@type\":\"Organization\",\"@id\":\"https:\/\/staging.forenteforlag.no\/forlaget\/#organization\",\"name\":\"Forlaget Press\",\"url\":\"https:\/\/staging.forenteforlag.no\/forlaget\/\",\"logo\":{\"@type\":\"ImageObject\",\"inLanguage\":\"nb-NO\",\"@id\":\"https:\/\/staging.forenteforlag.no\/forlaget\/#\/schema\/logo\/image\/\",\"url\":\"https:\/\/staging.forenteforlag.no\/forlaget\/wp-content\/uploads\/sites\/3\/2024\/09\/Press_logo.svg\",\"contentUrl\":\"https:\/\/staging.forenteforlag.no\/forlaget\/wp-content\/uploads\/sites\/3\/2024\/09\/Press_logo.svg\",\"width\":100,\"height\":100,\"caption\":\"Forlaget Press\"},\"image\":{\"@id\":\"https:\/\/staging.forenteforlag.no\/forlaget\/#\/schema\/logo\/image\/\"},\"sameAs\":[\"https:\/\/www.facebook.com\/Forlagetpress\"]}]}<\/script>\n<!-- \/ Yoast SEO plugin. -->","yoast_head_json":{"title":"\u00d8velser i avskjed - Forlaget Press","robots":{"index":"noindex","follow":"follow","max-snippet":"max-snippet:-1","max-image-preview":"max-image-preview:large","max-video-preview":"max-video-preview:-1"},"og_locale":"nb_NO","og_type":"article","og_title":"\u00d8velser i avskjed - Forlaget Press","og_description":"En m\u00e5ned f\u00f8r koronaen rammer verden, d\u00f8r Carsten Jensens stes\u00f8nn, Raph. Han blir kun 25 \u00e5r gammel. Resten av verden har en pandemi \u00e5 h\u00e5ndtere og folk opplever tap av trygghet og mening. Carsten Jensen finner en parallell til sin egen sorg, og hans betraktninger leses og deles utover de tradisjonelle mediene, noen ganger til [&hellip;]","og_url":"https:\/\/staging.forenteforlag.no\/forlaget\/produkt\/ovelser-i-avskjed-2\/","og_site_name":"Forlaget Press","article_publisher":"https:\/\/www.facebook.com\/Forlagetpress","article_modified_time":"2026-03-04T12:50:56+00:00","og_image":[{"width":720,"height":1090,"url":"https:\/\/staging.forenteforlag.no\/forlaget\/wp-content\/uploads\/sites\/3\/2026\/02\/9788232803781.jpg","type":"image\/jpeg"}],"twitter_card":"summary_large_image","twitter_misc":{"Ansl. lesetid":"1 minutt"},"schema":{"@context":"https:\/\/schema.org","@graph":[{"@type":"WebPage","@id":"https:\/\/staging.forenteforlag.no\/forlaget\/produkt\/ovelser-i-avskjed-2\/","url":"https:\/\/staging.forenteforlag.no\/forlaget\/produkt\/ovelser-i-avskjed-2\/","name":"\u00d8velser i avskjed - Forlaget Press","isPartOf":{"@id":"https:\/\/staging.forenteforlag.no\/forlaget\/#website"},"primaryImageOfPage":{"@id":"https:\/\/staging.forenteforlag.no\/forlaget\/produkt\/ovelser-i-avskjed-2\/#primaryimage"},"image":{"@id":"https:\/\/staging.forenteforlag.no\/forlaget\/produkt\/ovelser-i-avskjed-2\/#primaryimage"},"thumbnailUrl":"https:\/\/staging.forenteforlag.no\/forlaget\/wp-content\/uploads\/sites\/3\/2026\/02\/9788232803781.jpg","datePublished":"2021-05-25T00:00:00+00:00","dateModified":"2026-03-04T12:50:56+00:00","breadcrumb":{"@id":"https:\/\/staging.forenteforlag.no\/forlaget\/produkt\/ovelser-i-avskjed-2\/#breadcrumb"},"inLanguage":"nb-NO","potentialAction":[{"@type":"ReadAction","target":["https:\/\/staging.forenteforlag.no\/forlaget\/produkt\/ovelser-i-avskjed-2\/"]}]},{"@type":"ImageObject","inLanguage":"nb-NO","@id":"https:\/\/staging.forenteforlag.no\/forlaget\/produkt\/ovelser-i-avskjed-2\/#primaryimage","url":"https:\/\/staging.forenteforlag.no\/forlaget\/wp-content\/uploads\/sites\/3\/2026\/02\/9788232803781.jpg","contentUrl":"https:\/\/staging.forenteforlag.no\/forlaget\/wp-content\/uploads\/sites\/3\/2026\/02\/9788232803781.jpg","width":720,"height":1090},{"@type":"BreadcrumbList","@id":"https:\/\/staging.forenteforlag.no\/forlaget\/produkt\/ovelser-i-avskjed-2\/#breadcrumb","itemListElement":[{"@type":"ListItem","position":1,"name":"Hjem","item":"https:\/\/staging.forenteforlag.no\/forlaget\/"},{"@type":"ListItem","position":2,"name":"Alle b\u00f8ker","item":"https:\/\/staging.forenteforlag.no\/forlaget\/butikk\/"},{"@type":"ListItem","position":3,"name":"\u00d8velser i avskjed"}]},{"@type":"WebSite","@id":"https:\/\/staging.forenteforlag.no\/forlaget\/#website","url":"https:\/\/staging.forenteforlag.no\/forlaget\/","name":"Forlaget Press","description":"","publisher":{"@id":"https:\/\/staging.forenteforlag.no\/forlaget\/#organization"},"potentialAction":[{"@type":"SearchAction","target":{"@type":"EntryPoint","urlTemplate":"https:\/\/staging.forenteforlag.no\/forlaget\/?s={search_term_string}"},"query-input":{"@type":"PropertyValueSpecification","valueRequired":true,"valueName":"search_term_string"}}],"inLanguage":"nb-NO"},{"@type":"Organization","@id":"https:\/\/staging.forenteforlag.no\/forlaget\/#organization","name":"Forlaget Press","url":"https:\/\/staging.forenteforlag.no\/forlaget\/","logo":{"@type":"ImageObject","inLanguage":"nb-NO","@id":"https:\/\/staging.forenteforlag.no\/forlaget\/#\/schema\/logo\/image\/","url":"https:\/\/staging.forenteforlag.no\/forlaget\/wp-content\/uploads\/sites\/3\/2024\/09\/Press_logo.svg","contentUrl":"https:\/\/staging.forenteforlag.no\/forlaget\/wp-content\/uploads\/sites\/3\/2024\/09\/Press_logo.svg","width":100,"height":100,"caption":"Forlaget Press"},"image":{"@id":"https:\/\/staging.forenteforlag.no\/forlaget\/#\/schema\/logo\/image\/"},"sameAs":["https:\/\/www.facebook.com\/Forlagetpress"]}]}},"_links":{"self":[{"href":"https:\/\/staging.forenteforlag.no\/forlaget\/wp-json\/wp\/v2\/product\/20297","targetHints":{"allow":["GET"]}}],"collection":[{"href":"https:\/\/staging.forenteforlag.no\/forlaget\/wp-json\/wp\/v2\/product"}],"about":[{"href":"https:\/\/staging.forenteforlag.no\/forlaget\/wp-json\/wp\/v2\/types\/product"}],"wp:featuredmedia":[{"embeddable":true,"href":"https:\/\/staging.forenteforlag.no\/forlaget\/wp-json\/wp\/v2\/media\/26416"}],"wp:attachment":[{"href":"https:\/\/staging.forenteforlag.no\/forlaget\/wp-json\/wp\/v2\/media?parent=20297"}],"wp:term":[{"taxonomy":"product_brand","embeddable":true,"href":"https:\/\/staging.forenteforlag.no\/forlaget\/wp-json\/wp\/v2\/product_brand?post=20297"},{"taxonomy":"product_cat","embeddable":true,"href":"https:\/\/staging.forenteforlag.no\/forlaget\/wp-json\/wp\/v2\/product_cat?post=20297"},{"taxonomy":"product_tag","embeddable":true,"href":"https:\/\/staging.forenteforlag.no\/forlaget\/wp-json\/wp\/v2\/product_tag?post=20297"}],"curies":[{"name":"wp","href":"https:\/\/api.w.org\/{rel}","templated":true}]}}

Øvelser i avskjed

<p>En måned før koronaen rammer verden, dør Carsten Jensens stesønn, Raph. Han blir kun 25 år gammel. Resten av verden har en pandemi å håndtere og folk opplever tap av trygghet og mening. Carsten Jensen finner en parallell til sin egen sorg, og hans betraktninger leses og deles utover de tradisjonelle mediene, noen ganger til over 1,8 millioner mennesker.   </p>
<p>Øvelser i avskjed er en bok om avskjed, både på det personlige og globale plan. Både sorg og pandemi er ukjent farvann, men de har ensomhet, refleksjon og en følelse av tap til felles. Å komme seg videre krever nye spørsmål og nye svar. Øvelser i avskjed kan være et fint sted å begynne.</p>

<p>En måned før koronaen rammer verden, dør Carsten Jensens stesønn, Raph. Han blir kun 25 år gammel. Resten av verden har en pandemi å håndtere og folk opplever tap av trygghet og mening. Carsten Jensen finner en parallell til sin egen sorg, og hans betraktninger leses og deles utover de tradisjonelle mediene, noen ganger til [&hellip;]</p>

«Jensen skriver med en tydelig tone av desperasjon om dybden i sorgen over å miste et barn. Tapet er mer en amputasjon enn et sår, det er noe som aldri vil bli helet. […] Som han flere ganger påpeker, er pandemien bare en generalprøve på de utfordringene klimaendringene vil stille oss overfor – ikke i en fjern fremtid, men i livene til de som er unge i dag, og deres barns.»

«Han viser i klarspråk hvordan vi kan bruke språket for å lære av hverandre. Slik får leseren øyne vevsfine sammenhenger mellom menneske og natur, og på kjøpet en rødglødende hjerteenergi og tankekraft som lar gleden, kampen og sorgen få vandre tilhopes. 'Øvelser i avskjed' skaper håp både for litteraturen og leserne.»

Vårt Land

<!-- This site is optimized with the Yoast SEO plugin v26.6 - https://yoast.com/wordpress/plugins/seo/ -->
<title>Øvelser i avskjed - Forlaget Press</title>
<meta name="robots" content="noindex, follow, max-snippet:-1, max-image-preview:large, max-video-preview:-1" />
<meta property="og:locale" content="nb_NO" />
<meta property="og:type" content="article" />
<meta property="og:title" content="Øvelser i avskjed - Forlaget Press" />
<meta property="og:description" content="En måned før koronaen rammer verden, dør Carsten Jensens stesønn, Raph. Han blir kun 25 år gammel. Resten av verden har en pandemi å håndtere og folk opplever tap av trygghet og mening. Carsten Jensen finner en parallell til sin egen sorg, og hans betraktninger leses og deles utover de tradisjonelle mediene, noen ganger til [&hellip;]" />
<meta property="og:url" content="https://staging.forenteforlag.no/forlaget/produkt/ovelser-i-avskjed-2/" />
<meta property="og:site_name" content="Forlaget Press" />
<meta property="article:publisher" content="https://www.facebook.com/Forlagetpress" />
<meta property="article:modified_time" content="2026-03-04T12:50:56+00:00" />
<meta property="og:image" content="https://staging.forenteforlag.no/forlaget/wp-content/uploads/sites/3/2026/02/9788232803781.jpg" />
	<meta property="og:image:width" content="720" />
	<meta property="og:image:height" content="1090" />
	<meta property="og:image:type" content="image/jpeg" />
<meta name="twitter:card" content="summary_large_image" />
<meta name="twitter:label1" content="Ansl. lesetid" />
	<meta name="twitter:data1" content="1 minutt" />
<script type="application/ld+json" class="yoast-schema-graph">{"@context":"https://schema.org","@graph":[{"@type":"WebPage","@id":"https://staging.forenteforlag.no/forlaget/produkt/ovelser-i-avskjed-2/","url":"https://staging.forenteforlag.no/forlaget/produkt/ovelser-i-avskjed-2/","name":"Øvelser i avskjed - Forlaget Press","isPartOf":{"@id":"https://staging.forenteforlag.no/forlaget/#website"},"primaryImageOfPage":{"@id":"https://staging.forenteforlag.no/forlaget/produkt/ovelser-i-avskjed-2/#primaryimage"},"image":{"@id":"https://staging.forenteforlag.no/forlaget/produkt/ovelser-i-avskjed-2/#primaryimage"},"thumbnailUrl":"https://staging.forenteforlag.no/forlaget/wp-content/uploads/sites/3/2026/02/9788232803781.jpg","datePublished":"2021-05-25T00:00:00+00:00","dateModified":"2026-03-04T12:50:56+00:00","breadcrumb":{"@id":"https://staging.forenteforlag.no/forlaget/produkt/ovelser-i-avskjed-2/#breadcrumb"},"inLanguage":"nb-NO","potentialAction":[{"@type":"ReadAction","target":["https://staging.forenteforlag.no/forlaget/produkt/ovelser-i-avskjed-2/"]}]},{"@type":"ImageObject","inLanguage":"nb-NO","@id":"https://staging.forenteforlag.no/forlaget/produkt/ovelser-i-avskjed-2/#primaryimage","url":"https://staging.forenteforlag.no/forlaget/wp-content/uploads/sites/3/2026/02/9788232803781.jpg","contentUrl":"https://staging.forenteforlag.no/forlaget/wp-content/uploads/sites/3/2026/02/9788232803781.jpg","width":720,"height":1090},{"@type":"BreadcrumbList","@id":"https://staging.forenteforlag.no/forlaget/produkt/ovelser-i-avskjed-2/#breadcrumb","itemListElement":[{"@type":"ListItem","position":1,"name":"Hjem","item":"https://staging.forenteforlag.no/forlaget/"},{"@type":"ListItem","position":2,"name":"Alle bøker","item":"https://staging.forenteforlag.no/forlaget/butikk/"},{"@type":"ListItem","position":3,"name":"Øvelser i avskjed"}]},{"@type":"WebSite","@id":"https://staging.forenteforlag.no/forlaget/#website","url":"https://staging.forenteforlag.no/forlaget/","name":"Forlaget Press","description":"","publisher":{"@id":"https://staging.forenteforlag.no/forlaget/#organization"},"potentialAction":[{"@type":"SearchAction","target":{"@type":"EntryPoint","urlTemplate":"https://staging.forenteforlag.no/forlaget/?s={search_term_string}"},"query-input":{"@type":"PropertyValueSpecification","valueRequired":true,"valueName":"search_term_string"}}],"inLanguage":"nb-NO"},{"@type":"Organization","@id":"https://staging.forenteforlag.no/forlaget/#organization","name":"Forlaget Press","url":"https://staging.forenteforlag.no/forlaget/","logo":{"@type":"ImageObject","inLanguage":"nb-NO","@id":"https://staging.forenteforlag.no/forlaget/#/schema/logo/image/","url":"https://staging.forenteforlag.no/forlaget/wp-content/uploads/sites/3/2024/09/Press_logo.svg","contentUrl":"https://staging.forenteforlag.no/forlaget/wp-content/uploads/sites/3/2024/09/Press_logo.svg","width":100,"height":100,"caption":"Forlaget Press"},"image":{"@id":"https://staging.forenteforlag.no/forlaget/#/schema/logo/image/"},"sameAs":["https://www.facebook.com/Forlagetpress"]}]}</script>
<!-- / Yoast SEO plugin. -->

Øvelser i avskjed - Forlaget Press

En måned før koronaen rammer verden, dør Carsten Jensens stesønn, Raph. Han blir kun 25 år gammel. Resten av verden har en pandemi å håndtere og folk opplever tap av trygghet og mening. Carsten Jensen finner en parallell til sin egen sorg, og hans betraktninger leses og deles utover de tradisjonelle mediene, noen ganger til [&hellip;]

Alle bøker
