{"id":20293,"date":"2021-02-05T01:00:00","date_gmt":"2021-02-05T00:00:00","guid":{"rendered":"https:\/\/forlagetpress.forenteforlag.no\/produkt\/min-mor-var-besatt-2\/"},"modified":"2026-03-02T16:54:17","modified_gmt":"2026-03-02T15:54:17","slug":"min-mor-var-besatt-2","status":"publish","type":"product","link":"https:\/\/staging.forenteforlag.no\/forlaget\/produkt\/min-mor-var-besatt-2\/","title":{"rendered":"Min mor var besatt"},"content":{"rendered":"<p>Allerede samme dag som Peter \u00d8vig Knudsens mor d\u00f8de bestemte forfatteren seg for \u00e5 skrive en bok om henne, og om hvordan det var \u00e5 vokse opp med en psykisk syk forelder. Bokas tittel sto lysende klar for ham fra starten av: Min mor var besatt. For det var slik han som barn opplevde morens lidelse: som en demon, som plutselig kikket p\u00e5 ham gjennom morens \u00f8yne og fylte huset med et monstr\u00f8st m\u00f8rke. <\/p>\n<p>Under arbeidet med boka begynner noe \u00e5 rase i forfatterens eget sinn. Langsomt ruller en altoppslukende depresjon inn over \u00d8vig Knudsen og fordreier hele hans virkelighetsoppfattelse. Forpint og kraftig paranoid m\u00e5 han til slutt la seg innlegge p\u00e5 lukket psykiatrisk avdeling. Da han senere blir utskrevet har han endret synet p\u00e5 sin mor, p\u00e5 seg selv og p\u00e5 boka han skriver. <\/p>\n<p>Min mor var besatt er en sterk og personlig beretning om opplevelsen av psykisk sykdom. Om hva som skjer, b\u00e5de med en selv og med ens n\u00e6rmeste, n\u00e5r v\u00e5r felles virkelighet smuldrer opp. P\u00e5 samme tid forteller boka om en generasjon av kvinner, som til tross for b\u00e5de begavelser og dr\u00f8mmer, ble fanget mellom husmorliv og kvinnefrigj\u00f8ring. Og om barna som vokste opp i et milj\u00f8 der de borgerlige normene var viktigere enn barnas trivsel.<\/p>\n","protected":false},"excerpt":{"rendered":"<p>Allerede samme dag som Peter \u00d8vig Knudsens mor d\u00f8de bestemte forfatteren seg for \u00e5 skrive en bok om henne, og om hvordan det var \u00e5 vokse opp med en psykisk syk forelder. Bokas tittel sto lysende klar for ham fra starten av: Min mor var besatt. For det var slik han som barn opplevde morens [&hellip;]<\/p>\n","protected":false},"featured_media":26404,"template":"","meta":{"_acf_changed":false,"inline_featured_image":false},"product_brand":[],"product_cat":[1781],"product_tag":[362],"class_list":{"0":"post-20293","1":"product","2":"type-product","3":"status-publish","4":"has-post-thumbnail","6":"product_cat-rabattkodekampanje","7":"product_tag-faglitteratur","9":"first","10":"instock","11":"shipping-taxable","12":"purchasable","13":"product-type-simple"},"acf":{"anmeldelse":[{"tekst_anmeldelser":"\u00abGj\u00f8r et sterkt inntrykk [\u2026] en helt ny m\u00e5te \u00e5 se depresjon p\u00e5.\u00bb","av_anmeldelser":"Benedicte Gui de Thurah Huang","terningkast":false,"kilde":"Politiken"},{"tekst_anmeldelser":"\u00abEn forf\u00f8rende og s\u00e6rdeles autentisk leseropplevelse. Det er som \u00e5 v\u00e6re til stede selv, i all sin gru.\u00bb","av_anmeldelser":"Kristian Ditlev Jensen","terningkast":false,"kilde":"Weekendavisen"},{"tekst_anmeldelser":"\u00abEkstremt personlig, og tar den s\u00e5kalte virkelighetslitteraturen enda et skritt videre... En av Danmarks og Nordens viktigste samtidsforfattere.\u00bb","av_anmeldelser":"Hans Petter Sj\u00f8li","terningkast":false,"kilde":"VG"},{"tekst_anmeldelser":"\u00abEn dypt personlig og modig fortalt historie, med allmenn relevans.\u00bb","av_anmeldelser":"Hans Gregersen","terningkast":false,"kilde":"Nordjyske Stiftstidende"},{"tekst_anmeldelser":"\u00abPeter \u00d8vig har skrevet en engasjerende bok om \u00e5 forst\u00e5 sin mors og sin egen depresjon.\u00bb","av_anmeldelser":"Henrik Jensen","terningkast":false,"kilde":"Jyllands-Posten"},{"tekst_anmeldelser":"\u00abDet er en heftig og fortvilt tekst.\u00bb","av_anmeldelser":"Finn Sk\u00e5rderud","terningkast":false,"kilde":"Aftenposten"},{"tekst_anmeldelser":"\u00ab[M]ye ved boka er interessant: Forfatterens reise gjennom infernoet, der han kommer ut p\u00e5 den andre siden, med et nytt syn p\u00e5 psykiatri og elektrosjokk. Kunnskapen om depresjon som han erverver, tolker og deler. Det er likevel ikke disse innsiktene som gj\u00f8r boka unik. Det unike er hvordan Knudsen noterer og rapporterer mens han er p\u00e5 vei ned, mens han er i dager av 'redsel, mareritt, skrik og helvete'. Det er sterk dokumentasjon som ikke glemmes s\u00e5 lett.\u00bb","av_anmeldelser":"Maya Troberg Djuve","terningkast":false,"kilde":"Dagbladet"},{"tekst_anmeldelser":"\u00abBoken er fylt med innsikt og selvinnsikt og er en betimelig og n\u00f8dvendig konstatering av det helt innlysende: Dette m\u00e5 vi snakke om. Alle sammen.\u00bb","av_anmeldelser":"Anita Brask Rasmussen","terningkast":false,"kilde":"Information"},{"tekst_anmeldelser":"","av_anmeldelser":"","terningkast":false,"kilde":""},{"tekst_anmeldelser":"","av_anmeldelser":"","terningkast":false,"kilde":""}]},"yoast_head":"<!-- This site is optimized with the Yoast SEO plugin v26.6 - https:\/\/yoast.com\/wordpress\/plugins\/seo\/ -->\n<title>Min mor var besatt - Forlaget Press<\/title>\n<meta name=\"robots\" content=\"noindex, follow, max-snippet:-1, max-image-preview:large, max-video-preview:-1\" \/>\n<meta property=\"og:locale\" content=\"nb_NO\" \/>\n<meta property=\"og:type\" content=\"article\" \/>\n<meta property=\"og:title\" content=\"Min mor var besatt - Forlaget Press\" \/>\n<meta property=\"og:description\" content=\"Allerede samme dag som Peter \u00d8vig Knudsens mor d\u00f8de bestemte forfatteren seg for \u00e5 skrive en bok om henne, og om hvordan det var \u00e5 vokse opp med en psykisk syk forelder. Bokas tittel sto lysende klar for ham fra starten av: Min mor var besatt. For det var slik han som barn opplevde morens [&hellip;]\" \/>\n<meta property=\"og:url\" content=\"https:\/\/staging.forenteforlag.no\/forlaget\/produkt\/min-mor-var-besatt-2\/\" \/>\n<meta property=\"og:site_name\" content=\"Forlaget Press\" \/>\n<meta property=\"article:publisher\" content=\"https:\/\/www.facebook.com\/Forlagetpress\" \/>\n<meta property=\"article:modified_time\" content=\"2026-03-02T15:54:17+00:00\" \/>\n<meta property=\"og:image\" content=\"https:\/\/staging.forenteforlag.no\/forlaget\/wp-content\/uploads\/sites\/3\/2026\/02\/9788232803590.jpg\" \/>\n\t<meta property=\"og:image:width\" content=\"720\" \/>\n\t<meta property=\"og:image:height\" content=\"1055\" \/>\n\t<meta property=\"og:image:type\" content=\"image\/jpeg\" \/>\n<meta name=\"twitter:card\" content=\"summary_large_image\" \/>\n<meta name=\"twitter:label1\" content=\"Ansl. lesetid\" \/>\n\t<meta name=\"twitter:data1\" content=\"1 minutt\" \/>\n<script type=\"application\/ld+json\" class=\"yoast-schema-graph\">{\"@context\":\"https:\/\/schema.org\",\"@graph\":[{\"@type\":\"WebPage\",\"@id\":\"https:\/\/staging.forenteforlag.no\/forlaget\/produkt\/min-mor-var-besatt-2\/\",\"url\":\"https:\/\/staging.forenteforlag.no\/forlaget\/produkt\/min-mor-var-besatt-2\/\",\"name\":\"Min mor var besatt - Forlaget Press\",\"isPartOf\":{\"@id\":\"https:\/\/staging.forenteforlag.no\/forlaget\/#website\"},\"primaryImageOfPage\":{\"@id\":\"https:\/\/staging.forenteforlag.no\/forlaget\/produkt\/min-mor-var-besatt-2\/#primaryimage\"},\"image\":{\"@id\":\"https:\/\/staging.forenteforlag.no\/forlaget\/produkt\/min-mor-var-besatt-2\/#primaryimage\"},\"thumbnailUrl\":\"https:\/\/staging.forenteforlag.no\/forlaget\/wp-content\/uploads\/sites\/3\/2026\/02\/9788232803590.jpg\",\"datePublished\":\"2021-02-05T00:00:00+00:00\",\"dateModified\":\"2026-03-02T15:54:17+00:00\",\"breadcrumb\":{\"@id\":\"https:\/\/staging.forenteforlag.no\/forlaget\/produkt\/min-mor-var-besatt-2\/#breadcrumb\"},\"inLanguage\":\"nb-NO\",\"potentialAction\":[{\"@type\":\"ReadAction\",\"target\":[\"https:\/\/staging.forenteforlag.no\/forlaget\/produkt\/min-mor-var-besatt-2\/\"]}]},{\"@type\":\"ImageObject\",\"inLanguage\":\"nb-NO\",\"@id\":\"https:\/\/staging.forenteforlag.no\/forlaget\/produkt\/min-mor-var-besatt-2\/#primaryimage\",\"url\":\"https:\/\/staging.forenteforlag.no\/forlaget\/wp-content\/uploads\/sites\/3\/2026\/02\/9788232803590.jpg\",\"contentUrl\":\"https:\/\/staging.forenteforlag.no\/forlaget\/wp-content\/uploads\/sites\/3\/2026\/02\/9788232803590.jpg\",\"width\":720,\"height\":1055},{\"@type\":\"BreadcrumbList\",\"@id\":\"https:\/\/staging.forenteforlag.no\/forlaget\/produkt\/min-mor-var-besatt-2\/#breadcrumb\",\"itemListElement\":[{\"@type\":\"ListItem\",\"position\":1,\"name\":\"Hjem\",\"item\":\"https:\/\/staging.forenteforlag.no\/forlaget\/\"},{\"@type\":\"ListItem\",\"position\":2,\"name\":\"Alle b\u00f8ker\",\"item\":\"https:\/\/staging.forenteforlag.no\/forlaget\/butikk\/\"},{\"@type\":\"ListItem\",\"position\":3,\"name\":\"Min mor var besatt\"}]},{\"@type\":\"WebSite\",\"@id\":\"https:\/\/staging.forenteforlag.no\/forlaget\/#website\",\"url\":\"https:\/\/staging.forenteforlag.no\/forlaget\/\",\"name\":\"Forlaget Press\",\"description\":\"\",\"publisher\":{\"@id\":\"https:\/\/staging.forenteforlag.no\/forlaget\/#organization\"},\"potentialAction\":[{\"@type\":\"SearchAction\",\"target\":{\"@type\":\"EntryPoint\",\"urlTemplate\":\"https:\/\/staging.forenteforlag.no\/forlaget\/?s={search_term_string}\"},\"query-input\":{\"@type\":\"PropertyValueSpecification\",\"valueRequired\":true,\"valueName\":\"search_term_string\"}}],\"inLanguage\":\"nb-NO\"},{\"@type\":\"Organization\",\"@id\":\"https:\/\/staging.forenteforlag.no\/forlaget\/#organization\",\"name\":\"Forlaget Press\",\"url\":\"https:\/\/staging.forenteforlag.no\/forlaget\/\",\"logo\":{\"@type\":\"ImageObject\",\"inLanguage\":\"nb-NO\",\"@id\":\"https:\/\/staging.forenteforlag.no\/forlaget\/#\/schema\/logo\/image\/\",\"url\":\"https:\/\/staging.forenteforlag.no\/forlaget\/wp-content\/uploads\/sites\/3\/2024\/09\/Press_logo.svg\",\"contentUrl\":\"https:\/\/staging.forenteforlag.no\/forlaget\/wp-content\/uploads\/sites\/3\/2024\/09\/Press_logo.svg\",\"width\":100,\"height\":100,\"caption\":\"Forlaget Press\"},\"image\":{\"@id\":\"https:\/\/staging.forenteforlag.no\/forlaget\/#\/schema\/logo\/image\/\"},\"sameAs\":[\"https:\/\/www.facebook.com\/Forlagetpress\"]}]}<\/script>\n<!-- \/ Yoast SEO plugin. -->","yoast_head_json":{"title":"Min mor var besatt - Forlaget Press","robots":{"index":"noindex","follow":"follow","max-snippet":"max-snippet:-1","max-image-preview":"max-image-preview:large","max-video-preview":"max-video-preview:-1"},"og_locale":"nb_NO","og_type":"article","og_title":"Min mor var besatt - Forlaget Press","og_description":"Allerede samme dag som Peter \u00d8vig Knudsens mor d\u00f8de bestemte forfatteren seg for \u00e5 skrive en bok om henne, og om hvordan det var \u00e5 vokse opp med en psykisk syk forelder. Bokas tittel sto lysende klar for ham fra starten av: Min mor var besatt. For det var slik han som barn opplevde morens [&hellip;]","og_url":"https:\/\/staging.forenteforlag.no\/forlaget\/produkt\/min-mor-var-besatt-2\/","og_site_name":"Forlaget Press","article_publisher":"https:\/\/www.facebook.com\/Forlagetpress","article_modified_time":"2026-03-02T15:54:17+00:00","og_image":[{"width":720,"height":1055,"url":"https:\/\/staging.forenteforlag.no\/forlaget\/wp-content\/uploads\/sites\/3\/2026\/02\/9788232803590.jpg","type":"image\/jpeg"}],"twitter_card":"summary_large_image","twitter_misc":{"Ansl. lesetid":"1 minutt"},"schema":{"@context":"https:\/\/schema.org","@graph":[{"@type":"WebPage","@id":"https:\/\/staging.forenteforlag.no\/forlaget\/produkt\/min-mor-var-besatt-2\/","url":"https:\/\/staging.forenteforlag.no\/forlaget\/produkt\/min-mor-var-besatt-2\/","name":"Min mor var besatt - Forlaget Press","isPartOf":{"@id":"https:\/\/staging.forenteforlag.no\/forlaget\/#website"},"primaryImageOfPage":{"@id":"https:\/\/staging.forenteforlag.no\/forlaget\/produkt\/min-mor-var-besatt-2\/#primaryimage"},"image":{"@id":"https:\/\/staging.forenteforlag.no\/forlaget\/produkt\/min-mor-var-besatt-2\/#primaryimage"},"thumbnailUrl":"https:\/\/staging.forenteforlag.no\/forlaget\/wp-content\/uploads\/sites\/3\/2026\/02\/9788232803590.jpg","datePublished":"2021-02-05T00:00:00+00:00","dateModified":"2026-03-02T15:54:17+00:00","breadcrumb":{"@id":"https:\/\/staging.forenteforlag.no\/forlaget\/produkt\/min-mor-var-besatt-2\/#breadcrumb"},"inLanguage":"nb-NO","potentialAction":[{"@type":"ReadAction","target":["https:\/\/staging.forenteforlag.no\/forlaget\/produkt\/min-mor-var-besatt-2\/"]}]},{"@type":"ImageObject","inLanguage":"nb-NO","@id":"https:\/\/staging.forenteforlag.no\/forlaget\/produkt\/min-mor-var-besatt-2\/#primaryimage","url":"https:\/\/staging.forenteforlag.no\/forlaget\/wp-content\/uploads\/sites\/3\/2026\/02\/9788232803590.jpg","contentUrl":"https:\/\/staging.forenteforlag.no\/forlaget\/wp-content\/uploads\/sites\/3\/2026\/02\/9788232803590.jpg","width":720,"height":1055},{"@type":"BreadcrumbList","@id":"https:\/\/staging.forenteforlag.no\/forlaget\/produkt\/min-mor-var-besatt-2\/#breadcrumb","itemListElement":[{"@type":"ListItem","position":1,"name":"Hjem","item":"https:\/\/staging.forenteforlag.no\/forlaget\/"},{"@type":"ListItem","position":2,"name":"Alle b\u00f8ker","item":"https:\/\/staging.forenteforlag.no\/forlaget\/butikk\/"},{"@type":"ListItem","position":3,"name":"Min mor var besatt"}]},{"@type":"WebSite","@id":"https:\/\/staging.forenteforlag.no\/forlaget\/#website","url":"https:\/\/staging.forenteforlag.no\/forlaget\/","name":"Forlaget Press","description":"","publisher":{"@id":"https:\/\/staging.forenteforlag.no\/forlaget\/#organization"},"potentialAction":[{"@type":"SearchAction","target":{"@type":"EntryPoint","urlTemplate":"https:\/\/staging.forenteforlag.no\/forlaget\/?s={search_term_string}"},"query-input":{"@type":"PropertyValueSpecification","valueRequired":true,"valueName":"search_term_string"}}],"inLanguage":"nb-NO"},{"@type":"Organization","@id":"https:\/\/staging.forenteforlag.no\/forlaget\/#organization","name":"Forlaget Press","url":"https:\/\/staging.forenteforlag.no\/forlaget\/","logo":{"@type":"ImageObject","inLanguage":"nb-NO","@id":"https:\/\/staging.forenteforlag.no\/forlaget\/#\/schema\/logo\/image\/","url":"https:\/\/staging.forenteforlag.no\/forlaget\/wp-content\/uploads\/sites\/3\/2024\/09\/Press_logo.svg","contentUrl":"https:\/\/staging.forenteforlag.no\/forlaget\/wp-content\/uploads\/sites\/3\/2024\/09\/Press_logo.svg","width":100,"height":100,"caption":"Forlaget Press"},"image":{"@id":"https:\/\/staging.forenteforlag.no\/forlaget\/#\/schema\/logo\/image\/"},"sameAs":["https:\/\/www.facebook.com\/Forlagetpress"]}]}},"_links":{"self":[{"href":"https:\/\/staging.forenteforlag.no\/forlaget\/wp-json\/wp\/v2\/product\/20293","targetHints":{"allow":["GET"]}}],"collection":[{"href":"https:\/\/staging.forenteforlag.no\/forlaget\/wp-json\/wp\/v2\/product"}],"about":[{"href":"https:\/\/staging.forenteforlag.no\/forlaget\/wp-json\/wp\/v2\/types\/product"}],"wp:featuredmedia":[{"embeddable":true,"href":"https:\/\/staging.forenteforlag.no\/forlaget\/wp-json\/wp\/v2\/media\/26404"}],"wp:attachment":[{"href":"https:\/\/staging.forenteforlag.no\/forlaget\/wp-json\/wp\/v2\/media?parent=20293"}],"wp:term":[{"taxonomy":"product_brand","embeddable":true,"href":"https:\/\/staging.forenteforlag.no\/forlaget\/wp-json\/wp\/v2\/product_brand?post=20293"},{"taxonomy":"product_cat","embeddable":true,"href":"https:\/\/staging.forenteforlag.no\/forlaget\/wp-json\/wp\/v2\/product_cat?post=20293"},{"taxonomy":"product_tag","embeddable":true,"href":"https:\/\/staging.forenteforlag.no\/forlaget\/wp-json\/wp\/v2\/product_tag?post=20293"}],"curies":[{"name":"wp","href":"https:\/\/api.w.org\/{rel}","templated":true}]}}