{"id":20283,"date":"2021-09-29T02:00:00","date_gmt":"2021-09-29T00:00:00","guid":{"rendered":"https:\/\/forlagetpress.forenteforlag.no\/produkt\/den-frivillige-2\/"},"modified":"2026-03-02T16:55:01","modified_gmt":"2026-03-02T15:55:01","slug":"den-frivillige-2","status":"publish","type":"product","link":"https:\/\/staging.forenteforlag.no\/forlaget\/produkt\/den-frivillige-2\/","title":{"rendered":"Den frivillige"},"content":{"rendered":"<p>Historien om den polske motstandsmannen Witold Pilecki er s\u00e5 spektakul\u00e6r og usannsynlig at den knapt er til \u00e5 tro p\u00e5. Det gjorde heller ikke den prisbel\u00f8nte journalisten Jack Fairweather da han f\u00f8rst h\u00f8rte om Pilecki i 2011 &#8211; men det var f\u00f8r han begynte \u00e5 lete i arkivene som har v\u00e6rt lukket av det polske kommunistregimet siden 1948.  <\/p>\n<p>Da Polen ble invadert i 1939, vervet Witold Pilecki seg til den polske motstandsbevegelsen. En av deres metoder var \u00e5 infiltrere tyskernes leirer og stasjoner, med tanke p\u00e5 b\u00e5de etterretning og sabotasje. Pilecki ble spurt om han kunne s\u00f8rge for \u00e5 bli arrestert av SS og sendt til konsentrasjonsleiren Auschwitz.  <\/p>\n<p>Som straffange under de mest groteske omstendigheter klarte Pilecki i l\u00f8pet av to og et halvt \u00e5r \u00e5 etablere en liten motstandsgruppe inne i leiren. Gjennom dette nettverket sendte han regelmessig ut rapporter om hva som foregikk, ogs\u00e5 til de allierte. Fairweathers utgangspunkt er funnet av disse i et arkiv i London, der det g\u00e5r fram at Pilecki var en av de f\u00f8rste som konkret dokumenterte oppskaleringen av den industrielle j\u00f8deutryddelsen som fant sted i Auschwitz.  <\/p>\n<p>Etter 1945 fortsatte Pilceki sin motstandskamp, men n\u00e5 mot kommunistene og sovjetveldet. De nye styresmaktene s\u00f8rget for at all informasjon om krigsinnsatsen hans ble lagt lokk p\u00e5. Slik forsvant alle spor etter kanskje en av de aller st\u00f8rste heltene under andre verdenskrig. <\/p>\n<p>Vinner av Costa Book Award: Book of the year 2019.<\/p>\n","protected":false},"excerpt":{"rendered":"<p>Historien om den polske motstandsmannen Witold Pilecki er s\u00e5 spektakul\u00e6r og usannsynlig at den knapt er til \u00e5 tro p\u00e5. Det gjorde heller ikke den prisbel\u00f8nte journalisten Jack Fairweather da han f\u00f8rst h\u00f8rte om Pilecki i 2011 &#8211; men det var f\u00f8r han begynte \u00e5 lete i arkivene som har v\u00e6rt lukket av det polske [&hellip;]<\/p>\n","protected":false},"featured_media":26415,"template":"","meta":{"_acf_changed":false,"inline_featured_image":false},"product_brand":[],"product_cat":[1781],"product_tag":[362],"class_list":{"0":"post-20283","1":"product","2":"type-product","3":"status-publish","4":"has-post-thumbnail","6":"product_cat-rabattkodekampanje","7":"product_tag-faglitteratur","9":"first","10":"instock","11":"shipping-taxable","12":"purchasable","13":"product-type-simple"},"acf":{"anmeldelse":[{"tekst_anmeldelser":"\u00abDenne boken anbefales p\u00e5 det sterkeste\u00bb","av_anmeldelser":"Ove Eikje","terningkast":false,"kilde":"Dagen"},{"tekst_anmeldelser":"\u00ab... Den frivillige [er] mest av alt et uhyggelig detaljert portrett av Auschwitz' groteske utvikling fra oppsamlingsleir til d\u00f8dsfabrikk. Det er en historie om stort heltemot ...\u00bb","av_anmeldelser":"Johanne Elster Hanson","terningkast":false,"kilde":"Prosa"}]},"yoast_head":"<!-- This site is optimized with the Yoast SEO plugin v26.6 - https:\/\/yoast.com\/wordpress\/plugins\/seo\/ -->\n<title>Den frivillige - Forlaget Press<\/title>\n<meta name=\"robots\" content=\"noindex, follow, max-snippet:-1, max-image-preview:large, max-video-preview:-1\" \/>\n<meta property=\"og:locale\" content=\"nb_NO\" \/>\n<meta property=\"og:type\" content=\"article\" \/>\n<meta property=\"og:title\" content=\"Den frivillige - Forlaget Press\" \/>\n<meta property=\"og:description\" content=\"Historien om den polske motstandsmannen Witold Pilecki er s\u00e5 spektakul\u00e6r og usannsynlig at den knapt er til \u00e5 tro p\u00e5. Det gjorde heller ikke den prisbel\u00f8nte journalisten Jack Fairweather da han f\u00f8rst h\u00f8rte om Pilecki i 2011 &#8211; men det var f\u00f8r han begynte \u00e5 lete i arkivene som har v\u00e6rt lukket av det polske [&hellip;]\" \/>\n<meta property=\"og:url\" content=\"https:\/\/staging.forenteforlag.no\/forlaget\/produkt\/den-frivillige-2\/\" \/>\n<meta property=\"og:site_name\" content=\"Forlaget Press\" \/>\n<meta property=\"article:publisher\" content=\"https:\/\/www.facebook.com\/Forlagetpress\" \/>\n<meta property=\"article:modified_time\" content=\"2026-03-02T15:55:01+00:00\" \/>\n<meta property=\"og:image\" content=\"https:\/\/staging.forenteforlag.no\/forlaget\/wp-content\/uploads\/sites\/3\/2026\/02\/9788232803774.jpg\" \/>\n\t<meta property=\"og:image:width\" content=\"720\" \/>\n\t<meta property=\"og:image:height\" content=\"1048\" \/>\n\t<meta property=\"og:image:type\" content=\"image\/jpeg\" \/>\n<meta name=\"twitter:card\" content=\"summary_large_image\" \/>\n<meta name=\"twitter:label1\" content=\"Ansl. lesetid\" \/>\n\t<meta name=\"twitter:data1\" content=\"1 minutt\" \/>\n<script type=\"application\/ld+json\" class=\"yoast-schema-graph\">{\"@context\":\"https:\/\/schema.org\",\"@graph\":[{\"@type\":\"WebPage\",\"@id\":\"https:\/\/staging.forenteforlag.no\/forlaget\/produkt\/den-frivillige-2\/\",\"url\":\"https:\/\/staging.forenteforlag.no\/forlaget\/produkt\/den-frivillige-2\/\",\"name\":\"Den frivillige - Forlaget Press\",\"isPartOf\":{\"@id\":\"https:\/\/staging.forenteforlag.no\/forlaget\/#website\"},\"primaryImageOfPage\":{\"@id\":\"https:\/\/staging.forenteforlag.no\/forlaget\/produkt\/den-frivillige-2\/#primaryimage\"},\"image\":{\"@id\":\"https:\/\/staging.forenteforlag.no\/forlaget\/produkt\/den-frivillige-2\/#primaryimage\"},\"thumbnailUrl\":\"https:\/\/staging.forenteforlag.no\/forlaget\/wp-content\/uploads\/sites\/3\/2026\/02\/9788232803774.jpg\",\"datePublished\":\"2021-09-29T00:00:00+00:00\",\"dateModified\":\"2026-03-02T15:55:01+00:00\",\"breadcrumb\":{\"@id\":\"https:\/\/staging.forenteforlag.no\/forlaget\/produkt\/den-frivillige-2\/#breadcrumb\"},\"inLanguage\":\"nb-NO\",\"potentialAction\":[{\"@type\":\"ReadAction\",\"target\":[\"https:\/\/staging.forenteforlag.no\/forlaget\/produkt\/den-frivillige-2\/\"]}]},{\"@type\":\"ImageObject\",\"inLanguage\":\"nb-NO\",\"@id\":\"https:\/\/staging.forenteforlag.no\/forlaget\/produkt\/den-frivillige-2\/#primaryimage\",\"url\":\"https:\/\/staging.forenteforlag.no\/forlaget\/wp-content\/uploads\/sites\/3\/2026\/02\/9788232803774.jpg\",\"contentUrl\":\"https:\/\/staging.forenteforlag.no\/forlaget\/wp-content\/uploads\/sites\/3\/2026\/02\/9788232803774.jpg\",\"width\":720,\"height\":1048},{\"@type\":\"BreadcrumbList\",\"@id\":\"https:\/\/staging.forenteforlag.no\/forlaget\/produkt\/den-frivillige-2\/#breadcrumb\",\"itemListElement\":[{\"@type\":\"ListItem\",\"position\":1,\"name\":\"Hjem\",\"item\":\"https:\/\/staging.forenteforlag.no\/forlaget\/\"},{\"@type\":\"ListItem\",\"position\":2,\"name\":\"Alle b\u00f8ker\",\"item\":\"https:\/\/staging.forenteforlag.no\/forlaget\/butikk\/\"},{\"@type\":\"ListItem\",\"position\":3,\"name\":\"Den frivillige\"}]},{\"@type\":\"WebSite\",\"@id\":\"https:\/\/staging.forenteforlag.no\/forlaget\/#website\",\"url\":\"https:\/\/staging.forenteforlag.no\/forlaget\/\",\"name\":\"Forlaget Press\",\"description\":\"\",\"publisher\":{\"@id\":\"https:\/\/staging.forenteforlag.no\/forlaget\/#organization\"},\"potentialAction\":[{\"@type\":\"SearchAction\",\"target\":{\"@type\":\"EntryPoint\",\"urlTemplate\":\"https:\/\/staging.forenteforlag.no\/forlaget\/?s={search_term_string}\"},\"query-input\":{\"@type\":\"PropertyValueSpecification\",\"valueRequired\":true,\"valueName\":\"search_term_string\"}}],\"inLanguage\":\"nb-NO\"},{\"@type\":\"Organization\",\"@id\":\"https:\/\/staging.forenteforlag.no\/forlaget\/#organization\",\"name\":\"Forlaget Press\",\"url\":\"https:\/\/staging.forenteforlag.no\/forlaget\/\",\"logo\":{\"@type\":\"ImageObject\",\"inLanguage\":\"nb-NO\",\"@id\":\"https:\/\/staging.forenteforlag.no\/forlaget\/#\/schema\/logo\/image\/\",\"url\":\"https:\/\/staging.forenteforlag.no\/forlaget\/wp-content\/uploads\/sites\/3\/2024\/09\/Press_logo.svg\",\"contentUrl\":\"https:\/\/staging.forenteforlag.no\/forlaget\/wp-content\/uploads\/sites\/3\/2024\/09\/Press_logo.svg\",\"width\":100,\"height\":100,\"caption\":\"Forlaget Press\"},\"image\":{\"@id\":\"https:\/\/staging.forenteforlag.no\/forlaget\/#\/schema\/logo\/image\/\"},\"sameAs\":[\"https:\/\/www.facebook.com\/Forlagetpress\"]}]}<\/script>\n<!-- \/ Yoast SEO plugin. -->","yoast_head_json":{"title":"Den frivillige - Forlaget Press","robots":{"index":"noindex","follow":"follow","max-snippet":"max-snippet:-1","max-image-preview":"max-image-preview:large","max-video-preview":"max-video-preview:-1"},"og_locale":"nb_NO","og_type":"article","og_title":"Den frivillige - Forlaget Press","og_description":"Historien om den polske motstandsmannen Witold Pilecki er s\u00e5 spektakul\u00e6r og usannsynlig at den knapt er til \u00e5 tro p\u00e5. Det gjorde heller ikke den prisbel\u00f8nte journalisten Jack Fairweather da han f\u00f8rst h\u00f8rte om Pilecki i 2011 &#8211; men det var f\u00f8r han begynte \u00e5 lete i arkivene som har v\u00e6rt lukket av det polske [&hellip;]","og_url":"https:\/\/staging.forenteforlag.no\/forlaget\/produkt\/den-frivillige-2\/","og_site_name":"Forlaget Press","article_publisher":"https:\/\/www.facebook.com\/Forlagetpress","article_modified_time":"2026-03-02T15:55:01+00:00","og_image":[{"width":720,"height":1048,"url":"https:\/\/staging.forenteforlag.no\/forlaget\/wp-content\/uploads\/sites\/3\/2026\/02\/9788232803774.jpg","type":"image\/jpeg"}],"twitter_card":"summary_large_image","twitter_misc":{"Ansl. lesetid":"1 minutt"},"schema":{"@context":"https:\/\/schema.org","@graph":[{"@type":"WebPage","@id":"https:\/\/staging.forenteforlag.no\/forlaget\/produkt\/den-frivillige-2\/","url":"https:\/\/staging.forenteforlag.no\/forlaget\/produkt\/den-frivillige-2\/","name":"Den frivillige - Forlaget Press","isPartOf":{"@id":"https:\/\/staging.forenteforlag.no\/forlaget\/#website"},"primaryImageOfPage":{"@id":"https:\/\/staging.forenteforlag.no\/forlaget\/produkt\/den-frivillige-2\/#primaryimage"},"image":{"@id":"https:\/\/staging.forenteforlag.no\/forlaget\/produkt\/den-frivillige-2\/#primaryimage"},"thumbnailUrl":"https:\/\/staging.forenteforlag.no\/forlaget\/wp-content\/uploads\/sites\/3\/2026\/02\/9788232803774.jpg","datePublished":"2021-09-29T00:00:00+00:00","dateModified":"2026-03-02T15:55:01+00:00","breadcrumb":{"@id":"https:\/\/staging.forenteforlag.no\/forlaget\/produkt\/den-frivillige-2\/#breadcrumb"},"inLanguage":"nb-NO","potentialAction":[{"@type":"ReadAction","target":["https:\/\/staging.forenteforlag.no\/forlaget\/produkt\/den-frivillige-2\/"]}]},{"@type":"ImageObject","inLanguage":"nb-NO","@id":"https:\/\/staging.forenteforlag.no\/forlaget\/produkt\/den-frivillige-2\/#primaryimage","url":"https:\/\/staging.forenteforlag.no\/forlaget\/wp-content\/uploads\/sites\/3\/2026\/02\/9788232803774.jpg","contentUrl":"https:\/\/staging.forenteforlag.no\/forlaget\/wp-content\/uploads\/sites\/3\/2026\/02\/9788232803774.jpg","width":720,"height":1048},{"@type":"BreadcrumbList","@id":"https:\/\/staging.forenteforlag.no\/forlaget\/produkt\/den-frivillige-2\/#breadcrumb","itemListElement":[{"@type":"ListItem","position":1,"name":"Hjem","item":"https:\/\/staging.forenteforlag.no\/forlaget\/"},{"@type":"ListItem","position":2,"name":"Alle b\u00f8ker","item":"https:\/\/staging.forenteforlag.no\/forlaget\/butikk\/"},{"@type":"ListItem","position":3,"name":"Den frivillige"}]},{"@type":"WebSite","@id":"https:\/\/staging.forenteforlag.no\/forlaget\/#website","url":"https:\/\/staging.forenteforlag.no\/forlaget\/","name":"Forlaget Press","description":"","publisher":{"@id":"https:\/\/staging.forenteforlag.no\/forlaget\/#organization"},"potentialAction":[{"@type":"SearchAction","target":{"@type":"EntryPoint","urlTemplate":"https:\/\/staging.forenteforlag.no\/forlaget\/?s={search_term_string}"},"query-input":{"@type":"PropertyValueSpecification","valueRequired":true,"valueName":"search_term_string"}}],"inLanguage":"nb-NO"},{"@type":"Organization","@id":"https:\/\/staging.forenteforlag.no\/forlaget\/#organization","name":"Forlaget Press","url":"https:\/\/staging.forenteforlag.no\/forlaget\/","logo":{"@type":"ImageObject","inLanguage":"nb-NO","@id":"https:\/\/staging.forenteforlag.no\/forlaget\/#\/schema\/logo\/image\/","url":"https:\/\/staging.forenteforlag.no\/forlaget\/wp-content\/uploads\/sites\/3\/2024\/09\/Press_logo.svg","contentUrl":"https:\/\/staging.forenteforlag.no\/forlaget\/wp-content\/uploads\/sites\/3\/2024\/09\/Press_logo.svg","width":100,"height":100,"caption":"Forlaget Press"},"image":{"@id":"https:\/\/staging.forenteforlag.no\/forlaget\/#\/schema\/logo\/image\/"},"sameAs":["https:\/\/www.facebook.com\/Forlagetpress"]}]}},"_links":{"self":[{"href":"https:\/\/staging.forenteforlag.no\/forlaget\/wp-json\/wp\/v2\/product\/20283","targetHints":{"allow":["GET"]}}],"collection":[{"href":"https:\/\/staging.forenteforlag.no\/forlaget\/wp-json\/wp\/v2\/product"}],"about":[{"href":"https:\/\/staging.forenteforlag.no\/forlaget\/wp-json\/wp\/v2\/types\/product"}],"wp:featuredmedia":[{"embeddable":true,"href":"https:\/\/staging.forenteforlag.no\/forlaget\/wp-json\/wp\/v2\/media\/26415"}],"wp:attachment":[{"href":"https:\/\/staging.forenteforlag.no\/forlaget\/wp-json\/wp\/v2\/media?parent=20283"}],"wp:term":[{"taxonomy":"product_brand","embeddable":true,"href":"https:\/\/staging.forenteforlag.no\/forlaget\/wp-json\/wp\/v2\/product_brand?post=20283"},{"taxonomy":"product_cat","embeddable":true,"href":"https:\/\/staging.forenteforlag.no\/forlaget\/wp-json\/wp\/v2\/product_cat?post=20283"},{"taxonomy":"product_tag","embeddable":true,"href":"https:\/\/staging.forenteforlag.no\/forlaget\/wp-json\/wp\/v2\/product_tag?post=20283"}],"curies":[{"name":"wp","href":"https:\/\/api.w.org\/{rel}","templated":true}]}}

<p>Historien om den polske motstandsmannen Witold Pilecki er så spektakulær og usannsynlig at den knapt er til å tro på. Det gjorde heller ikke den prisbelønte journalisten Jack Fairweather da han først hørte om Pilecki i 2011 &#8211; men det var før han begynte å lete i arkivene som har vært lukket av det polske kommunistregimet siden 1948.  </p>
<p>Da Polen ble invadert i 1939, vervet Witold Pilecki seg til den polske motstandsbevegelsen. En av deres metoder var å infiltrere tyskernes leirer og stasjoner, med tanke på både etterretning og sabotasje. Pilecki ble spurt om han kunne sørge for å bli arrestert av SS og sendt til konsentrasjonsleiren Auschwitz.  </p>
<p>Som straffange under de mest groteske omstendigheter klarte Pilecki i løpet av to og et halvt år å etablere en liten motstandsgruppe inne i leiren. Gjennom dette nettverket sendte han regelmessig ut rapporter om hva som foregikk, også til de allierte. Fairweathers utgangspunkt er funnet av disse i et arkiv i London, der det går fram at Pilecki var en av de første som konkret dokumenterte oppskaleringen av den industrielle jødeutryddelsen som fant sted i Auschwitz.  </p>
<p>Etter 1945 fortsatte Pilceki sin motstandskamp, men nå mot kommunistene og sovjetveldet. De nye styresmaktene sørget for at all informasjon om krigsinnsatsen hans ble lagt lokk på. Slik forsvant alle spor etter kanskje en av de aller største heltene under andre verdenskrig. </p>
<p>Vinner av Costa Book Award: Book of the year 2019.</p>

<p>Historien om den polske motstandsmannen Witold Pilecki er så spektakulær og usannsynlig at den knapt er til å tro på. Det gjorde heller ikke den prisbelønte journalisten Jack Fairweather da han først hørte om Pilecki i 2011 &#8211; men det var før han begynte å lete i arkivene som har vært lukket av det polske [&hellip;]</p>

«Denne boken anbefales på det sterkeste»

«... Den frivillige [er] mest av alt et uhyggelig detaljert portrett av Auschwitz' groteske utvikling fra oppsamlingsleir til dødsfabrikk. Det er en historie om stort heltemot ...»

<!-- This site is optimized with the Yoast SEO plugin v26.6 - https://yoast.com/wordpress/plugins/seo/ -->
<title>Den frivillige - Forlaget Press</title>
<meta name="robots" content="noindex, follow, max-snippet:-1, max-image-preview:large, max-video-preview:-1" />
<meta property="og:locale" content="nb_NO" />
<meta property="og:type" content="article" />
<meta property="og:title" content="Den frivillige - Forlaget Press" />
<meta property="og:description" content="Historien om den polske motstandsmannen Witold Pilecki er så spektakulær og usannsynlig at den knapt er til å tro på. Det gjorde heller ikke den prisbelønte journalisten Jack Fairweather da han først hørte om Pilecki i 2011 &#8211; men det var før han begynte å lete i arkivene som har vært lukket av det polske [&hellip;]" />
<meta property="og:url" content="https://staging.forenteforlag.no/forlaget/produkt/den-frivillige-2/" />
<meta property="og:site_name" content="Forlaget Press" />
<meta property="article:publisher" content="https://www.facebook.com/Forlagetpress" />
<meta property="article:modified_time" content="2026-03-02T15:55:01+00:00" />
<meta property="og:image" content="https://staging.forenteforlag.no/forlaget/wp-content/uploads/sites/3/2026/02/9788232803774.jpg" />
	<meta property="og:image:width" content="720" />
	<meta property="og:image:height" content="1048" />
	<meta property="og:image:type" content="image/jpeg" />
<meta name="twitter:card" content="summary_large_image" />
<meta name="twitter:label1" content="Ansl. lesetid" />
	<meta name="twitter:data1" content="1 minutt" />
<script type="application/ld+json" class="yoast-schema-graph">{"@context":"https://schema.org","@graph":[{"@type":"WebPage","@id":"https://staging.forenteforlag.no/forlaget/produkt/den-frivillige-2/","url":"https://staging.forenteforlag.no/forlaget/produkt/den-frivillige-2/","name":"Den frivillige - Forlaget Press","isPartOf":{"@id":"https://staging.forenteforlag.no/forlaget/#website"},"primaryImageOfPage":{"@id":"https://staging.forenteforlag.no/forlaget/produkt/den-frivillige-2/#primaryimage"},"image":{"@id":"https://staging.forenteforlag.no/forlaget/produkt/den-frivillige-2/#primaryimage"},"thumbnailUrl":"https://staging.forenteforlag.no/forlaget/wp-content/uploads/sites/3/2026/02/9788232803774.jpg","datePublished":"2021-09-29T00:00:00+00:00","dateModified":"2026-03-02T15:55:01+00:00","breadcrumb":{"@id":"https://staging.forenteforlag.no/forlaget/produkt/den-frivillige-2/#breadcrumb"},"inLanguage":"nb-NO","potentialAction":[{"@type":"ReadAction","target":["https://staging.forenteforlag.no/forlaget/produkt/den-frivillige-2/"]}]},{"@type":"ImageObject","inLanguage":"nb-NO","@id":"https://staging.forenteforlag.no/forlaget/produkt/den-frivillige-2/#primaryimage","url":"https://staging.forenteforlag.no/forlaget/wp-content/uploads/sites/3/2026/02/9788232803774.jpg","contentUrl":"https://staging.forenteforlag.no/forlaget/wp-content/uploads/sites/3/2026/02/9788232803774.jpg","width":720,"height":1048},{"@type":"BreadcrumbList","@id":"https://staging.forenteforlag.no/forlaget/produkt/den-frivillige-2/#breadcrumb","itemListElement":[{"@type":"ListItem","position":1,"name":"Hjem","item":"https://staging.forenteforlag.no/forlaget/"},{"@type":"ListItem","position":2,"name":"Alle bøker","item":"https://staging.forenteforlag.no/forlaget/butikk/"},{"@type":"ListItem","position":3,"name":"Den frivillige"}]},{"@type":"WebSite","@id":"https://staging.forenteforlag.no/forlaget/#website","url":"https://staging.forenteforlag.no/forlaget/","name":"Forlaget Press","description":"","publisher":{"@id":"https://staging.forenteforlag.no/forlaget/#organization"},"potentialAction":[{"@type":"SearchAction","target":{"@type":"EntryPoint","urlTemplate":"https://staging.forenteforlag.no/forlaget/?s={search_term_string}"},"query-input":{"@type":"PropertyValueSpecification","valueRequired":true,"valueName":"search_term_string"}}],"inLanguage":"nb-NO"},{"@type":"Organization","@id":"https://staging.forenteforlag.no/forlaget/#organization","name":"Forlaget Press","url":"https://staging.forenteforlag.no/forlaget/","logo":{"@type":"ImageObject","inLanguage":"nb-NO","@id":"https://staging.forenteforlag.no/forlaget/#/schema/logo/image/","url":"https://staging.forenteforlag.no/forlaget/wp-content/uploads/sites/3/2024/09/Press_logo.svg","contentUrl":"https://staging.forenteforlag.no/forlaget/wp-content/uploads/sites/3/2024/09/Press_logo.svg","width":100,"height":100,"caption":"Forlaget Press"},"image":{"@id":"https://staging.forenteforlag.no/forlaget/#/schema/logo/image/"},"sameAs":["https://www.facebook.com/Forlagetpress"]}]}</script>
<!-- / Yoast SEO plugin. -->

Historien om den polske motstandsmannen Witold Pilecki er så spektakulær og usannsynlig at den knapt er til å tro på. Det gjorde heller ikke den prisbelønte journalisten Jack Fairweather da han først hørte om Pilecki i 2011 &#8211; men det var før han begynte å lete i arkivene som har vært lukket av det polske [&hellip;]

Alle bøker
