{"id":20239,"date":"2000-03-12T16:42:05","date_gmt":"2000-03-12T15:42:05","guid":{"rendered":"https:\/\/forlagetpress.forenteforlag.no\/produkt\/jeg-har-sett-verden-begynne-3\/"},"modified":"2026-02-09T05:57:26","modified_gmt":"2026-02-09T04:57:26","slug":"jeg-har-sett-verden-begynne-3","status":"publish","type":"product","link":"https:\/\/staging.forenteforlag.no\/forlaget\/produkt\/jeg-har-sett-verden-begynne-3\/","title":{"rendered":"Jeg har sett verden begynne"},"content":{"rendered":"<p>Forfatteren reiser fra Danmark en r\u00e5kald januardag gjennom land som har v\u00e6rt skueplass for krig, folkemord og katastrofer. Men det er ikke bare ondskapen han er p\u00e5 sporet av, det er ogs\u00e5 godheten. Han m\u00f8ter kosakker i det sydlige Russland, Kinas studentoppr\u00f8rere, ofrene for folkemordet i Kambodsja, Vietnams handlekraftige kvinner og unge million\u00e6rer i Hong Kong. Med kart.<\/p>\n","protected":false},"excerpt":{"rendered":"<p>Forfatteren reiser fra Danmark en r\u00e5kald januardag gjennom land som har v\u00e6rt skueplass for krig, folkemord og katastrofer. Men det er ikke bare ondskapen han er p\u00e5 sporet av, det er ogs\u00e5 godheten. Han m\u00f8ter kosakker i det sydlige Russland, Kinas studentoppr\u00f8rere, ofrene for folkemordet i Kambodsja, Vietnams handlekraftige kvinner og unge million\u00e6rer i Hong [&hellip;]<\/p>\n","protected":false},"featured_media":24684,"template":"","meta":{"_acf_changed":false,"inline_featured_image":false},"product_brand":[],"product_cat":[1781,30],"product_tag":[362],"class_list":{"0":"post-20239","1":"product","2":"type-product","3":"status-publish","4":"has-post-thumbnail","6":"product_cat-rabattkodekampanje","7":"product_cat-reise-og-geografi","8":"product_tag-faglitteratur","9":"pa_format-pocket","11":"first","12":"instock","13":"shipping-taxable","14":"purchasable","15":"product-type-simple"},"acf":{"anmeldelse":null},"yoast_head":"<!-- This site is optimized with the Yoast SEO plugin v26.6 - https:\/\/yoast.com\/wordpress\/plugins\/seo\/ -->\n<title>Jeg har sett verden begynne - Forlaget Press<\/title>\n<meta name=\"robots\" content=\"noindex, follow, max-snippet:-1, max-image-preview:large, max-video-preview:-1\" \/>\n<meta property=\"og:locale\" content=\"nb_NO\" \/>\n<meta property=\"og:type\" content=\"article\" \/>\n<meta property=\"og:title\" content=\"Jeg har sett verden begynne - Forlaget Press\" \/>\n<meta property=\"og:description\" content=\"Forfatteren reiser fra Danmark en r\u00e5kald januardag gjennom land som har v\u00e6rt skueplass for krig, folkemord og katastrofer. Men det er ikke bare ondskapen han er p\u00e5 sporet av, det er ogs\u00e5 godheten. Han m\u00f8ter kosakker i det sydlige Russland, Kinas studentoppr\u00f8rere, ofrene for folkemordet i Kambodsja, Vietnams handlekraftige kvinner og unge million\u00e6rer i Hong [&hellip;]\" \/>\n<meta property=\"og:url\" content=\"https:\/\/staging.forenteforlag.no\/forlaget\/produkt\/jeg-har-sett-verden-begynne-3\/\" \/>\n<meta property=\"og:site_name\" content=\"Forlaget Press\" \/>\n<meta property=\"article:publisher\" content=\"https:\/\/www.facebook.com\/Forlagetpress\" \/>\n<meta property=\"article:modified_time\" content=\"2026-02-09T04:57:26+00:00\" \/>\n<meta property=\"og:image\" content=\"https:\/\/staging.forenteforlag.no\/forlaget\/wp-content\/uploads\/sites\/3\/2025\/08\/jpg-5425.jpg\" \/>\n\t<meta property=\"og:image:width\" content=\"270\" \/>\n\t<meta property=\"og:image:height\" content=\"450\" \/>\n\t<meta property=\"og:image:type\" content=\"image\/jpeg\" \/>\n<meta name=\"twitter:card\" content=\"summary_large_image\" \/>\n<script type=\"application\/ld+json\" class=\"yoast-schema-graph\">{\"@context\":\"https:\/\/schema.org\",\"@graph\":[{\"@type\":\"WebPage\",\"@id\":\"https:\/\/staging.forenteforlag.no\/forlaget\/produkt\/jeg-har-sett-verden-begynne-3\/\",\"url\":\"https:\/\/staging.forenteforlag.no\/forlaget\/produkt\/jeg-har-sett-verden-begynne-3\/\",\"name\":\"Jeg har sett verden begynne - Forlaget Press\",\"isPartOf\":{\"@id\":\"https:\/\/staging.forenteforlag.no\/forlaget\/#website\"},\"primaryImageOfPage\":{\"@id\":\"https:\/\/staging.forenteforlag.no\/forlaget\/produkt\/jeg-har-sett-verden-begynne-3\/#primaryimage\"},\"image\":{\"@id\":\"https:\/\/staging.forenteforlag.no\/forlaget\/produkt\/jeg-har-sett-verden-begynne-3\/#primaryimage\"},\"thumbnailUrl\":\"https:\/\/staging.forenteforlag.no\/forlaget\/wp-content\/uploads\/sites\/3\/2025\/08\/jpg-5425.jpg\",\"datePublished\":\"2000-03-12T15:42:05+00:00\",\"dateModified\":\"2026-02-09T04:57:26+00:00\",\"breadcrumb\":{\"@id\":\"https:\/\/staging.forenteforlag.no\/forlaget\/produkt\/jeg-har-sett-verden-begynne-3\/#breadcrumb\"},\"inLanguage\":\"nb-NO\",\"potentialAction\":[{\"@type\":\"ReadAction\",\"target\":[\"https:\/\/staging.forenteforlag.no\/forlaget\/produkt\/jeg-har-sett-verden-begynne-3\/\"]}]},{\"@type\":\"ImageObject\",\"inLanguage\":\"nb-NO\",\"@id\":\"https:\/\/staging.forenteforlag.no\/forlaget\/produkt\/jeg-har-sett-verden-begynne-3\/#primaryimage\",\"url\":\"https:\/\/staging.forenteforlag.no\/forlaget\/wp-content\/uploads\/sites\/3\/2025\/08\/jpg-5425.jpg\",\"contentUrl\":\"https:\/\/staging.forenteforlag.no\/forlaget\/wp-content\/uploads\/sites\/3\/2025\/08\/jpg-5425.jpg\",\"width\":270,\"height\":450},{\"@type\":\"BreadcrumbList\",\"@id\":\"https:\/\/staging.forenteforlag.no\/forlaget\/produkt\/jeg-har-sett-verden-begynne-3\/#breadcrumb\",\"itemListElement\":[{\"@type\":\"ListItem\",\"position\":1,\"name\":\"Hjem\",\"item\":\"https:\/\/staging.forenteforlag.no\/forlaget\/\"},{\"@type\":\"ListItem\",\"position\":2,\"name\":\"Alle b\u00f8ker\",\"item\":\"https:\/\/staging.forenteforlag.no\/forlaget\/butikk\/\"},{\"@type\":\"ListItem\",\"position\":3,\"name\":\"Jeg har sett verden begynne\"}]},{\"@type\":\"WebSite\",\"@id\":\"https:\/\/staging.forenteforlag.no\/forlaget\/#website\",\"url\":\"https:\/\/staging.forenteforlag.no\/forlaget\/\",\"name\":\"Forlaget Press\",\"description\":\"\",\"publisher\":{\"@id\":\"https:\/\/staging.forenteforlag.no\/forlaget\/#organization\"},\"potentialAction\":[{\"@type\":\"SearchAction\",\"target\":{\"@type\":\"EntryPoint\",\"urlTemplate\":\"https:\/\/staging.forenteforlag.no\/forlaget\/?s={search_term_string}\"},\"query-input\":{\"@type\":\"PropertyValueSpecification\",\"valueRequired\":true,\"valueName\":\"search_term_string\"}}],\"inLanguage\":\"nb-NO\"},{\"@type\":\"Organization\",\"@id\":\"https:\/\/staging.forenteforlag.no\/forlaget\/#organization\",\"name\":\"Forlaget Press\",\"url\":\"https:\/\/staging.forenteforlag.no\/forlaget\/\",\"logo\":{\"@type\":\"ImageObject\",\"inLanguage\":\"nb-NO\",\"@id\":\"https:\/\/staging.forenteforlag.no\/forlaget\/#\/schema\/logo\/image\/\",\"url\":\"https:\/\/staging.forenteforlag.no\/forlaget\/wp-content\/uploads\/sites\/3\/2024\/09\/Press_logo.svg\",\"contentUrl\":\"https:\/\/staging.forenteforlag.no\/forlaget\/wp-content\/uploads\/sites\/3\/2024\/09\/Press_logo.svg\",\"width\":100,\"height\":100,\"caption\":\"Forlaget Press\"},\"image\":{\"@id\":\"https:\/\/staging.forenteforlag.no\/forlaget\/#\/schema\/logo\/image\/\"},\"sameAs\":[\"https:\/\/www.facebook.com\/Forlagetpress\"]}]}<\/script>\n<!-- \/ Yoast SEO plugin. -->","yoast_head_json":{"title":"Jeg har sett verden begynne - Forlaget Press","robots":{"index":"noindex","follow":"follow","max-snippet":"max-snippet:-1","max-image-preview":"max-image-preview:large","max-video-preview":"max-video-preview:-1"},"og_locale":"nb_NO","og_type":"article","og_title":"Jeg har sett verden begynne - Forlaget Press","og_description":"Forfatteren reiser fra Danmark en r\u00e5kald januardag gjennom land som har v\u00e6rt skueplass for krig, folkemord og katastrofer. Men det er ikke bare ondskapen han er p\u00e5 sporet av, det er ogs\u00e5 godheten. Han m\u00f8ter kosakker i det sydlige Russland, Kinas studentoppr\u00f8rere, ofrene for folkemordet i Kambodsja, Vietnams handlekraftige kvinner og unge million\u00e6rer i Hong [&hellip;]","og_url":"https:\/\/staging.forenteforlag.no\/forlaget\/produkt\/jeg-har-sett-verden-begynne-3\/","og_site_name":"Forlaget Press","article_publisher":"https:\/\/www.facebook.com\/Forlagetpress","article_modified_time":"2026-02-09T04:57:26+00:00","og_image":[{"width":270,"height":450,"url":"https:\/\/staging.forenteforlag.no\/forlaget\/wp-content\/uploads\/sites\/3\/2025\/08\/jpg-5425.jpg","type":"image\/jpeg"}],"twitter_card":"summary_large_image","schema":{"@context":"https:\/\/schema.org","@graph":[{"@type":"WebPage","@id":"https:\/\/staging.forenteforlag.no\/forlaget\/produkt\/jeg-har-sett-verden-begynne-3\/","url":"https:\/\/staging.forenteforlag.no\/forlaget\/produkt\/jeg-har-sett-verden-begynne-3\/","name":"Jeg har sett verden begynne - Forlaget Press","isPartOf":{"@id":"https:\/\/staging.forenteforlag.no\/forlaget\/#website"},"primaryImageOfPage":{"@id":"https:\/\/staging.forenteforlag.no\/forlaget\/produkt\/jeg-har-sett-verden-begynne-3\/#primaryimage"},"image":{"@id":"https:\/\/staging.forenteforlag.no\/forlaget\/produkt\/jeg-har-sett-verden-begynne-3\/#primaryimage"},"thumbnailUrl":"https:\/\/staging.forenteforlag.no\/forlaget\/wp-content\/uploads\/sites\/3\/2025\/08\/jpg-5425.jpg","datePublished":"2000-03-12T15:42:05+00:00","dateModified":"2026-02-09T04:57:26+00:00","breadcrumb":{"@id":"https:\/\/staging.forenteforlag.no\/forlaget\/produkt\/jeg-har-sett-verden-begynne-3\/#breadcrumb"},"inLanguage":"nb-NO","potentialAction":[{"@type":"ReadAction","target":["https:\/\/staging.forenteforlag.no\/forlaget\/produkt\/jeg-har-sett-verden-begynne-3\/"]}]},{"@type":"ImageObject","inLanguage":"nb-NO","@id":"https:\/\/staging.forenteforlag.no\/forlaget\/produkt\/jeg-har-sett-verden-begynne-3\/#primaryimage","url":"https:\/\/staging.forenteforlag.no\/forlaget\/wp-content\/uploads\/sites\/3\/2025\/08\/jpg-5425.jpg","contentUrl":"https:\/\/staging.forenteforlag.no\/forlaget\/wp-content\/uploads\/sites\/3\/2025\/08\/jpg-5425.jpg","width":270,"height":450},{"@type":"BreadcrumbList","@id":"https:\/\/staging.forenteforlag.no\/forlaget\/produkt\/jeg-har-sett-verden-begynne-3\/#breadcrumb","itemListElement":[{"@type":"ListItem","position":1,"name":"Hjem","item":"https:\/\/staging.forenteforlag.no\/forlaget\/"},{"@type":"ListItem","position":2,"name":"Alle b\u00f8ker","item":"https:\/\/staging.forenteforlag.no\/forlaget\/butikk\/"},{"@type":"ListItem","position":3,"name":"Jeg har sett verden begynne"}]},{"@type":"WebSite","@id":"https:\/\/staging.forenteforlag.no\/forlaget\/#website","url":"https:\/\/staging.forenteforlag.no\/forlaget\/","name":"Forlaget Press","description":"","publisher":{"@id":"https:\/\/staging.forenteforlag.no\/forlaget\/#organization"},"potentialAction":[{"@type":"SearchAction","target":{"@type":"EntryPoint","urlTemplate":"https:\/\/staging.forenteforlag.no\/forlaget\/?s={search_term_string}"},"query-input":{"@type":"PropertyValueSpecification","valueRequired":true,"valueName":"search_term_string"}}],"inLanguage":"nb-NO"},{"@type":"Organization","@id":"https:\/\/staging.forenteforlag.no\/forlaget\/#organization","name":"Forlaget Press","url":"https:\/\/staging.forenteforlag.no\/forlaget\/","logo":{"@type":"ImageObject","inLanguage":"nb-NO","@id":"https:\/\/staging.forenteforlag.no\/forlaget\/#\/schema\/logo\/image\/","url":"https:\/\/staging.forenteforlag.no\/forlaget\/wp-content\/uploads\/sites\/3\/2024\/09\/Press_logo.svg","contentUrl":"https:\/\/staging.forenteforlag.no\/forlaget\/wp-content\/uploads\/sites\/3\/2024\/09\/Press_logo.svg","width":100,"height":100,"caption":"Forlaget Press"},"image":{"@id":"https:\/\/staging.forenteforlag.no\/forlaget\/#\/schema\/logo\/image\/"},"sameAs":["https:\/\/www.facebook.com\/Forlagetpress"]}]}},"_links":{"self":[{"href":"https:\/\/staging.forenteforlag.no\/forlaget\/wp-json\/wp\/v2\/product\/20239","targetHints":{"allow":["GET"]}}],"collection":[{"href":"https:\/\/staging.forenteforlag.no\/forlaget\/wp-json\/wp\/v2\/product"}],"about":[{"href":"https:\/\/staging.forenteforlag.no\/forlaget\/wp-json\/wp\/v2\/types\/product"}],"wp:featuredmedia":[{"embeddable":true,"href":"https:\/\/staging.forenteforlag.no\/forlaget\/wp-json\/wp\/v2\/media\/24684"}],"wp:attachment":[{"href":"https:\/\/staging.forenteforlag.no\/forlaget\/wp-json\/wp\/v2\/media?parent=20239"}],"wp:term":[{"taxonomy":"product_brand","embeddable":true,"href":"https:\/\/staging.forenteforlag.no\/forlaget\/wp-json\/wp\/v2\/product_brand?post=20239"},{"taxonomy":"product_cat","embeddable":true,"href":"https:\/\/staging.forenteforlag.no\/forlaget\/wp-json\/wp\/v2\/product_cat?post=20239"},{"taxonomy":"product_tag","embeddable":true,"href":"https:\/\/staging.forenteforlag.no\/forlaget\/wp-json\/wp\/v2\/product_tag?post=20239"}],"curies":[{"name":"wp","href":"https:\/\/api.w.org\/{rel}","templated":true}]}}

<p>Forfatteren reiser fra Danmark en råkald januardag gjennom land som har vært skueplass for krig, folkemord og katastrofer. Men det er ikke bare ondskapen han er på sporet av, det er også godheten. Han møter kosakker i det sydlige Russland, Kinas studentopprørere, ofrene for folkemordet i Kambodsja, Vietnams handlekraftige kvinner og unge millionærer i Hong Kong. Med kart.</p>

<p>Forfatteren reiser fra Danmark en råkald januardag gjennom land som har vært skueplass for krig, folkemord og katastrofer. Men det er ikke bare ondskapen han er på sporet av, det er også godheten. Han møter kosakker i det sydlige Russland, Kinas studentopprørere, ofrene for folkemordet i Kambodsja, Vietnams handlekraftige kvinner og unge millionærer i Hong [&hellip;]</p>

<!-- This site is optimized with the Yoast SEO plugin v26.6 - https://yoast.com/wordpress/plugins/seo/ -->
<title>Jeg har sett verden begynne - Forlaget Press</title>
<meta name="robots" content="noindex, follow, max-snippet:-1, max-image-preview:large, max-video-preview:-1" />
<meta property="og:locale" content="nb_NO" />
<meta property="og:type" content="article" />
<meta property="og:title" content="Jeg har sett verden begynne - Forlaget Press" />
<meta property="og:description" content="Forfatteren reiser fra Danmark en råkald januardag gjennom land som har vært skueplass for krig, folkemord og katastrofer. Men det er ikke bare ondskapen han er på sporet av, det er også godheten. Han møter kosakker i det sydlige Russland, Kinas studentopprørere, ofrene for folkemordet i Kambodsja, Vietnams handlekraftige kvinner og unge millionærer i Hong [&hellip;]" />
<meta property="og:url" content="https://staging.forenteforlag.no/forlaget/produkt/jeg-har-sett-verden-begynne-3/" />
<meta property="og:site_name" content="Forlaget Press" />
<meta property="article:publisher" content="https://www.facebook.com/Forlagetpress" />
<meta property="article:modified_time" content="2026-02-09T04:57:26+00:00" />
<meta property="og:image" content="https://staging.forenteforlag.no/forlaget/wp-content/uploads/sites/3/2025/08/jpg-5425.jpg" />
	<meta property="og:image:width" content="270" />
	<meta property="og:image:height" content="450" />
	<meta property="og:image:type" content="image/jpeg" />
<meta name="twitter:card" content="summary_large_image" />
<script type="application/ld+json" class="yoast-schema-graph">{"@context":"https://schema.org","@graph":[{"@type":"WebPage","@id":"https://staging.forenteforlag.no/forlaget/produkt/jeg-har-sett-verden-begynne-3/","url":"https://staging.forenteforlag.no/forlaget/produkt/jeg-har-sett-verden-begynne-3/","name":"Jeg har sett verden begynne - Forlaget Press","isPartOf":{"@id":"https://staging.forenteforlag.no/forlaget/#website"},"primaryImageOfPage":{"@id":"https://staging.forenteforlag.no/forlaget/produkt/jeg-har-sett-verden-begynne-3/#primaryimage"},"image":{"@id":"https://staging.forenteforlag.no/forlaget/produkt/jeg-har-sett-verden-begynne-3/#primaryimage"},"thumbnailUrl":"https://staging.forenteforlag.no/forlaget/wp-content/uploads/sites/3/2025/08/jpg-5425.jpg","datePublished":"2000-03-12T15:42:05+00:00","dateModified":"2026-02-09T04:57:26+00:00","breadcrumb":{"@id":"https://staging.forenteforlag.no/forlaget/produkt/jeg-har-sett-verden-begynne-3/#breadcrumb"},"inLanguage":"nb-NO","potentialAction":[{"@type":"ReadAction","target":["https://staging.forenteforlag.no/forlaget/produkt/jeg-har-sett-verden-begynne-3/"]}]},{"@type":"ImageObject","inLanguage":"nb-NO","@id":"https://staging.forenteforlag.no/forlaget/produkt/jeg-har-sett-verden-begynne-3/#primaryimage","url":"https://staging.forenteforlag.no/forlaget/wp-content/uploads/sites/3/2025/08/jpg-5425.jpg","contentUrl":"https://staging.forenteforlag.no/forlaget/wp-content/uploads/sites/3/2025/08/jpg-5425.jpg","width":270,"height":450},{"@type":"BreadcrumbList","@id":"https://staging.forenteforlag.no/forlaget/produkt/jeg-har-sett-verden-begynne-3/#breadcrumb","itemListElement":[{"@type":"ListItem","position":1,"name":"Hjem","item":"https://staging.forenteforlag.no/forlaget/"},{"@type":"ListItem","position":2,"name":"Alle bøker","item":"https://staging.forenteforlag.no/forlaget/butikk/"},{"@type":"ListItem","position":3,"name":"Jeg har sett verden begynne"}]},{"@type":"WebSite","@id":"https://staging.forenteforlag.no/forlaget/#website","url":"https://staging.forenteforlag.no/forlaget/","name":"Forlaget Press","description":"","publisher":{"@id":"https://staging.forenteforlag.no/forlaget/#organization"},"potentialAction":[{"@type":"SearchAction","target":{"@type":"EntryPoint","urlTemplate":"https://staging.forenteforlag.no/forlaget/?s={search_term_string}"},"query-input":{"@type":"PropertyValueSpecification","valueRequired":true,"valueName":"search_term_string"}}],"inLanguage":"nb-NO"},{"@type":"Organization","@id":"https://staging.forenteforlag.no/forlaget/#organization","name":"Forlaget Press","url":"https://staging.forenteforlag.no/forlaget/","logo":{"@type":"ImageObject","inLanguage":"nb-NO","@id":"https://staging.forenteforlag.no/forlaget/#/schema/logo/image/","url":"https://staging.forenteforlag.no/forlaget/wp-content/uploads/sites/3/2024/09/Press_logo.svg","contentUrl":"https://staging.forenteforlag.no/forlaget/wp-content/uploads/sites/3/2024/09/Press_logo.svg","width":100,"height":100,"caption":"Forlaget Press"},"image":{"@id":"https://staging.forenteforlag.no/forlaget/#/schema/logo/image/"},"sameAs":["https://www.facebook.com/Forlagetpress"]}]}</script>
<!-- / Yoast SEO plugin. -->

Forfatteren reiser fra Danmark en råkald januardag gjennom land som har vært skueplass for krig, folkemord og katastrofer. Men det er ikke bare ondskapen han er på sporet av, det er også godheten. Han møter kosakker i det sydlige Russland, Kinas studentopprørere, ofrene for folkemordet i Kambodsja, Vietnams handlekraftige kvinner og unge millionærer i Hong [&hellip;]

Alle bøker
