{"id":23474,"date":"2024-12-10T22:51:03","date_gmt":"2024-12-10T21:51:03","guid":{"rendered":"https:\/\/staging.forenteforlag.no\/forfatter\/dag-solhjell\/"},"modified":"2025-08-19T10:51:14","modified_gmt":"2025-08-19T08:51:14","slug":"dag-solhjell","status":"publish","type":"forfatter","link":"https:\/\/staging.forenteforlag.no\/forlaget\/forfatter\/dag-solhjell\/","title":{"rendered":"Dag Solhjell"},"content":{"rendered":"<p>Dag Solhjell (f. 1941) var i \u00e5rene 1973\u20131983 leder av Troms\u00f8 kunstforening. I 1983 ble han ansatt som f\u00f8rste daglige leder av Norske Kunstforeningers Landsforbund i Oslo, en rolle han fylte frem til 1990. I tiden etter har han fungert som l\u00e6rer, forsker, kunstkritiker og faglitter\u00e6r forfatter av en rekke b\u00f8ker og artikler. Solhjells interessefelt som forsker har kretset rundt temaer som kunstformidling, kunstsosiologi og kunstpolitikk \u2013 med en markert interesse for lange historiske utviklingstrekk.<\/p>\n","protected":false},"featured_media":25731,"template":"","class_list":["post-23474","forfatter","type-forfatter","status-publish","has-post-thumbnail","hentry"],"acf":[],"yoast_head":"<!-- This site is optimized with the Yoast SEO plugin v26.6 - https:\/\/yoast.com\/wordpress\/plugins\/seo\/ -->\n<title>Dag Solhjell - Forlaget Press<\/title>\n<meta name=\"robots\" content=\"noindex, follow, max-snippet:-1, max-image-preview:large, max-video-preview:-1\" \/>\n<meta property=\"og:locale\" content=\"nb_NO\" \/>\n<meta property=\"og:type\" content=\"article\" \/>\n<meta property=\"og:title\" content=\"Dag Solhjell - Forlaget Press\" \/>\n<meta property=\"og:description\" content=\"Dag Solhjell (f. 1941) var i \u00e5rene 1973\u20131983 leder av Troms\u00f8 kunstforening. I 1983 ble han ansatt som f\u00f8rste daglige leder av Norske Kunstforeningers Landsforbund i Oslo, en rolle han fylte frem til 1990. I tiden etter har han fungert som l\u00e6rer, forsker, kunstkritiker og faglitter\u00e6r forfatter av en rekke b\u00f8ker og artikler. Solhjells interessefelt [&hellip;]\" \/>\n<meta property=\"og:url\" content=\"https:\/\/staging.forenteforlag.no\/forlaget\/forfatter\/dag-solhjell\/\" \/>\n<meta property=\"og:site_name\" content=\"Forlaget Press\" \/>\n<meta property=\"article:publisher\" content=\"https:\/\/www.facebook.com\/Forlagetpress\" \/>\n<meta property=\"article:modified_time\" content=\"2025-08-19T08:51:14+00:00\" \/>\n<meta property=\"og:image\" content=\"https:\/\/staging.forenteforlag.no\/forlaget\/wp-content\/uploads\/sites\/3\/2024\/12\/DagSolhjell.jpg\" \/>\n\t<meta property=\"og:image:width\" content=\"1800\" \/>\n\t<meta property=\"og:image:height\" content=\"1200\" \/>\n\t<meta property=\"og:image:type\" content=\"image\/jpeg\" \/>\n<meta name=\"twitter:card\" content=\"summary_large_image\" \/>\n<meta name=\"twitter:label1\" content=\"Ansl. lesetid\" \/>\n\t<meta name=\"twitter:data1\" content=\"1 minutt\" \/>\n<script type=\"application\/ld+json\" class=\"yoast-schema-graph\">{\"@context\":\"https:\/\/schema.org\",\"@graph\":[{\"@type\":\"WebPage\",\"@id\":\"https:\/\/staging.forenteforlag.no\/forlaget\/forfatter\/dag-solhjell\/\",\"url\":\"https:\/\/staging.forenteforlag.no\/forlaget\/forfatter\/dag-solhjell\/\",\"name\":\"Dag Solhjell - Forlaget Press\",\"isPartOf\":{\"@id\":\"https:\/\/staging.forenteforlag.no\/forlaget\/#website\"},\"primaryImageOfPage\":{\"@id\":\"https:\/\/staging.forenteforlag.no\/forlaget\/forfatter\/dag-solhjell\/#primaryimage\"},\"image\":{\"@id\":\"https:\/\/staging.forenteforlag.no\/forlaget\/forfatter\/dag-solhjell\/#primaryimage\"},\"thumbnailUrl\":\"https:\/\/staging.forenteforlag.no\/forlaget\/wp-content\/uploads\/sites\/3\/2024\/12\/DagSolhjell.jpg\",\"datePublished\":\"2024-12-10T21:51:03+00:00\",\"dateModified\":\"2025-08-19T08:51:14+00:00\",\"breadcrumb\":{\"@id\":\"https:\/\/staging.forenteforlag.no\/forlaget\/forfatter\/dag-solhjell\/#breadcrumb\"},\"inLanguage\":\"nb-NO\",\"potentialAction\":[{\"@type\":\"ReadAction\",\"target\":[\"https:\/\/staging.forenteforlag.no\/forlaget\/forfatter\/dag-solhjell\/\"]}]},{\"@type\":\"ImageObject\",\"inLanguage\":\"nb-NO\",\"@id\":\"https:\/\/staging.forenteforlag.no\/forlaget\/forfatter\/dag-solhjell\/#primaryimage\",\"url\":\"https:\/\/staging.forenteforlag.no\/forlaget\/wp-content\/uploads\/sites\/3\/2024\/12\/DagSolhjell.jpg\",\"contentUrl\":\"https:\/\/staging.forenteforlag.no\/forlaget\/wp-content\/uploads\/sites\/3\/2024\/12\/DagSolhjell.jpg\",\"width\":1800,\"height\":1200},{\"@type\":\"BreadcrumbList\",\"@id\":\"https:\/\/staging.forenteforlag.no\/forlaget\/forfatter\/dag-solhjell\/#breadcrumb\",\"itemListElement\":[{\"@type\":\"ListItem\",\"position\":1,\"name\":\"Hjem\",\"item\":\"https:\/\/staging.forenteforlag.no\/forlaget\/\"},{\"@type\":\"ListItem\",\"position\":2,\"name\":\"Dag Solhjell\"}]},{\"@type\":\"WebSite\",\"@id\":\"https:\/\/staging.forenteforlag.no\/forlaget\/#website\",\"url\":\"https:\/\/staging.forenteforlag.no\/forlaget\/\",\"name\":\"Forlaget Press\",\"description\":\"\",\"publisher\":{\"@id\":\"https:\/\/staging.forenteforlag.no\/forlaget\/#organization\"},\"potentialAction\":[{\"@type\":\"SearchAction\",\"target\":{\"@type\":\"EntryPoint\",\"urlTemplate\":\"https:\/\/staging.forenteforlag.no\/forlaget\/?s={search_term_string}\"},\"query-input\":{\"@type\":\"PropertyValueSpecification\",\"valueRequired\":true,\"valueName\":\"search_term_string\"}}],\"inLanguage\":\"nb-NO\"},{\"@type\":\"Organization\",\"@id\":\"https:\/\/staging.forenteforlag.no\/forlaget\/#organization\",\"name\":\"Forlaget Press\",\"url\":\"https:\/\/staging.forenteforlag.no\/forlaget\/\",\"logo\":{\"@type\":\"ImageObject\",\"inLanguage\":\"nb-NO\",\"@id\":\"https:\/\/staging.forenteforlag.no\/forlaget\/#\/schema\/logo\/image\/\",\"url\":\"https:\/\/staging.forenteforlag.no\/forlaget\/wp-content\/uploads\/sites\/3\/2024\/09\/Press_logo.svg\",\"contentUrl\":\"https:\/\/staging.forenteforlag.no\/forlaget\/wp-content\/uploads\/sites\/3\/2024\/09\/Press_logo.svg\",\"width\":100,\"height\":100,\"caption\":\"Forlaget Press\"},\"image\":{\"@id\":\"https:\/\/staging.forenteforlag.no\/forlaget\/#\/schema\/logo\/image\/\"},\"sameAs\":[\"https:\/\/www.facebook.com\/Forlagetpress\"]}]}<\/script>\n<!-- \/ Yoast SEO plugin. -->","yoast_head_json":{"title":"Dag Solhjell - Forlaget Press","robots":{"index":"noindex","follow":"follow","max-snippet":"max-snippet:-1","max-image-preview":"max-image-preview:large","max-video-preview":"max-video-preview:-1"},"og_locale":"nb_NO","og_type":"article","og_title":"Dag Solhjell - Forlaget Press","og_description":"Dag Solhjell (f. 1941) var i \u00e5rene 1973\u20131983 leder av Troms\u00f8 kunstforening. I 1983 ble han ansatt som f\u00f8rste daglige leder av Norske Kunstforeningers Landsforbund i Oslo, en rolle han fylte frem til 1990. I tiden etter har han fungert som l\u00e6rer, forsker, kunstkritiker og faglitter\u00e6r forfatter av en rekke b\u00f8ker og artikler. Solhjells interessefelt [&hellip;]","og_url":"https:\/\/staging.forenteforlag.no\/forlaget\/forfatter\/dag-solhjell\/","og_site_name":"Forlaget Press","article_publisher":"https:\/\/www.facebook.com\/Forlagetpress","article_modified_time":"2025-08-19T08:51:14+00:00","og_image":[{"width":1800,"height":1200,"url":"https:\/\/staging.forenteforlag.no\/forlaget\/wp-content\/uploads\/sites\/3\/2024\/12\/DagSolhjell.jpg","type":"image\/jpeg"}],"twitter_card":"summary_large_image","twitter_misc":{"Ansl. lesetid":"1 minutt"},"schema":{"@context":"https:\/\/schema.org","@graph":[{"@type":"WebPage","@id":"https:\/\/staging.forenteforlag.no\/forlaget\/forfatter\/dag-solhjell\/","url":"https:\/\/staging.forenteforlag.no\/forlaget\/forfatter\/dag-solhjell\/","name":"Dag Solhjell - Forlaget Press","isPartOf":{"@id":"https:\/\/staging.forenteforlag.no\/forlaget\/#website"},"primaryImageOfPage":{"@id":"https:\/\/staging.forenteforlag.no\/forlaget\/forfatter\/dag-solhjell\/#primaryimage"},"image":{"@id":"https:\/\/staging.forenteforlag.no\/forlaget\/forfatter\/dag-solhjell\/#primaryimage"},"thumbnailUrl":"https:\/\/staging.forenteforlag.no\/forlaget\/wp-content\/uploads\/sites\/3\/2024\/12\/DagSolhjell.jpg","datePublished":"2024-12-10T21:51:03+00:00","dateModified":"2025-08-19T08:51:14+00:00","breadcrumb":{"@id":"https:\/\/staging.forenteforlag.no\/forlaget\/forfatter\/dag-solhjell\/#breadcrumb"},"inLanguage":"nb-NO","potentialAction":[{"@type":"ReadAction","target":["https:\/\/staging.forenteforlag.no\/forlaget\/forfatter\/dag-solhjell\/"]}]},{"@type":"ImageObject","inLanguage":"nb-NO","@id":"https:\/\/staging.forenteforlag.no\/forlaget\/forfatter\/dag-solhjell\/#primaryimage","url":"https:\/\/staging.forenteforlag.no\/forlaget\/wp-content\/uploads\/sites\/3\/2024\/12\/DagSolhjell.jpg","contentUrl":"https:\/\/staging.forenteforlag.no\/forlaget\/wp-content\/uploads\/sites\/3\/2024\/12\/DagSolhjell.jpg","width":1800,"height":1200},{"@type":"BreadcrumbList","@id":"https:\/\/staging.forenteforlag.no\/forlaget\/forfatter\/dag-solhjell\/#breadcrumb","itemListElement":[{"@type":"ListItem","position":1,"name":"Hjem","item":"https:\/\/staging.forenteforlag.no\/forlaget\/"},{"@type":"ListItem","position":2,"name":"Dag Solhjell"}]},{"@type":"WebSite","@id":"https:\/\/staging.forenteforlag.no\/forlaget\/#website","url":"https:\/\/staging.forenteforlag.no\/forlaget\/","name":"Forlaget Press","description":"","publisher":{"@id":"https:\/\/staging.forenteforlag.no\/forlaget\/#organization"},"potentialAction":[{"@type":"SearchAction","target":{"@type":"EntryPoint","urlTemplate":"https:\/\/staging.forenteforlag.no\/forlaget\/?s={search_term_string}"},"query-input":{"@type":"PropertyValueSpecification","valueRequired":true,"valueName":"search_term_string"}}],"inLanguage":"nb-NO"},{"@type":"Organization","@id":"https:\/\/staging.forenteforlag.no\/forlaget\/#organization","name":"Forlaget Press","url":"https:\/\/staging.forenteforlag.no\/forlaget\/","logo":{"@type":"ImageObject","inLanguage":"nb-NO","@id":"https:\/\/staging.forenteforlag.no\/forlaget\/#\/schema\/logo\/image\/","url":"https:\/\/staging.forenteforlag.no\/forlaget\/wp-content\/uploads\/sites\/3\/2024\/09\/Press_logo.svg","contentUrl":"https:\/\/staging.forenteforlag.no\/forlaget\/wp-content\/uploads\/sites\/3\/2024\/09\/Press_logo.svg","width":100,"height":100,"caption":"Forlaget Press"},"image":{"@id":"https:\/\/staging.forenteforlag.no\/forlaget\/#\/schema\/logo\/image\/"},"sameAs":["https:\/\/www.facebook.com\/Forlagetpress"]}]}},"_links":{"self":[{"href":"https:\/\/staging.forenteforlag.no\/forlaget\/wp-json\/wp\/v2\/forfatter\/23474","targetHints":{"allow":["GET"]}}],"collection":[{"href":"https:\/\/staging.forenteforlag.no\/forlaget\/wp-json\/wp\/v2\/forfatter"}],"about":[{"href":"https:\/\/staging.forenteforlag.no\/forlaget\/wp-json\/wp\/v2\/types\/forfatter"}],"wp:featuredmedia":[{"embeddable":true,"href":"https:\/\/staging.forenteforlag.no\/forlaget\/wp-json\/wp\/v2\/media\/25731"}],"wp:attachment":[{"href":"https:\/\/staging.forenteforlag.no\/forlaget\/wp-json\/wp\/v2\/media?parent=23474"}],"curies":[{"name":"wp","href":"https:\/\/api.w.org\/{rel}","templated":true}]}}

<p>Dag Solhjell (f. 1941) var i årene 1973–1983 leder av Tromsø kunstforening. I 1983 ble han ansatt som første daglige leder av Norske Kunstforeningers Landsforbund i Oslo, en rolle han fylte frem til 1990. I tiden etter har han fungert som lærer, forsker, kunstkritiker og faglitterær forfatter av en rekke bøker og artikler. Solhjells interessefelt som forsker har kretset rundt temaer som kunstformidling, kunstsosiologi og kunstpolitikk – med en markert interesse for lange historiske utviklingstrekk.</p>

<!-- This site is optimized with the Yoast SEO plugin v26.6 - https://yoast.com/wordpress/plugins/seo/ -->
<title>Dag Solhjell - Forlaget Press</title>
<meta name="robots" content="noindex, follow, max-snippet:-1, max-image-preview:large, max-video-preview:-1" />
<meta property="og:locale" content="nb_NO" />
<meta property="og:type" content="article" />
<meta property="og:title" content="Dag Solhjell - Forlaget Press" />
<meta property="og:description" content="Dag Solhjell (f. 1941) var i årene 1973–1983 leder av Tromsø kunstforening. I 1983 ble han ansatt som første daglige leder av Norske Kunstforeningers Landsforbund i Oslo, en rolle han fylte frem til 1990. I tiden etter har han fungert som lærer, forsker, kunstkritiker og faglitterær forfatter av en rekke bøker og artikler. Solhjells interessefelt [&hellip;]" />
<meta property="og:url" content="https://staging.forenteforlag.no/forlaget/forfatter/dag-solhjell/" />
<meta property="og:site_name" content="Forlaget Press" />
<meta property="article:publisher" content="https://www.facebook.com/Forlagetpress" />
<meta property="article:modified_time" content="2025-08-19T08:51:14+00:00" />
<meta property="og:image" content="https://staging.forenteforlag.no/forlaget/wp-content/uploads/sites/3/2024/12/DagSolhjell.jpg" />
	<meta property="og:image:width" content="1800" />
	<meta property="og:image:height" content="1200" />
	<meta property="og:image:type" content="image/jpeg" />
<meta name="twitter:card" content="summary_large_image" />
<meta name="twitter:label1" content="Ansl. lesetid" />
	<meta name="twitter:data1" content="1 minutt" />
<script type="application/ld+json" class="yoast-schema-graph">{"@context":"https://schema.org","@graph":[{"@type":"WebPage","@id":"https://staging.forenteforlag.no/forlaget/forfatter/dag-solhjell/","url":"https://staging.forenteforlag.no/forlaget/forfatter/dag-solhjell/","name":"Dag Solhjell - Forlaget Press","isPartOf":{"@id":"https://staging.forenteforlag.no/forlaget/#website"},"primaryImageOfPage":{"@id":"https://staging.forenteforlag.no/forlaget/forfatter/dag-solhjell/#primaryimage"},"image":{"@id":"https://staging.forenteforlag.no/forlaget/forfatter/dag-solhjell/#primaryimage"},"thumbnailUrl":"https://staging.forenteforlag.no/forlaget/wp-content/uploads/sites/3/2024/12/DagSolhjell.jpg","datePublished":"2024-12-10T21:51:03+00:00","dateModified":"2025-08-19T08:51:14+00:00","breadcrumb":{"@id":"https://staging.forenteforlag.no/forlaget/forfatter/dag-solhjell/#breadcrumb"},"inLanguage":"nb-NO","potentialAction":[{"@type":"ReadAction","target":["https://staging.forenteforlag.no/forlaget/forfatter/dag-solhjell/"]}]},{"@type":"ImageObject","inLanguage":"nb-NO","@id":"https://staging.forenteforlag.no/forlaget/forfatter/dag-solhjell/#primaryimage","url":"https://staging.forenteforlag.no/forlaget/wp-content/uploads/sites/3/2024/12/DagSolhjell.jpg","contentUrl":"https://staging.forenteforlag.no/forlaget/wp-content/uploads/sites/3/2024/12/DagSolhjell.jpg","width":1800,"height":1200},{"@type":"BreadcrumbList","@id":"https://staging.forenteforlag.no/forlaget/forfatter/dag-solhjell/#breadcrumb","itemListElement":[{"@type":"ListItem","position":1,"name":"Hjem","item":"https://staging.forenteforlag.no/forlaget/"},{"@type":"ListItem","position":2,"name":"Dag Solhjell"}]},{"@type":"WebSite","@id":"https://staging.forenteforlag.no/forlaget/#website","url":"https://staging.forenteforlag.no/forlaget/","name":"Forlaget Press","description":"","publisher":{"@id":"https://staging.forenteforlag.no/forlaget/#organization"},"potentialAction":[{"@type":"SearchAction","target":{"@type":"EntryPoint","urlTemplate":"https://staging.forenteforlag.no/forlaget/?s={search_term_string}"},"query-input":{"@type":"PropertyValueSpecification","valueRequired":true,"valueName":"search_term_string"}}],"inLanguage":"nb-NO"},{"@type":"Organization","@id":"https://staging.forenteforlag.no/forlaget/#organization","name":"Forlaget Press","url":"https://staging.forenteforlag.no/forlaget/","logo":{"@type":"ImageObject","inLanguage":"nb-NO","@id":"https://staging.forenteforlag.no/forlaget/#/schema/logo/image/","url":"https://staging.forenteforlag.no/forlaget/wp-content/uploads/sites/3/2024/09/Press_logo.svg","contentUrl":"https://staging.forenteforlag.no/forlaget/wp-content/uploads/sites/3/2024/09/Press_logo.svg","width":100,"height":100,"caption":"Forlaget Press"},"image":{"@id":"https://staging.forenteforlag.no/forlaget/#/schema/logo/image/"},"sameAs":["https://www.facebook.com/Forlagetpress"]}]}</script>
<!-- / Yoast SEO plugin. -->

Dag Solhjell (f. 1941) var i årene 1973–1983 leder av Tromsø kunstforening. I 1983 ble han ansatt som første daglige leder av Norske Kunstforeningers Landsforbund i Oslo, en rolle han fylte frem til 1990. I tiden etter har han fungert som lærer, forsker, kunstkritiker og faglitterær forfatter av en rekke bøker og artikler. Solhjells interessefelt [&hellip;]
