{"id":25012,"date":"2026-01-05T05:11:57","date_gmt":"2026-01-05T04:11:57","guid":{"rendered":"https:\/\/dreyersforlag.no\/produkt\/om-krigen-og-litteraturen\/"},"modified":"2026-02-09T05:57:37","modified_gmt":"2026-02-09T04:57:37","slug":"om-krigen-og-litteraturen","status":"publish","type":"product","link":"https:\/\/staging.forenteforlag.no\/dreyers\/produkt\/om-krigen-og-litteraturen\/","title":{"rendered":"Om krigen &#8211; og litteraturen"},"content":{"rendered":"<p>I over \u00e5tti \u00e5r har andre verdenskrig v\u00e6rt et av de mest gjen nomg\u00e5ende temaene i norsk litteratur. Men har vi egentlig forst\u00e5tt hva forfatterne fors\u00f8kte \u00e5 formidle \u2013 eller sier dagens skildringer mest om oss selv og v\u00e5r egen tid? Torgeir E. S\u00e6veraas utforsker hvordan erfaringene fra krigs\u00e5rene har nedfelt seg i norsk skj\u00f8nnlitteratur \u2013 fra de f\u00f8rste etterkrigsromanene til dagens prisvinnende best selgere. Med et skarpt blikk for b\u00e5de de moralske gr\u00e5sonene og de ufravikelige sannhetene, viser han hvordan forfattere som Aksel Sandemose, Torborg Nedreaas, Knut Hamsun, Jens Bj\u00f8rneboe, Dag Solstad, Herbj\u00f8rg Wassmo, Karl Ove Knausg\u00e5rd, Simon Stranger og mange flere har bearbeidet \u2013 og utfordret \u2013 v\u00e5r kollektive fortelling om krigen. Boka beveger seg mellom litter\u00e6r analyse, historisk refleksjon og personlig essay, og sp\u00f8r: Hva kan fortellingene fra krigen l\u00e6re oss i en tid der storkrig igjen preger Europa? Og hvor g\u00e5r grensen mellom fiksjon og historie n\u00e5r vi skriver om en tid som fortsatt b\u00e6rer p\u00e5 ul\u00f8ste traumer?<\/p>\n","protected":false},"excerpt":{"rendered":"<p>I over \u00e5tti \u00e5r har andre verdenskrig v\u00e6rt et av de mest gjen nomg\u00e5ende temaene i norsk litteratur. Men har vi egentlig forst\u00e5tt hva forfatterne fors\u00f8kte \u00e5 formidle \u2013 eller sier dagens skildringer mest om oss selv og v\u00e5r egen tid? Torgeir E. S\u00e6veraas utforsker hvordan erfaringene fra krigs\u00e5rene har nedfelt seg i norsk skj\u00f8nnlitteratur [&hellip;]<\/p>\n","protected":false},"featured_media":25011,"template":"","meta":{"_acf_changed":false,"inline_featured_image":false},"product_brand":[],"product_cat":[16],"product_tag":[362],"class_list":{"0":"post-25012","1":"product","2":"type-product","3":"status-publish","4":"has-post-thumbnail","6":"product_cat-ukategorisert","7":"product_tag-faglitteratur","8":"pa_format-innbundet","10":"first","11":"instock","12":"purchasable","13":"product-type-simple"},"acf":{"anmeldelse":null},"yoast_head":"<!-- This site is optimized with the Yoast SEO plugin v26.6 - https:\/\/yoast.com\/wordpress\/plugins\/seo\/ -->\n<title>Om krigen - og litteraturen - Dreyers Forlag<\/title>\n<meta name=\"robots\" content=\"noindex, follow, max-snippet:-1, max-image-preview:large, max-video-preview:-1\" \/>\n<meta property=\"og:locale\" content=\"nb_NO\" \/>\n<meta property=\"og:type\" content=\"article\" \/>\n<meta property=\"og:title\" content=\"Om krigen - og litteraturen - Dreyers Forlag\" \/>\n<meta property=\"og:description\" content=\"I over \u00e5tti \u00e5r har andre verdenskrig v\u00e6rt et av de mest gjen nomg\u00e5ende temaene i norsk litteratur. Men har vi egentlig forst\u00e5tt hva forfatterne fors\u00f8kte \u00e5 formidle \u2013 eller sier dagens skildringer mest om oss selv og v\u00e5r egen tid? Torgeir E. S\u00e6veraas utforsker hvordan erfaringene fra krigs\u00e5rene har nedfelt seg i norsk skj\u00f8nnlitteratur [&hellip;]\" \/>\n<meta property=\"og:url\" content=\"https:\/\/staging.forenteforlag.no\/dreyers\/produkt\/om-krigen-og-litteraturen\/\" \/>\n<meta property=\"og:site_name\" content=\"Dreyers Forlag\" \/>\n<meta property=\"article:modified_time\" content=\"2026-02-09T04:57:37+00:00\" \/>\n<meta property=\"og:image\" content=\"https:\/\/staging.forenteforlag.no\/dreyers\/wp-content\/uploads\/sites\/2\/2026\/01\/jpg-17-scaled-1-scaled.jpg\" \/>\n\t<meta property=\"og:image:width\" content=\"1367\" \/>\n\t<meta property=\"og:image:height\" content=\"1920\" \/>\n\t<meta property=\"og:image:type\" content=\"image\/jpeg\" \/>\n<meta name=\"twitter:card\" content=\"summary_large_image\" \/>\n<meta name=\"twitter:label1\" content=\"Ansl. lesetid\" \/>\n\t<meta name=\"twitter:data1\" content=\"1 minutt\" \/>\n<script type=\"application\/ld+json\" class=\"yoast-schema-graph\">{\"@context\":\"https:\/\/schema.org\",\"@graph\":[{\"@type\":\"WebPage\",\"@id\":\"https:\/\/staging.forenteforlag.no\/dreyers\/produkt\/om-krigen-og-litteraturen\/\",\"url\":\"https:\/\/staging.forenteforlag.no\/dreyers\/produkt\/om-krigen-og-litteraturen\/\",\"name\":\"Om krigen - og litteraturen - Dreyers Forlag\",\"isPartOf\":{\"@id\":\"https:\/\/staging.forenteforlag.no\/dreyers\/#website\"},\"primaryImageOfPage\":{\"@id\":\"https:\/\/staging.forenteforlag.no\/dreyers\/produkt\/om-krigen-og-litteraturen\/#primaryimage\"},\"image\":{\"@id\":\"https:\/\/staging.forenteforlag.no\/dreyers\/produkt\/om-krigen-og-litteraturen\/#primaryimage\"},\"thumbnailUrl\":\"https:\/\/staging.forenteforlag.no\/dreyers\/wp-content\/uploads\/sites\/2\/2026\/01\/jpg-17-scaled-1-scaled.jpg\",\"datePublished\":\"2026-01-05T04:11:57+00:00\",\"dateModified\":\"2026-02-09T04:57:37+00:00\",\"breadcrumb\":{\"@id\":\"https:\/\/staging.forenteforlag.no\/dreyers\/produkt\/om-krigen-og-litteraturen\/#breadcrumb\"},\"inLanguage\":\"nb-NO\",\"potentialAction\":[{\"@type\":\"ReadAction\",\"target\":[\"https:\/\/staging.forenteforlag.no\/dreyers\/produkt\/om-krigen-og-litteraturen\/\"]}]},{\"@type\":\"ImageObject\",\"inLanguage\":\"nb-NO\",\"@id\":\"https:\/\/staging.forenteforlag.no\/dreyers\/produkt\/om-krigen-og-litteraturen\/#primaryimage\",\"url\":\"https:\/\/staging.forenteforlag.no\/dreyers\/wp-content\/uploads\/sites\/2\/2026\/01\/jpg-17-scaled-1-scaled.jpg\",\"contentUrl\":\"https:\/\/staging.forenteforlag.no\/dreyers\/wp-content\/uploads\/sites\/2\/2026\/01\/jpg-17-scaled-1-scaled.jpg\",\"width\":1367,\"height\":1920},{\"@type\":\"BreadcrumbList\",\"@id\":\"https:\/\/staging.forenteforlag.no\/dreyers\/produkt\/om-krigen-og-litteraturen\/#breadcrumb\",\"itemListElement\":[{\"@type\":\"ListItem\",\"position\":1,\"name\":\"Hjem\",\"item\":\"https:\/\/staging.forenteforlag.no\/dreyers\/\"},{\"@type\":\"ListItem\",\"position\":2,\"name\":\"Alle b\u00f8ker\",\"item\":\"https:\/\/staging.forenteforlag.no\/dreyers\/butikk\/\"},{\"@type\":\"ListItem\",\"position\":3,\"name\":\"Om krigen &#8211; og litteraturen\"}]},{\"@type\":\"WebSite\",\"@id\":\"https:\/\/staging.forenteforlag.no\/dreyers\/#website\",\"url\":\"https:\/\/staging.forenteforlag.no\/dreyers\/\",\"name\":\"Dreyers Forlag\",\"description\":\"\",\"potentialAction\":[{\"@type\":\"SearchAction\",\"target\":{\"@type\":\"EntryPoint\",\"urlTemplate\":\"https:\/\/staging.forenteforlag.no\/dreyers\/?s={search_term_string}\"},\"query-input\":{\"@type\":\"PropertyValueSpecification\",\"valueRequired\":true,\"valueName\":\"search_term_string\"}}],\"inLanguage\":\"nb-NO\"}]}<\/script>\n<!-- \/ Yoast SEO plugin. -->","yoast_head_json":{"title":"Om krigen - og litteraturen - Dreyers Forlag","robots":{"index":"noindex","follow":"follow","max-snippet":"max-snippet:-1","max-image-preview":"max-image-preview:large","max-video-preview":"max-video-preview:-1"},"og_locale":"nb_NO","og_type":"article","og_title":"Om krigen - og litteraturen - Dreyers Forlag","og_description":"I over \u00e5tti \u00e5r har andre verdenskrig v\u00e6rt et av de mest gjen nomg\u00e5ende temaene i norsk litteratur. Men har vi egentlig forst\u00e5tt hva forfatterne fors\u00f8kte \u00e5 formidle \u2013 eller sier dagens skildringer mest om oss selv og v\u00e5r egen tid? Torgeir E. S\u00e6veraas utforsker hvordan erfaringene fra krigs\u00e5rene har nedfelt seg i norsk skj\u00f8nnlitteratur [&hellip;]","og_url":"https:\/\/staging.forenteforlag.no\/dreyers\/produkt\/om-krigen-og-litteraturen\/","og_site_name":"Dreyers Forlag","article_modified_time":"2026-02-09T04:57:37+00:00","og_image":[{"width":1367,"height":1920,"url":"https:\/\/staging.forenteforlag.no\/dreyers\/wp-content\/uploads\/sites\/2\/2026\/01\/jpg-17-scaled-1-scaled.jpg","type":"image\/jpeg"}],"twitter_card":"summary_large_image","twitter_misc":{"Ansl. lesetid":"1 minutt"},"schema":{"@context":"https:\/\/schema.org","@graph":[{"@type":"WebPage","@id":"https:\/\/staging.forenteforlag.no\/dreyers\/produkt\/om-krigen-og-litteraturen\/","url":"https:\/\/staging.forenteforlag.no\/dreyers\/produkt\/om-krigen-og-litteraturen\/","name":"Om krigen - og litteraturen - Dreyers Forlag","isPartOf":{"@id":"https:\/\/staging.forenteforlag.no\/dreyers\/#website"},"primaryImageOfPage":{"@id":"https:\/\/staging.forenteforlag.no\/dreyers\/produkt\/om-krigen-og-litteraturen\/#primaryimage"},"image":{"@id":"https:\/\/staging.forenteforlag.no\/dreyers\/produkt\/om-krigen-og-litteraturen\/#primaryimage"},"thumbnailUrl":"https:\/\/staging.forenteforlag.no\/dreyers\/wp-content\/uploads\/sites\/2\/2026\/01\/jpg-17-scaled-1-scaled.jpg","datePublished":"2026-01-05T04:11:57+00:00","dateModified":"2026-02-09T04:57:37+00:00","breadcrumb":{"@id":"https:\/\/staging.forenteforlag.no\/dreyers\/produkt\/om-krigen-og-litteraturen\/#breadcrumb"},"inLanguage":"nb-NO","potentialAction":[{"@type":"ReadAction","target":["https:\/\/staging.forenteforlag.no\/dreyers\/produkt\/om-krigen-og-litteraturen\/"]}]},{"@type":"ImageObject","inLanguage":"nb-NO","@id":"https:\/\/staging.forenteforlag.no\/dreyers\/produkt\/om-krigen-og-litteraturen\/#primaryimage","url":"https:\/\/staging.forenteforlag.no\/dreyers\/wp-content\/uploads\/sites\/2\/2026\/01\/jpg-17-scaled-1-scaled.jpg","contentUrl":"https:\/\/staging.forenteforlag.no\/dreyers\/wp-content\/uploads\/sites\/2\/2026\/01\/jpg-17-scaled-1-scaled.jpg","width":1367,"height":1920},{"@type":"BreadcrumbList","@id":"https:\/\/staging.forenteforlag.no\/dreyers\/produkt\/om-krigen-og-litteraturen\/#breadcrumb","itemListElement":[{"@type":"ListItem","position":1,"name":"Hjem","item":"https:\/\/staging.forenteforlag.no\/dreyers\/"},{"@type":"ListItem","position":2,"name":"Alle b\u00f8ker","item":"https:\/\/staging.forenteforlag.no\/dreyers\/butikk\/"},{"@type":"ListItem","position":3,"name":"Om krigen &#8211; og litteraturen"}]},{"@type":"WebSite","@id":"https:\/\/staging.forenteforlag.no\/dreyers\/#website","url":"https:\/\/staging.forenteforlag.no\/dreyers\/","name":"Dreyers Forlag","description":"","potentialAction":[{"@type":"SearchAction","target":{"@type":"EntryPoint","urlTemplate":"https:\/\/staging.forenteforlag.no\/dreyers\/?s={search_term_string}"},"query-input":{"@type":"PropertyValueSpecification","valueRequired":true,"valueName":"search_term_string"}}],"inLanguage":"nb-NO"}]}},"_links":{"self":[{"href":"https:\/\/staging.forenteforlag.no\/dreyers\/wp-json\/wp\/v2\/product\/25012","targetHints":{"allow":["GET"]}}],"collection":[{"href":"https:\/\/staging.forenteforlag.no\/dreyers\/wp-json\/wp\/v2\/product"}],"about":[{"href":"https:\/\/staging.forenteforlag.no\/dreyers\/wp-json\/wp\/v2\/types\/product"}],"wp:featuredmedia":[{"embeddable":true,"href":"https:\/\/staging.forenteforlag.no\/dreyers\/wp-json\/wp\/v2\/media\/25011"}],"wp:attachment":[{"href":"https:\/\/staging.forenteforlag.no\/dreyers\/wp-json\/wp\/v2\/media?parent=25012"}],"wp:term":[{"taxonomy":"product_brand","embeddable":true,"href":"https:\/\/staging.forenteforlag.no\/dreyers\/wp-json\/wp\/v2\/product_brand?post=25012"},{"taxonomy":"product_cat","embeddable":true,"href":"https:\/\/staging.forenteforlag.no\/dreyers\/wp-json\/wp\/v2\/product_cat?post=25012"},{"taxonomy":"product_tag","embeddable":true,"href":"https:\/\/staging.forenteforlag.no\/dreyers\/wp-json\/wp\/v2\/product_tag?post=25012"}],"curies":[{"name":"wp","href":"https:\/\/api.w.org\/{rel}","templated":true}]}}