{"id":24991,"date":"2026-01-05T05:10:20","date_gmt":"2026-01-05T04:10:20","guid":{"rendered":"https:\/\/dreyersforlag.no\/produkt\/kvinner-for-quisling\/"},"modified":"2026-02-24T06:16:44","modified_gmt":"2026-02-24T05:16:44","slug":"kvinnekamp-for-quisling","status":"publish","type":"product","link":"https:\/\/staging.forenteforlag.no\/dreyers\/produkt\/kvinnekamp-for-quisling\/","title":{"rendered":"Kvinnekamp for Quisling"},"content":{"rendered":"<p>H\u00f8sten 1940 meldte juristen Solveig Stang, en gift sm\u00e5barnsmor og sekret\u00e6r, seg inn i NS. To m\u00e5neder senere ble hun utnevnt til dommer. Partibok ga karriere, s\u00e6rlig for kvinner. Denne boken forteller om ni NS-kvinner som p\u00e5 forskjellig m\u00e5te hadde viktige roller under okkupasjonen. Flere av dem hadde toppverv i Kvinneorganisasjonen eller Kvinnehirden.<\/p>\n<p>Dette var ressurssterke middelklassekvinner som frontet en h\u00f8yreekstrem feminisme. De trosset nazismens \u00abKinder, Ku\u0308che und Kirche\u00bb-ideologi, mens de kjempet for likestilling og morskallet. Samtidig st\u00f8ttet de Tysklands krigf\u00f8ring p\u00e5 \u00d8stfronten, og drev aggressiv antisemittisk agitasjon. <\/p>\n<p>Var disse kvinnene nyttige idioter for Quisling og hans menn, eller var de drivende krefter i nazifiseringen av halve befolkningen? Med nytt kildemateriale, blant annet om Maria Quislings hemmelige last, gir boken et sterkt vitnem\u00e5l om kvinner og politikk, makt og avmakt.<\/p>\n","protected":false},"excerpt":{"rendered":"<p>H\u00f8sten 1940 meldte juristen Solveig Stang, en gift sm\u00e5barnsmor og sekret\u00e6r, seg inn i NS. To m\u00e5neder senere ble hun utnevnt til dommer. Partibok ga karriere, s\u00e6rlig for kvinner. Denne boken forteller om ni NS-kvinner som p\u00e5 forskjellig m\u00e5te hadde viktige roller under okkupasjonen. Flere av dem hadde toppverv i Kvinneorganisasjonen eller Kvinnehirden. Dette var [&hellip;]<\/p>\n","protected":false},"featured_media":25121,"template":"","meta":{"_acf_changed":false,"inline_featured_image":false},"product_brand":[],"product_cat":[23,353,18,16],"product_tag":[362],"class_list":{"0":"post-24991","1":"product","2":"type-product","3":"status-publish","4":"has-post-thumbnail","6":"product_cat-historie","7":"product_cat-kommende-boker","8":"product_cat-sakprosa","9":"product_cat-ukategorisert","10":"product_tag-faglitteratur","11":"pa_format-innbundet","13":"first","14":"kommer","15":"purchasable","16":"product-type-simple"},"acf":{"anmeldelse":null},"yoast_head":"<!-- This site is optimized with the Yoast SEO plugin v26.6 - https:\/\/yoast.com\/wordpress\/plugins\/seo\/ -->\n<title>Kvinnekamp for Quisling - Dreyers Forlag<\/title>\n<meta name=\"robots\" content=\"noindex, follow, max-snippet:-1, max-image-preview:large, max-video-preview:-1\" \/>\n<meta property=\"og:locale\" content=\"nb_NO\" \/>\n<meta property=\"og:type\" content=\"article\" \/>\n<meta property=\"og:title\" content=\"Kvinnekamp for Quisling - Dreyers Forlag\" \/>\n<meta property=\"og:description\" content=\"H\u00f8sten 1940 meldte juristen Solveig Stang, en gift sm\u00e5barnsmor og sekret\u00e6r, seg inn i NS. To m\u00e5neder senere ble hun utnevnt til dommer. Partibok ga karriere, s\u00e6rlig for kvinner. Denne boken forteller om ni NS-kvinner som p\u00e5 forskjellig m\u00e5te hadde viktige roller under okkupasjonen. Flere av dem hadde toppverv i Kvinneorganisasjonen eller Kvinnehirden. Dette var [&hellip;]\" \/>\n<meta property=\"og:url\" content=\"https:\/\/staging.forenteforlag.no\/dreyers\/produkt\/kvinnekamp-for-quisling\/\" \/>\n<meta property=\"og:site_name\" content=\"Dreyers Forlag\" \/>\n<meta property=\"article:modified_time\" content=\"2026-02-24T05:16:44+00:00\" \/>\n<meta property=\"og:image\" content=\"https:\/\/staging.forenteforlag.no\/dreyers\/wp-content\/uploads\/sites\/2\/2026\/02\/Kvinnekamp-for-Quisling_riss_Side_1-scaled-1-scaled.png\" \/>\n\t<meta property=\"og:image:width\" content=\"1307\" \/>\n\t<meta property=\"og:image:height\" content=\"1920\" \/>\n\t<meta property=\"og:image:type\" content=\"image\/png\" \/>\n<meta name=\"twitter:card\" content=\"summary_large_image\" \/>\n<meta name=\"twitter:label1\" content=\"Ansl. lesetid\" \/>\n\t<meta name=\"twitter:data1\" content=\"1 minutt\" \/>\n<script type=\"application\/ld+json\" class=\"yoast-schema-graph\">{\"@context\":\"https:\/\/schema.org\",\"@graph\":[{\"@type\":\"WebPage\",\"@id\":\"https:\/\/staging.forenteforlag.no\/dreyers\/produkt\/kvinnekamp-for-quisling\/\",\"url\":\"https:\/\/staging.forenteforlag.no\/dreyers\/produkt\/kvinnekamp-for-quisling\/\",\"name\":\"Kvinnekamp for Quisling - Dreyers Forlag\",\"isPartOf\":{\"@id\":\"https:\/\/staging.forenteforlag.no\/dreyers\/#website\"},\"primaryImageOfPage\":{\"@id\":\"https:\/\/staging.forenteforlag.no\/dreyers\/produkt\/kvinnekamp-for-quisling\/#primaryimage\"},\"image\":{\"@id\":\"https:\/\/staging.forenteforlag.no\/dreyers\/produkt\/kvinnekamp-for-quisling\/#primaryimage\"},\"thumbnailUrl\":\"https:\/\/staging.forenteforlag.no\/dreyers\/wp-content\/uploads\/sites\/2\/2026\/02\/Kvinnekamp-for-Quisling_riss_Side_1-scaled-1-scaled.png\",\"datePublished\":\"2026-01-05T04:10:20+00:00\",\"dateModified\":\"2026-02-24T05:16:44+00:00\",\"breadcrumb\":{\"@id\":\"https:\/\/staging.forenteforlag.no\/dreyers\/produkt\/kvinnekamp-for-quisling\/#breadcrumb\"},\"inLanguage\":\"nb-NO\",\"potentialAction\":[{\"@type\":\"ReadAction\",\"target\":[\"https:\/\/staging.forenteforlag.no\/dreyers\/produkt\/kvinnekamp-for-quisling\/\"]}]},{\"@type\":\"ImageObject\",\"inLanguage\":\"nb-NO\",\"@id\":\"https:\/\/staging.forenteforlag.no\/dreyers\/produkt\/kvinnekamp-for-quisling\/#primaryimage\",\"url\":\"https:\/\/staging.forenteforlag.no\/dreyers\/wp-content\/uploads\/sites\/2\/2026\/02\/Kvinnekamp-for-Quisling_riss_Side_1-scaled-1-scaled.png\",\"contentUrl\":\"https:\/\/staging.forenteforlag.no\/dreyers\/wp-content\/uploads\/sites\/2\/2026\/02\/Kvinnekamp-for-Quisling_riss_Side_1-scaled-1-scaled.png\",\"width\":1307,\"height\":1920},{\"@type\":\"BreadcrumbList\",\"@id\":\"https:\/\/staging.forenteforlag.no\/dreyers\/produkt\/kvinnekamp-for-quisling\/#breadcrumb\",\"itemListElement\":[{\"@type\":\"ListItem\",\"position\":1,\"name\":\"Hjem\",\"item\":\"https:\/\/staging.forenteforlag.no\/dreyers\/\"},{\"@type\":\"ListItem\",\"position\":2,\"name\":\"Alle b\u00f8ker\",\"item\":\"https:\/\/staging.forenteforlag.no\/dreyers\/butikk\/\"},{\"@type\":\"ListItem\",\"position\":3,\"name\":\"Kvinnekamp for Quisling\"}]},{\"@type\":\"WebSite\",\"@id\":\"https:\/\/staging.forenteforlag.no\/dreyers\/#website\",\"url\":\"https:\/\/staging.forenteforlag.no\/dreyers\/\",\"name\":\"Dreyers Forlag\",\"description\":\"\",\"potentialAction\":[{\"@type\":\"SearchAction\",\"target\":{\"@type\":\"EntryPoint\",\"urlTemplate\":\"https:\/\/staging.forenteforlag.no\/dreyers\/?s={search_term_string}\"},\"query-input\":{\"@type\":\"PropertyValueSpecification\",\"valueRequired\":true,\"valueName\":\"search_term_string\"}}],\"inLanguage\":\"nb-NO\"}]}<\/script>\n<!-- \/ Yoast SEO plugin. -->","yoast_head_json":{"title":"Kvinnekamp for Quisling - Dreyers Forlag","robots":{"index":"noindex","follow":"follow","max-snippet":"max-snippet:-1","max-image-preview":"max-image-preview:large","max-video-preview":"max-video-preview:-1"},"og_locale":"nb_NO","og_type":"article","og_title":"Kvinnekamp for Quisling - Dreyers Forlag","og_description":"H\u00f8sten 1940 meldte juristen Solveig Stang, en gift sm\u00e5barnsmor og sekret\u00e6r, seg inn i NS. To m\u00e5neder senere ble hun utnevnt til dommer. Partibok ga karriere, s\u00e6rlig for kvinner. Denne boken forteller om ni NS-kvinner som p\u00e5 forskjellig m\u00e5te hadde viktige roller under okkupasjonen. Flere av dem hadde toppverv i Kvinneorganisasjonen eller Kvinnehirden. Dette var [&hellip;]","og_url":"https:\/\/staging.forenteforlag.no\/dreyers\/produkt\/kvinnekamp-for-quisling\/","og_site_name":"Dreyers Forlag","article_modified_time":"2026-02-24T05:16:44+00:00","og_image":[{"width":1307,"height":1920,"url":"https:\/\/staging.forenteforlag.no\/dreyers\/wp-content\/uploads\/sites\/2\/2026\/02\/Kvinnekamp-for-Quisling_riss_Side_1-scaled-1-scaled.png","type":"image\/png"}],"twitter_card":"summary_large_image","twitter_misc":{"Ansl. lesetid":"1 minutt"},"schema":{"@context":"https:\/\/schema.org","@graph":[{"@type":"WebPage","@id":"https:\/\/staging.forenteforlag.no\/dreyers\/produkt\/kvinnekamp-for-quisling\/","url":"https:\/\/staging.forenteforlag.no\/dreyers\/produkt\/kvinnekamp-for-quisling\/","name":"Kvinnekamp for Quisling - Dreyers Forlag","isPartOf":{"@id":"https:\/\/staging.forenteforlag.no\/dreyers\/#website"},"primaryImageOfPage":{"@id":"https:\/\/staging.forenteforlag.no\/dreyers\/produkt\/kvinnekamp-for-quisling\/#primaryimage"},"image":{"@id":"https:\/\/staging.forenteforlag.no\/dreyers\/produkt\/kvinnekamp-for-quisling\/#primaryimage"},"thumbnailUrl":"https:\/\/staging.forenteforlag.no\/dreyers\/wp-content\/uploads\/sites\/2\/2026\/02\/Kvinnekamp-for-Quisling_riss_Side_1-scaled-1-scaled.png","datePublished":"2026-01-05T04:10:20+00:00","dateModified":"2026-02-24T05:16:44+00:00","breadcrumb":{"@id":"https:\/\/staging.forenteforlag.no\/dreyers\/produkt\/kvinnekamp-for-quisling\/#breadcrumb"},"inLanguage":"nb-NO","potentialAction":[{"@type":"ReadAction","target":["https:\/\/staging.forenteforlag.no\/dreyers\/produkt\/kvinnekamp-for-quisling\/"]}]},{"@type":"ImageObject","inLanguage":"nb-NO","@id":"https:\/\/staging.forenteforlag.no\/dreyers\/produkt\/kvinnekamp-for-quisling\/#primaryimage","url":"https:\/\/staging.forenteforlag.no\/dreyers\/wp-content\/uploads\/sites\/2\/2026\/02\/Kvinnekamp-for-Quisling_riss_Side_1-scaled-1-scaled.png","contentUrl":"https:\/\/staging.forenteforlag.no\/dreyers\/wp-content\/uploads\/sites\/2\/2026\/02\/Kvinnekamp-for-Quisling_riss_Side_1-scaled-1-scaled.png","width":1307,"height":1920},{"@type":"BreadcrumbList","@id":"https:\/\/staging.forenteforlag.no\/dreyers\/produkt\/kvinnekamp-for-quisling\/#breadcrumb","itemListElement":[{"@type":"ListItem","position":1,"name":"Hjem","item":"https:\/\/staging.forenteforlag.no\/dreyers\/"},{"@type":"ListItem","position":2,"name":"Alle b\u00f8ker","item":"https:\/\/staging.forenteforlag.no\/dreyers\/butikk\/"},{"@type":"ListItem","position":3,"name":"Kvinnekamp for Quisling"}]},{"@type":"WebSite","@id":"https:\/\/staging.forenteforlag.no\/dreyers\/#website","url":"https:\/\/staging.forenteforlag.no\/dreyers\/","name":"Dreyers Forlag","description":"","potentialAction":[{"@type":"SearchAction","target":{"@type":"EntryPoint","urlTemplate":"https:\/\/staging.forenteforlag.no\/dreyers\/?s={search_term_string}"},"query-input":{"@type":"PropertyValueSpecification","valueRequired":true,"valueName":"search_term_string"}}],"inLanguage":"nb-NO"}]}},"_links":{"self":[{"href":"https:\/\/staging.forenteforlag.no\/dreyers\/wp-json\/wp\/v2\/product\/24991","targetHints":{"allow":["GET"]}}],"collection":[{"href":"https:\/\/staging.forenteforlag.no\/dreyers\/wp-json\/wp\/v2\/product"}],"about":[{"href":"https:\/\/staging.forenteforlag.no\/dreyers\/wp-json\/wp\/v2\/types\/product"}],"wp:featuredmedia":[{"embeddable":true,"href":"https:\/\/staging.forenteforlag.no\/dreyers\/wp-json\/wp\/v2\/media\/25121"}],"wp:attachment":[{"href":"https:\/\/staging.forenteforlag.no\/dreyers\/wp-json\/wp\/v2\/media?parent=24991"}],"wp:term":[{"taxonomy":"product_brand","embeddable":true,"href":"https:\/\/staging.forenteforlag.no\/dreyers\/wp-json\/wp\/v2\/product_brand?post=24991"},{"taxonomy":"product_cat","embeddable":true,"href":"https:\/\/staging.forenteforlag.no\/dreyers\/wp-json\/wp\/v2\/product_cat?post=24991"},{"taxonomy":"product_tag","embeddable":true,"href":"https:\/\/staging.forenteforlag.no\/dreyers\/wp-json\/wp\/v2\/product_tag?post=24991"}],"curies":[{"name":"wp","href":"https:\/\/api.w.org\/{rel}","templated":true}]}}