{"id":24988,"date":"2026-01-05T05:10:20","date_gmt":"2026-01-05T04:10:20","guid":{"rendered":"https:\/\/dreyersforlag.no\/produkt\/vakne-kvinner\/"},"modified":"2026-02-25T09:37:04","modified_gmt":"2026-02-25T08:37:04","slug":"vakne-kvinner","status":"publish","type":"product","link":"https:\/\/staging.forenteforlag.no\/dreyers\/produkt\/vakne-kvinner\/","title":{"rendered":"V\u00e5kne kvinner"},"content":{"rendered":"<p><strong>Kirsten Hansteen (1903\u20131974)\u00a0<\/strong>var feminist, kommunist, antifascist, fredsforkjemper \u2013 og Norges f\u00f8rste kvinnelige statsr\u00e5d. I 1945 ble hun statsr\u00e5d i samlingsregjeringen. Etter valget samme h\u00f8st takket hun nei til fornyet tillit fra Einar Gerhardsen. I stedet ble hun en markant opposisjonspolitiker p\u00e5 Stortinget, og etablerte et selvsikkert feministisk milj\u00f8 i tidsskriftet <em>Kvinnen og tiden \u2013 v\u00e5kne kvinners blad. <\/em>Hun representerte Norge p\u00e5 den f\u00f8rste antifascistiske kvinnekongressen i Paris i 1945, og kjempet for et demokrati der kvinner kunne oppn\u00e5 reell frigj\u00f8ring. For Hansteen og den radikale kvinnebevegelsen var fredssaken den viktigste forutsetningen for likestilling. Det var ikke en enkel posisjon \u00e5 st\u00e5 i da den kalde krigen kom til Norge.<\/p>\n<p>Biografien om Kirsten Hansteen fyller et viktig tomrom i norsk politisk historie. Den tar leseren med fra de kulturradikale milj\u00f8ene i mellomkrigstiden, gjennom motstandsarbeidet under andre verdenskrig, gjenoppbyggingen etter 1945, kampen for avkolonisering, arbeidskonflikter og etableringen av NATO \u2013 og videre inn i hennes n\u00e6re relasjoner, vennskap og kj\u00e6rlighetsliv. Alt fortalt med utgangspunkt i Hansteens tydelige kommunistiske og feministiske st\u00e5sted.<\/p>\n","protected":false},"excerpt":{"rendered":"<p>Kirsten Hansteen (1903\u20131974)\u00a0var feminist, kommunist, antifascist, fredsforkjemper \u2013 og Norges f\u00f8rste kvinnelige statsr\u00e5d. I 1945 ble hun statsr\u00e5d i samlingsregjeringen. Etter valget samme h\u00f8st takket hun nei til fornyet tillit fra Einar Gerhardsen. I stedet ble hun en markant opposisjonspolitiker p\u00e5 Stortinget, og etablerte et selvsikkert feministisk milj\u00f8 i tidsskriftet Kvinnen og tiden \u2013 v\u00e5kne [&hellip;]<\/p>\n","protected":false},"featured_media":25089,"template":"","meta":{"_acf_changed":false,"inline_featured_image":false},"product_brand":[],"product_cat":[20,353,16],"product_tag":[362],"class_list":{"0":"post-24988","1":"product","2":"type-product","3":"status-publish","4":"has-post-thumbnail","6":"product_cat-biografier-og-memoarer","7":"product_cat-kommende-boker","8":"product_cat-ukategorisert","9":"product_tag-faglitteratur","10":"pa_format-innbundet","12":"first","13":"kommer","14":"purchasable","15":"product-type-simple"},"acf":{"anmeldelse":null},"yoast_head":"<!-- This site is optimized with the Yoast SEO plugin v26.6 - https:\/\/yoast.com\/wordpress\/plugins\/seo\/ -->\n<title>V\u00e5kne kvinner - Dreyers Forlag<\/title>\n<meta name=\"robots\" content=\"noindex, follow, max-snippet:-1, max-image-preview:large, max-video-preview:-1\" \/>\n<meta property=\"og:locale\" content=\"nb_NO\" \/>\n<meta property=\"og:type\" content=\"article\" \/>\n<meta property=\"og:title\" content=\"V\u00e5kne kvinner - Dreyers Forlag\" \/>\n<meta property=\"og:description\" content=\"Kirsten Hansteen (1903\u20131974)\u00a0var feminist, kommunist, antifascist, fredsforkjemper \u2013 og Norges f\u00f8rste kvinnelige statsr\u00e5d. I 1945 ble hun statsr\u00e5d i samlingsregjeringen. Etter valget samme h\u00f8st takket hun nei til fornyet tillit fra Einar Gerhardsen. I stedet ble hun en markant opposisjonspolitiker p\u00e5 Stortinget, og etablerte et selvsikkert feministisk milj\u00f8 i tidsskriftet Kvinnen og tiden \u2013 v\u00e5kne [&hellip;]\" \/>\n<meta property=\"og:url\" content=\"https:\/\/staging.forenteforlag.no\/dreyers\/produkt\/vakne-kvinner\/\" \/>\n<meta property=\"og:site_name\" content=\"Dreyers Forlag\" \/>\n<meta property=\"article:modified_time\" content=\"2026-02-25T08:37:04+00:00\" \/>\n<meta property=\"og:image\" content=\"https:\/\/staging.forenteforlag.no\/dreyers\/wp-content\/uploads\/sites\/2\/2026\/02\/jpg-55-scaled-1-scaled.jpg\" \/>\n\t<meta property=\"og:image:width\" content=\"1394\" \/>\n\t<meta property=\"og:image:height\" content=\"1920\" \/>\n\t<meta property=\"og:image:type\" content=\"image\/jpeg\" \/>\n<meta name=\"twitter:card\" content=\"summary_large_image\" \/>\n<meta name=\"twitter:label1\" content=\"Ansl. lesetid\" \/>\n\t<meta name=\"twitter:data1\" content=\"1 minutt\" \/>\n<script type=\"application\/ld+json\" class=\"yoast-schema-graph\">{\"@context\":\"https:\/\/schema.org\",\"@graph\":[{\"@type\":\"WebPage\",\"@id\":\"https:\/\/staging.forenteforlag.no\/dreyers\/produkt\/vakne-kvinner\/\",\"url\":\"https:\/\/staging.forenteforlag.no\/dreyers\/produkt\/vakne-kvinner\/\",\"name\":\"V\u00e5kne kvinner - Dreyers Forlag\",\"isPartOf\":{\"@id\":\"https:\/\/staging.forenteforlag.no\/dreyers\/#website\"},\"primaryImageOfPage\":{\"@id\":\"https:\/\/staging.forenteforlag.no\/dreyers\/produkt\/vakne-kvinner\/#primaryimage\"},\"image\":{\"@id\":\"https:\/\/staging.forenteforlag.no\/dreyers\/produkt\/vakne-kvinner\/#primaryimage\"},\"thumbnailUrl\":\"https:\/\/staging.forenteforlag.no\/dreyers\/wp-content\/uploads\/sites\/2\/2026\/02\/jpg-55-scaled-1-scaled.jpg\",\"datePublished\":\"2026-01-05T04:10:20+00:00\",\"dateModified\":\"2026-02-25T08:37:04+00:00\",\"breadcrumb\":{\"@id\":\"https:\/\/staging.forenteforlag.no\/dreyers\/produkt\/vakne-kvinner\/#breadcrumb\"},\"inLanguage\":\"nb-NO\",\"potentialAction\":[{\"@type\":\"ReadAction\",\"target\":[\"https:\/\/staging.forenteforlag.no\/dreyers\/produkt\/vakne-kvinner\/\"]}]},{\"@type\":\"ImageObject\",\"inLanguage\":\"nb-NO\",\"@id\":\"https:\/\/staging.forenteforlag.no\/dreyers\/produkt\/vakne-kvinner\/#primaryimage\",\"url\":\"https:\/\/staging.forenteforlag.no\/dreyers\/wp-content\/uploads\/sites\/2\/2026\/02\/jpg-55-scaled-1-scaled.jpg\",\"contentUrl\":\"https:\/\/staging.forenteforlag.no\/dreyers\/wp-content\/uploads\/sites\/2\/2026\/02\/jpg-55-scaled-1-scaled.jpg\",\"width\":1394,\"height\":1920},{\"@type\":\"BreadcrumbList\",\"@id\":\"https:\/\/staging.forenteforlag.no\/dreyers\/produkt\/vakne-kvinner\/#breadcrumb\",\"itemListElement\":[{\"@type\":\"ListItem\",\"position\":1,\"name\":\"Hjem\",\"item\":\"https:\/\/staging.forenteforlag.no\/dreyers\/\"},{\"@type\":\"ListItem\",\"position\":2,\"name\":\"Alle b\u00f8ker\",\"item\":\"https:\/\/staging.forenteforlag.no\/dreyers\/butikk\/\"},{\"@type\":\"ListItem\",\"position\":3,\"name\":\"V\u00e5kne kvinner\"}]},{\"@type\":\"WebSite\",\"@id\":\"https:\/\/staging.forenteforlag.no\/dreyers\/#website\",\"url\":\"https:\/\/staging.forenteforlag.no\/dreyers\/\",\"name\":\"Dreyers Forlag\",\"description\":\"\",\"potentialAction\":[{\"@type\":\"SearchAction\",\"target\":{\"@type\":\"EntryPoint\",\"urlTemplate\":\"https:\/\/staging.forenteforlag.no\/dreyers\/?s={search_term_string}\"},\"query-input\":{\"@type\":\"PropertyValueSpecification\",\"valueRequired\":true,\"valueName\":\"search_term_string\"}}],\"inLanguage\":\"nb-NO\"}]}<\/script>\n<!-- \/ Yoast SEO plugin. -->","yoast_head_json":{"title":"V\u00e5kne kvinner - Dreyers Forlag","robots":{"index":"noindex","follow":"follow","max-snippet":"max-snippet:-1","max-image-preview":"max-image-preview:large","max-video-preview":"max-video-preview:-1"},"og_locale":"nb_NO","og_type":"article","og_title":"V\u00e5kne kvinner - Dreyers Forlag","og_description":"Kirsten Hansteen (1903\u20131974)\u00a0var feminist, kommunist, antifascist, fredsforkjemper \u2013 og Norges f\u00f8rste kvinnelige statsr\u00e5d. I 1945 ble hun statsr\u00e5d i samlingsregjeringen. Etter valget samme h\u00f8st takket hun nei til fornyet tillit fra Einar Gerhardsen. I stedet ble hun en markant opposisjonspolitiker p\u00e5 Stortinget, og etablerte et selvsikkert feministisk milj\u00f8 i tidsskriftet Kvinnen og tiden \u2013 v\u00e5kne [&hellip;]","og_url":"https:\/\/staging.forenteforlag.no\/dreyers\/produkt\/vakne-kvinner\/","og_site_name":"Dreyers Forlag","article_modified_time":"2026-02-25T08:37:04+00:00","og_image":[{"width":1394,"height":1920,"url":"https:\/\/staging.forenteforlag.no\/dreyers\/wp-content\/uploads\/sites\/2\/2026\/02\/jpg-55-scaled-1-scaled.jpg","type":"image\/jpeg"}],"twitter_card":"summary_large_image","twitter_misc":{"Ansl. lesetid":"1 minutt"},"schema":{"@context":"https:\/\/schema.org","@graph":[{"@type":"WebPage","@id":"https:\/\/staging.forenteforlag.no\/dreyers\/produkt\/vakne-kvinner\/","url":"https:\/\/staging.forenteforlag.no\/dreyers\/produkt\/vakne-kvinner\/","name":"V\u00e5kne kvinner - Dreyers Forlag","isPartOf":{"@id":"https:\/\/staging.forenteforlag.no\/dreyers\/#website"},"primaryImageOfPage":{"@id":"https:\/\/staging.forenteforlag.no\/dreyers\/produkt\/vakne-kvinner\/#primaryimage"},"image":{"@id":"https:\/\/staging.forenteforlag.no\/dreyers\/produkt\/vakne-kvinner\/#primaryimage"},"thumbnailUrl":"https:\/\/staging.forenteforlag.no\/dreyers\/wp-content\/uploads\/sites\/2\/2026\/02\/jpg-55-scaled-1-scaled.jpg","datePublished":"2026-01-05T04:10:20+00:00","dateModified":"2026-02-25T08:37:04+00:00","breadcrumb":{"@id":"https:\/\/staging.forenteforlag.no\/dreyers\/produkt\/vakne-kvinner\/#breadcrumb"},"inLanguage":"nb-NO","potentialAction":[{"@type":"ReadAction","target":["https:\/\/staging.forenteforlag.no\/dreyers\/produkt\/vakne-kvinner\/"]}]},{"@type":"ImageObject","inLanguage":"nb-NO","@id":"https:\/\/staging.forenteforlag.no\/dreyers\/produkt\/vakne-kvinner\/#primaryimage","url":"https:\/\/staging.forenteforlag.no\/dreyers\/wp-content\/uploads\/sites\/2\/2026\/02\/jpg-55-scaled-1-scaled.jpg","contentUrl":"https:\/\/staging.forenteforlag.no\/dreyers\/wp-content\/uploads\/sites\/2\/2026\/02\/jpg-55-scaled-1-scaled.jpg","width":1394,"height":1920},{"@type":"BreadcrumbList","@id":"https:\/\/staging.forenteforlag.no\/dreyers\/produkt\/vakne-kvinner\/#breadcrumb","itemListElement":[{"@type":"ListItem","position":1,"name":"Hjem","item":"https:\/\/staging.forenteforlag.no\/dreyers\/"},{"@type":"ListItem","position":2,"name":"Alle b\u00f8ker","item":"https:\/\/staging.forenteforlag.no\/dreyers\/butikk\/"},{"@type":"ListItem","position":3,"name":"V\u00e5kne kvinner"}]},{"@type":"WebSite","@id":"https:\/\/staging.forenteforlag.no\/dreyers\/#website","url":"https:\/\/staging.forenteforlag.no\/dreyers\/","name":"Dreyers Forlag","description":"","potentialAction":[{"@type":"SearchAction","target":{"@type":"EntryPoint","urlTemplate":"https:\/\/staging.forenteforlag.no\/dreyers\/?s={search_term_string}"},"query-input":{"@type":"PropertyValueSpecification","valueRequired":true,"valueName":"search_term_string"}}],"inLanguage":"nb-NO"}]}},"_links":{"self":[{"href":"https:\/\/staging.forenteforlag.no\/dreyers\/wp-json\/wp\/v2\/product\/24988","targetHints":{"allow":["GET"]}}],"collection":[{"href":"https:\/\/staging.forenteforlag.no\/dreyers\/wp-json\/wp\/v2\/product"}],"about":[{"href":"https:\/\/staging.forenteforlag.no\/dreyers\/wp-json\/wp\/v2\/types\/product"}],"wp:featuredmedia":[{"embeddable":true,"href":"https:\/\/staging.forenteforlag.no\/dreyers\/wp-json\/wp\/v2\/media\/25089"}],"wp:attachment":[{"href":"https:\/\/staging.forenteforlag.no\/dreyers\/wp-json\/wp\/v2\/media?parent=24988"}],"wp:term":[{"taxonomy":"product_brand","embeddable":true,"href":"https:\/\/staging.forenteforlag.no\/dreyers\/wp-json\/wp\/v2\/product_brand?post=24988"},{"taxonomy":"product_cat","embeddable":true,"href":"https:\/\/staging.forenteforlag.no\/dreyers\/wp-json\/wp\/v2\/product_cat?post=24988"},{"taxonomy":"product_tag","embeddable":true,"href":"https:\/\/staging.forenteforlag.no\/dreyers\/wp-json\/wp\/v2\/product_tag?post=24988"}],"curies":[{"name":"wp","href":"https:\/\/api.w.org\/{rel}","templated":true}]}}

Våkne kvinner

<p><strong>Kirsten Hansteen (1903–1974) </strong>var feminist, kommunist, antifascist, fredsforkjemper – og Norges første kvinnelige statsråd. I 1945 ble hun statsråd i samlingsregjeringen. Etter valget samme høst takket hun nei til fornyet tillit fra Einar Gerhardsen. I stedet ble hun en markant opposisjonspolitiker på Stortinget, og etablerte et selvsikkert feministisk miljø i tidsskriftet <em>Kvinnen og tiden – våkne kvinners blad. </em>Hun representerte Norge på den første antifascistiske kvinnekongressen i Paris i 1945, og kjempet for et demokrati der kvinner kunne oppnå reell frigjøring. For Hansteen og den radikale kvinnebevegelsen var fredssaken den viktigste forutsetningen for likestilling. Det var ikke en enkel posisjon å stå i da den kalde krigen kom til Norge.</p>
<p>Biografien om Kirsten Hansteen fyller et viktig tomrom i norsk politisk historie. Den tar leseren med fra de kulturradikale miljøene i mellomkrigstiden, gjennom motstandsarbeidet under andre verdenskrig, gjenoppbyggingen etter 1945, kampen for avkolonisering, arbeidskonflikter og etableringen av NATO – og videre inn i hennes nære relasjoner, vennskap og kjærlighetsliv. Alt fortalt med utgangspunkt i Hansteens tydelige kommunistiske og feministiske ståsted.</p>

<p>Kirsten Hansteen (1903–1974) var feminist, kommunist, antifascist, fredsforkjemper – og Norges første kvinnelige statsråd. I 1945 ble hun statsråd i samlingsregjeringen. Etter valget samme høst takket hun nei til fornyet tillit fra Einar Gerhardsen. I stedet ble hun en markant opposisjonspolitiker på Stortinget, og etablerte et selvsikkert feministisk miljø i tidsskriftet Kvinnen og tiden – våkne [&hellip;]</p>

<!-- This site is optimized with the Yoast SEO plugin v26.6 - https://yoast.com/wordpress/plugins/seo/ -->
<title>Våkne kvinner - Dreyers Forlag</title>
<meta name="robots" content="noindex, follow, max-snippet:-1, max-image-preview:large, max-video-preview:-1" />
<meta property="og:locale" content="nb_NO" />
<meta property="og:type" content="article" />
<meta property="og:title" content="Våkne kvinner - Dreyers Forlag" />
<meta property="og:description" content="Kirsten Hansteen (1903–1974) var feminist, kommunist, antifascist, fredsforkjemper – og Norges første kvinnelige statsråd. I 1945 ble hun statsråd i samlingsregjeringen. Etter valget samme høst takket hun nei til fornyet tillit fra Einar Gerhardsen. I stedet ble hun en markant opposisjonspolitiker på Stortinget, og etablerte et selvsikkert feministisk miljø i tidsskriftet Kvinnen og tiden – våkne [&hellip;]" />
<meta property="og:url" content="https://staging.forenteforlag.no/dreyers/produkt/vakne-kvinner/" />
<meta property="og:site_name" content="Dreyers Forlag" />
<meta property="article:modified_time" content="2026-02-25T08:37:04+00:00" />
<meta property="og:image" content="https://staging.forenteforlag.no/dreyers/wp-content/uploads/sites/2/2026/02/jpg-55-scaled-1-scaled.jpg" />
	<meta property="og:image:width" content="1394" />
	<meta property="og:image:height" content="1920" />
	<meta property="og:image:type" content="image/jpeg" />
<meta name="twitter:card" content="summary_large_image" />
<meta name="twitter:label1" content="Ansl. lesetid" />
	<meta name="twitter:data1" content="1 minutt" />
<script type="application/ld+json" class="yoast-schema-graph">{"@context":"https://schema.org","@graph":[{"@type":"WebPage","@id":"https://staging.forenteforlag.no/dreyers/produkt/vakne-kvinner/","url":"https://staging.forenteforlag.no/dreyers/produkt/vakne-kvinner/","name":"Våkne kvinner - Dreyers Forlag","isPartOf":{"@id":"https://staging.forenteforlag.no/dreyers/#website"},"primaryImageOfPage":{"@id":"https://staging.forenteforlag.no/dreyers/produkt/vakne-kvinner/#primaryimage"},"image":{"@id":"https://staging.forenteforlag.no/dreyers/produkt/vakne-kvinner/#primaryimage"},"thumbnailUrl":"https://staging.forenteforlag.no/dreyers/wp-content/uploads/sites/2/2026/02/jpg-55-scaled-1-scaled.jpg","datePublished":"2026-01-05T04:10:20+00:00","dateModified":"2026-02-25T08:37:04+00:00","breadcrumb":{"@id":"https://staging.forenteforlag.no/dreyers/produkt/vakne-kvinner/#breadcrumb"},"inLanguage":"nb-NO","potentialAction":[{"@type":"ReadAction","target":["https://staging.forenteforlag.no/dreyers/produkt/vakne-kvinner/"]}]},{"@type":"ImageObject","inLanguage":"nb-NO","@id":"https://staging.forenteforlag.no/dreyers/produkt/vakne-kvinner/#primaryimage","url":"https://staging.forenteforlag.no/dreyers/wp-content/uploads/sites/2/2026/02/jpg-55-scaled-1-scaled.jpg","contentUrl":"https://staging.forenteforlag.no/dreyers/wp-content/uploads/sites/2/2026/02/jpg-55-scaled-1-scaled.jpg","width":1394,"height":1920},{"@type":"BreadcrumbList","@id":"https://staging.forenteforlag.no/dreyers/produkt/vakne-kvinner/#breadcrumb","itemListElement":[{"@type":"ListItem","position":1,"name":"Hjem","item":"https://staging.forenteforlag.no/dreyers/"},{"@type":"ListItem","position":2,"name":"Alle bøker","item":"https://staging.forenteforlag.no/dreyers/butikk/"},{"@type":"ListItem","position":3,"name":"Våkne kvinner"}]},{"@type":"WebSite","@id":"https://staging.forenteforlag.no/dreyers/#website","url":"https://staging.forenteforlag.no/dreyers/","name":"Dreyers Forlag","description":"","potentialAction":[{"@type":"SearchAction","target":{"@type":"EntryPoint","urlTemplate":"https://staging.forenteforlag.no/dreyers/?s={search_term_string}"},"query-input":{"@type":"PropertyValueSpecification","valueRequired":true,"valueName":"search_term_string"}}],"inLanguage":"nb-NO"}]}</script>
<!-- / Yoast SEO plugin. -->

Våkne kvinner - Dreyers Forlag

Kirsten Hansteen (1903–1974) var feminist, kommunist, antifascist, fredsforkjemper – og Norges første kvinnelige statsråd. I 1945 ble hun statsråd i samlingsregjeringen. Etter valget samme høst takket hun nei til fornyet tillit fra Einar Gerhardsen. I stedet ble hun en markant opposisjonspolitiker på Stortinget, og etablerte et selvsikkert feministisk miljø i tidsskriftet Kvinnen og tiden – våkne [&hellip;]

Alle bøker
