{"id":24983,"date":"2026-01-05T05:07:12","date_gmt":"2026-01-05T04:07:12","guid":{"rendered":"https:\/\/dreyersforlag.no\/produkt\/grasboka\/"},"modified":"2026-02-24T06:21:10","modified_gmt":"2026-02-24T05:21:10","slug":"grasboka","status":"publish","type":"product","link":"https:\/\/staging.forenteforlag.no\/dreyers\/produkt\/grasboka\/","title":{"rendered":"Grasboka"},"content":{"rendered":"<p>Kor mykje gras finst det eigentleg i verda? Svaret er: utruleg mykje. Ville grasmarker dekker ein tredel av jordas landoverflate, og dei tamde grasartane gjev oss nesten halvparten av maten vi et \u2013 fr\u00e5 kveite, havre og ris til mais, sukker og \u00f8l. Gras gjev oss mj\u00f8lk, kj\u00f8t, skinn og torvtak, det held oss mette, varme og t\u00f8rre, bind karbon, bygger biologisk mangfald og limer saman dei komplekse \u00f8kosystema vi lever i.<\/p>\n<p>Men graset er under press. Klimaendringar, jordbruk og folketalsvekst trugar dei ville grasslettene, som berre finst att i ein femdel av sitt tidlegare omfang. \u00c5 ta vare p\u00e5 graset er \u00e5 ta vare p\u00e5 livsgrunnlaget v\u00e5rt. Gras er \u00f2g ein del av forteljinga om oss sj\u00f8lve. Alle ber vi p\u00e5 lukter, lyder og kjensler som vekkjer minnet om gras, fr\u00e5 gr\u00f8nske p\u00e5 kneet til lukta av t\u00f8rrh\u00f8y, fotballbaner eller endelause grassletter. Utan gras, ingen menneske.<\/p>\n<p>Grasboka er ei reise inn i denne stille, men livsviktige historia: om korleis graset formar planeten v\u00e5r, korleis menneske lever med det og kvifor vi aldri kan klare oss utan kvarandre. \u00c5 lytte til graset kan vere vegen vidare for samspelet mellom menneska og naturen.<\/p>\n","protected":false},"excerpt":{"rendered":"<p>Kor mykje gras finst det eigentleg i verda? Svaret er: utruleg mykje. Ville grasmarker dekker ein tredel av jordas landoverflate, og dei tamde grasartane gjev oss nesten halvparten av maten vi et \u2013 fr\u00e5 kveite, havre og ris til mais, sukker og \u00f8l. Gras gjev oss mj\u00f8lk, kj\u00f8t, skinn og torvtak, det held oss mette, [&hellip;]<\/p>\n","protected":false},"featured_media":25087,"template":"","meta":{"_acf_changed":false,"inline_featured_image":false},"product_brand":[],"product_cat":[353,16],"product_tag":[362],"class_list":{"0":"post-24983","1":"product","2":"type-product","3":"status-publish","4":"has-post-thumbnail","6":"product_cat-kommende-boker","7":"product_cat-ukategorisert","8":"product_tag-faglitteratur","9":"pa_format-innbundet","11":"first","12":"kommer","13":"purchasable","14":"product-type-simple"},"acf":{"anmeldelse":null},"yoast_head":"<!-- This site is optimized with the Yoast SEO plugin v26.6 - https:\/\/yoast.com\/wordpress\/plugins\/seo\/ -->\n<title>Grasboka - Dreyers Forlag<\/title>\n<meta name=\"robots\" content=\"noindex, follow, max-snippet:-1, max-image-preview:large, max-video-preview:-1\" \/>\n<meta property=\"og:locale\" content=\"nb_NO\" \/>\n<meta property=\"og:type\" content=\"article\" \/>\n<meta property=\"og:title\" content=\"Grasboka - Dreyers Forlag\" \/>\n<meta property=\"og:description\" content=\"Kor mykje gras finst det eigentleg i verda? Svaret er: utruleg mykje. Ville grasmarker dekker ein tredel av jordas landoverflate, og dei tamde grasartane gjev oss nesten halvparten av maten vi et \u2013 fr\u00e5 kveite, havre og ris til mais, sukker og \u00f8l. Gras gjev oss mj\u00f8lk, kj\u00f8t, skinn og torvtak, det held oss mette, [&hellip;]\" \/>\n<meta property=\"og:url\" content=\"https:\/\/staging.forenteforlag.no\/dreyers\/produkt\/grasboka\/\" \/>\n<meta property=\"og:site_name\" content=\"Dreyers Forlag\" \/>\n<meta property=\"article:modified_time\" content=\"2026-02-24T05:21:10+00:00\" \/>\n<meta property=\"og:image\" content=\"https:\/\/staging.forenteforlag.no\/dreyers\/wp-content\/uploads\/sites\/2\/2026\/02\/jpg-54-scaled-1-scaled.jpg\" \/>\n\t<meta property=\"og:image:width\" content=\"1351\" \/>\n\t<meta property=\"og:image:height\" content=\"1920\" \/>\n\t<meta property=\"og:image:type\" content=\"image\/jpeg\" \/>\n<meta name=\"twitter:card\" content=\"summary_large_image\" \/>\n<meta name=\"twitter:label1\" content=\"Ansl. lesetid\" \/>\n\t<meta name=\"twitter:data1\" content=\"1 minutt\" \/>\n<script type=\"application\/ld+json\" class=\"yoast-schema-graph\">{\"@context\":\"https:\/\/schema.org\",\"@graph\":[{\"@type\":\"WebPage\",\"@id\":\"https:\/\/staging.forenteforlag.no\/dreyers\/produkt\/grasboka\/\",\"url\":\"https:\/\/staging.forenteforlag.no\/dreyers\/produkt\/grasboka\/\",\"name\":\"Grasboka - Dreyers Forlag\",\"isPartOf\":{\"@id\":\"https:\/\/staging.forenteforlag.no\/dreyers\/#website\"},\"primaryImageOfPage\":{\"@id\":\"https:\/\/staging.forenteforlag.no\/dreyers\/produkt\/grasboka\/#primaryimage\"},\"image\":{\"@id\":\"https:\/\/staging.forenteforlag.no\/dreyers\/produkt\/grasboka\/#primaryimage\"},\"thumbnailUrl\":\"https:\/\/staging.forenteforlag.no\/dreyers\/wp-content\/uploads\/sites\/2\/2026\/02\/jpg-54-scaled-1-scaled.jpg\",\"datePublished\":\"2026-01-05T04:07:12+00:00\",\"dateModified\":\"2026-02-24T05:21:10+00:00\",\"breadcrumb\":{\"@id\":\"https:\/\/staging.forenteforlag.no\/dreyers\/produkt\/grasboka\/#breadcrumb\"},\"inLanguage\":\"nb-NO\",\"potentialAction\":[{\"@type\":\"ReadAction\",\"target\":[\"https:\/\/staging.forenteforlag.no\/dreyers\/produkt\/grasboka\/\"]}]},{\"@type\":\"ImageObject\",\"inLanguage\":\"nb-NO\",\"@id\":\"https:\/\/staging.forenteforlag.no\/dreyers\/produkt\/grasboka\/#primaryimage\",\"url\":\"https:\/\/staging.forenteforlag.no\/dreyers\/wp-content\/uploads\/sites\/2\/2026\/02\/jpg-54-scaled-1-scaled.jpg\",\"contentUrl\":\"https:\/\/staging.forenteforlag.no\/dreyers\/wp-content\/uploads\/sites\/2\/2026\/02\/jpg-54-scaled-1-scaled.jpg\",\"width\":1351,\"height\":1920},{\"@type\":\"BreadcrumbList\",\"@id\":\"https:\/\/staging.forenteforlag.no\/dreyers\/produkt\/grasboka\/#breadcrumb\",\"itemListElement\":[{\"@type\":\"ListItem\",\"position\":1,\"name\":\"Hjem\",\"item\":\"https:\/\/staging.forenteforlag.no\/dreyers\/\"},{\"@type\":\"ListItem\",\"position\":2,\"name\":\"Alle b\u00f8ker\",\"item\":\"https:\/\/staging.forenteforlag.no\/dreyers\/butikk\/\"},{\"@type\":\"ListItem\",\"position\":3,\"name\":\"Grasboka\"}]},{\"@type\":\"WebSite\",\"@id\":\"https:\/\/staging.forenteforlag.no\/dreyers\/#website\",\"url\":\"https:\/\/staging.forenteforlag.no\/dreyers\/\",\"name\":\"Dreyers Forlag\",\"description\":\"\",\"potentialAction\":[{\"@type\":\"SearchAction\",\"target\":{\"@type\":\"EntryPoint\",\"urlTemplate\":\"https:\/\/staging.forenteforlag.no\/dreyers\/?s={search_term_string}\"},\"query-input\":{\"@type\":\"PropertyValueSpecification\",\"valueRequired\":true,\"valueName\":\"search_term_string\"}}],\"inLanguage\":\"nb-NO\"}]}<\/script>\n<!-- \/ Yoast SEO plugin. -->","yoast_head_json":{"title":"Grasboka - Dreyers Forlag","robots":{"index":"noindex","follow":"follow","max-snippet":"max-snippet:-1","max-image-preview":"max-image-preview:large","max-video-preview":"max-video-preview:-1"},"og_locale":"nb_NO","og_type":"article","og_title":"Grasboka - Dreyers Forlag","og_description":"Kor mykje gras finst det eigentleg i verda? Svaret er: utruleg mykje. Ville grasmarker dekker ein tredel av jordas landoverflate, og dei tamde grasartane gjev oss nesten halvparten av maten vi et \u2013 fr\u00e5 kveite, havre og ris til mais, sukker og \u00f8l. Gras gjev oss mj\u00f8lk, kj\u00f8t, skinn og torvtak, det held oss mette, [&hellip;]","og_url":"https:\/\/staging.forenteforlag.no\/dreyers\/produkt\/grasboka\/","og_site_name":"Dreyers Forlag","article_modified_time":"2026-02-24T05:21:10+00:00","og_image":[{"width":1351,"height":1920,"url":"https:\/\/staging.forenteforlag.no\/dreyers\/wp-content\/uploads\/sites\/2\/2026\/02\/jpg-54-scaled-1-scaled.jpg","type":"image\/jpeg"}],"twitter_card":"summary_large_image","twitter_misc":{"Ansl. lesetid":"1 minutt"},"schema":{"@context":"https:\/\/schema.org","@graph":[{"@type":"WebPage","@id":"https:\/\/staging.forenteforlag.no\/dreyers\/produkt\/grasboka\/","url":"https:\/\/staging.forenteforlag.no\/dreyers\/produkt\/grasboka\/","name":"Grasboka - Dreyers Forlag","isPartOf":{"@id":"https:\/\/staging.forenteforlag.no\/dreyers\/#website"},"primaryImageOfPage":{"@id":"https:\/\/staging.forenteforlag.no\/dreyers\/produkt\/grasboka\/#primaryimage"},"image":{"@id":"https:\/\/staging.forenteforlag.no\/dreyers\/produkt\/grasboka\/#primaryimage"},"thumbnailUrl":"https:\/\/staging.forenteforlag.no\/dreyers\/wp-content\/uploads\/sites\/2\/2026\/02\/jpg-54-scaled-1-scaled.jpg","datePublished":"2026-01-05T04:07:12+00:00","dateModified":"2026-02-24T05:21:10+00:00","breadcrumb":{"@id":"https:\/\/staging.forenteforlag.no\/dreyers\/produkt\/grasboka\/#breadcrumb"},"inLanguage":"nb-NO","potentialAction":[{"@type":"ReadAction","target":["https:\/\/staging.forenteforlag.no\/dreyers\/produkt\/grasboka\/"]}]},{"@type":"ImageObject","inLanguage":"nb-NO","@id":"https:\/\/staging.forenteforlag.no\/dreyers\/produkt\/grasboka\/#primaryimage","url":"https:\/\/staging.forenteforlag.no\/dreyers\/wp-content\/uploads\/sites\/2\/2026\/02\/jpg-54-scaled-1-scaled.jpg","contentUrl":"https:\/\/staging.forenteforlag.no\/dreyers\/wp-content\/uploads\/sites\/2\/2026\/02\/jpg-54-scaled-1-scaled.jpg","width":1351,"height":1920},{"@type":"BreadcrumbList","@id":"https:\/\/staging.forenteforlag.no\/dreyers\/produkt\/grasboka\/#breadcrumb","itemListElement":[{"@type":"ListItem","position":1,"name":"Hjem","item":"https:\/\/staging.forenteforlag.no\/dreyers\/"},{"@type":"ListItem","position":2,"name":"Alle b\u00f8ker","item":"https:\/\/staging.forenteforlag.no\/dreyers\/butikk\/"},{"@type":"ListItem","position":3,"name":"Grasboka"}]},{"@type":"WebSite","@id":"https:\/\/staging.forenteforlag.no\/dreyers\/#website","url":"https:\/\/staging.forenteforlag.no\/dreyers\/","name":"Dreyers Forlag","description":"","potentialAction":[{"@type":"SearchAction","target":{"@type":"EntryPoint","urlTemplate":"https:\/\/staging.forenteforlag.no\/dreyers\/?s={search_term_string}"},"query-input":{"@type":"PropertyValueSpecification","valueRequired":true,"valueName":"search_term_string"}}],"inLanguage":"nb-NO"}]}},"_links":{"self":[{"href":"https:\/\/staging.forenteforlag.no\/dreyers\/wp-json\/wp\/v2\/product\/24983","targetHints":{"allow":["GET"]}}],"collection":[{"href":"https:\/\/staging.forenteforlag.no\/dreyers\/wp-json\/wp\/v2\/product"}],"about":[{"href":"https:\/\/staging.forenteforlag.no\/dreyers\/wp-json\/wp\/v2\/types\/product"}],"wp:featuredmedia":[{"embeddable":true,"href":"https:\/\/staging.forenteforlag.no\/dreyers\/wp-json\/wp\/v2\/media\/25087"}],"wp:attachment":[{"href":"https:\/\/staging.forenteforlag.no\/dreyers\/wp-json\/wp\/v2\/media?parent=24983"}],"wp:term":[{"taxonomy":"product_brand","embeddable":true,"href":"https:\/\/staging.forenteforlag.no\/dreyers\/wp-json\/wp\/v2\/product_brand?post=24983"},{"taxonomy":"product_cat","embeddable":true,"href":"https:\/\/staging.forenteforlag.no\/dreyers\/wp-json\/wp\/v2\/product_cat?post=24983"},{"taxonomy":"product_tag","embeddable":true,"href":"https:\/\/staging.forenteforlag.no\/dreyers\/wp-json\/wp\/v2\/product_tag?post=24983"}],"curies":[{"name":"wp","href":"https:\/\/api.w.org\/{rel}","templated":true}]}}