{"id":24982,"date":"2026-01-05T05:07:14","date_gmt":"2026-01-05T04:07:14","guid":{"rendered":"https:\/\/dreyersforlag.no\/produkt\/om-demokratiets-vesen-og-verdi\/"},"modified":"2026-02-09T06:03:47","modified_gmt":"2026-02-09T05:03:47","slug":"om-demokratiets-vesen-og-verdi","status":"publish","type":"product","link":"https:\/\/staging.forenteforlag.no\/dreyers\/produkt\/om-demokratiets-vesen-og-verdi\/","title":{"rendered":"Om demokratiets vesen og verdi"},"content":{"rendered":"<p>Hvordan forsvare demokratiet i krisetider? Dette sp\u00f8rsmalet var patrengende i mellomkrigstiden, i m\u00f8te med fascismen, nazismen og kommunismen. For mange er det et sp\u00f8rsmal som ogsa melder seg i vare dager. Hans Kelsens (1881\u20131973) svar var at det gjaldt a tenke n\u00f8ye om- kring demokratiets grunnprinsipper. Man ma forsta hvordan demokratiet fungerer og hvorfor det er et gode \u2013 man ma forsta dets vesen og verdi.<br \/>Kelsen var en av 1900-tallets fremste demokratitenkere. Han arbeidet som professor i rettsvitenskap og ble en verdensber\u00f8mt rettsfilosof. Etter f\u00f8rste verdenskrig var han med pa a utarbeide \u00d8sterrikes grunnlov, og han feires fortsatt som en av den \u00f8sterrikske republikkens sentrale arkitekter. I mellomkrigstiden markerte han seg som en kraftfull demokratiforsvarer, i opposisjon til juristen Carl Schmitt og andre reaksjon\u00e6re stemmer. Kelsen var av j\u00f8disk avstamming og fikk selv erfare nazistenes antisemittisme. I 1933 flyktet han hals over hode fra Tyskland, og endte senere opp i USA.<br \/>I denne boken utgis Kelsens n\u00f8kkeltekst <em>Om demokratiets vesen og verdi<\/em>. I internasjonal demokratiteori regnes denne som en moderne klassiker. I tillegg inneholder boken fire av Kelsens \u00f8vrige tekster om demokratiet fra mellomkrigstiden. I bokens introduksjon argumenterer rettshistorikeren Marius M. Kj\u00f8lstad for at tekstene har stor aktualitet i dag, dels i kraft av sitt innhold, dels som historiske vitnesbyrd.<\/p>\n","protected":false},"excerpt":{"rendered":"<p>Hvordan forsvare demokratiet i krisetider? Dette sp\u00f8rsmalet var patrengende i mellomkrigstiden, i m\u00f8te med fascismen, nazismen og kommunismen. For mange er det et sp\u00f8rsmal som ogsa melder seg i vare dager. Hans Kelsens (1881\u20131973) svar var at det gjaldt a tenke n\u00f8ye om- kring demokratiets grunnprinsipper. Man ma forsta hvordan demokratiet fungerer og hvorfor det [&hellip;]<\/p>\n","protected":false},"featured_media":25026,"template":"","meta":{"_acf_changed":false,"inline_featured_image":false},"product_brand":[],"product_cat":[352,21,18,32,16],"product_tag":[362],"class_list":{"0":"post-24982","1":"product","2":"type-product","3":"status-publish","4":"has-post-thumbnail","6":"product_cat-arets-boker","7":"product_cat-filosofi","8":"product_cat-sakprosa","9":"product_cat-samfunn-og-politikk","10":"product_cat-ukategorisert","11":"product_tag-faglitteratur","12":"pa_format-innbundet","14":"first","15":"instock","16":"purchasable","17":"product-type-simple"},"acf":{"anmeldelse":null},"yoast_head":"<!-- This site is optimized with the Yoast SEO plugin v26.6 - https:\/\/yoast.com\/wordpress\/plugins\/seo\/ -->\n<title>Om demokratiets vesen og verdi - Dreyers Forlag<\/title>\n<meta name=\"robots\" content=\"noindex, follow, max-snippet:-1, max-image-preview:large, max-video-preview:-1\" \/>\n<meta property=\"og:locale\" content=\"nb_NO\" \/>\n<meta property=\"og:type\" content=\"article\" \/>\n<meta property=\"og:title\" content=\"Om demokratiets vesen og verdi - Dreyers Forlag\" \/>\n<meta property=\"og:description\" content=\"Hvordan forsvare demokratiet i krisetider? Dette sp\u00f8rsmalet var patrengende i mellomkrigstiden, i m\u00f8te med fascismen, nazismen og kommunismen. For mange er det et sp\u00f8rsmal som ogsa melder seg i vare dager. Hans Kelsens (1881\u20131973) svar var at det gjaldt a tenke n\u00f8ye om- kring demokratiets grunnprinsipper. Man ma forsta hvordan demokratiet fungerer og hvorfor det [&hellip;]\" \/>\n<meta property=\"og:url\" content=\"https:\/\/staging.forenteforlag.no\/dreyers\/produkt\/om-demokratiets-vesen-og-verdi\/\" \/>\n<meta property=\"og:site_name\" content=\"Dreyers Forlag\" \/>\n<meta property=\"article:modified_time\" content=\"2026-02-09T05:03:47+00:00\" \/>\n<meta property=\"og:image\" content=\"https:\/\/staging.forenteforlag.no\/dreyers\/wp-content\/uploads\/sites\/2\/2026\/01\/9788282658317-scaled-1-scaled.jpeg\" \/>\n\t<meta property=\"og:image:width\" content=\"1351\" \/>\n\t<meta property=\"og:image:height\" content=\"1920\" \/>\n\t<meta property=\"og:image:type\" content=\"image\/jpeg\" \/>\n<meta name=\"twitter:card\" content=\"summary_large_image\" \/>\n<meta name=\"twitter:label1\" content=\"Ansl. lesetid\" \/>\n\t<meta name=\"twitter:data1\" content=\"1 minutt\" \/>\n<script type=\"application\/ld+json\" class=\"yoast-schema-graph\">{\"@context\":\"https:\/\/schema.org\",\"@graph\":[{\"@type\":\"WebPage\",\"@id\":\"https:\/\/staging.forenteforlag.no\/dreyers\/produkt\/om-demokratiets-vesen-og-verdi\/\",\"url\":\"https:\/\/staging.forenteforlag.no\/dreyers\/produkt\/om-demokratiets-vesen-og-verdi\/\",\"name\":\"Om demokratiets vesen og verdi - Dreyers Forlag\",\"isPartOf\":{\"@id\":\"https:\/\/staging.forenteforlag.no\/dreyers\/#website\"},\"primaryImageOfPage\":{\"@id\":\"https:\/\/staging.forenteforlag.no\/dreyers\/produkt\/om-demokratiets-vesen-og-verdi\/#primaryimage\"},\"image\":{\"@id\":\"https:\/\/staging.forenteforlag.no\/dreyers\/produkt\/om-demokratiets-vesen-og-verdi\/#primaryimage\"},\"thumbnailUrl\":\"https:\/\/staging.forenteforlag.no\/dreyers\/wp-content\/uploads\/sites\/2\/2026\/01\/9788282658317-scaled-1-scaled.jpeg\",\"datePublished\":\"2026-01-05T04:07:14+00:00\",\"dateModified\":\"2026-02-09T05:03:47+00:00\",\"breadcrumb\":{\"@id\":\"https:\/\/staging.forenteforlag.no\/dreyers\/produkt\/om-demokratiets-vesen-og-verdi\/#breadcrumb\"},\"inLanguage\":\"nb-NO\",\"potentialAction\":[{\"@type\":\"ReadAction\",\"target\":[\"https:\/\/staging.forenteforlag.no\/dreyers\/produkt\/om-demokratiets-vesen-og-verdi\/\"]}]},{\"@type\":\"ImageObject\",\"inLanguage\":\"nb-NO\",\"@id\":\"https:\/\/staging.forenteforlag.no\/dreyers\/produkt\/om-demokratiets-vesen-og-verdi\/#primaryimage\",\"url\":\"https:\/\/staging.forenteforlag.no\/dreyers\/wp-content\/uploads\/sites\/2\/2026\/01\/9788282658317-scaled-1-scaled.jpeg\",\"contentUrl\":\"https:\/\/staging.forenteforlag.no\/dreyers\/wp-content\/uploads\/sites\/2\/2026\/01\/9788282658317-scaled-1-scaled.jpeg\",\"width\":1351,\"height\":1920},{\"@type\":\"BreadcrumbList\",\"@id\":\"https:\/\/staging.forenteforlag.no\/dreyers\/produkt\/om-demokratiets-vesen-og-verdi\/#breadcrumb\",\"itemListElement\":[{\"@type\":\"ListItem\",\"position\":1,\"name\":\"Hjem\",\"item\":\"https:\/\/staging.forenteforlag.no\/dreyers\/\"},{\"@type\":\"ListItem\",\"position\":2,\"name\":\"Alle b\u00f8ker\",\"item\":\"https:\/\/staging.forenteforlag.no\/dreyers\/butikk\/\"},{\"@type\":\"ListItem\",\"position\":3,\"name\":\"Om demokratiets vesen og verdi\"}]},{\"@type\":\"WebSite\",\"@id\":\"https:\/\/staging.forenteforlag.no\/dreyers\/#website\",\"url\":\"https:\/\/staging.forenteforlag.no\/dreyers\/\",\"name\":\"Dreyers Forlag\",\"description\":\"\",\"potentialAction\":[{\"@type\":\"SearchAction\",\"target\":{\"@type\":\"EntryPoint\",\"urlTemplate\":\"https:\/\/staging.forenteforlag.no\/dreyers\/?s={search_term_string}\"},\"query-input\":{\"@type\":\"PropertyValueSpecification\",\"valueRequired\":true,\"valueName\":\"search_term_string\"}}],\"inLanguage\":\"nb-NO\"}]}<\/script>\n<!-- \/ Yoast SEO plugin. -->","yoast_head_json":{"title":"Om demokratiets vesen og verdi - Dreyers Forlag","robots":{"index":"noindex","follow":"follow","max-snippet":"max-snippet:-1","max-image-preview":"max-image-preview:large","max-video-preview":"max-video-preview:-1"},"og_locale":"nb_NO","og_type":"article","og_title":"Om demokratiets vesen og verdi - Dreyers Forlag","og_description":"Hvordan forsvare demokratiet i krisetider? Dette sp\u00f8rsmalet var patrengende i mellomkrigstiden, i m\u00f8te med fascismen, nazismen og kommunismen. For mange er det et sp\u00f8rsmal som ogsa melder seg i vare dager. Hans Kelsens (1881\u20131973) svar var at det gjaldt a tenke n\u00f8ye om- kring demokratiets grunnprinsipper. Man ma forsta hvordan demokratiet fungerer og hvorfor det [&hellip;]","og_url":"https:\/\/staging.forenteforlag.no\/dreyers\/produkt\/om-demokratiets-vesen-og-verdi\/","og_site_name":"Dreyers Forlag","article_modified_time":"2026-02-09T05:03:47+00:00","og_image":[{"width":1351,"height":1920,"url":"https:\/\/staging.forenteforlag.no\/dreyers\/wp-content\/uploads\/sites\/2\/2026\/01\/9788282658317-scaled-1-scaled.jpeg","type":"image\/jpeg"}],"twitter_card":"summary_large_image","twitter_misc":{"Ansl. lesetid":"1 minutt"},"schema":{"@context":"https:\/\/schema.org","@graph":[{"@type":"WebPage","@id":"https:\/\/staging.forenteforlag.no\/dreyers\/produkt\/om-demokratiets-vesen-og-verdi\/","url":"https:\/\/staging.forenteforlag.no\/dreyers\/produkt\/om-demokratiets-vesen-og-verdi\/","name":"Om demokratiets vesen og verdi - Dreyers Forlag","isPartOf":{"@id":"https:\/\/staging.forenteforlag.no\/dreyers\/#website"},"primaryImageOfPage":{"@id":"https:\/\/staging.forenteforlag.no\/dreyers\/produkt\/om-demokratiets-vesen-og-verdi\/#primaryimage"},"image":{"@id":"https:\/\/staging.forenteforlag.no\/dreyers\/produkt\/om-demokratiets-vesen-og-verdi\/#primaryimage"},"thumbnailUrl":"https:\/\/staging.forenteforlag.no\/dreyers\/wp-content\/uploads\/sites\/2\/2026\/01\/9788282658317-scaled-1-scaled.jpeg","datePublished":"2026-01-05T04:07:14+00:00","dateModified":"2026-02-09T05:03:47+00:00","breadcrumb":{"@id":"https:\/\/staging.forenteforlag.no\/dreyers\/produkt\/om-demokratiets-vesen-og-verdi\/#breadcrumb"},"inLanguage":"nb-NO","potentialAction":[{"@type":"ReadAction","target":["https:\/\/staging.forenteforlag.no\/dreyers\/produkt\/om-demokratiets-vesen-og-verdi\/"]}]},{"@type":"ImageObject","inLanguage":"nb-NO","@id":"https:\/\/staging.forenteforlag.no\/dreyers\/produkt\/om-demokratiets-vesen-og-verdi\/#primaryimage","url":"https:\/\/staging.forenteforlag.no\/dreyers\/wp-content\/uploads\/sites\/2\/2026\/01\/9788282658317-scaled-1-scaled.jpeg","contentUrl":"https:\/\/staging.forenteforlag.no\/dreyers\/wp-content\/uploads\/sites\/2\/2026\/01\/9788282658317-scaled-1-scaled.jpeg","width":1351,"height":1920},{"@type":"BreadcrumbList","@id":"https:\/\/staging.forenteforlag.no\/dreyers\/produkt\/om-demokratiets-vesen-og-verdi\/#breadcrumb","itemListElement":[{"@type":"ListItem","position":1,"name":"Hjem","item":"https:\/\/staging.forenteforlag.no\/dreyers\/"},{"@type":"ListItem","position":2,"name":"Alle b\u00f8ker","item":"https:\/\/staging.forenteforlag.no\/dreyers\/butikk\/"},{"@type":"ListItem","position":3,"name":"Om demokratiets vesen og verdi"}]},{"@type":"WebSite","@id":"https:\/\/staging.forenteforlag.no\/dreyers\/#website","url":"https:\/\/staging.forenteforlag.no\/dreyers\/","name":"Dreyers Forlag","description":"","potentialAction":[{"@type":"SearchAction","target":{"@type":"EntryPoint","urlTemplate":"https:\/\/staging.forenteforlag.no\/dreyers\/?s={search_term_string}"},"query-input":{"@type":"PropertyValueSpecification","valueRequired":true,"valueName":"search_term_string"}}],"inLanguage":"nb-NO"}]}},"_links":{"self":[{"href":"https:\/\/staging.forenteforlag.no\/dreyers\/wp-json\/wp\/v2\/product\/24982","targetHints":{"allow":["GET"]}}],"collection":[{"href":"https:\/\/staging.forenteforlag.no\/dreyers\/wp-json\/wp\/v2\/product"}],"about":[{"href":"https:\/\/staging.forenteforlag.no\/dreyers\/wp-json\/wp\/v2\/types\/product"}],"wp:featuredmedia":[{"embeddable":true,"href":"https:\/\/staging.forenteforlag.no\/dreyers\/wp-json\/wp\/v2\/media\/25026"}],"wp:attachment":[{"href":"https:\/\/staging.forenteforlag.no\/dreyers\/wp-json\/wp\/v2\/media?parent=24982"}],"wp:term":[{"taxonomy":"product_brand","embeddable":true,"href":"https:\/\/staging.forenteforlag.no\/dreyers\/wp-json\/wp\/v2\/product_brand?post=24982"},{"taxonomy":"product_cat","embeddable":true,"href":"https:\/\/staging.forenteforlag.no\/dreyers\/wp-json\/wp\/v2\/product_cat?post=24982"},{"taxonomy":"product_tag","embeddable":true,"href":"https:\/\/staging.forenteforlag.no\/dreyers\/wp-json\/wp\/v2\/product_tag?post=24982"}],"curies":[{"name":"wp","href":"https:\/\/api.w.org\/{rel}","templated":true}]}}

<p>Hvordan forsvare demokratiet i krisetider? Dette spørsmalet var patrengende i mellomkrigstiden, i møte med fascismen, nazismen og kommunismen. For mange er det et spørsmal som ogsa melder seg i vare dager. Hans Kelsens (1881–1973) svar var at det gjaldt a tenke nøye om- kring demokratiets grunnprinsipper. Man ma forsta hvordan demokratiet fungerer og hvorfor det er et gode – man ma forsta dets vesen og verdi.<br />Kelsen var en av 1900-tallets fremste demokratitenkere. Han arbeidet som professor i rettsvitenskap og ble en verdensberømt rettsfilosof. Etter første verdenskrig var han med pa a utarbeide Østerrikes grunnlov, og han feires fortsatt som en av den østerrikske republikkens sentrale arkitekter. I mellomkrigstiden markerte han seg som en kraftfull demokratiforsvarer, i opposisjon til juristen Carl Schmitt og andre reaksjonære stemmer. Kelsen var av jødisk avstamming og fikk selv erfare nazistenes antisemittisme. I 1933 flyktet han hals over hode fra Tyskland, og endte senere opp i USA.<br />I denne boken utgis Kelsens nøkkeltekst <em>Om demokratiets vesen og verdi</em>. I internasjonal demokratiteori regnes denne som en moderne klassiker. I tillegg inneholder boken fire av Kelsens øvrige tekster om demokratiet fra mellomkrigstiden. I bokens introduksjon argumenterer rettshistorikeren Marius M. Kjølstad for at tekstene har stor aktualitet i dag, dels i kraft av sitt innhold, dels som historiske vitnesbyrd.</p>

<p>Hvordan forsvare demokratiet i krisetider? Dette spørsmalet var patrengende i mellomkrigstiden, i møte med fascismen, nazismen og kommunismen. For mange er det et spørsmal som ogsa melder seg i vare dager. Hans Kelsens (1881–1973) svar var at det gjaldt a tenke nøye om- kring demokratiets grunnprinsipper. Man ma forsta hvordan demokratiet fungerer og hvorfor det [&hellip;]</p>

<!-- This site is optimized with the Yoast SEO plugin v26.6 - https://yoast.com/wordpress/plugins/seo/ -->
<title>Om demokratiets vesen og verdi - Dreyers Forlag</title>
<meta name="robots" content="noindex, follow, max-snippet:-1, max-image-preview:large, max-video-preview:-1" />
<meta property="og:locale" content="nb_NO" />
<meta property="og:type" content="article" />
<meta property="og:title" content="Om demokratiets vesen og verdi - Dreyers Forlag" />
<meta property="og:description" content="Hvordan forsvare demokratiet i krisetider? Dette spørsmalet var patrengende i mellomkrigstiden, i møte med fascismen, nazismen og kommunismen. For mange er det et spørsmal som ogsa melder seg i vare dager. Hans Kelsens (1881–1973) svar var at det gjaldt a tenke nøye om- kring demokratiets grunnprinsipper. Man ma forsta hvordan demokratiet fungerer og hvorfor det [&hellip;]" />
<meta property="og:url" content="https://staging.forenteforlag.no/dreyers/produkt/om-demokratiets-vesen-og-verdi/" />
<meta property="og:site_name" content="Dreyers Forlag" />
<meta property="article:modified_time" content="2026-02-09T05:03:47+00:00" />
<meta property="og:image" content="https://staging.forenteforlag.no/dreyers/wp-content/uploads/sites/2/2026/01/9788282658317-scaled-1-scaled.jpeg" />
	<meta property="og:image:width" content="1351" />
	<meta property="og:image:height" content="1920" />
	<meta property="og:image:type" content="image/jpeg" />
<meta name="twitter:card" content="summary_large_image" />
<meta name="twitter:label1" content="Ansl. lesetid" />
	<meta name="twitter:data1" content="1 minutt" />
<script type="application/ld+json" class="yoast-schema-graph">{"@context":"https://schema.org","@graph":[{"@type":"WebPage","@id":"https://staging.forenteforlag.no/dreyers/produkt/om-demokratiets-vesen-og-verdi/","url":"https://staging.forenteforlag.no/dreyers/produkt/om-demokratiets-vesen-og-verdi/","name":"Om demokratiets vesen og verdi - Dreyers Forlag","isPartOf":{"@id":"https://staging.forenteforlag.no/dreyers/#website"},"primaryImageOfPage":{"@id":"https://staging.forenteforlag.no/dreyers/produkt/om-demokratiets-vesen-og-verdi/#primaryimage"},"image":{"@id":"https://staging.forenteforlag.no/dreyers/produkt/om-demokratiets-vesen-og-verdi/#primaryimage"},"thumbnailUrl":"https://staging.forenteforlag.no/dreyers/wp-content/uploads/sites/2/2026/01/9788282658317-scaled-1-scaled.jpeg","datePublished":"2026-01-05T04:07:14+00:00","dateModified":"2026-02-09T05:03:47+00:00","breadcrumb":{"@id":"https://staging.forenteforlag.no/dreyers/produkt/om-demokratiets-vesen-og-verdi/#breadcrumb"},"inLanguage":"nb-NO","potentialAction":[{"@type":"ReadAction","target":["https://staging.forenteforlag.no/dreyers/produkt/om-demokratiets-vesen-og-verdi/"]}]},{"@type":"ImageObject","inLanguage":"nb-NO","@id":"https://staging.forenteforlag.no/dreyers/produkt/om-demokratiets-vesen-og-verdi/#primaryimage","url":"https://staging.forenteforlag.no/dreyers/wp-content/uploads/sites/2/2026/01/9788282658317-scaled-1-scaled.jpeg","contentUrl":"https://staging.forenteforlag.no/dreyers/wp-content/uploads/sites/2/2026/01/9788282658317-scaled-1-scaled.jpeg","width":1351,"height":1920},{"@type":"BreadcrumbList","@id":"https://staging.forenteforlag.no/dreyers/produkt/om-demokratiets-vesen-og-verdi/#breadcrumb","itemListElement":[{"@type":"ListItem","position":1,"name":"Hjem","item":"https://staging.forenteforlag.no/dreyers/"},{"@type":"ListItem","position":2,"name":"Alle bøker","item":"https://staging.forenteforlag.no/dreyers/butikk/"},{"@type":"ListItem","position":3,"name":"Om demokratiets vesen og verdi"}]},{"@type":"WebSite","@id":"https://staging.forenteforlag.no/dreyers/#website","url":"https://staging.forenteforlag.no/dreyers/","name":"Dreyers Forlag","description":"","potentialAction":[{"@type":"SearchAction","target":{"@type":"EntryPoint","urlTemplate":"https://staging.forenteforlag.no/dreyers/?s={search_term_string}"},"query-input":{"@type":"PropertyValueSpecification","valueRequired":true,"valueName":"search_term_string"}}],"inLanguage":"nb-NO"}]}</script>
<!-- / Yoast SEO plugin. -->

Hvordan forsvare demokratiet i krisetider? Dette spørsmalet var patrengende i mellomkrigstiden, i møte med fascismen, nazismen og kommunismen. For mange er det et spørsmal som ogsa melder seg i vare dager. Hans Kelsens (1881–1973) svar var at det gjaldt a tenke nøye om- kring demokratiets grunnprinsipper. Man ma forsta hvordan demokratiet fungerer og hvorfor det [&hellip;]

Alle bøker
