{"id":23955,"date":"2025-12-05T23:07:24","date_gmt":"2025-12-05T22:07:24","guid":{"rendered":"https:\/\/dreyersforlag.no\/produkt\/frykt-og-stillhet\/"},"modified":"2026-02-16T14:25:43","modified_gmt":"2026-02-16T13:25:43","slug":"frykt-og-stillhet","status":"publish","type":"product","link":"https:\/\/staging.forenteforlag.no\/dreyers\/produkt\/frykt-og-stillhet\/","title":{"rendered":"Frykt og stillhet"},"content":{"rendered":"<p>Etter Hamas\u2019 angrep p\u00e5 Israel 7. oktober 2023 har norske j\u00f8der opplevd en drastisk \u00f8kning i trakassering og hatefulle ytringer. Fra graffiti med hakekors til stigmatiserende symboler i det offentlige rom \u2013 frykten har vokst, og mange velger \u00e5 skjule sin identitet. En unders\u00f8kelse fra NRK viste at 69 prosent av j\u00f8der i Norge har opplevd ubehageligheter knyttet til sin j\u00f8diske bakgrunn, og nesten 90 prosent av dem som b\u00e6rer synlige j\u00f8diske symboler, har blitt mer forsiktige.<\/p>\n<p>I <em>Frykt og stillhet <\/em>deler norske j\u00f8der sine erfaringer og forteller gjennom sterke personlige beretninger hvordan det er \u00e5 v\u00e6re j\u00f8disk i Norge i dag \u2013 i en tid preget av frykt, isolasjon og sviktende st\u00f8tte fra myndighetene. Dette er en viktig bok om den \u00f8kende antisemittismen i Norge og hvordan vi som samfunn m\u00f8ter v\u00e5r j\u00f8diske minoritet.<\/p>\n","protected":false},"excerpt":{"rendered":"<p>Etter Hamas\u2019 angrep p\u00e5 Israel 7. oktober 2023 har norske j\u00f8der opplevd en drastisk \u00f8kning i trakassering og hatefulle ytringer. Fra graffiti med hakekors til stigmatiserende symboler i det offentlige rom \u2013 frykten har vokst, og mange velger \u00e5 skjule sin identitet. En unders\u00f8kelse fra NRK viste at 69 prosent av j\u00f8der i Norge har [&hellip;]<\/p>\n","protected":false},"featured_media":24514,"template":"","meta":{"_acf_changed":false,"inline_featured_image":false},"product_brand":[],"product_cat":[352,18,32],"product_tag":[362],"class_list":{"0":"post-23955","1":"product","2":"type-product","3":"status-publish","4":"has-post-thumbnail","6":"product_cat-arets-boker","7":"product_cat-sakprosa","8":"product_cat-samfunn-og-politikk","9":"product_tag-faglitteratur","10":"pa_format-innbundet","12":"first","13":"instock","14":"purchasable","15":"product-type-simple"},"acf":{"anmeldelse":null},"yoast_head":"<!-- This site is optimized with the Yoast SEO plugin v26.6 - https:\/\/yoast.com\/wordpress\/plugins\/seo\/ -->\n<title>Frykt og stillhet - Dreyers Forlag<\/title>\n<meta name=\"robots\" content=\"noindex, follow, max-snippet:-1, max-image-preview:large, max-video-preview:-1\" \/>\n<meta property=\"og:locale\" content=\"nb_NO\" \/>\n<meta property=\"og:type\" content=\"article\" \/>\n<meta property=\"og:title\" content=\"Frykt og stillhet - Dreyers Forlag\" \/>\n<meta property=\"og:description\" content=\"Etter Hamas\u2019 angrep p\u00e5 Israel 7. oktober 2023 har norske j\u00f8der opplevd en drastisk \u00f8kning i trakassering og hatefulle ytringer. Fra graffiti med hakekors til stigmatiserende symboler i det offentlige rom \u2013 frykten har vokst, og mange velger \u00e5 skjule sin identitet. En unders\u00f8kelse fra NRK viste at 69 prosent av j\u00f8der i Norge har [&hellip;]\" \/>\n<meta property=\"og:url\" content=\"https:\/\/staging.forenteforlag.no\/dreyers\/produkt\/frykt-og-stillhet\/\" \/>\n<meta property=\"og:site_name\" content=\"Dreyers Forlag\" \/>\n<meta property=\"article:modified_time\" content=\"2026-02-16T13:25:43+00:00\" \/>\n<meta property=\"og:image\" content=\"https:\/\/staging.forenteforlag.no\/dreyers\/wp-content\/uploads\/sites\/2\/2025\/08\/jpg-10115.jpg\" \/>\n\t<meta property=\"og:image:width\" content=\"1252\" \/>\n\t<meta property=\"og:image:height\" content=\"1772\" \/>\n\t<meta property=\"og:image:type\" content=\"image\/jpeg\" \/>\n<meta name=\"twitter:card\" content=\"summary_large_image\" \/>\n<meta name=\"twitter:label1\" content=\"Ansl. lesetid\" \/>\n\t<meta name=\"twitter:data1\" content=\"1 minutt\" \/>\n<script type=\"application\/ld+json\" class=\"yoast-schema-graph\">{\"@context\":\"https:\/\/schema.org\",\"@graph\":[{\"@type\":\"WebPage\",\"@id\":\"https:\/\/staging.forenteforlag.no\/dreyers\/produkt\/frykt-og-stillhet\/\",\"url\":\"https:\/\/staging.forenteforlag.no\/dreyers\/produkt\/frykt-og-stillhet\/\",\"name\":\"Frykt og stillhet - Dreyers Forlag\",\"isPartOf\":{\"@id\":\"https:\/\/staging.forenteforlag.no\/dreyers\/#website\"},\"primaryImageOfPage\":{\"@id\":\"https:\/\/staging.forenteforlag.no\/dreyers\/produkt\/frykt-og-stillhet\/#primaryimage\"},\"image\":{\"@id\":\"https:\/\/staging.forenteforlag.no\/dreyers\/produkt\/frykt-og-stillhet\/#primaryimage\"},\"thumbnailUrl\":\"https:\/\/staging.forenteforlag.no\/dreyers\/wp-content\/uploads\/sites\/2\/2025\/08\/jpg-10115.jpg\",\"datePublished\":\"2025-12-05T22:07:24+00:00\",\"dateModified\":\"2026-02-16T13:25:43+00:00\",\"breadcrumb\":{\"@id\":\"https:\/\/staging.forenteforlag.no\/dreyers\/produkt\/frykt-og-stillhet\/#breadcrumb\"},\"inLanguage\":\"nb-NO\",\"potentialAction\":[{\"@type\":\"ReadAction\",\"target\":[\"https:\/\/staging.forenteforlag.no\/dreyers\/produkt\/frykt-og-stillhet\/\"]}]},{\"@type\":\"ImageObject\",\"inLanguage\":\"nb-NO\",\"@id\":\"https:\/\/staging.forenteforlag.no\/dreyers\/produkt\/frykt-og-stillhet\/#primaryimage\",\"url\":\"https:\/\/staging.forenteforlag.no\/dreyers\/wp-content\/uploads\/sites\/2\/2025\/08\/jpg-10115.jpg\",\"contentUrl\":\"https:\/\/staging.forenteforlag.no\/dreyers\/wp-content\/uploads\/sites\/2\/2025\/08\/jpg-10115.jpg\",\"width\":1252,\"height\":1772},{\"@type\":\"BreadcrumbList\",\"@id\":\"https:\/\/staging.forenteforlag.no\/dreyers\/produkt\/frykt-og-stillhet\/#breadcrumb\",\"itemListElement\":[{\"@type\":\"ListItem\",\"position\":1,\"name\":\"Hjem\",\"item\":\"https:\/\/staging.forenteforlag.no\/dreyers\/\"},{\"@type\":\"ListItem\",\"position\":2,\"name\":\"Alle b\u00f8ker\",\"item\":\"https:\/\/staging.forenteforlag.no\/dreyers\/butikk\/\"},{\"@type\":\"ListItem\",\"position\":3,\"name\":\"Frykt og stillhet\"}]},{\"@type\":\"WebSite\",\"@id\":\"https:\/\/staging.forenteforlag.no\/dreyers\/#website\",\"url\":\"https:\/\/staging.forenteforlag.no\/dreyers\/\",\"name\":\"Dreyers Forlag\",\"description\":\"\",\"potentialAction\":[{\"@type\":\"SearchAction\",\"target\":{\"@type\":\"EntryPoint\",\"urlTemplate\":\"https:\/\/staging.forenteforlag.no\/dreyers\/?s={search_term_string}\"},\"query-input\":{\"@type\":\"PropertyValueSpecification\",\"valueRequired\":true,\"valueName\":\"search_term_string\"}}],\"inLanguage\":\"nb-NO\"}]}<\/script>\n<!-- \/ Yoast SEO plugin. -->","yoast_head_json":{"title":"Frykt og stillhet - Dreyers Forlag","robots":{"index":"noindex","follow":"follow","max-snippet":"max-snippet:-1","max-image-preview":"max-image-preview:large","max-video-preview":"max-video-preview:-1"},"og_locale":"nb_NO","og_type":"article","og_title":"Frykt og stillhet - Dreyers Forlag","og_description":"Etter Hamas\u2019 angrep p\u00e5 Israel 7. oktober 2023 har norske j\u00f8der opplevd en drastisk \u00f8kning i trakassering og hatefulle ytringer. Fra graffiti med hakekors til stigmatiserende symboler i det offentlige rom \u2013 frykten har vokst, og mange velger \u00e5 skjule sin identitet. En unders\u00f8kelse fra NRK viste at 69 prosent av j\u00f8der i Norge har [&hellip;]","og_url":"https:\/\/staging.forenteforlag.no\/dreyers\/produkt\/frykt-og-stillhet\/","og_site_name":"Dreyers Forlag","article_modified_time":"2026-02-16T13:25:43+00:00","og_image":[{"width":1252,"height":1772,"url":"https:\/\/staging.forenteforlag.no\/dreyers\/wp-content\/uploads\/sites\/2\/2025\/08\/jpg-10115.jpg","type":"image\/jpeg"}],"twitter_card":"summary_large_image","twitter_misc":{"Ansl. lesetid":"1 minutt"},"schema":{"@context":"https:\/\/schema.org","@graph":[{"@type":"WebPage","@id":"https:\/\/staging.forenteforlag.no\/dreyers\/produkt\/frykt-og-stillhet\/","url":"https:\/\/staging.forenteforlag.no\/dreyers\/produkt\/frykt-og-stillhet\/","name":"Frykt og stillhet - Dreyers Forlag","isPartOf":{"@id":"https:\/\/staging.forenteforlag.no\/dreyers\/#website"},"primaryImageOfPage":{"@id":"https:\/\/staging.forenteforlag.no\/dreyers\/produkt\/frykt-og-stillhet\/#primaryimage"},"image":{"@id":"https:\/\/staging.forenteforlag.no\/dreyers\/produkt\/frykt-og-stillhet\/#primaryimage"},"thumbnailUrl":"https:\/\/staging.forenteforlag.no\/dreyers\/wp-content\/uploads\/sites\/2\/2025\/08\/jpg-10115.jpg","datePublished":"2025-12-05T22:07:24+00:00","dateModified":"2026-02-16T13:25:43+00:00","breadcrumb":{"@id":"https:\/\/staging.forenteforlag.no\/dreyers\/produkt\/frykt-og-stillhet\/#breadcrumb"},"inLanguage":"nb-NO","potentialAction":[{"@type":"ReadAction","target":["https:\/\/staging.forenteforlag.no\/dreyers\/produkt\/frykt-og-stillhet\/"]}]},{"@type":"ImageObject","inLanguage":"nb-NO","@id":"https:\/\/staging.forenteforlag.no\/dreyers\/produkt\/frykt-og-stillhet\/#primaryimage","url":"https:\/\/staging.forenteforlag.no\/dreyers\/wp-content\/uploads\/sites\/2\/2025\/08\/jpg-10115.jpg","contentUrl":"https:\/\/staging.forenteforlag.no\/dreyers\/wp-content\/uploads\/sites\/2\/2025\/08\/jpg-10115.jpg","width":1252,"height":1772},{"@type":"BreadcrumbList","@id":"https:\/\/staging.forenteforlag.no\/dreyers\/produkt\/frykt-og-stillhet\/#breadcrumb","itemListElement":[{"@type":"ListItem","position":1,"name":"Hjem","item":"https:\/\/staging.forenteforlag.no\/dreyers\/"},{"@type":"ListItem","position":2,"name":"Alle b\u00f8ker","item":"https:\/\/staging.forenteforlag.no\/dreyers\/butikk\/"},{"@type":"ListItem","position":3,"name":"Frykt og stillhet"}]},{"@type":"WebSite","@id":"https:\/\/staging.forenteforlag.no\/dreyers\/#website","url":"https:\/\/staging.forenteforlag.no\/dreyers\/","name":"Dreyers Forlag","description":"","potentialAction":[{"@type":"SearchAction","target":{"@type":"EntryPoint","urlTemplate":"https:\/\/staging.forenteforlag.no\/dreyers\/?s={search_term_string}"},"query-input":{"@type":"PropertyValueSpecification","valueRequired":true,"valueName":"search_term_string"}}],"inLanguage":"nb-NO"}]}},"_links":{"self":[{"href":"https:\/\/staging.forenteforlag.no\/dreyers\/wp-json\/wp\/v2\/product\/23955","targetHints":{"allow":["GET"]}}],"collection":[{"href":"https:\/\/staging.forenteforlag.no\/dreyers\/wp-json\/wp\/v2\/product"}],"about":[{"href":"https:\/\/staging.forenteforlag.no\/dreyers\/wp-json\/wp\/v2\/types\/product"}],"wp:featuredmedia":[{"embeddable":true,"href":"https:\/\/staging.forenteforlag.no\/dreyers\/wp-json\/wp\/v2\/media\/24514"}],"wp:attachment":[{"href":"https:\/\/staging.forenteforlag.no\/dreyers\/wp-json\/wp\/v2\/media?parent=23955"}],"wp:term":[{"taxonomy":"product_brand","embeddable":true,"href":"https:\/\/staging.forenteforlag.no\/dreyers\/wp-json\/wp\/v2\/product_brand?post=23955"},{"taxonomy":"product_cat","embeddable":true,"href":"https:\/\/staging.forenteforlag.no\/dreyers\/wp-json\/wp\/v2\/product_cat?post=23955"},{"taxonomy":"product_tag","embeddable":true,"href":"https:\/\/staging.forenteforlag.no\/dreyers\/wp-json\/wp\/v2\/product_tag?post=23955"}],"curies":[{"name":"wp","href":"https:\/\/api.w.org\/{rel}","templated":true}]}}

<p>Etter Hamas’ angrep på Israel 7. oktober 2023 har norske jøder opplevd en drastisk økning i trakassering og hatefulle ytringer. Fra graffiti med hakekors til stigmatiserende symboler i det offentlige rom – frykten har vokst, og mange velger å skjule sin identitet. En undersøkelse fra NRK viste at 69 prosent av jøder i Norge har opplevd ubehageligheter knyttet til sin jødiske bakgrunn, og nesten 90 prosent av dem som bærer synlige jødiske symboler, har blitt mer forsiktige.</p>
<p>I <em>Frykt og stillhet </em>deler norske jøder sine erfaringer og forteller gjennom sterke personlige beretninger hvordan det er å være jødisk i Norge i dag – i en tid preget av frykt, isolasjon og sviktende støtte fra myndighetene. Dette er en viktig bok om den økende antisemittismen i Norge og hvordan vi som samfunn møter vår jødiske minoritet.</p>

<p>Etter Hamas’ angrep på Israel 7. oktober 2023 har norske jøder opplevd en drastisk økning i trakassering og hatefulle ytringer. Fra graffiti med hakekors til stigmatiserende symboler i det offentlige rom – frykten har vokst, og mange velger å skjule sin identitet. En undersøkelse fra NRK viste at 69 prosent av jøder i Norge har [&hellip;]</p>

<!-- This site is optimized with the Yoast SEO plugin v26.6 - https://yoast.com/wordpress/plugins/seo/ -->
<title>Frykt og stillhet - Dreyers Forlag</title>
<meta name="robots" content="noindex, follow, max-snippet:-1, max-image-preview:large, max-video-preview:-1" />
<meta property="og:locale" content="nb_NO" />
<meta property="og:type" content="article" />
<meta property="og:title" content="Frykt og stillhet - Dreyers Forlag" />
<meta property="og:description" content="Etter Hamas’ angrep på Israel 7. oktober 2023 har norske jøder opplevd en drastisk økning i trakassering og hatefulle ytringer. Fra graffiti med hakekors til stigmatiserende symboler i det offentlige rom – frykten har vokst, og mange velger å skjule sin identitet. En undersøkelse fra NRK viste at 69 prosent av jøder i Norge har [&hellip;]" />
<meta property="og:url" content="https://staging.forenteforlag.no/dreyers/produkt/frykt-og-stillhet/" />
<meta property="og:site_name" content="Dreyers Forlag" />
<meta property="article:modified_time" content="2026-02-16T13:25:43+00:00" />
<meta property="og:image" content="https://staging.forenteforlag.no/dreyers/wp-content/uploads/sites/2/2025/08/jpg-10115.jpg" />
	<meta property="og:image:width" content="1252" />
	<meta property="og:image:height" content="1772" />
	<meta property="og:image:type" content="image/jpeg" />
<meta name="twitter:card" content="summary_large_image" />
<meta name="twitter:label1" content="Ansl. lesetid" />
	<meta name="twitter:data1" content="1 minutt" />
<script type="application/ld+json" class="yoast-schema-graph">{"@context":"https://schema.org","@graph":[{"@type":"WebPage","@id":"https://staging.forenteforlag.no/dreyers/produkt/frykt-og-stillhet/","url":"https://staging.forenteforlag.no/dreyers/produkt/frykt-og-stillhet/","name":"Frykt og stillhet - Dreyers Forlag","isPartOf":{"@id":"https://staging.forenteforlag.no/dreyers/#website"},"primaryImageOfPage":{"@id":"https://staging.forenteforlag.no/dreyers/produkt/frykt-og-stillhet/#primaryimage"},"image":{"@id":"https://staging.forenteforlag.no/dreyers/produkt/frykt-og-stillhet/#primaryimage"},"thumbnailUrl":"https://staging.forenteforlag.no/dreyers/wp-content/uploads/sites/2/2025/08/jpg-10115.jpg","datePublished":"2025-12-05T22:07:24+00:00","dateModified":"2026-02-16T13:25:43+00:00","breadcrumb":{"@id":"https://staging.forenteforlag.no/dreyers/produkt/frykt-og-stillhet/#breadcrumb"},"inLanguage":"nb-NO","potentialAction":[{"@type":"ReadAction","target":["https://staging.forenteforlag.no/dreyers/produkt/frykt-og-stillhet/"]}]},{"@type":"ImageObject","inLanguage":"nb-NO","@id":"https://staging.forenteforlag.no/dreyers/produkt/frykt-og-stillhet/#primaryimage","url":"https://staging.forenteforlag.no/dreyers/wp-content/uploads/sites/2/2025/08/jpg-10115.jpg","contentUrl":"https://staging.forenteforlag.no/dreyers/wp-content/uploads/sites/2/2025/08/jpg-10115.jpg","width":1252,"height":1772},{"@type":"BreadcrumbList","@id":"https://staging.forenteforlag.no/dreyers/produkt/frykt-og-stillhet/#breadcrumb","itemListElement":[{"@type":"ListItem","position":1,"name":"Hjem","item":"https://staging.forenteforlag.no/dreyers/"},{"@type":"ListItem","position":2,"name":"Alle bøker","item":"https://staging.forenteforlag.no/dreyers/butikk/"},{"@type":"ListItem","position":3,"name":"Frykt og stillhet"}]},{"@type":"WebSite","@id":"https://staging.forenteforlag.no/dreyers/#website","url":"https://staging.forenteforlag.no/dreyers/","name":"Dreyers Forlag","description":"","potentialAction":[{"@type":"SearchAction","target":{"@type":"EntryPoint","urlTemplate":"https://staging.forenteforlag.no/dreyers/?s={search_term_string}"},"query-input":{"@type":"PropertyValueSpecification","valueRequired":true,"valueName":"search_term_string"}}],"inLanguage":"nb-NO"}]}</script>
<!-- / Yoast SEO plugin. -->

Etter Hamas’ angrep på Israel 7. oktober 2023 har norske jøder opplevd en drastisk økning i trakassering og hatefulle ytringer. Fra graffiti med hakekors til stigmatiserende symboler i det offentlige rom – frykten har vokst, og mange velger å skjule sin identitet. En undersøkelse fra NRK viste at 69 prosent av jøder i Norge har [&hellip;]

Alle bøker
