{"id":23234,"date":"2025-04-28T09:50:44","date_gmt":"2025-04-28T07:50:44","guid":{"rendered":"https:\/\/dreyersforlag.no\/produkt\/myten-om-den-gode-kongen\/"},"modified":"2025-11-19T08:14:57","modified_gmt":"2025-11-19T07:14:57","slug":"myten-om-den-gode-kongen","status":"publish","type":"product","link":"https:\/\/staging.forenteforlag.no\/dreyers\/produkt\/myten-om-den-gode-kongen\/","title":{"rendered":"Myten om den gode kongen"},"content":{"rendered":"<p>P\u00e5 1200-tallet stod Norge ved en korsvei. Hva slags samfunn skulle man ha? For Magnus Lagab\u00f8te og hans krets var idealsamfunnet et enekonged\u00f8mme, der kongen hadde sin makt fra Gud. Slik unngikk man \u00f8deleggende maktkamper, og en god konge ville v\u00e6re Guds forlengede arm p\u00e5 jorden og s\u00f8rge for rettferd for alle. Alternativet var det Landsloven kalte \u00abden store villfaringst\u00e5ka\u00bb. Det var et samfunn der lederne sloss innbyrdes, og der vanlige folk drepte hverandres n\u00e6re slektninger, fordi det var lov \u00e5 ta \u00e6ttehevn.<\/p>\n<p>Men var det slik folk s\u00e5 det? En hovedtese i denne boka er at det samfunnet Landsloven ble til i, fungerte godt uten en sterk konge. Folk klarte \u00e5 ordne opp seg imellom. Ikke alene, men gjennom \u00e5 f\u00e5 st\u00f8tte fra sine venner og slektninger. Dette var et overraskende fredelig samfunn, der det fantes effektive m\u00e5ter \u00e5 avvikle konflikter p\u00e5.<\/p>\n<p>Det er vanskelig \u00e5 n\u00e6rme seg dette samfunnet, dels fordi kildene ikke forteller direkte om det, dels fordi det er s\u00e5 vanskelig for oss \u00e5 forestille oss hvordan det er \u00e5 leve i et samfunn uten stat. Denne boka er et fors\u00f8k p\u00e5 \u00e5 vise hvordan mennesker levde i et slikt samfunn. Det er viktig, for det er i dette samfunnet, snarere enn i Landsloven, at vi finner r\u00f8ttene til dagens rettsstat.<\/p>\n","protected":false},"excerpt":{"rendered":"<p>P\u00e5 1200-tallet stod Norge ved en korsvei. Hva slags samfunn skulle man ha? For Magnus Lagab\u00f8te og hans krets var idealsamfunnet et enekonged\u00f8mme, der kongen hadde sin makt fra Gud. Slik unngikk man \u00f8deleggende maktkamper, og en god konge ville v\u00e6re Guds forlengede arm p\u00e5 jorden og s\u00f8rge for rettferd for alle. Alternativet var det [&hellip;]<\/p>\n","protected":false},"featured_media":24507,"template":"","meta":{"_acf_changed":false,"inline_featured_image":false},"product_brand":[],"product_cat":[352,1784,23],"product_tag":[362],"class_list":{"0":"post-23234","1":"product","2":"type-product","3":"status-publish","4":"has-post-thumbnail","6":"product_cat-arets-boker","7":"product_cat-fastpris","8":"product_cat-historie","9":"product_tag-faglitteratur","10":"pa_format-innbundet","12":"first","13":"instock","14":"shipping-taxable","15":"purchasable","16":"product-type-simple"},"acf":{"anmeldelse":null},"yoast_head":"<!-- This site is optimized with the Yoast SEO plugin v26.6 - https:\/\/yoast.com\/wordpress\/plugins\/seo\/ -->\n<title>Myten om den gode kongen - Dreyers Forlag<\/title>\n<meta name=\"robots\" content=\"noindex, follow, max-snippet:-1, max-image-preview:large, max-video-preview:-1\" \/>\n<meta property=\"og:locale\" content=\"nb_NO\" \/>\n<meta property=\"og:type\" content=\"article\" \/>\n<meta property=\"og:title\" content=\"Myten om den gode kongen - Dreyers Forlag\" \/>\n<meta property=\"og:description\" content=\"P\u00e5 1200-tallet stod Norge ved en korsvei. Hva slags samfunn skulle man ha? For Magnus Lagab\u00f8te og hans krets var idealsamfunnet et enekonged\u00f8mme, der kongen hadde sin makt fra Gud. Slik unngikk man \u00f8deleggende maktkamper, og en god konge ville v\u00e6re Guds forlengede arm p\u00e5 jorden og s\u00f8rge for rettferd for alle. Alternativet var det [&hellip;]\" \/>\n<meta property=\"og:url\" content=\"https:\/\/staging.forenteforlag.no\/dreyers\/produkt\/myten-om-den-gode-kongen\/\" \/>\n<meta property=\"og:site_name\" content=\"Dreyers Forlag\" \/>\n<meta property=\"article:modified_time\" content=\"2025-11-19T07:14:57+00:00\" \/>\n<meta property=\"og:image\" content=\"https:\/\/staging.forenteforlag.no\/dreyers\/wp-content\/uploads\/sites\/2\/2025\/08\/jpg-10064-scaled.jpg\" \/>\n\t<meta property=\"og:image:width\" content=\"1220\" \/>\n\t<meta property=\"og:image:height\" content=\"1920\" \/>\n\t<meta property=\"og:image:type\" content=\"image\/jpeg\" \/>\n<meta name=\"twitter:card\" content=\"summary_large_image\" \/>\n<meta name=\"twitter:label1\" content=\"Ansl. lesetid\" \/>\n\t<meta name=\"twitter:data1\" content=\"1 minutt\" \/>\n<script type=\"application\/ld+json\" class=\"yoast-schema-graph\">{\"@context\":\"https:\/\/schema.org\",\"@graph\":[{\"@type\":\"WebPage\",\"@id\":\"https:\/\/staging.forenteforlag.no\/dreyers\/produkt\/myten-om-den-gode-kongen\/\",\"url\":\"https:\/\/staging.forenteforlag.no\/dreyers\/produkt\/myten-om-den-gode-kongen\/\",\"name\":\"Myten om den gode kongen - Dreyers Forlag\",\"isPartOf\":{\"@id\":\"https:\/\/staging.forenteforlag.no\/dreyers\/#website\"},\"primaryImageOfPage\":{\"@id\":\"https:\/\/staging.forenteforlag.no\/dreyers\/produkt\/myten-om-den-gode-kongen\/#primaryimage\"},\"image\":{\"@id\":\"https:\/\/staging.forenteforlag.no\/dreyers\/produkt\/myten-om-den-gode-kongen\/#primaryimage\"},\"thumbnailUrl\":\"https:\/\/staging.forenteforlag.no\/dreyers\/wp-content\/uploads\/sites\/2\/2025\/08\/jpg-10064-scaled.jpg\",\"datePublished\":\"2025-04-28T07:50:44+00:00\",\"dateModified\":\"2025-11-19T07:14:57+00:00\",\"breadcrumb\":{\"@id\":\"https:\/\/staging.forenteforlag.no\/dreyers\/produkt\/myten-om-den-gode-kongen\/#breadcrumb\"},\"inLanguage\":\"nb-NO\",\"potentialAction\":[{\"@type\":\"ReadAction\",\"target\":[\"https:\/\/staging.forenteforlag.no\/dreyers\/produkt\/myten-om-den-gode-kongen\/\"]}]},{\"@type\":\"ImageObject\",\"inLanguage\":\"nb-NO\",\"@id\":\"https:\/\/staging.forenteforlag.no\/dreyers\/produkt\/myten-om-den-gode-kongen\/#primaryimage\",\"url\":\"https:\/\/staging.forenteforlag.no\/dreyers\/wp-content\/uploads\/sites\/2\/2025\/08\/jpg-10064-scaled.jpg\",\"contentUrl\":\"https:\/\/staging.forenteforlag.no\/dreyers\/wp-content\/uploads\/sites\/2\/2025\/08\/jpg-10064-scaled.jpg\",\"width\":1220,\"height\":1920},{\"@type\":\"BreadcrumbList\",\"@id\":\"https:\/\/staging.forenteforlag.no\/dreyers\/produkt\/myten-om-den-gode-kongen\/#breadcrumb\",\"itemListElement\":[{\"@type\":\"ListItem\",\"position\":1,\"name\":\"Hjem\",\"item\":\"https:\/\/staging.forenteforlag.no\/dreyers\/\"},{\"@type\":\"ListItem\",\"position\":2,\"name\":\"Alle b\u00f8ker\",\"item\":\"https:\/\/staging.forenteforlag.no\/dreyers\/butikk\/\"},{\"@type\":\"ListItem\",\"position\":3,\"name\":\"Myten om den gode kongen\"}]},{\"@type\":\"WebSite\",\"@id\":\"https:\/\/staging.forenteforlag.no\/dreyers\/#website\",\"url\":\"https:\/\/staging.forenteforlag.no\/dreyers\/\",\"name\":\"Dreyers Forlag\",\"description\":\"\",\"potentialAction\":[{\"@type\":\"SearchAction\",\"target\":{\"@type\":\"EntryPoint\",\"urlTemplate\":\"https:\/\/staging.forenteforlag.no\/dreyers\/?s={search_term_string}\"},\"query-input\":{\"@type\":\"PropertyValueSpecification\",\"valueRequired\":true,\"valueName\":\"search_term_string\"}}],\"inLanguage\":\"nb-NO\"}]}<\/script>\n<!-- \/ Yoast SEO plugin. -->","yoast_head_json":{"title":"Myten om den gode kongen - Dreyers Forlag","robots":{"index":"noindex","follow":"follow","max-snippet":"max-snippet:-1","max-image-preview":"max-image-preview:large","max-video-preview":"max-video-preview:-1"},"og_locale":"nb_NO","og_type":"article","og_title":"Myten om den gode kongen - Dreyers Forlag","og_description":"P\u00e5 1200-tallet stod Norge ved en korsvei. Hva slags samfunn skulle man ha? For Magnus Lagab\u00f8te og hans krets var idealsamfunnet et enekonged\u00f8mme, der kongen hadde sin makt fra Gud. Slik unngikk man \u00f8deleggende maktkamper, og en god konge ville v\u00e6re Guds forlengede arm p\u00e5 jorden og s\u00f8rge for rettferd for alle. Alternativet var det [&hellip;]","og_url":"https:\/\/staging.forenteforlag.no\/dreyers\/produkt\/myten-om-den-gode-kongen\/","og_site_name":"Dreyers Forlag","article_modified_time":"2025-11-19T07:14:57+00:00","og_image":[{"width":1220,"height":1920,"url":"https:\/\/staging.forenteforlag.no\/dreyers\/wp-content\/uploads\/sites\/2\/2025\/08\/jpg-10064-scaled.jpg","type":"image\/jpeg"}],"twitter_card":"summary_large_image","twitter_misc":{"Ansl. lesetid":"1 minutt"},"schema":{"@context":"https:\/\/schema.org","@graph":[{"@type":"WebPage","@id":"https:\/\/staging.forenteforlag.no\/dreyers\/produkt\/myten-om-den-gode-kongen\/","url":"https:\/\/staging.forenteforlag.no\/dreyers\/produkt\/myten-om-den-gode-kongen\/","name":"Myten om den gode kongen - Dreyers Forlag","isPartOf":{"@id":"https:\/\/staging.forenteforlag.no\/dreyers\/#website"},"primaryImageOfPage":{"@id":"https:\/\/staging.forenteforlag.no\/dreyers\/produkt\/myten-om-den-gode-kongen\/#primaryimage"},"image":{"@id":"https:\/\/staging.forenteforlag.no\/dreyers\/produkt\/myten-om-den-gode-kongen\/#primaryimage"},"thumbnailUrl":"https:\/\/staging.forenteforlag.no\/dreyers\/wp-content\/uploads\/sites\/2\/2025\/08\/jpg-10064-scaled.jpg","datePublished":"2025-04-28T07:50:44+00:00","dateModified":"2025-11-19T07:14:57+00:00","breadcrumb":{"@id":"https:\/\/staging.forenteforlag.no\/dreyers\/produkt\/myten-om-den-gode-kongen\/#breadcrumb"},"inLanguage":"nb-NO","potentialAction":[{"@type":"ReadAction","target":["https:\/\/staging.forenteforlag.no\/dreyers\/produkt\/myten-om-den-gode-kongen\/"]}]},{"@type":"ImageObject","inLanguage":"nb-NO","@id":"https:\/\/staging.forenteforlag.no\/dreyers\/produkt\/myten-om-den-gode-kongen\/#primaryimage","url":"https:\/\/staging.forenteforlag.no\/dreyers\/wp-content\/uploads\/sites\/2\/2025\/08\/jpg-10064-scaled.jpg","contentUrl":"https:\/\/staging.forenteforlag.no\/dreyers\/wp-content\/uploads\/sites\/2\/2025\/08\/jpg-10064-scaled.jpg","width":1220,"height":1920},{"@type":"BreadcrumbList","@id":"https:\/\/staging.forenteforlag.no\/dreyers\/produkt\/myten-om-den-gode-kongen\/#breadcrumb","itemListElement":[{"@type":"ListItem","position":1,"name":"Hjem","item":"https:\/\/staging.forenteforlag.no\/dreyers\/"},{"@type":"ListItem","position":2,"name":"Alle b\u00f8ker","item":"https:\/\/staging.forenteforlag.no\/dreyers\/butikk\/"},{"@type":"ListItem","position":3,"name":"Myten om den gode kongen"}]},{"@type":"WebSite","@id":"https:\/\/staging.forenteforlag.no\/dreyers\/#website","url":"https:\/\/staging.forenteforlag.no\/dreyers\/","name":"Dreyers Forlag","description":"","potentialAction":[{"@type":"SearchAction","target":{"@type":"EntryPoint","urlTemplate":"https:\/\/staging.forenteforlag.no\/dreyers\/?s={search_term_string}"},"query-input":{"@type":"PropertyValueSpecification","valueRequired":true,"valueName":"search_term_string"}}],"inLanguage":"nb-NO"}]}},"_links":{"self":[{"href":"https:\/\/staging.forenteforlag.no\/dreyers\/wp-json\/wp\/v2\/product\/23234","targetHints":{"allow":["GET"]}}],"collection":[{"href":"https:\/\/staging.forenteforlag.no\/dreyers\/wp-json\/wp\/v2\/product"}],"about":[{"href":"https:\/\/staging.forenteforlag.no\/dreyers\/wp-json\/wp\/v2\/types\/product"}],"wp:featuredmedia":[{"embeddable":true,"href":"https:\/\/staging.forenteforlag.no\/dreyers\/wp-json\/wp\/v2\/media\/24507"}],"wp:attachment":[{"href":"https:\/\/staging.forenteforlag.no\/dreyers\/wp-json\/wp\/v2\/media?parent=23234"}],"wp:term":[{"taxonomy":"product_brand","embeddable":true,"href":"https:\/\/staging.forenteforlag.no\/dreyers\/wp-json\/wp\/v2\/product_brand?post=23234"},{"taxonomy":"product_cat","embeddable":true,"href":"https:\/\/staging.forenteforlag.no\/dreyers\/wp-json\/wp\/v2\/product_cat?post=23234"},{"taxonomy":"product_tag","embeddable":true,"href":"https:\/\/staging.forenteforlag.no\/dreyers\/wp-json\/wp\/v2\/product_tag?post=23234"}],"curies":[{"name":"wp","href":"https:\/\/api.w.org\/{rel}","templated":true}]}}

<p>På 1200-tallet stod Norge ved en korsvei. Hva slags samfunn skulle man ha? For Magnus Lagabøte og hans krets var idealsamfunnet et enekongedømme, der kongen hadde sin makt fra Gud. Slik unngikk man ødeleggende maktkamper, og en god konge ville være Guds forlengede arm på jorden og sørge for rettferd for alle. Alternativet var det Landsloven kalte «den store villfaringståka». Det var et samfunn der lederne sloss innbyrdes, og der vanlige folk drepte hverandres nære slektninger, fordi det var lov å ta ættehevn.</p>
<p>Men var det slik folk så det? En hovedtese i denne boka er at det samfunnet Landsloven ble til i, fungerte godt uten en sterk konge. Folk klarte å ordne opp seg imellom. Ikke alene, men gjennom å få støtte fra sine venner og slektninger. Dette var et overraskende fredelig samfunn, der det fantes effektive måter å avvikle konflikter på.</p>
<p>Det er vanskelig å nærme seg dette samfunnet, dels fordi kildene ikke forteller direkte om det, dels fordi det er så vanskelig for oss å forestille oss hvordan det er å leve i et samfunn uten stat. Denne boka er et forsøk på å vise hvordan mennesker levde i et slikt samfunn. Det er viktig, for det er i dette samfunnet, snarere enn i Landsloven, at vi finner røttene til dagens rettsstat.</p>

<p>På 1200-tallet stod Norge ved en korsvei. Hva slags samfunn skulle man ha? For Magnus Lagabøte og hans krets var idealsamfunnet et enekongedømme, der kongen hadde sin makt fra Gud. Slik unngikk man ødeleggende maktkamper, og en god konge ville være Guds forlengede arm på jorden og sørge for rettferd for alle. Alternativet var det [&hellip;]</p>

<!-- This site is optimized with the Yoast SEO plugin v26.6 - https://yoast.com/wordpress/plugins/seo/ -->
<title>Myten om den gode kongen - Dreyers Forlag</title>
<meta name="robots" content="noindex, follow, max-snippet:-1, max-image-preview:large, max-video-preview:-1" />
<meta property="og:locale" content="nb_NO" />
<meta property="og:type" content="article" />
<meta property="og:title" content="Myten om den gode kongen - Dreyers Forlag" />
<meta property="og:description" content="På 1200-tallet stod Norge ved en korsvei. Hva slags samfunn skulle man ha? For Magnus Lagabøte og hans krets var idealsamfunnet et enekongedømme, der kongen hadde sin makt fra Gud. Slik unngikk man ødeleggende maktkamper, og en god konge ville være Guds forlengede arm på jorden og sørge for rettferd for alle. Alternativet var det [&hellip;]" />
<meta property="og:url" content="https://staging.forenteforlag.no/dreyers/produkt/myten-om-den-gode-kongen/" />
<meta property="og:site_name" content="Dreyers Forlag" />
<meta property="article:modified_time" content="2025-11-19T07:14:57+00:00" />
<meta property="og:image" content="https://staging.forenteforlag.no/dreyers/wp-content/uploads/sites/2/2025/08/jpg-10064-scaled.jpg" />
	<meta property="og:image:width" content="1220" />
	<meta property="og:image:height" content="1920" />
	<meta property="og:image:type" content="image/jpeg" />
<meta name="twitter:card" content="summary_large_image" />
<meta name="twitter:label1" content="Ansl. lesetid" />
	<meta name="twitter:data1" content="1 minutt" />
<script type="application/ld+json" class="yoast-schema-graph">{"@context":"https://schema.org","@graph":[{"@type":"WebPage","@id":"https://staging.forenteforlag.no/dreyers/produkt/myten-om-den-gode-kongen/","url":"https://staging.forenteforlag.no/dreyers/produkt/myten-om-den-gode-kongen/","name":"Myten om den gode kongen - Dreyers Forlag","isPartOf":{"@id":"https://staging.forenteforlag.no/dreyers/#website"},"primaryImageOfPage":{"@id":"https://staging.forenteforlag.no/dreyers/produkt/myten-om-den-gode-kongen/#primaryimage"},"image":{"@id":"https://staging.forenteforlag.no/dreyers/produkt/myten-om-den-gode-kongen/#primaryimage"},"thumbnailUrl":"https://staging.forenteforlag.no/dreyers/wp-content/uploads/sites/2/2025/08/jpg-10064-scaled.jpg","datePublished":"2025-04-28T07:50:44+00:00","dateModified":"2025-11-19T07:14:57+00:00","breadcrumb":{"@id":"https://staging.forenteforlag.no/dreyers/produkt/myten-om-den-gode-kongen/#breadcrumb"},"inLanguage":"nb-NO","potentialAction":[{"@type":"ReadAction","target":["https://staging.forenteforlag.no/dreyers/produkt/myten-om-den-gode-kongen/"]}]},{"@type":"ImageObject","inLanguage":"nb-NO","@id":"https://staging.forenteforlag.no/dreyers/produkt/myten-om-den-gode-kongen/#primaryimage","url":"https://staging.forenteforlag.no/dreyers/wp-content/uploads/sites/2/2025/08/jpg-10064-scaled.jpg","contentUrl":"https://staging.forenteforlag.no/dreyers/wp-content/uploads/sites/2/2025/08/jpg-10064-scaled.jpg","width":1220,"height":1920},{"@type":"BreadcrumbList","@id":"https://staging.forenteforlag.no/dreyers/produkt/myten-om-den-gode-kongen/#breadcrumb","itemListElement":[{"@type":"ListItem","position":1,"name":"Hjem","item":"https://staging.forenteforlag.no/dreyers/"},{"@type":"ListItem","position":2,"name":"Alle bøker","item":"https://staging.forenteforlag.no/dreyers/butikk/"},{"@type":"ListItem","position":3,"name":"Myten om den gode kongen"}]},{"@type":"WebSite","@id":"https://staging.forenteforlag.no/dreyers/#website","url":"https://staging.forenteforlag.no/dreyers/","name":"Dreyers Forlag","description":"","potentialAction":[{"@type":"SearchAction","target":{"@type":"EntryPoint","urlTemplate":"https://staging.forenteforlag.no/dreyers/?s={search_term_string}"},"query-input":{"@type":"PropertyValueSpecification","valueRequired":true,"valueName":"search_term_string"}}],"inLanguage":"nb-NO"}]}</script>
<!-- / Yoast SEO plugin. -->

På 1200-tallet stod Norge ved en korsvei. Hva slags samfunn skulle man ha? For Magnus Lagabøte og hans krets var idealsamfunnet et enekongedømme, der kongen hadde sin makt fra Gud. Slik unngikk man ødeleggende maktkamper, og en god konge ville være Guds forlengede arm på jorden og sørge for rettferd for alle. Alternativet var det [&hellip;]

Alle bøker
