{"id":23154,"date":"2025-04-07T14:14:42","date_gmt":"2025-04-07T12:14:42","guid":{"rendered":"https:\/\/dreyersforlag.no\/produkt\/kampen-om-verdensmakten-3\/"},"modified":"2025-11-19T08:14:55","modified_gmt":"2025-11-19T07:14:55","slug":"kampen-om-verdensmakten-3","status":"publish","type":"product","link":"https:\/\/staging.forenteforlag.no\/dreyers\/produkt\/kampen-om-verdensmakten-3\/","title":{"rendered":"Kampen om verdensmakten"},"content":{"rendered":"<p>USA og Kina er v\u00e5r tids supermakter. De befinner seg i en kamp om verdensmakten som vil forme det 21. \u00e5rhundret. Rivaliseringen mellom USA og Kina f\u00f8rer til \u00f8kt geopolitisk og milit\u00e6r spenning, ny teknologisk og \u00f8konomisk utvikling, samt en endret internasjonal orden.<\/p>\n<p>Hvordan har Kina blitt s\u00e5 mektig at det kan utfordre USA? Hvilke konsekvenser vil den nye supermaktsrivaliseringen f\u00f8re til for NATO, Europa og Norge? Kinas vekst har f\u00f8rt til en maktforskyvning verden aldri har sett maken til. Dette minner om den kalde krigen, men til tross for at det igjen er to stater som er langt mektigere enn alle andre, er interaksjonen og rivaliseringen mellom USA og Kina annerledes enn mellom USA og Sovjetunionen. De nye supermaktene befinner seg i en konfliktfylt sameksistens \u2013 ikke en ny kald krig.<\/p>\n<p>Den nye blandingen av konflikt og sameksistens gj\u00f8r ogs\u00e5 at NATO, Europa, Norge og Russland har et annerledes handlingsrom enn under den kalde krigen. Men det er USA og Kina som kjemper om verdensmakten. Boka gir innsikt i hvordan denne maktkampen vil utspille seg og hvem som trolig vinner kampen om verdensmakten.<\/p>\n","protected":false},"excerpt":{"rendered":"<p>USA og Kina er v\u00e5r tids supermakter. De befinner seg i en kamp om verdensmakten som vil forme det 21. \u00e5rhundret. Rivaliseringen mellom USA og Kina f\u00f8rer til \u00f8kt geopolitisk og milit\u00e6r spenning, ny teknologisk og \u00f8konomisk utvikling, samt en endret internasjonal orden. Hvordan har Kina blitt s\u00e5 mektig at det kan utfordre USA? Hvilke [&hellip;]<\/p>\n","protected":false},"featured_media":24531,"template":"","meta":{"_acf_changed":false,"inline_featured_image":false},"product_brand":[],"product_cat":[352,32],"product_tag":[362],"class_list":{"0":"post-23154","1":"product","2":"type-product","3":"status-publish","4":"has-post-thumbnail","6":"product_cat-arets-boker","7":"product_cat-samfunn-og-politikk","8":"product_tag-faglitteratur","9":"pa_format-pocket","11":"first","12":"instock","13":"shipping-taxable","14":"purchasable","15":"product-type-simple"},"acf":{"anmeldelse":null},"yoast_head":"<!-- This site is optimized with the Yoast SEO plugin v26.6 - https:\/\/yoast.com\/wordpress\/plugins\/seo\/ -->\n<title>Kampen om verdensmakten - Dreyers Forlag<\/title>\n<meta name=\"robots\" content=\"noindex, follow, max-snippet:-1, max-image-preview:large, max-video-preview:-1\" \/>\n<meta property=\"og:locale\" content=\"nb_NO\" \/>\n<meta property=\"og:type\" content=\"article\" \/>\n<meta property=\"og:title\" content=\"Kampen om verdensmakten - Dreyers Forlag\" \/>\n<meta property=\"og:description\" content=\"USA og Kina er v\u00e5r tids supermakter. De befinner seg i en kamp om verdensmakten som vil forme det 21. \u00e5rhundret. Rivaliseringen mellom USA og Kina f\u00f8rer til \u00f8kt geopolitisk og milit\u00e6r spenning, ny teknologisk og \u00f8konomisk utvikling, samt en endret internasjonal orden. Hvordan har Kina blitt s\u00e5 mektig at det kan utfordre USA? Hvilke [&hellip;]\" \/>\n<meta property=\"og:url\" content=\"https:\/\/staging.forenteforlag.no\/dreyers\/produkt\/kampen-om-verdensmakten-3\/\" \/>\n<meta property=\"og:site_name\" content=\"Dreyers Forlag\" \/>\n<meta property=\"article:modified_time\" content=\"2025-11-19T07:14:55+00:00\" \/>\n<meta property=\"og:image\" content=\"https:\/\/staging.forenteforlag.no\/dreyers\/wp-content\/uploads\/sites\/2\/2025\/08\/jpg-33-scaled.png\" \/>\n\t<meta property=\"og:image:width\" content=\"1213\" \/>\n\t<meta property=\"og:image:height\" content=\"1920\" \/>\n\t<meta property=\"og:image:type\" content=\"image\/png\" \/>\n<meta name=\"twitter:card\" content=\"summary_large_image\" \/>\n<meta name=\"twitter:label1\" content=\"Ansl. lesetid\" \/>\n\t<meta name=\"twitter:data1\" content=\"2 minutter\" \/>\n<script type=\"application\/ld+json\" class=\"yoast-schema-graph\">{\"@context\":\"https:\/\/schema.org\",\"@graph\":[{\"@type\":\"WebPage\",\"@id\":\"https:\/\/staging.forenteforlag.no\/dreyers\/produkt\/kampen-om-verdensmakten-3\/\",\"url\":\"https:\/\/staging.forenteforlag.no\/dreyers\/produkt\/kampen-om-verdensmakten-3\/\",\"name\":\"Kampen om verdensmakten - Dreyers Forlag\",\"isPartOf\":{\"@id\":\"https:\/\/staging.forenteforlag.no\/dreyers\/#website\"},\"primaryImageOfPage\":{\"@id\":\"https:\/\/staging.forenteforlag.no\/dreyers\/produkt\/kampen-om-verdensmakten-3\/#primaryimage\"},\"image\":{\"@id\":\"https:\/\/staging.forenteforlag.no\/dreyers\/produkt\/kampen-om-verdensmakten-3\/#primaryimage\"},\"thumbnailUrl\":\"https:\/\/staging.forenteforlag.no\/dreyers\/wp-content\/uploads\/sites\/2\/2025\/08\/jpg-33-scaled.png\",\"datePublished\":\"2025-04-07T12:14:42+00:00\",\"dateModified\":\"2025-11-19T07:14:55+00:00\",\"breadcrumb\":{\"@id\":\"https:\/\/staging.forenteforlag.no\/dreyers\/produkt\/kampen-om-verdensmakten-3\/#breadcrumb\"},\"inLanguage\":\"nb-NO\",\"potentialAction\":[{\"@type\":\"ReadAction\",\"target\":[\"https:\/\/staging.forenteforlag.no\/dreyers\/produkt\/kampen-om-verdensmakten-3\/\"]}]},{\"@type\":\"ImageObject\",\"inLanguage\":\"nb-NO\",\"@id\":\"https:\/\/staging.forenteforlag.no\/dreyers\/produkt\/kampen-om-verdensmakten-3\/#primaryimage\",\"url\":\"https:\/\/staging.forenteforlag.no\/dreyers\/wp-content\/uploads\/sites\/2\/2025\/08\/jpg-33-scaled.png\",\"contentUrl\":\"https:\/\/staging.forenteforlag.no\/dreyers\/wp-content\/uploads\/sites\/2\/2025\/08\/jpg-33-scaled.png\",\"width\":1213,\"height\":1920},{\"@type\":\"BreadcrumbList\",\"@id\":\"https:\/\/staging.forenteforlag.no\/dreyers\/produkt\/kampen-om-verdensmakten-3\/#breadcrumb\",\"itemListElement\":[{\"@type\":\"ListItem\",\"position\":1,\"name\":\"Hjem\",\"item\":\"https:\/\/staging.forenteforlag.no\/dreyers\/\"},{\"@type\":\"ListItem\",\"position\":2,\"name\":\"Alle b\u00f8ker\",\"item\":\"https:\/\/staging.forenteforlag.no\/dreyers\/butikk\/\"},{\"@type\":\"ListItem\",\"position\":3,\"name\":\"Kampen om verdensmakten\"}]},{\"@type\":\"WebSite\",\"@id\":\"https:\/\/staging.forenteforlag.no\/dreyers\/#website\",\"url\":\"https:\/\/staging.forenteforlag.no\/dreyers\/\",\"name\":\"Dreyers Forlag\",\"description\":\"\",\"potentialAction\":[{\"@type\":\"SearchAction\",\"target\":{\"@type\":\"EntryPoint\",\"urlTemplate\":\"https:\/\/staging.forenteforlag.no\/dreyers\/?s={search_term_string}\"},\"query-input\":{\"@type\":\"PropertyValueSpecification\",\"valueRequired\":true,\"valueName\":\"search_term_string\"}}],\"inLanguage\":\"nb-NO\"}]}<\/script>\n<!-- \/ Yoast SEO plugin. -->","yoast_head_json":{"title":"Kampen om verdensmakten - Dreyers Forlag","robots":{"index":"noindex","follow":"follow","max-snippet":"max-snippet:-1","max-image-preview":"max-image-preview:large","max-video-preview":"max-video-preview:-1"},"og_locale":"nb_NO","og_type":"article","og_title":"Kampen om verdensmakten - Dreyers Forlag","og_description":"USA og Kina er v\u00e5r tids supermakter. De befinner seg i en kamp om verdensmakten som vil forme det 21. \u00e5rhundret. Rivaliseringen mellom USA og Kina f\u00f8rer til \u00f8kt geopolitisk og milit\u00e6r spenning, ny teknologisk og \u00f8konomisk utvikling, samt en endret internasjonal orden. Hvordan har Kina blitt s\u00e5 mektig at det kan utfordre USA? Hvilke [&hellip;]","og_url":"https:\/\/staging.forenteforlag.no\/dreyers\/produkt\/kampen-om-verdensmakten-3\/","og_site_name":"Dreyers Forlag","article_modified_time":"2025-11-19T07:14:55+00:00","og_image":[{"width":1213,"height":1920,"url":"https:\/\/staging.forenteforlag.no\/dreyers\/wp-content\/uploads\/sites\/2\/2025\/08\/jpg-33-scaled.png","type":"image\/png"}],"twitter_card":"summary_large_image","twitter_misc":{"Ansl. lesetid":"2 minutter"},"schema":{"@context":"https:\/\/schema.org","@graph":[{"@type":"WebPage","@id":"https:\/\/staging.forenteforlag.no\/dreyers\/produkt\/kampen-om-verdensmakten-3\/","url":"https:\/\/staging.forenteforlag.no\/dreyers\/produkt\/kampen-om-verdensmakten-3\/","name":"Kampen om verdensmakten - Dreyers Forlag","isPartOf":{"@id":"https:\/\/staging.forenteforlag.no\/dreyers\/#website"},"primaryImageOfPage":{"@id":"https:\/\/staging.forenteforlag.no\/dreyers\/produkt\/kampen-om-verdensmakten-3\/#primaryimage"},"image":{"@id":"https:\/\/staging.forenteforlag.no\/dreyers\/produkt\/kampen-om-verdensmakten-3\/#primaryimage"},"thumbnailUrl":"https:\/\/staging.forenteforlag.no\/dreyers\/wp-content\/uploads\/sites\/2\/2025\/08\/jpg-33-scaled.png","datePublished":"2025-04-07T12:14:42+00:00","dateModified":"2025-11-19T07:14:55+00:00","breadcrumb":{"@id":"https:\/\/staging.forenteforlag.no\/dreyers\/produkt\/kampen-om-verdensmakten-3\/#breadcrumb"},"inLanguage":"nb-NO","potentialAction":[{"@type":"ReadAction","target":["https:\/\/staging.forenteforlag.no\/dreyers\/produkt\/kampen-om-verdensmakten-3\/"]}]},{"@type":"ImageObject","inLanguage":"nb-NO","@id":"https:\/\/staging.forenteforlag.no\/dreyers\/produkt\/kampen-om-verdensmakten-3\/#primaryimage","url":"https:\/\/staging.forenteforlag.no\/dreyers\/wp-content\/uploads\/sites\/2\/2025\/08\/jpg-33-scaled.png","contentUrl":"https:\/\/staging.forenteforlag.no\/dreyers\/wp-content\/uploads\/sites\/2\/2025\/08\/jpg-33-scaled.png","width":1213,"height":1920},{"@type":"BreadcrumbList","@id":"https:\/\/staging.forenteforlag.no\/dreyers\/produkt\/kampen-om-verdensmakten-3\/#breadcrumb","itemListElement":[{"@type":"ListItem","position":1,"name":"Hjem","item":"https:\/\/staging.forenteforlag.no\/dreyers\/"},{"@type":"ListItem","position":2,"name":"Alle b\u00f8ker","item":"https:\/\/staging.forenteforlag.no\/dreyers\/butikk\/"},{"@type":"ListItem","position":3,"name":"Kampen om verdensmakten"}]},{"@type":"WebSite","@id":"https:\/\/staging.forenteforlag.no\/dreyers\/#website","url":"https:\/\/staging.forenteforlag.no\/dreyers\/","name":"Dreyers Forlag","description":"","potentialAction":[{"@type":"SearchAction","target":{"@type":"EntryPoint","urlTemplate":"https:\/\/staging.forenteforlag.no\/dreyers\/?s={search_term_string}"},"query-input":{"@type":"PropertyValueSpecification","valueRequired":true,"valueName":"search_term_string"}}],"inLanguage":"nb-NO"}]}},"_links":{"self":[{"href":"https:\/\/staging.forenteforlag.no\/dreyers\/wp-json\/wp\/v2\/product\/23154","targetHints":{"allow":["GET"]}}],"collection":[{"href":"https:\/\/staging.forenteforlag.no\/dreyers\/wp-json\/wp\/v2\/product"}],"about":[{"href":"https:\/\/staging.forenteforlag.no\/dreyers\/wp-json\/wp\/v2\/types\/product"}],"wp:featuredmedia":[{"embeddable":true,"href":"https:\/\/staging.forenteforlag.no\/dreyers\/wp-json\/wp\/v2\/media\/24531"}],"wp:attachment":[{"href":"https:\/\/staging.forenteforlag.no\/dreyers\/wp-json\/wp\/v2\/media?parent=23154"}],"wp:term":[{"taxonomy":"product_brand","embeddable":true,"href":"https:\/\/staging.forenteforlag.no\/dreyers\/wp-json\/wp\/v2\/product_brand?post=23154"},{"taxonomy":"product_cat","embeddable":true,"href":"https:\/\/staging.forenteforlag.no\/dreyers\/wp-json\/wp\/v2\/product_cat?post=23154"},{"taxonomy":"product_tag","embeddable":true,"href":"https:\/\/staging.forenteforlag.no\/dreyers\/wp-json\/wp\/v2\/product_tag?post=23154"}],"curies":[{"name":"wp","href":"https:\/\/api.w.org\/{rel}","templated":true}]}}

<p>USA og Kina er vår tids supermakter. De befinner seg i en kamp om verdensmakten som vil forme det 21. århundret. Rivaliseringen mellom USA og Kina fører til økt geopolitisk og militær spenning, ny teknologisk og økonomisk utvikling, samt en endret internasjonal orden.</p>
<p>Hvordan har Kina blitt så mektig at det kan utfordre USA? Hvilke konsekvenser vil den nye supermaktsrivaliseringen føre til for NATO, Europa og Norge? Kinas vekst har ført til en maktforskyvning verden aldri har sett maken til. Dette minner om den kalde krigen, men til tross for at det igjen er to stater som er langt mektigere enn alle andre, er interaksjonen og rivaliseringen mellom USA og Kina annerledes enn mellom USA og Sovjetunionen. De nye supermaktene befinner seg i en konfliktfylt sameksistens – ikke en ny kald krig.</p>
<p>Den nye blandingen av konflikt og sameksistens gjør også at NATO, Europa, Norge og Russland har et annerledes handlingsrom enn under den kalde krigen. Men det er USA og Kina som kjemper om verdensmakten. Boka gir innsikt i hvordan denne maktkampen vil utspille seg og hvem som trolig vinner kampen om verdensmakten.</p>

<p>USA og Kina er vår tids supermakter. De befinner seg i en kamp om verdensmakten som vil forme det 21. århundret. Rivaliseringen mellom USA og Kina fører til økt geopolitisk og militær spenning, ny teknologisk og økonomisk utvikling, samt en endret internasjonal orden. Hvordan har Kina blitt så mektig at det kan utfordre USA? Hvilke [&hellip;]</p>

<!-- This site is optimized with the Yoast SEO plugin v26.6 - https://yoast.com/wordpress/plugins/seo/ -->
<title>Kampen om verdensmakten - Dreyers Forlag</title>
<meta name="robots" content="noindex, follow, max-snippet:-1, max-image-preview:large, max-video-preview:-1" />
<meta property="og:locale" content="nb_NO" />
<meta property="og:type" content="article" />
<meta property="og:title" content="Kampen om verdensmakten - Dreyers Forlag" />
<meta property="og:description" content="USA og Kina er vår tids supermakter. De befinner seg i en kamp om verdensmakten som vil forme det 21. århundret. Rivaliseringen mellom USA og Kina fører til økt geopolitisk og militær spenning, ny teknologisk og økonomisk utvikling, samt en endret internasjonal orden. Hvordan har Kina blitt så mektig at det kan utfordre USA? Hvilke [&hellip;]" />
<meta property="og:url" content="https://staging.forenteforlag.no/dreyers/produkt/kampen-om-verdensmakten-3/" />
<meta property="og:site_name" content="Dreyers Forlag" />
<meta property="article:modified_time" content="2025-11-19T07:14:55+00:00" />
<meta property="og:image" content="https://staging.forenteforlag.no/dreyers/wp-content/uploads/sites/2/2025/08/jpg-33-scaled.png" />
	<meta property="og:image:width" content="1213" />
	<meta property="og:image:height" content="1920" />
	<meta property="og:image:type" content="image/png" />
<meta name="twitter:card" content="summary_large_image" />
<meta name="twitter:label1" content="Ansl. lesetid" />
	<meta name="twitter:data1" content="2 minutter" />
<script type="application/ld+json" class="yoast-schema-graph">{"@context":"https://schema.org","@graph":[{"@type":"WebPage","@id":"https://staging.forenteforlag.no/dreyers/produkt/kampen-om-verdensmakten-3/","url":"https://staging.forenteforlag.no/dreyers/produkt/kampen-om-verdensmakten-3/","name":"Kampen om verdensmakten - Dreyers Forlag","isPartOf":{"@id":"https://staging.forenteforlag.no/dreyers/#website"},"primaryImageOfPage":{"@id":"https://staging.forenteforlag.no/dreyers/produkt/kampen-om-verdensmakten-3/#primaryimage"},"image":{"@id":"https://staging.forenteforlag.no/dreyers/produkt/kampen-om-verdensmakten-3/#primaryimage"},"thumbnailUrl":"https://staging.forenteforlag.no/dreyers/wp-content/uploads/sites/2/2025/08/jpg-33-scaled.png","datePublished":"2025-04-07T12:14:42+00:00","dateModified":"2025-11-19T07:14:55+00:00","breadcrumb":{"@id":"https://staging.forenteforlag.no/dreyers/produkt/kampen-om-verdensmakten-3/#breadcrumb"},"inLanguage":"nb-NO","potentialAction":[{"@type":"ReadAction","target":["https://staging.forenteforlag.no/dreyers/produkt/kampen-om-verdensmakten-3/"]}]},{"@type":"ImageObject","inLanguage":"nb-NO","@id":"https://staging.forenteforlag.no/dreyers/produkt/kampen-om-verdensmakten-3/#primaryimage","url":"https://staging.forenteforlag.no/dreyers/wp-content/uploads/sites/2/2025/08/jpg-33-scaled.png","contentUrl":"https://staging.forenteforlag.no/dreyers/wp-content/uploads/sites/2/2025/08/jpg-33-scaled.png","width":1213,"height":1920},{"@type":"BreadcrumbList","@id":"https://staging.forenteforlag.no/dreyers/produkt/kampen-om-verdensmakten-3/#breadcrumb","itemListElement":[{"@type":"ListItem","position":1,"name":"Hjem","item":"https://staging.forenteforlag.no/dreyers/"},{"@type":"ListItem","position":2,"name":"Alle bøker","item":"https://staging.forenteforlag.no/dreyers/butikk/"},{"@type":"ListItem","position":3,"name":"Kampen om verdensmakten"}]},{"@type":"WebSite","@id":"https://staging.forenteforlag.no/dreyers/#website","url":"https://staging.forenteforlag.no/dreyers/","name":"Dreyers Forlag","description":"","potentialAction":[{"@type":"SearchAction","target":{"@type":"EntryPoint","urlTemplate":"https://staging.forenteforlag.no/dreyers/?s={search_term_string}"},"query-input":{"@type":"PropertyValueSpecification","valueRequired":true,"valueName":"search_term_string"}}],"inLanguage":"nb-NO"}]}</script>
<!-- / Yoast SEO plugin. -->

USA og Kina er vår tids supermakter. De befinner seg i en kamp om verdensmakten som vil forme det 21. århundret. Rivaliseringen mellom USA og Kina fører til økt geopolitisk og militær spenning, ny teknologisk og økonomisk utvikling, samt en endret internasjonal orden. Hvordan har Kina blitt så mektig at det kan utfordre USA? Hvilke [&hellip;]

Alle bøker
