{"id":23061,"date":"2024-12-04T02:10:45","date_gmt":"2024-12-04T01:10:45","guid":{"rendered":"https:\/\/dreyersforlag.no\/produkt\/fra-barks-til-quisling\/"},"modified":"2026-01-05T05:18:52","modified_gmt":"2026-01-05T04:18:52","slug":"fra-barks-til-quisling","status":"publish","type":"product","link":"https:\/\/staging.forenteforlag.no\/dreyers\/produkt\/fra-barks-til-quisling\/","title":{"rendered":"Fra Barks til Quisling"},"content":{"rendered":"<p>Den 17. oktober 2024 fylte professor i historie, \u00d8ystein S\u00f8rensen, 70 \u00e5r.<\/p>\n<p>S\u00f8rensen har et omfattende historiefaglig kompetansefelt, s\u00e6rlig knyttet til politiske ideer. Han har bidratt med nye innsikter til id\u00e9historie, nasjonalisme, totalitarisme, 2. verdenskrig, konspirasjonsteorier og den svensk-norske unionen \u2013 for bare \u00e5 nevne noen av hans faglige interesseomr\u00e5der. Like viktig er hans evne til \u00e5 formidle disse innsiktene. Gjennom avisspalter, etermedier, sakprosab\u00f8ker og undervisning har S\u00f8rensen et s\u00e6rdeles bredt nedslagsfelt som fagperson.<\/p>\n<p>S\u00f8rensen er imidlertid mer enn en historieprofessor. Som han selv har uttalt, s\u00e5 er det tegneserier han \u00abvirkelig brenner for\u00bb. S\u00e6rlig har han markert seg som donaldist og har i en \u00e5rrekke forent denne interessen med sin formidlingsevne og faglige innsikter. N\u00e5r han ikke har gjort det, s\u00e5 har han beskjeftiget seg med andre av sine gl\u00f8dende interesser: musikk, spesifikt rock, og fotball.<\/p>\n<p>Med en s\u00e5 variert palett av kompetanse og interesser sto det klart for redakt\u00f8rene at et festskrift i anledning S\u00f8rensens 70-\u00e5rsdag m\u00e5tte anlegges litt annerledes enn vanlig innen sjangeren. I tr\u00e5d med hovedpersonen selv, har redakt\u00f8rene tilstrebet et festskrift som er litt l\u00f8sere i snippen, favner litt bredere, og er mindre formelt. Festskriftet rommer derfor bidrag i hele spennet fra personlige beretninger til historievitenskapelige forskningsartikler. Resultatet er et eklektisk utvalg av kapitler, som redakt\u00f8rene h\u00e5per at gjenspeiler mest mulig av bredden i fenomenet \u00d8ystein S\u00f8rensen.<\/p>\n","protected":false},"excerpt":{"rendered":"<p>Den 17. oktober 2024 fylte professor i historie, \u00d8ystein S\u00f8rensen, 70 \u00e5r. S\u00f8rensen har et omfattende historiefaglig kompetansefelt, s\u00e6rlig knyttet til politiske ideer. Han har bidratt med nye innsikter til id\u00e9historie, nasjonalisme, totalitarisme, 2. verdenskrig, konspirasjonsteorier og den svensk-norske unionen \u2013 for bare \u00e5 nevne noen av hans faglige interesseomr\u00e5der. Like viktig er hans evne [&hellip;]<\/p>\n","protected":false},"featured_media":24367,"template":"","meta":{"_acf_changed":false,"inline_featured_image":false},"product_brand":[],"product_cat":[20,1784],"product_tag":[362],"class_list":{"0":"post-23061","1":"product","2":"type-product","3":"status-publish","4":"has-post-thumbnail","6":"product_cat-biografier-og-memoarer","7":"product_cat-fastpris","8":"product_tag-faglitteratur","9":"pa_format-innbundet","11":"first","12":"instock","13":"shipping-taxable","14":"purchasable","15":"product-type-simple"},"acf":{"anmeldelse":null},"yoast_head":"<!-- This site is optimized with the Yoast SEO plugin v26.6 - https:\/\/yoast.com\/wordpress\/plugins\/seo\/ -->\n<title>Fra Barks til Quisling - Dreyers Forlag<\/title>\n<meta name=\"robots\" content=\"noindex, follow, max-snippet:-1, max-image-preview:large, max-video-preview:-1\" \/>\n<meta property=\"og:locale\" content=\"nb_NO\" \/>\n<meta property=\"og:type\" content=\"article\" \/>\n<meta property=\"og:title\" content=\"Fra Barks til Quisling - Dreyers Forlag\" \/>\n<meta property=\"og:description\" content=\"Den 17. oktober 2024 fylte professor i historie, \u00d8ystein S\u00f8rensen, 70 \u00e5r. S\u00f8rensen har et omfattende historiefaglig kompetansefelt, s\u00e6rlig knyttet til politiske ideer. Han har bidratt med nye innsikter til id\u00e9historie, nasjonalisme, totalitarisme, 2. verdenskrig, konspirasjonsteorier og den svensk-norske unionen \u2013 for bare \u00e5 nevne noen av hans faglige interesseomr\u00e5der. Like viktig er hans evne [&hellip;]\" \/>\n<meta property=\"og:url\" content=\"https:\/\/staging.forenteforlag.no\/dreyers\/produkt\/fra-barks-til-quisling\/\" \/>\n<meta property=\"og:site_name\" content=\"Dreyers Forlag\" \/>\n<meta property=\"article:modified_time\" content=\"2026-01-05T04:18:52+00:00\" \/>\n<meta property=\"og:image\" content=\"https:\/\/staging.forenteforlag.no\/dreyers\/wp-content\/uploads\/sites\/2\/2025\/08\/jpg-8746-scaled-1-scaled.jpg\" \/>\n\t<meta property=\"og:image:width\" content=\"1318\" \/>\n\t<meta property=\"og:image:height\" content=\"1920\" \/>\n\t<meta property=\"og:image:type\" content=\"image\/jpeg\" \/>\n<meta name=\"twitter:card\" content=\"summary_large_image\" \/>\n<meta name=\"twitter:label1\" content=\"Ansl. lesetid\" \/>\n\t<meta name=\"twitter:data1\" content=\"2 minutter\" \/>\n<script type=\"application\/ld+json\" class=\"yoast-schema-graph\">{\"@context\":\"https:\/\/schema.org\",\"@graph\":[{\"@type\":\"WebPage\",\"@id\":\"https:\/\/staging.forenteforlag.no\/dreyers\/produkt\/fra-barks-til-quisling\/\",\"url\":\"https:\/\/staging.forenteforlag.no\/dreyers\/produkt\/fra-barks-til-quisling\/\",\"name\":\"Fra Barks til Quisling - Dreyers Forlag\",\"isPartOf\":{\"@id\":\"https:\/\/staging.forenteforlag.no\/dreyers\/#website\"},\"primaryImageOfPage\":{\"@id\":\"https:\/\/staging.forenteforlag.no\/dreyers\/produkt\/fra-barks-til-quisling\/#primaryimage\"},\"image\":{\"@id\":\"https:\/\/staging.forenteforlag.no\/dreyers\/produkt\/fra-barks-til-quisling\/#primaryimage\"},\"thumbnailUrl\":\"https:\/\/staging.forenteforlag.no\/dreyers\/wp-content\/uploads\/sites\/2\/2025\/08\/jpg-8746-scaled-1-scaled.jpg\",\"datePublished\":\"2024-12-04T01:10:45+00:00\",\"dateModified\":\"2026-01-05T04:18:52+00:00\",\"breadcrumb\":{\"@id\":\"https:\/\/staging.forenteforlag.no\/dreyers\/produkt\/fra-barks-til-quisling\/#breadcrumb\"},\"inLanguage\":\"nb-NO\",\"potentialAction\":[{\"@type\":\"ReadAction\",\"target\":[\"https:\/\/staging.forenteforlag.no\/dreyers\/produkt\/fra-barks-til-quisling\/\"]}]},{\"@type\":\"ImageObject\",\"inLanguage\":\"nb-NO\",\"@id\":\"https:\/\/staging.forenteforlag.no\/dreyers\/produkt\/fra-barks-til-quisling\/#primaryimage\",\"url\":\"https:\/\/staging.forenteforlag.no\/dreyers\/wp-content\/uploads\/sites\/2\/2025\/08\/jpg-8746-scaled-1-scaled.jpg\",\"contentUrl\":\"https:\/\/staging.forenteforlag.no\/dreyers\/wp-content\/uploads\/sites\/2\/2025\/08\/jpg-8746-scaled-1-scaled.jpg\",\"width\":1318,\"height\":1920},{\"@type\":\"BreadcrumbList\",\"@id\":\"https:\/\/staging.forenteforlag.no\/dreyers\/produkt\/fra-barks-til-quisling\/#breadcrumb\",\"itemListElement\":[{\"@type\":\"ListItem\",\"position\":1,\"name\":\"Hjem\",\"item\":\"https:\/\/staging.forenteforlag.no\/dreyers\/\"},{\"@type\":\"ListItem\",\"position\":2,\"name\":\"Alle b\u00f8ker\",\"item\":\"https:\/\/staging.forenteforlag.no\/dreyers\/butikk\/\"},{\"@type\":\"ListItem\",\"position\":3,\"name\":\"Fra Barks til Quisling\"}]},{\"@type\":\"WebSite\",\"@id\":\"https:\/\/staging.forenteforlag.no\/dreyers\/#website\",\"url\":\"https:\/\/staging.forenteforlag.no\/dreyers\/\",\"name\":\"Dreyers Forlag\",\"description\":\"\",\"potentialAction\":[{\"@type\":\"SearchAction\",\"target\":{\"@type\":\"EntryPoint\",\"urlTemplate\":\"https:\/\/staging.forenteforlag.no\/dreyers\/?s={search_term_string}\"},\"query-input\":{\"@type\":\"PropertyValueSpecification\",\"valueRequired\":true,\"valueName\":\"search_term_string\"}}],\"inLanguage\":\"nb-NO\"}]}<\/script>\n<!-- \/ Yoast SEO plugin. -->","yoast_head_json":{"title":"Fra Barks til Quisling - Dreyers Forlag","robots":{"index":"noindex","follow":"follow","max-snippet":"max-snippet:-1","max-image-preview":"max-image-preview:large","max-video-preview":"max-video-preview:-1"},"og_locale":"nb_NO","og_type":"article","og_title":"Fra Barks til Quisling - Dreyers Forlag","og_description":"Den 17. oktober 2024 fylte professor i historie, \u00d8ystein S\u00f8rensen, 70 \u00e5r. S\u00f8rensen har et omfattende historiefaglig kompetansefelt, s\u00e6rlig knyttet til politiske ideer. Han har bidratt med nye innsikter til id\u00e9historie, nasjonalisme, totalitarisme, 2. verdenskrig, konspirasjonsteorier og den svensk-norske unionen \u2013 for bare \u00e5 nevne noen av hans faglige interesseomr\u00e5der. Like viktig er hans evne [&hellip;]","og_url":"https:\/\/staging.forenteforlag.no\/dreyers\/produkt\/fra-barks-til-quisling\/","og_site_name":"Dreyers Forlag","article_modified_time":"2026-01-05T04:18:52+00:00","og_image":[{"width":1318,"height":1920,"url":"https:\/\/staging.forenteforlag.no\/dreyers\/wp-content\/uploads\/sites\/2\/2025\/08\/jpg-8746-scaled-1-scaled.jpg","type":"image\/jpeg"}],"twitter_card":"summary_large_image","twitter_misc":{"Ansl. lesetid":"2 minutter"},"schema":{"@context":"https:\/\/schema.org","@graph":[{"@type":"WebPage","@id":"https:\/\/staging.forenteforlag.no\/dreyers\/produkt\/fra-barks-til-quisling\/","url":"https:\/\/staging.forenteforlag.no\/dreyers\/produkt\/fra-barks-til-quisling\/","name":"Fra Barks til Quisling - Dreyers Forlag","isPartOf":{"@id":"https:\/\/staging.forenteforlag.no\/dreyers\/#website"},"primaryImageOfPage":{"@id":"https:\/\/staging.forenteforlag.no\/dreyers\/produkt\/fra-barks-til-quisling\/#primaryimage"},"image":{"@id":"https:\/\/staging.forenteforlag.no\/dreyers\/produkt\/fra-barks-til-quisling\/#primaryimage"},"thumbnailUrl":"https:\/\/staging.forenteforlag.no\/dreyers\/wp-content\/uploads\/sites\/2\/2025\/08\/jpg-8746-scaled-1-scaled.jpg","datePublished":"2024-12-04T01:10:45+00:00","dateModified":"2026-01-05T04:18:52+00:00","breadcrumb":{"@id":"https:\/\/staging.forenteforlag.no\/dreyers\/produkt\/fra-barks-til-quisling\/#breadcrumb"},"inLanguage":"nb-NO","potentialAction":[{"@type":"ReadAction","target":["https:\/\/staging.forenteforlag.no\/dreyers\/produkt\/fra-barks-til-quisling\/"]}]},{"@type":"ImageObject","inLanguage":"nb-NO","@id":"https:\/\/staging.forenteforlag.no\/dreyers\/produkt\/fra-barks-til-quisling\/#primaryimage","url":"https:\/\/staging.forenteforlag.no\/dreyers\/wp-content\/uploads\/sites\/2\/2025\/08\/jpg-8746-scaled-1-scaled.jpg","contentUrl":"https:\/\/staging.forenteforlag.no\/dreyers\/wp-content\/uploads\/sites\/2\/2025\/08\/jpg-8746-scaled-1-scaled.jpg","width":1318,"height":1920},{"@type":"BreadcrumbList","@id":"https:\/\/staging.forenteforlag.no\/dreyers\/produkt\/fra-barks-til-quisling\/#breadcrumb","itemListElement":[{"@type":"ListItem","position":1,"name":"Hjem","item":"https:\/\/staging.forenteforlag.no\/dreyers\/"},{"@type":"ListItem","position":2,"name":"Alle b\u00f8ker","item":"https:\/\/staging.forenteforlag.no\/dreyers\/butikk\/"},{"@type":"ListItem","position":3,"name":"Fra Barks til Quisling"}]},{"@type":"WebSite","@id":"https:\/\/staging.forenteforlag.no\/dreyers\/#website","url":"https:\/\/staging.forenteforlag.no\/dreyers\/","name":"Dreyers Forlag","description":"","potentialAction":[{"@type":"SearchAction","target":{"@type":"EntryPoint","urlTemplate":"https:\/\/staging.forenteforlag.no\/dreyers\/?s={search_term_string}"},"query-input":{"@type":"PropertyValueSpecification","valueRequired":true,"valueName":"search_term_string"}}],"inLanguage":"nb-NO"}]}},"_links":{"self":[{"href":"https:\/\/staging.forenteforlag.no\/dreyers\/wp-json\/wp\/v2\/product\/23061","targetHints":{"allow":["GET"]}}],"collection":[{"href":"https:\/\/staging.forenteforlag.no\/dreyers\/wp-json\/wp\/v2\/product"}],"about":[{"href":"https:\/\/staging.forenteforlag.no\/dreyers\/wp-json\/wp\/v2\/types\/product"}],"wp:featuredmedia":[{"embeddable":true,"href":"https:\/\/staging.forenteforlag.no\/dreyers\/wp-json\/wp\/v2\/media\/24367"}],"wp:attachment":[{"href":"https:\/\/staging.forenteforlag.no\/dreyers\/wp-json\/wp\/v2\/media?parent=23061"}],"wp:term":[{"taxonomy":"product_brand","embeddable":true,"href":"https:\/\/staging.forenteforlag.no\/dreyers\/wp-json\/wp\/v2\/product_brand?post=23061"},{"taxonomy":"product_cat","embeddable":true,"href":"https:\/\/staging.forenteforlag.no\/dreyers\/wp-json\/wp\/v2\/product_cat?post=23061"},{"taxonomy":"product_tag","embeddable":true,"href":"https:\/\/staging.forenteforlag.no\/dreyers\/wp-json\/wp\/v2\/product_tag?post=23061"}],"curies":[{"name":"wp","href":"https:\/\/api.w.org\/{rel}","templated":true}]}}

<p>Den 17. oktober 2024 fylte professor i historie, Øystein Sørensen, 70 år.</p>
<p>Sørensen har et omfattende historiefaglig kompetansefelt, særlig knyttet til politiske ideer. Han har bidratt med nye innsikter til idéhistorie, nasjonalisme, totalitarisme, 2. verdenskrig, konspirasjonsteorier og den svensk-norske unionen – for bare å nevne noen av hans faglige interesseområder. Like viktig er hans evne til å formidle disse innsiktene. Gjennom avisspalter, etermedier, sakprosabøker og undervisning har Sørensen et særdeles bredt nedslagsfelt som fagperson.</p>
<p>Sørensen er imidlertid mer enn en historieprofessor. Som han selv har uttalt, så er det tegneserier han «virkelig brenner for». Særlig har han markert seg som donaldist og har i en årrekke forent denne interessen med sin formidlingsevne og faglige innsikter. Når han ikke har gjort det, så har han beskjeftiget seg med andre av sine glødende interesser: musikk, spesifikt rock, og fotball.</p>
<p>Med en så variert palett av kompetanse og interesser sto det klart for redaktørene at et festskrift i anledning Sørensens 70-årsdag måtte anlegges litt annerledes enn vanlig innen sjangeren. I tråd med hovedpersonen selv, har redaktørene tilstrebet et festskrift som er litt løsere i snippen, favner litt bredere, og er mindre formelt. Festskriftet rommer derfor bidrag i hele spennet fra personlige beretninger til historievitenskapelige forskningsartikler. Resultatet er et eklektisk utvalg av kapitler, som redaktørene håper at gjenspeiler mest mulig av bredden i fenomenet Øystein Sørensen.</p>

<p>Den 17. oktober 2024 fylte professor i historie, Øystein Sørensen, 70 år. Sørensen har et omfattende historiefaglig kompetansefelt, særlig knyttet til politiske ideer. Han har bidratt med nye innsikter til idéhistorie, nasjonalisme, totalitarisme, 2. verdenskrig, konspirasjonsteorier og den svensk-norske unionen – for bare å nevne noen av hans faglige interesseområder. Like viktig er hans evne [&hellip;]</p>

<!-- This site is optimized with the Yoast SEO plugin v26.6 - https://yoast.com/wordpress/plugins/seo/ -->
<title>Fra Barks til Quisling - Dreyers Forlag</title>
<meta name="robots" content="noindex, follow, max-snippet:-1, max-image-preview:large, max-video-preview:-1" />
<meta property="og:locale" content="nb_NO" />
<meta property="og:type" content="article" />
<meta property="og:title" content="Fra Barks til Quisling - Dreyers Forlag" />
<meta property="og:description" content="Den 17. oktober 2024 fylte professor i historie, Øystein Sørensen, 70 år. Sørensen har et omfattende historiefaglig kompetansefelt, særlig knyttet til politiske ideer. Han har bidratt med nye innsikter til idéhistorie, nasjonalisme, totalitarisme, 2. verdenskrig, konspirasjonsteorier og den svensk-norske unionen – for bare å nevne noen av hans faglige interesseområder. Like viktig er hans evne [&hellip;]" />
<meta property="og:url" content="https://staging.forenteforlag.no/dreyers/produkt/fra-barks-til-quisling/" />
<meta property="og:site_name" content="Dreyers Forlag" />
<meta property="article:modified_time" content="2026-01-05T04:18:52+00:00" />
<meta property="og:image" content="https://staging.forenteforlag.no/dreyers/wp-content/uploads/sites/2/2025/08/jpg-8746-scaled-1-scaled.jpg" />
	<meta property="og:image:width" content="1318" />
	<meta property="og:image:height" content="1920" />
	<meta property="og:image:type" content="image/jpeg" />
<meta name="twitter:card" content="summary_large_image" />
<meta name="twitter:label1" content="Ansl. lesetid" />
	<meta name="twitter:data1" content="2 minutter" />
<script type="application/ld+json" class="yoast-schema-graph">{"@context":"https://schema.org","@graph":[{"@type":"WebPage","@id":"https://staging.forenteforlag.no/dreyers/produkt/fra-barks-til-quisling/","url":"https://staging.forenteforlag.no/dreyers/produkt/fra-barks-til-quisling/","name":"Fra Barks til Quisling - Dreyers Forlag","isPartOf":{"@id":"https://staging.forenteforlag.no/dreyers/#website"},"primaryImageOfPage":{"@id":"https://staging.forenteforlag.no/dreyers/produkt/fra-barks-til-quisling/#primaryimage"},"image":{"@id":"https://staging.forenteforlag.no/dreyers/produkt/fra-barks-til-quisling/#primaryimage"},"thumbnailUrl":"https://staging.forenteforlag.no/dreyers/wp-content/uploads/sites/2/2025/08/jpg-8746-scaled-1-scaled.jpg","datePublished":"2024-12-04T01:10:45+00:00","dateModified":"2026-01-05T04:18:52+00:00","breadcrumb":{"@id":"https://staging.forenteforlag.no/dreyers/produkt/fra-barks-til-quisling/#breadcrumb"},"inLanguage":"nb-NO","potentialAction":[{"@type":"ReadAction","target":["https://staging.forenteforlag.no/dreyers/produkt/fra-barks-til-quisling/"]}]},{"@type":"ImageObject","inLanguage":"nb-NO","@id":"https://staging.forenteforlag.no/dreyers/produkt/fra-barks-til-quisling/#primaryimage","url":"https://staging.forenteforlag.no/dreyers/wp-content/uploads/sites/2/2025/08/jpg-8746-scaled-1-scaled.jpg","contentUrl":"https://staging.forenteforlag.no/dreyers/wp-content/uploads/sites/2/2025/08/jpg-8746-scaled-1-scaled.jpg","width":1318,"height":1920},{"@type":"BreadcrumbList","@id":"https://staging.forenteforlag.no/dreyers/produkt/fra-barks-til-quisling/#breadcrumb","itemListElement":[{"@type":"ListItem","position":1,"name":"Hjem","item":"https://staging.forenteforlag.no/dreyers/"},{"@type":"ListItem","position":2,"name":"Alle bøker","item":"https://staging.forenteforlag.no/dreyers/butikk/"},{"@type":"ListItem","position":3,"name":"Fra Barks til Quisling"}]},{"@type":"WebSite","@id":"https://staging.forenteforlag.no/dreyers/#website","url":"https://staging.forenteforlag.no/dreyers/","name":"Dreyers Forlag","description":"","potentialAction":[{"@type":"SearchAction","target":{"@type":"EntryPoint","urlTemplate":"https://staging.forenteforlag.no/dreyers/?s={search_term_string}"},"query-input":{"@type":"PropertyValueSpecification","valueRequired":true,"valueName":"search_term_string"}}],"inLanguage":"nb-NO"}]}</script>
<!-- / Yoast SEO plugin. -->

Den 17. oktober 2024 fylte professor i historie, Øystein Sørensen, 70 år. Sørensen har et omfattende historiefaglig kompetansefelt, særlig knyttet til politiske ideer. Han har bidratt med nye innsikter til idéhistorie, nasjonalisme, totalitarisme, 2. verdenskrig, konspirasjonsteorier og den svensk-norske unionen – for bare å nevne noen av hans faglige interesseområder. Like viktig er hans evne [&hellip;]

Alle bøker
