{"id":23015,"date":"2006-01-01T13:59:16","date_gmt":"2006-01-01T12:59:16","guid":{"rendered":"https:\/\/dreyersforlag.no\/produkt\/galdhopiggen-falketind\/"},"modified":"2025-03-18T10:24:07","modified_gmt":"2025-03-18T09:24:07","slug":"galdhopiggen-falketind","status":"publish","type":"product","link":"https:\/\/staging.forenteforlag.no\/dreyers\/produkt\/galdhopiggen-falketind\/","title":{"rendered":"Galdh\u00f8piggen &#8211; Falketind"},"content":{"rendered":"<p>Serien p\u00e5 fire turguider viser, i tekst, kart og bilder, veg til alle 2000-metertoppene i Norge. I denne boka beskrives 81 topper i Jotunheimen, fra Galdh\u00f8piggen i nord til Falketind i s\u00f8r. Hovedvekt er lagt p\u00e5 selve rutebeskrivelsene, som er nyskrevet og omfattende. Noe stoff om historie, stedsnavn, landskap og geologi er det ogs\u00e5 blitt plass til.<\/p>\n","protected":false},"excerpt":{"rendered":"<p>Serien p\u00e5 fire turguider viser, i tekst, kart og bilder, veg til alle 2000-metertoppene i Norge. I denne boka beskrives 81 topper i Jotunheimen, fra Galdh\u00f8piggen i nord til Falketind i s\u00f8r. Hovedvekt er lagt p\u00e5 selve rutebeskrivelsene, som er nyskrevet og omfattende. Noe stoff om historie, stedsnavn, landskap og geologi er det ogs\u00e5 blitt [&hellip;]<\/p>\n","protected":false},"featured_media":23014,"template":"","meta":{"_acf_changed":false,"inline_featured_image":false},"product_brand":[],"product_cat":[1785,30],"product_tag":[],"class_list":{"0":"post-23015","1":"product","2":"type-product","3":"status-publish","4":"has-post-thumbnail","6":"product_cat-fripris","7":"product_cat-reise-og-geografi","8":"pa_format-innbundet","10":"first","11":"instock","12":"shipping-taxable","13":"purchasable","14":"product-type-simple"},"acf":{"anmeldelse":null},"yoast_head":"<!-- This site is optimized with the Yoast SEO plugin v26.6 - https:\/\/yoast.com\/wordpress\/plugins\/seo\/ -->\n<title>Galdh\u00f8piggen - Falketind - Dreyers Forlag<\/title>\n<meta name=\"robots\" content=\"noindex, follow, max-snippet:-1, max-image-preview:large, max-video-preview:-1\" \/>\n<meta property=\"og:locale\" content=\"nb_NO\" \/>\n<meta property=\"og:type\" content=\"article\" \/>\n<meta property=\"og:title\" content=\"Galdh\u00f8piggen - Falketind - Dreyers Forlag\" \/>\n<meta property=\"og:description\" content=\"Serien p\u00e5 fire turguider viser, i tekst, kart og bilder, veg til alle 2000-metertoppene i Norge. I denne boka beskrives 81 topper i Jotunheimen, fra Galdh\u00f8piggen i nord til Falketind i s\u00f8r. Hovedvekt er lagt p\u00e5 selve rutebeskrivelsene, som er nyskrevet og omfattende. Noe stoff om historie, stedsnavn, landskap og geologi er det ogs\u00e5 blitt [&hellip;]\" \/>\n<meta property=\"og:url\" content=\"https:\/\/staging.forenteforlag.no\/dreyers\/produkt\/galdhopiggen-falketind\/\" \/>\n<meta property=\"og:site_name\" content=\"Dreyers Forlag\" \/>\n<meta property=\"article:modified_time\" content=\"2025-03-18T09:24:07+00:00\" \/>\n<meta property=\"og:image\" content=\"https:\/\/staging.forenteforlag.no\/dreyers\/wp-content\/uploads\/sites\/2\/2025\/03\/9788279810308.jpeg\" \/>\n\t<meta property=\"og:image:width\" content=\"321\" \/>\n\t<meta property=\"og:image:height\" content=\"450\" \/>\n\t<meta property=\"og:image:type\" content=\"image\/jpeg\" \/>\n<meta name=\"twitter:card\" content=\"summary_large_image\" \/>\n<meta name=\"twitter:label1\" content=\"Ansl. lesetid\" \/>\n\t<meta name=\"twitter:data1\" content=\"1 minutt\" \/>\n<script type=\"application\/ld+json\" class=\"yoast-schema-graph\">{\"@context\":\"https:\/\/schema.org\",\"@graph\":[{\"@type\":\"WebPage\",\"@id\":\"https:\/\/staging.forenteforlag.no\/dreyers\/produkt\/galdhopiggen-falketind\/\",\"url\":\"https:\/\/staging.forenteforlag.no\/dreyers\/produkt\/galdhopiggen-falketind\/\",\"name\":\"Galdh\u00f8piggen - Falketind - Dreyers Forlag\",\"isPartOf\":{\"@id\":\"https:\/\/staging.forenteforlag.no\/dreyers\/#website\"},\"primaryImageOfPage\":{\"@id\":\"https:\/\/staging.forenteforlag.no\/dreyers\/produkt\/galdhopiggen-falketind\/#primaryimage\"},\"image\":{\"@id\":\"https:\/\/staging.forenteforlag.no\/dreyers\/produkt\/galdhopiggen-falketind\/#primaryimage\"},\"thumbnailUrl\":\"https:\/\/staging.forenteforlag.no\/dreyers\/wp-content\/uploads\/sites\/2\/2025\/03\/9788279810308.jpeg\",\"datePublished\":\"2006-01-01T12:59:16+00:00\",\"dateModified\":\"2025-03-18T09:24:07+00:00\",\"breadcrumb\":{\"@id\":\"https:\/\/staging.forenteforlag.no\/dreyers\/produkt\/galdhopiggen-falketind\/#breadcrumb\"},\"inLanguage\":\"nb-NO\",\"potentialAction\":[{\"@type\":\"ReadAction\",\"target\":[\"https:\/\/staging.forenteforlag.no\/dreyers\/produkt\/galdhopiggen-falketind\/\"]}]},{\"@type\":\"ImageObject\",\"inLanguage\":\"nb-NO\",\"@id\":\"https:\/\/staging.forenteforlag.no\/dreyers\/produkt\/galdhopiggen-falketind\/#primaryimage\",\"url\":\"https:\/\/staging.forenteforlag.no\/dreyers\/wp-content\/uploads\/sites\/2\/2025\/03\/9788279810308.jpeg\",\"contentUrl\":\"https:\/\/staging.forenteforlag.no\/dreyers\/wp-content\/uploads\/sites\/2\/2025\/03\/9788279810308.jpeg\",\"width\":321,\"height\":450},{\"@type\":\"BreadcrumbList\",\"@id\":\"https:\/\/staging.forenteforlag.no\/dreyers\/produkt\/galdhopiggen-falketind\/#breadcrumb\",\"itemListElement\":[{\"@type\":\"ListItem\",\"position\":1,\"name\":\"Hjem\",\"item\":\"https:\/\/staging.forenteforlag.no\/dreyers\/\"},{\"@type\":\"ListItem\",\"position\":2,\"name\":\"Alle b\u00f8ker\",\"item\":\"https:\/\/staging.forenteforlag.no\/dreyers\/butikk\/\"},{\"@type\":\"ListItem\",\"position\":3,\"name\":\"Galdh\u00f8piggen &#8211; Falketind\"}]},{\"@type\":\"WebSite\",\"@id\":\"https:\/\/staging.forenteforlag.no\/dreyers\/#website\",\"url\":\"https:\/\/staging.forenteforlag.no\/dreyers\/\",\"name\":\"Dreyers Forlag\",\"description\":\"\",\"potentialAction\":[{\"@type\":\"SearchAction\",\"target\":{\"@type\":\"EntryPoint\",\"urlTemplate\":\"https:\/\/staging.forenteforlag.no\/dreyers\/?s={search_term_string}\"},\"query-input\":{\"@type\":\"PropertyValueSpecification\",\"valueRequired\":true,\"valueName\":\"search_term_string\"}}],\"inLanguage\":\"nb-NO\"}]}<\/script>\n<!-- \/ Yoast SEO plugin. -->","yoast_head_json":{"title":"Galdh\u00f8piggen - Falketind - Dreyers Forlag","robots":{"index":"noindex","follow":"follow","max-snippet":"max-snippet:-1","max-image-preview":"max-image-preview:large","max-video-preview":"max-video-preview:-1"},"og_locale":"nb_NO","og_type":"article","og_title":"Galdh\u00f8piggen - Falketind - Dreyers Forlag","og_description":"Serien p\u00e5 fire turguider viser, i tekst, kart og bilder, veg til alle 2000-metertoppene i Norge. I denne boka beskrives 81 topper i Jotunheimen, fra Galdh\u00f8piggen i nord til Falketind i s\u00f8r. Hovedvekt er lagt p\u00e5 selve rutebeskrivelsene, som er nyskrevet og omfattende. Noe stoff om historie, stedsnavn, landskap og geologi er det ogs\u00e5 blitt [&hellip;]","og_url":"https:\/\/staging.forenteforlag.no\/dreyers\/produkt\/galdhopiggen-falketind\/","og_site_name":"Dreyers Forlag","article_modified_time":"2025-03-18T09:24:07+00:00","og_image":[{"width":321,"height":450,"url":"https:\/\/staging.forenteforlag.no\/dreyers\/wp-content\/uploads\/sites\/2\/2025\/03\/9788279810308.jpeg","type":"image\/jpeg"}],"twitter_card":"summary_large_image","twitter_misc":{"Ansl. lesetid":"1 minutt"},"schema":{"@context":"https:\/\/schema.org","@graph":[{"@type":"WebPage","@id":"https:\/\/staging.forenteforlag.no\/dreyers\/produkt\/galdhopiggen-falketind\/","url":"https:\/\/staging.forenteforlag.no\/dreyers\/produkt\/galdhopiggen-falketind\/","name":"Galdh\u00f8piggen - Falketind - Dreyers Forlag","isPartOf":{"@id":"https:\/\/staging.forenteforlag.no\/dreyers\/#website"},"primaryImageOfPage":{"@id":"https:\/\/staging.forenteforlag.no\/dreyers\/produkt\/galdhopiggen-falketind\/#primaryimage"},"image":{"@id":"https:\/\/staging.forenteforlag.no\/dreyers\/produkt\/galdhopiggen-falketind\/#primaryimage"},"thumbnailUrl":"https:\/\/staging.forenteforlag.no\/dreyers\/wp-content\/uploads\/sites\/2\/2025\/03\/9788279810308.jpeg","datePublished":"2006-01-01T12:59:16+00:00","dateModified":"2025-03-18T09:24:07+00:00","breadcrumb":{"@id":"https:\/\/staging.forenteforlag.no\/dreyers\/produkt\/galdhopiggen-falketind\/#breadcrumb"},"inLanguage":"nb-NO","potentialAction":[{"@type":"ReadAction","target":["https:\/\/staging.forenteforlag.no\/dreyers\/produkt\/galdhopiggen-falketind\/"]}]},{"@type":"ImageObject","inLanguage":"nb-NO","@id":"https:\/\/staging.forenteforlag.no\/dreyers\/produkt\/galdhopiggen-falketind\/#primaryimage","url":"https:\/\/staging.forenteforlag.no\/dreyers\/wp-content\/uploads\/sites\/2\/2025\/03\/9788279810308.jpeg","contentUrl":"https:\/\/staging.forenteforlag.no\/dreyers\/wp-content\/uploads\/sites\/2\/2025\/03\/9788279810308.jpeg","width":321,"height":450},{"@type":"BreadcrumbList","@id":"https:\/\/staging.forenteforlag.no\/dreyers\/produkt\/galdhopiggen-falketind\/#breadcrumb","itemListElement":[{"@type":"ListItem","position":1,"name":"Hjem","item":"https:\/\/staging.forenteforlag.no\/dreyers\/"},{"@type":"ListItem","position":2,"name":"Alle b\u00f8ker","item":"https:\/\/staging.forenteforlag.no\/dreyers\/butikk\/"},{"@type":"ListItem","position":3,"name":"Galdh\u00f8piggen &#8211; Falketind"}]},{"@type":"WebSite","@id":"https:\/\/staging.forenteforlag.no\/dreyers\/#website","url":"https:\/\/staging.forenteforlag.no\/dreyers\/","name":"Dreyers Forlag","description":"","potentialAction":[{"@type":"SearchAction","target":{"@type":"EntryPoint","urlTemplate":"https:\/\/staging.forenteforlag.no\/dreyers\/?s={search_term_string}"},"query-input":{"@type":"PropertyValueSpecification","valueRequired":true,"valueName":"search_term_string"}}],"inLanguage":"nb-NO"}]}},"_links":{"self":[{"href":"https:\/\/staging.forenteforlag.no\/dreyers\/wp-json\/wp\/v2\/product\/23015","targetHints":{"allow":["GET"]}}],"collection":[{"href":"https:\/\/staging.forenteforlag.no\/dreyers\/wp-json\/wp\/v2\/product"}],"about":[{"href":"https:\/\/staging.forenteforlag.no\/dreyers\/wp-json\/wp\/v2\/types\/product"}],"wp:featuredmedia":[{"embeddable":true,"href":"https:\/\/staging.forenteforlag.no\/dreyers\/wp-json\/wp\/v2\/media\/23014"}],"wp:attachment":[{"href":"https:\/\/staging.forenteforlag.no\/dreyers\/wp-json\/wp\/v2\/media?parent=23015"}],"wp:term":[{"taxonomy":"product_brand","embeddable":true,"href":"https:\/\/staging.forenteforlag.no\/dreyers\/wp-json\/wp\/v2\/product_brand?post=23015"},{"taxonomy":"product_cat","embeddable":true,"href":"https:\/\/staging.forenteforlag.no\/dreyers\/wp-json\/wp\/v2\/product_cat?post=23015"},{"taxonomy":"product_tag","embeddable":true,"href":"https:\/\/staging.forenteforlag.no\/dreyers\/wp-json\/wp\/v2\/product_tag?post=23015"}],"curies":[{"name":"wp","href":"https:\/\/api.w.org\/{rel}","templated":true}]}}