{"id":21698,"date":"2014-07-28T02:00:00","date_gmt":"2014-07-28T00:00:00","guid":{"rendered":"https:\/\/dreyersforlag.forenteforlag.no\/produkt\/intellektuelle-og-det-totalitaere\/"},"modified":"2025-09-04T14:10:06","modified_gmt":"2025-09-04T12:10:06","slug":"intellektuelle-og-det-totalitaere","status":"publish","type":"product","link":"https:\/\/staging.forenteforlag.no\/dreyers\/produkt\/intellektuelle-og-det-totalitaere\/","title":{"rendered":"Intellektuelle og det totalit\u00e6re"},"content":{"rendered":"<p>Denne boka handler om intellektuelle som p\u00e5 ulike m\u00e5ter har omfavnet, legitimert, unnskyldt eller bortforklart noen av de verste og inhumane politiske regimer menneskeheten har opplevd. Vi m\u00f8ter b\u00e5de mennesker som har levd under totalit\u00e6re regimer og mennesker som har levd og virket i frie, demokratiske samfunn.<\/p>\n<p>Hvordan kunne s\u00e5 mange intellektuelle ta s\u00e5 feil, og til tider monumentalt, grotesk og arrogant feil? Dette er p\u00e5 mange m\u00e5ter en trist historie, en historie om fascinasjon og f\u00f8lelsesmessig dragning, om mennesker som blir fanget inn av sine egne ideer. Til sammen fanger artiklene inn viktige sider ved det 20. \u00e5rhundre &#8211; og temmelig sikkert det 21. ogs\u00e5.<\/p>\n<p>Tidligere utgitt i serien: Ideologi og terror &#8211; totalit\u00e6re ideer og regimer, Politikk og religion &#8211; en farlig kombinasjon?, H\u00f8yreekstremisme &#8211; ideer og bevegelser i Europa og Venstreekstremisme.<\/p>\n","protected":false},"excerpt":{"rendered":"<p>Denne boka handler om intellektuelle som p\u00e5 ulike m\u00e5ter har omfavnet, legitimert, unnskyldt eller bortforklart noen av de verste og inhumane politiske regimer menneskeheten har opplevd. Vi m\u00f8ter b\u00e5de mennesker som har levd under totalit\u00e6re regimer og mennesker som har levd og virket i frie, demokratiske samfunn. Hvordan kunne s\u00e5 mange intellektuelle ta s\u00e5 feil, [&hellip;]<\/p>\n","protected":false},"featured_media":24337,"template":"","meta":{"_acf_changed":false,"inline_featured_image":false},"product_brand":[],"product_cat":[1785,32],"product_tag":[362,556],"class_list":{"0":"post-21698","1":"product","2":"type-product","3":"status-publish","4":"has-post-thumbnail","6":"product_cat-fripris","7":"product_cat-samfunn-og-politikk","8":"product_tag-faglitteratur","9":"product_tag-totalitarisme","10":"pa_format-mykperm","12":"first","13":"instock","14":"shipping-taxable","15":"purchasable","16":"product-type-simple"},"acf":{"anmeldelse":null},"yoast_head":"<!-- This site is optimized with the Yoast SEO plugin v26.6 - https:\/\/yoast.com\/wordpress\/plugins\/seo\/ -->\n<title>Intellektuelle og det totalit\u00e6re - Dreyers Forlag<\/title>\n<meta name=\"robots\" content=\"noindex, follow, max-snippet:-1, max-image-preview:large, max-video-preview:-1\" \/>\n<meta property=\"og:locale\" content=\"nb_NO\" \/>\n<meta property=\"og:type\" content=\"article\" \/>\n<meta property=\"og:title\" content=\"Intellektuelle og det totalit\u00e6re - Dreyers Forlag\" \/>\n<meta property=\"og:description\" content=\"Denne boka handler om intellektuelle som p\u00e5 ulike m\u00e5ter har omfavnet, legitimert, unnskyldt eller bortforklart noen av de verste og inhumane politiske regimer menneskeheten har opplevd. Vi m\u00f8ter b\u00e5de mennesker som har levd under totalit\u00e6re regimer og mennesker som har levd og virket i frie, demokratiske samfunn. Hvordan kunne s\u00e5 mange intellektuelle ta s\u00e5 feil, [&hellip;]\" \/>\n<meta property=\"og:url\" content=\"https:\/\/staging.forenteforlag.no\/dreyers\/produkt\/intellektuelle-og-det-totalitaere\/\" \/>\n<meta property=\"og:site_name\" content=\"Dreyers Forlag\" \/>\n<meta property=\"article:modified_time\" content=\"2025-09-04T12:10:06+00:00\" \/>\n<meta property=\"og:image\" content=\"https:\/\/staging.forenteforlag.no\/dreyers\/wp-content\/uploads\/sites\/2\/2025\/08\/jpg-8454.jpg\" \/>\n\t<meta property=\"og:image:width\" content=\"329\" \/>\n\t<meta property=\"og:image:height\" content=\"449\" \/>\n\t<meta property=\"og:image:type\" content=\"image\/jpeg\" \/>\n<meta name=\"twitter:card\" content=\"summary_large_image\" \/>\n<meta name=\"twitter:label1\" content=\"Ansl. lesetid\" \/>\n\t<meta name=\"twitter:data1\" content=\"1 minutt\" \/>\n<script type=\"application\/ld+json\" class=\"yoast-schema-graph\">{\"@context\":\"https:\/\/schema.org\",\"@graph\":[{\"@type\":\"WebPage\",\"@id\":\"https:\/\/staging.forenteforlag.no\/dreyers\/produkt\/intellektuelle-og-det-totalitaere\/\",\"url\":\"https:\/\/staging.forenteforlag.no\/dreyers\/produkt\/intellektuelle-og-det-totalitaere\/\",\"name\":\"Intellektuelle og det totalit\u00e6re - Dreyers Forlag\",\"isPartOf\":{\"@id\":\"https:\/\/staging.forenteforlag.no\/dreyers\/#website\"},\"primaryImageOfPage\":{\"@id\":\"https:\/\/staging.forenteforlag.no\/dreyers\/produkt\/intellektuelle-og-det-totalitaere\/#primaryimage\"},\"image\":{\"@id\":\"https:\/\/staging.forenteforlag.no\/dreyers\/produkt\/intellektuelle-og-det-totalitaere\/#primaryimage\"},\"thumbnailUrl\":\"https:\/\/staging.forenteforlag.no\/dreyers\/wp-content\/uploads\/sites\/2\/2025\/08\/jpg-8454.jpg\",\"datePublished\":\"2014-07-28T00:00:00+00:00\",\"dateModified\":\"2025-09-04T12:10:06+00:00\",\"breadcrumb\":{\"@id\":\"https:\/\/staging.forenteforlag.no\/dreyers\/produkt\/intellektuelle-og-det-totalitaere\/#breadcrumb\"},\"inLanguage\":\"nb-NO\",\"potentialAction\":[{\"@type\":\"ReadAction\",\"target\":[\"https:\/\/staging.forenteforlag.no\/dreyers\/produkt\/intellektuelle-og-det-totalitaere\/\"]}]},{\"@type\":\"ImageObject\",\"inLanguage\":\"nb-NO\",\"@id\":\"https:\/\/staging.forenteforlag.no\/dreyers\/produkt\/intellektuelle-og-det-totalitaere\/#primaryimage\",\"url\":\"https:\/\/staging.forenteforlag.no\/dreyers\/wp-content\/uploads\/sites\/2\/2025\/08\/jpg-8454.jpg\",\"contentUrl\":\"https:\/\/staging.forenteforlag.no\/dreyers\/wp-content\/uploads\/sites\/2\/2025\/08\/jpg-8454.jpg\",\"width\":329,\"height\":449},{\"@type\":\"BreadcrumbList\",\"@id\":\"https:\/\/staging.forenteforlag.no\/dreyers\/produkt\/intellektuelle-og-det-totalitaere\/#breadcrumb\",\"itemListElement\":[{\"@type\":\"ListItem\",\"position\":1,\"name\":\"Hjem\",\"item\":\"https:\/\/staging.forenteforlag.no\/dreyers\/\"},{\"@type\":\"ListItem\",\"position\":2,\"name\":\"Alle b\u00f8ker\",\"item\":\"https:\/\/staging.forenteforlag.no\/dreyers\/butikk\/\"},{\"@type\":\"ListItem\",\"position\":3,\"name\":\"Intellektuelle og det totalit\u00e6re\"}]},{\"@type\":\"WebSite\",\"@id\":\"https:\/\/staging.forenteforlag.no\/dreyers\/#website\",\"url\":\"https:\/\/staging.forenteforlag.no\/dreyers\/\",\"name\":\"Dreyers Forlag\",\"description\":\"\",\"potentialAction\":[{\"@type\":\"SearchAction\",\"target\":{\"@type\":\"EntryPoint\",\"urlTemplate\":\"https:\/\/staging.forenteforlag.no\/dreyers\/?s={search_term_string}\"},\"query-input\":{\"@type\":\"PropertyValueSpecification\",\"valueRequired\":true,\"valueName\":\"search_term_string\"}}],\"inLanguage\":\"nb-NO\"}]}<\/script>\n<!-- \/ Yoast SEO plugin. -->","yoast_head_json":{"title":"Intellektuelle og det totalit\u00e6re - Dreyers Forlag","robots":{"index":"noindex","follow":"follow","max-snippet":"max-snippet:-1","max-image-preview":"max-image-preview:large","max-video-preview":"max-video-preview:-1"},"og_locale":"nb_NO","og_type":"article","og_title":"Intellektuelle og det totalit\u00e6re - Dreyers Forlag","og_description":"Denne boka handler om intellektuelle som p\u00e5 ulike m\u00e5ter har omfavnet, legitimert, unnskyldt eller bortforklart noen av de verste og inhumane politiske regimer menneskeheten har opplevd. Vi m\u00f8ter b\u00e5de mennesker som har levd under totalit\u00e6re regimer og mennesker som har levd og virket i frie, demokratiske samfunn. Hvordan kunne s\u00e5 mange intellektuelle ta s\u00e5 feil, [&hellip;]","og_url":"https:\/\/staging.forenteforlag.no\/dreyers\/produkt\/intellektuelle-og-det-totalitaere\/","og_site_name":"Dreyers Forlag","article_modified_time":"2025-09-04T12:10:06+00:00","og_image":[{"width":329,"height":449,"url":"https:\/\/staging.forenteforlag.no\/dreyers\/wp-content\/uploads\/sites\/2\/2025\/08\/jpg-8454.jpg","type":"image\/jpeg"}],"twitter_card":"summary_large_image","twitter_misc":{"Ansl. lesetid":"1 minutt"},"schema":{"@context":"https:\/\/schema.org","@graph":[{"@type":"WebPage","@id":"https:\/\/staging.forenteforlag.no\/dreyers\/produkt\/intellektuelle-og-det-totalitaere\/","url":"https:\/\/staging.forenteforlag.no\/dreyers\/produkt\/intellektuelle-og-det-totalitaere\/","name":"Intellektuelle og det totalit\u00e6re - Dreyers Forlag","isPartOf":{"@id":"https:\/\/staging.forenteforlag.no\/dreyers\/#website"},"primaryImageOfPage":{"@id":"https:\/\/staging.forenteforlag.no\/dreyers\/produkt\/intellektuelle-og-det-totalitaere\/#primaryimage"},"image":{"@id":"https:\/\/staging.forenteforlag.no\/dreyers\/produkt\/intellektuelle-og-det-totalitaere\/#primaryimage"},"thumbnailUrl":"https:\/\/staging.forenteforlag.no\/dreyers\/wp-content\/uploads\/sites\/2\/2025\/08\/jpg-8454.jpg","datePublished":"2014-07-28T00:00:00+00:00","dateModified":"2025-09-04T12:10:06+00:00","breadcrumb":{"@id":"https:\/\/staging.forenteforlag.no\/dreyers\/produkt\/intellektuelle-og-det-totalitaere\/#breadcrumb"},"inLanguage":"nb-NO","potentialAction":[{"@type":"ReadAction","target":["https:\/\/staging.forenteforlag.no\/dreyers\/produkt\/intellektuelle-og-det-totalitaere\/"]}]},{"@type":"ImageObject","inLanguage":"nb-NO","@id":"https:\/\/staging.forenteforlag.no\/dreyers\/produkt\/intellektuelle-og-det-totalitaere\/#primaryimage","url":"https:\/\/staging.forenteforlag.no\/dreyers\/wp-content\/uploads\/sites\/2\/2025\/08\/jpg-8454.jpg","contentUrl":"https:\/\/staging.forenteforlag.no\/dreyers\/wp-content\/uploads\/sites\/2\/2025\/08\/jpg-8454.jpg","width":329,"height":449},{"@type":"BreadcrumbList","@id":"https:\/\/staging.forenteforlag.no\/dreyers\/produkt\/intellektuelle-og-det-totalitaere\/#breadcrumb","itemListElement":[{"@type":"ListItem","position":1,"name":"Hjem","item":"https:\/\/staging.forenteforlag.no\/dreyers\/"},{"@type":"ListItem","position":2,"name":"Alle b\u00f8ker","item":"https:\/\/staging.forenteforlag.no\/dreyers\/butikk\/"},{"@type":"ListItem","position":3,"name":"Intellektuelle og det totalit\u00e6re"}]},{"@type":"WebSite","@id":"https:\/\/staging.forenteforlag.no\/dreyers\/#website","url":"https:\/\/staging.forenteforlag.no\/dreyers\/","name":"Dreyers Forlag","description":"","potentialAction":[{"@type":"SearchAction","target":{"@type":"EntryPoint","urlTemplate":"https:\/\/staging.forenteforlag.no\/dreyers\/?s={search_term_string}"},"query-input":{"@type":"PropertyValueSpecification","valueRequired":true,"valueName":"search_term_string"}}],"inLanguage":"nb-NO"}]}},"_links":{"self":[{"href":"https:\/\/staging.forenteforlag.no\/dreyers\/wp-json\/wp\/v2\/product\/21698","targetHints":{"allow":["GET"]}}],"collection":[{"href":"https:\/\/staging.forenteforlag.no\/dreyers\/wp-json\/wp\/v2\/product"}],"about":[{"href":"https:\/\/staging.forenteforlag.no\/dreyers\/wp-json\/wp\/v2\/types\/product"}],"wp:featuredmedia":[{"embeddable":true,"href":"https:\/\/staging.forenteforlag.no\/dreyers\/wp-json\/wp\/v2\/media\/24337"}],"wp:attachment":[{"href":"https:\/\/staging.forenteforlag.no\/dreyers\/wp-json\/wp\/v2\/media?parent=21698"}],"wp:term":[{"taxonomy":"product_brand","embeddable":true,"href":"https:\/\/staging.forenteforlag.no\/dreyers\/wp-json\/wp\/v2\/product_brand?post=21698"},{"taxonomy":"product_cat","embeddable":true,"href":"https:\/\/staging.forenteforlag.no\/dreyers\/wp-json\/wp\/v2\/product_cat?post=21698"},{"taxonomy":"product_tag","embeddable":true,"href":"https:\/\/staging.forenteforlag.no\/dreyers\/wp-json\/wp\/v2\/product_tag?post=21698"}],"curies":[{"name":"wp","href":"https:\/\/api.w.org\/{rel}","templated":true}]}}

Intellektuelle og det totalitære

<p>Denne boka handler om intellektuelle som på ulike måter har omfavnet, legitimert, unnskyldt eller bortforklart noen av de verste og inhumane politiske regimer menneskeheten har opplevd. Vi møter både mennesker som har levd under totalitære regimer og mennesker som har levd og virket i frie, demokratiske samfunn.</p>
<p>Hvordan kunne så mange intellektuelle ta så feil, og til tider monumentalt, grotesk og arrogant feil? Dette er på mange måter en trist historie, en historie om fascinasjon og følelsesmessig dragning, om mennesker som blir fanget inn av sine egne ideer. Til sammen fanger artiklene inn viktige sider ved det 20. århundre &#8211; og temmelig sikkert det 21. også.</p>
<p>Tidligere utgitt i serien: Ideologi og terror &#8211; totalitære ideer og regimer, Politikk og religion &#8211; en farlig kombinasjon?, Høyreekstremisme &#8211; ideer og bevegelser i Europa og Venstreekstremisme.</p>

<p>Denne boka handler om intellektuelle som på ulike måter har omfavnet, legitimert, unnskyldt eller bortforklart noen av de verste og inhumane politiske regimer menneskeheten har opplevd. Vi møter både mennesker som har levd under totalitære regimer og mennesker som har levd og virket i frie, demokratiske samfunn. Hvordan kunne så mange intellektuelle ta så feil, [&hellip;]</p>

<!-- This site is optimized with the Yoast SEO plugin v26.6 - https://yoast.com/wordpress/plugins/seo/ -->
<title>Intellektuelle og det totalitære - Dreyers Forlag</title>
<meta name="robots" content="noindex, follow, max-snippet:-1, max-image-preview:large, max-video-preview:-1" />
<meta property="og:locale" content="nb_NO" />
<meta property="og:type" content="article" />
<meta property="og:title" content="Intellektuelle og det totalitære - Dreyers Forlag" />
<meta property="og:description" content="Denne boka handler om intellektuelle som på ulike måter har omfavnet, legitimert, unnskyldt eller bortforklart noen av de verste og inhumane politiske regimer menneskeheten har opplevd. Vi møter både mennesker som har levd under totalitære regimer og mennesker som har levd og virket i frie, demokratiske samfunn. Hvordan kunne så mange intellektuelle ta så feil, [&hellip;]" />
<meta property="og:url" content="https://staging.forenteforlag.no/dreyers/produkt/intellektuelle-og-det-totalitaere/" />
<meta property="og:site_name" content="Dreyers Forlag" />
<meta property="article:modified_time" content="2025-09-04T12:10:06+00:00" />
<meta property="og:image" content="https://staging.forenteforlag.no/dreyers/wp-content/uploads/sites/2/2025/08/jpg-8454.jpg" />
	<meta property="og:image:width" content="329" />
	<meta property="og:image:height" content="449" />
	<meta property="og:image:type" content="image/jpeg" />
<meta name="twitter:card" content="summary_large_image" />
<meta name="twitter:label1" content="Ansl. lesetid" />
	<meta name="twitter:data1" content="1 minutt" />
<script type="application/ld+json" class="yoast-schema-graph">{"@context":"https://schema.org","@graph":[{"@type":"WebPage","@id":"https://staging.forenteforlag.no/dreyers/produkt/intellektuelle-og-det-totalitaere/","url":"https://staging.forenteforlag.no/dreyers/produkt/intellektuelle-og-det-totalitaere/","name":"Intellektuelle og det totalitære - Dreyers Forlag","isPartOf":{"@id":"https://staging.forenteforlag.no/dreyers/#website"},"primaryImageOfPage":{"@id":"https://staging.forenteforlag.no/dreyers/produkt/intellektuelle-og-det-totalitaere/#primaryimage"},"image":{"@id":"https://staging.forenteforlag.no/dreyers/produkt/intellektuelle-og-det-totalitaere/#primaryimage"},"thumbnailUrl":"https://staging.forenteforlag.no/dreyers/wp-content/uploads/sites/2/2025/08/jpg-8454.jpg","datePublished":"2014-07-28T00:00:00+00:00","dateModified":"2025-09-04T12:10:06+00:00","breadcrumb":{"@id":"https://staging.forenteforlag.no/dreyers/produkt/intellektuelle-og-det-totalitaere/#breadcrumb"},"inLanguage":"nb-NO","potentialAction":[{"@type":"ReadAction","target":["https://staging.forenteforlag.no/dreyers/produkt/intellektuelle-og-det-totalitaere/"]}]},{"@type":"ImageObject","inLanguage":"nb-NO","@id":"https://staging.forenteforlag.no/dreyers/produkt/intellektuelle-og-det-totalitaere/#primaryimage","url":"https://staging.forenteforlag.no/dreyers/wp-content/uploads/sites/2/2025/08/jpg-8454.jpg","contentUrl":"https://staging.forenteforlag.no/dreyers/wp-content/uploads/sites/2/2025/08/jpg-8454.jpg","width":329,"height":449},{"@type":"BreadcrumbList","@id":"https://staging.forenteforlag.no/dreyers/produkt/intellektuelle-og-det-totalitaere/#breadcrumb","itemListElement":[{"@type":"ListItem","position":1,"name":"Hjem","item":"https://staging.forenteforlag.no/dreyers/"},{"@type":"ListItem","position":2,"name":"Alle bøker","item":"https://staging.forenteforlag.no/dreyers/butikk/"},{"@type":"ListItem","position":3,"name":"Intellektuelle og det totalitære"}]},{"@type":"WebSite","@id":"https://staging.forenteforlag.no/dreyers/#website","url":"https://staging.forenteforlag.no/dreyers/","name":"Dreyers Forlag","description":"","potentialAction":[{"@type":"SearchAction","target":{"@type":"EntryPoint","urlTemplate":"https://staging.forenteforlag.no/dreyers/?s={search_term_string}"},"query-input":{"@type":"PropertyValueSpecification","valueRequired":true,"valueName":"search_term_string"}}],"inLanguage":"nb-NO"}]}</script>
<!-- / Yoast SEO plugin. -->

Intellektuelle og det totalitære - Dreyers Forlag

Denne boka handler om intellektuelle som på ulike måter har omfavnet, legitimert, unnskyldt eller bortforklart noen av de verste og inhumane politiske regimer menneskeheten har opplevd. Vi møter både mennesker som har levd under totalitære regimer og mennesker som har levd og virket i frie, demokratiske samfunn. Hvordan kunne så mange intellektuelle ta så feil, [&hellip;]

Alle bøker
