{"id":21694,"date":"2018-09-28T02:00:00","date_gmt":"2018-09-28T00:00:00","guid":{"rendered":"https:\/\/dreyersforlag.forenteforlag.no\/produkt\/det-globale-statssystemet\/"},"modified":"2025-08-27T07:42:09","modified_gmt":"2025-08-27T05:42:09","slug":"det-globale-statssystemet","status":"publish","type":"product","link":"https:\/\/staging.forenteforlag.no\/dreyers\/produkt\/det-globale-statssystemet\/","title":{"rendered":"Det globale statssystemet"},"content":{"rendered":"<p>Det globale statssystemet handler om en verden oppdelt i stater. Hva er en stat? Hvordan er statssystemet vokst fram og hvorfor er det s\u00e5 omstridt &#8211; ikke bare i Midt\u00f8sten og over store deler av Afrika, men ogs\u00e5 sentralt i Europa? Statssvikt har v\u00e6rt kjernen i konfliktm\u00f8nstrene etter den kalde krigen. Mye av forklaringen ligger i hvordan statene er blitt til, og hvilken karakter statsmakten har. \u00d8sterud fletter aktuelle utfordringer inn i fremstillingen, fra det sviktende statssystemet i Midt\u00f8sten n\u00e6r hundre \u00e5r etter oppl\u00f8sningen av det tyrkiske riket, over senskadene fra Sovjetepoken inn i det nye postsovjetiske statssystemet, til spenningene i og mellom europeiske stater etter sytti \u00e5r med trinnvis integrasjon.  <\/p>\n","protected":false},"excerpt":{"rendered":"<p>Det globale statssystemet handler om en verden oppdelt i stater. Hva er en stat? Hvordan er statssystemet vokst fram og hvorfor er det s\u00e5 omstridt &#8211; ikke bare i Midt\u00f8sten og over store deler av Afrika, men ogs\u00e5 sentralt i Europa? Statssvikt har v\u00e6rt kjernen i konfliktm\u00f8nstrene etter den kalde krigen. Mye av forklaringen ligger [&hellip;]<\/p>\n","protected":false},"featured_media":23994,"template":"","meta":{"_acf_changed":false,"inline_featured_image":false},"product_brand":[],"product_cat":[32],"product_tag":[362,555,1574],"class_list":{"0":"post-21694","1":"product","2":"type-product","3":"status-publish","4":"has-post-thumbnail","6":"product_cat-samfunn-og-politikk","7":"product_tag-faglitteratur","8":"product_tag-internasjonal-politikk","9":"product_tag-statsmakt","10":"pa_format-mykperm","12":"first","13":"instock","14":"shipping-taxable","15":"purchasable","16":"product-type-simple"},"acf":{"anmeldelse":null},"yoast_head":"<!-- This site is optimized with the Yoast SEO plugin v26.6 - https:\/\/yoast.com\/wordpress\/plugins\/seo\/ -->\n<title>Det globale statssystemet - Dreyers Forlag<\/title>\n<meta name=\"robots\" content=\"noindex, follow, max-snippet:-1, max-image-preview:large, max-video-preview:-1\" \/>\n<meta property=\"og:locale\" content=\"nb_NO\" \/>\n<meta property=\"og:type\" content=\"article\" \/>\n<meta property=\"og:title\" content=\"Det globale statssystemet - Dreyers Forlag\" \/>\n<meta property=\"og:description\" content=\"Det globale statssystemet handler om en verden oppdelt i stater. Hva er en stat? Hvordan er statssystemet vokst fram og hvorfor er det s\u00e5 omstridt &#8211; ikke bare i Midt\u00f8sten og over store deler av Afrika, men ogs\u00e5 sentralt i Europa? Statssvikt har v\u00e6rt kjernen i konfliktm\u00f8nstrene etter den kalde krigen. Mye av forklaringen ligger [&hellip;]\" \/>\n<meta property=\"og:url\" content=\"https:\/\/staging.forenteforlag.no\/dreyers\/produkt\/det-globale-statssystemet\/\" \/>\n<meta property=\"og:site_name\" content=\"Dreyers Forlag\" \/>\n<meta property=\"article:modified_time\" content=\"2025-08-27T05:42:09+00:00\" \/>\n<meta property=\"og:image\" content=\"https:\/\/staging.forenteforlag.no\/dreyers\/wp-content\/uploads\/sites\/2\/2025\/08\/jpg-5347.jpg\" \/>\n\t<meta property=\"og:image:width\" content=\"378\" \/>\n\t<meta property=\"og:image:height\" content=\"568\" \/>\n\t<meta property=\"og:image:type\" content=\"image\/jpeg\" \/>\n<meta name=\"twitter:card\" content=\"summary_large_image\" \/>\n<meta name=\"twitter:label1\" content=\"Ansl. lesetid\" \/>\n\t<meta name=\"twitter:data1\" content=\"1 minutt\" \/>\n<script type=\"application\/ld+json\" class=\"yoast-schema-graph\">{\"@context\":\"https:\/\/schema.org\",\"@graph\":[{\"@type\":\"WebPage\",\"@id\":\"https:\/\/staging.forenteforlag.no\/dreyers\/produkt\/det-globale-statssystemet\/\",\"url\":\"https:\/\/staging.forenteforlag.no\/dreyers\/produkt\/det-globale-statssystemet\/\",\"name\":\"Det globale statssystemet - Dreyers Forlag\",\"isPartOf\":{\"@id\":\"https:\/\/staging.forenteforlag.no\/dreyers\/#website\"},\"primaryImageOfPage\":{\"@id\":\"https:\/\/staging.forenteforlag.no\/dreyers\/produkt\/det-globale-statssystemet\/#primaryimage\"},\"image\":{\"@id\":\"https:\/\/staging.forenteforlag.no\/dreyers\/produkt\/det-globale-statssystemet\/#primaryimage\"},\"thumbnailUrl\":\"https:\/\/staging.forenteforlag.no\/dreyers\/wp-content\/uploads\/sites\/2\/2025\/08\/jpg-5347.jpg\",\"datePublished\":\"2018-09-28T00:00:00+00:00\",\"dateModified\":\"2025-08-27T05:42:09+00:00\",\"breadcrumb\":{\"@id\":\"https:\/\/staging.forenteforlag.no\/dreyers\/produkt\/det-globale-statssystemet\/#breadcrumb\"},\"inLanguage\":\"nb-NO\",\"potentialAction\":[{\"@type\":\"ReadAction\",\"target\":[\"https:\/\/staging.forenteforlag.no\/dreyers\/produkt\/det-globale-statssystemet\/\"]}]},{\"@type\":\"ImageObject\",\"inLanguage\":\"nb-NO\",\"@id\":\"https:\/\/staging.forenteforlag.no\/dreyers\/produkt\/det-globale-statssystemet\/#primaryimage\",\"url\":\"https:\/\/staging.forenteforlag.no\/dreyers\/wp-content\/uploads\/sites\/2\/2025\/08\/jpg-5347.jpg\",\"contentUrl\":\"https:\/\/staging.forenteforlag.no\/dreyers\/wp-content\/uploads\/sites\/2\/2025\/08\/jpg-5347.jpg\",\"width\":378,\"height\":568},{\"@type\":\"BreadcrumbList\",\"@id\":\"https:\/\/staging.forenteforlag.no\/dreyers\/produkt\/det-globale-statssystemet\/#breadcrumb\",\"itemListElement\":[{\"@type\":\"ListItem\",\"position\":1,\"name\":\"Hjem\",\"item\":\"https:\/\/staging.forenteforlag.no\/dreyers\/\"},{\"@type\":\"ListItem\",\"position\":2,\"name\":\"Alle b\u00f8ker\",\"item\":\"https:\/\/staging.forenteforlag.no\/dreyers\/butikk\/\"},{\"@type\":\"ListItem\",\"position\":3,\"name\":\"Det globale statssystemet\"}]},{\"@type\":\"WebSite\",\"@id\":\"https:\/\/staging.forenteforlag.no\/dreyers\/#website\",\"url\":\"https:\/\/staging.forenteforlag.no\/dreyers\/\",\"name\":\"Dreyers Forlag\",\"description\":\"\",\"potentialAction\":[{\"@type\":\"SearchAction\",\"target\":{\"@type\":\"EntryPoint\",\"urlTemplate\":\"https:\/\/staging.forenteforlag.no\/dreyers\/?s={search_term_string}\"},\"query-input\":{\"@type\":\"PropertyValueSpecification\",\"valueRequired\":true,\"valueName\":\"search_term_string\"}}],\"inLanguage\":\"nb-NO\"}]}<\/script>\n<!-- \/ Yoast SEO plugin. -->","yoast_head_json":{"title":"Det globale statssystemet - Dreyers Forlag","robots":{"index":"noindex","follow":"follow","max-snippet":"max-snippet:-1","max-image-preview":"max-image-preview:large","max-video-preview":"max-video-preview:-1"},"og_locale":"nb_NO","og_type":"article","og_title":"Det globale statssystemet - Dreyers Forlag","og_description":"Det globale statssystemet handler om en verden oppdelt i stater. Hva er en stat? Hvordan er statssystemet vokst fram og hvorfor er det s\u00e5 omstridt &#8211; ikke bare i Midt\u00f8sten og over store deler av Afrika, men ogs\u00e5 sentralt i Europa? Statssvikt har v\u00e6rt kjernen i konfliktm\u00f8nstrene etter den kalde krigen. Mye av forklaringen ligger [&hellip;]","og_url":"https:\/\/staging.forenteforlag.no\/dreyers\/produkt\/det-globale-statssystemet\/","og_site_name":"Dreyers Forlag","article_modified_time":"2025-08-27T05:42:09+00:00","og_image":[{"width":378,"height":568,"url":"https:\/\/staging.forenteforlag.no\/dreyers\/wp-content\/uploads\/sites\/2\/2025\/08\/jpg-5347.jpg","type":"image\/jpeg"}],"twitter_card":"summary_large_image","twitter_misc":{"Ansl. lesetid":"1 minutt"},"schema":{"@context":"https:\/\/schema.org","@graph":[{"@type":"WebPage","@id":"https:\/\/staging.forenteforlag.no\/dreyers\/produkt\/det-globale-statssystemet\/","url":"https:\/\/staging.forenteforlag.no\/dreyers\/produkt\/det-globale-statssystemet\/","name":"Det globale statssystemet - Dreyers Forlag","isPartOf":{"@id":"https:\/\/staging.forenteforlag.no\/dreyers\/#website"},"primaryImageOfPage":{"@id":"https:\/\/staging.forenteforlag.no\/dreyers\/produkt\/det-globale-statssystemet\/#primaryimage"},"image":{"@id":"https:\/\/staging.forenteforlag.no\/dreyers\/produkt\/det-globale-statssystemet\/#primaryimage"},"thumbnailUrl":"https:\/\/staging.forenteforlag.no\/dreyers\/wp-content\/uploads\/sites\/2\/2025\/08\/jpg-5347.jpg","datePublished":"2018-09-28T00:00:00+00:00","dateModified":"2025-08-27T05:42:09+00:00","breadcrumb":{"@id":"https:\/\/staging.forenteforlag.no\/dreyers\/produkt\/det-globale-statssystemet\/#breadcrumb"},"inLanguage":"nb-NO","potentialAction":[{"@type":"ReadAction","target":["https:\/\/staging.forenteforlag.no\/dreyers\/produkt\/det-globale-statssystemet\/"]}]},{"@type":"ImageObject","inLanguage":"nb-NO","@id":"https:\/\/staging.forenteforlag.no\/dreyers\/produkt\/det-globale-statssystemet\/#primaryimage","url":"https:\/\/staging.forenteforlag.no\/dreyers\/wp-content\/uploads\/sites\/2\/2025\/08\/jpg-5347.jpg","contentUrl":"https:\/\/staging.forenteforlag.no\/dreyers\/wp-content\/uploads\/sites\/2\/2025\/08\/jpg-5347.jpg","width":378,"height":568},{"@type":"BreadcrumbList","@id":"https:\/\/staging.forenteforlag.no\/dreyers\/produkt\/det-globale-statssystemet\/#breadcrumb","itemListElement":[{"@type":"ListItem","position":1,"name":"Hjem","item":"https:\/\/staging.forenteforlag.no\/dreyers\/"},{"@type":"ListItem","position":2,"name":"Alle b\u00f8ker","item":"https:\/\/staging.forenteforlag.no\/dreyers\/butikk\/"},{"@type":"ListItem","position":3,"name":"Det globale statssystemet"}]},{"@type":"WebSite","@id":"https:\/\/staging.forenteforlag.no\/dreyers\/#website","url":"https:\/\/staging.forenteforlag.no\/dreyers\/","name":"Dreyers Forlag","description":"","potentialAction":[{"@type":"SearchAction","target":{"@type":"EntryPoint","urlTemplate":"https:\/\/staging.forenteforlag.no\/dreyers\/?s={search_term_string}"},"query-input":{"@type":"PropertyValueSpecification","valueRequired":true,"valueName":"search_term_string"}}],"inLanguage":"nb-NO"}]}},"_links":{"self":[{"href":"https:\/\/staging.forenteforlag.no\/dreyers\/wp-json\/wp\/v2\/product\/21694","targetHints":{"allow":["GET"]}}],"collection":[{"href":"https:\/\/staging.forenteforlag.no\/dreyers\/wp-json\/wp\/v2\/product"}],"about":[{"href":"https:\/\/staging.forenteforlag.no\/dreyers\/wp-json\/wp\/v2\/types\/product"}],"wp:featuredmedia":[{"embeddable":true,"href":"https:\/\/staging.forenteforlag.no\/dreyers\/wp-json\/wp\/v2\/media\/23994"}],"wp:attachment":[{"href":"https:\/\/staging.forenteforlag.no\/dreyers\/wp-json\/wp\/v2\/media?parent=21694"}],"wp:term":[{"taxonomy":"product_brand","embeddable":true,"href":"https:\/\/staging.forenteforlag.no\/dreyers\/wp-json\/wp\/v2\/product_brand?post=21694"},{"taxonomy":"product_cat","embeddable":true,"href":"https:\/\/staging.forenteforlag.no\/dreyers\/wp-json\/wp\/v2\/product_cat?post=21694"},{"taxonomy":"product_tag","embeddable":true,"href":"https:\/\/staging.forenteforlag.no\/dreyers\/wp-json\/wp\/v2\/product_tag?post=21694"}],"curies":[{"name":"wp","href":"https:\/\/api.w.org\/{rel}","templated":true}]}}

<p>Det globale statssystemet handler om en verden oppdelt i stater. Hva er en stat? Hvordan er statssystemet vokst fram og hvorfor er det så omstridt &#8211; ikke bare i Midtøsten og over store deler av Afrika, men også sentralt i Europa? Statssvikt har vært kjernen i konfliktmønstrene etter den kalde krigen. Mye av forklaringen ligger i hvordan statene er blitt til, og hvilken karakter statsmakten har. Østerud fletter aktuelle utfordringer inn i fremstillingen, fra det sviktende statssystemet i Midtøsten nær hundre år etter oppløsningen av det tyrkiske riket, over senskadene fra Sovjetepoken inn i det nye postsovjetiske statssystemet, til spenningene i og mellom europeiske stater etter sytti år med trinnvis integrasjon.  </p>

<p>Det globale statssystemet handler om en verden oppdelt i stater. Hva er en stat? Hvordan er statssystemet vokst fram og hvorfor er det så omstridt &#8211; ikke bare i Midtøsten og over store deler av Afrika, men også sentralt i Europa? Statssvikt har vært kjernen i konfliktmønstrene etter den kalde krigen. Mye av forklaringen ligger [&hellip;]</p>

<!-- This site is optimized with the Yoast SEO plugin v26.6 - https://yoast.com/wordpress/plugins/seo/ -->
<title>Det globale statssystemet - Dreyers Forlag</title>
<meta name="robots" content="noindex, follow, max-snippet:-1, max-image-preview:large, max-video-preview:-1" />
<meta property="og:locale" content="nb_NO" />
<meta property="og:type" content="article" />
<meta property="og:title" content="Det globale statssystemet - Dreyers Forlag" />
<meta property="og:description" content="Det globale statssystemet handler om en verden oppdelt i stater. Hva er en stat? Hvordan er statssystemet vokst fram og hvorfor er det så omstridt &#8211; ikke bare i Midtøsten og over store deler av Afrika, men også sentralt i Europa? Statssvikt har vært kjernen i konfliktmønstrene etter den kalde krigen. Mye av forklaringen ligger [&hellip;]" />
<meta property="og:url" content="https://staging.forenteforlag.no/dreyers/produkt/det-globale-statssystemet/" />
<meta property="og:site_name" content="Dreyers Forlag" />
<meta property="article:modified_time" content="2025-08-27T05:42:09+00:00" />
<meta property="og:image" content="https://staging.forenteforlag.no/dreyers/wp-content/uploads/sites/2/2025/08/jpg-5347.jpg" />
	<meta property="og:image:width" content="378" />
	<meta property="og:image:height" content="568" />
	<meta property="og:image:type" content="image/jpeg" />
<meta name="twitter:card" content="summary_large_image" />
<meta name="twitter:label1" content="Ansl. lesetid" />
	<meta name="twitter:data1" content="1 minutt" />
<script type="application/ld+json" class="yoast-schema-graph">{"@context":"https://schema.org","@graph":[{"@type":"WebPage","@id":"https://staging.forenteforlag.no/dreyers/produkt/det-globale-statssystemet/","url":"https://staging.forenteforlag.no/dreyers/produkt/det-globale-statssystemet/","name":"Det globale statssystemet - Dreyers Forlag","isPartOf":{"@id":"https://staging.forenteforlag.no/dreyers/#website"},"primaryImageOfPage":{"@id":"https://staging.forenteforlag.no/dreyers/produkt/det-globale-statssystemet/#primaryimage"},"image":{"@id":"https://staging.forenteforlag.no/dreyers/produkt/det-globale-statssystemet/#primaryimage"},"thumbnailUrl":"https://staging.forenteforlag.no/dreyers/wp-content/uploads/sites/2/2025/08/jpg-5347.jpg","datePublished":"2018-09-28T00:00:00+00:00","dateModified":"2025-08-27T05:42:09+00:00","breadcrumb":{"@id":"https://staging.forenteforlag.no/dreyers/produkt/det-globale-statssystemet/#breadcrumb"},"inLanguage":"nb-NO","potentialAction":[{"@type":"ReadAction","target":["https://staging.forenteforlag.no/dreyers/produkt/det-globale-statssystemet/"]}]},{"@type":"ImageObject","inLanguage":"nb-NO","@id":"https://staging.forenteforlag.no/dreyers/produkt/det-globale-statssystemet/#primaryimage","url":"https://staging.forenteforlag.no/dreyers/wp-content/uploads/sites/2/2025/08/jpg-5347.jpg","contentUrl":"https://staging.forenteforlag.no/dreyers/wp-content/uploads/sites/2/2025/08/jpg-5347.jpg","width":378,"height":568},{"@type":"BreadcrumbList","@id":"https://staging.forenteforlag.no/dreyers/produkt/det-globale-statssystemet/#breadcrumb","itemListElement":[{"@type":"ListItem","position":1,"name":"Hjem","item":"https://staging.forenteforlag.no/dreyers/"},{"@type":"ListItem","position":2,"name":"Alle bøker","item":"https://staging.forenteforlag.no/dreyers/butikk/"},{"@type":"ListItem","position":3,"name":"Det globale statssystemet"}]},{"@type":"WebSite","@id":"https://staging.forenteforlag.no/dreyers/#website","url":"https://staging.forenteforlag.no/dreyers/","name":"Dreyers Forlag","description":"","potentialAction":[{"@type":"SearchAction","target":{"@type":"EntryPoint","urlTemplate":"https://staging.forenteforlag.no/dreyers/?s={search_term_string}"},"query-input":{"@type":"PropertyValueSpecification","valueRequired":true,"valueName":"search_term_string"}}],"inLanguage":"nb-NO"}]}</script>
<!-- / Yoast SEO plugin. -->

Det globale statssystemet handler om en verden oppdelt i stater. Hva er en stat? Hvordan er statssystemet vokst fram og hvorfor er det så omstridt &#8211; ikke bare i Midtøsten og over store deler av Afrika, men også sentralt i Europa? Statssvikt har vært kjernen i konfliktmønstrene etter den kalde krigen. Mye av forklaringen ligger [&hellip;]

Alle bøker
