{"id":21603,"date":"2025-02-07T03:27:01","date_gmt":"2025-02-07T02:27:01","guid":{"rendered":"https:\/\/dreyersforlag.forenteforlag.no\/produkt\/vi-ukraina\/"},"modified":"2025-04-11T11:51:10","modified_gmt":"2025-04-11T09:51:10","slug":"vi-ukraina","status":"publish","type":"product","link":"https:\/\/staging.forenteforlag.no\/dreyers\/produkt\/vi-ukraina\/","title":{"rendered":"Vi, Ukraina"},"content":{"rendered":"<p>Da Russland invaderte Ukraina i februar 2022, var det f\u00f8rste gang siden andre verdenskrig at et demokratisk, europeisk land ble utsatt for en full invasjon. Hva gj\u00f8r det med et samfunn?<\/p>\n<p>Det var et av de sentrale sp\u00f8rsm\u00e5lene Henning Carr Ekroll tok med seg da han, to \u00e5r ut i krigen, reiste inn i Ukraina. I denne boken blir vi kjent med Halyna, en ung politiker som pr\u00f8ver \u00e5 holde demokratiske prosesser i gang mens krigen p\u00e5g\u00e5r. Vi m\u00f8ter Marija, som ikke har h\u00f8rt fra mannen sin siden russerne inntok st\u00e5lverket i Mariupol, og Fedir, som funderer p\u00e5 hvordan man fyller et historisk museum i et land i krig. Vi blir med p\u00e5 politipatrulje i utbombede byer, treffer usikre soldater p\u00e5 vei til fronten, kommer tett p\u00e5 v\u00e5rlig kj\u00e6rlighet i Kharkivs str\u00f8ml\u00f8se gater, og m\u00f8ter en operadirekt\u00f8r som fors\u00f8ker \u00e5 finne og forst\u00e5 b\u00e5de sin egen og landets identitet.<\/p>\n<p>Dette er en unik og n\u00e6r innsideberetning om hvordan en eksistensiell krig former et land og menneskene som er en del av det, og hvordan Ukrainas historie har bidratt til landets imponerende motstandsevne.<\/p>\n<p>Avslutningsvis stiller Ekroll sp\u00f8rsm\u00e5let: Hva kan vi, som tar frihet, sikkerhet og demokrati for gitt, l\u00e6re av ukrainerne? Og hva gj\u00f8r vi hvis vi selv blir stilt overfor en lignende krise?<\/p>\n","protected":false},"excerpt":{"rendered":"<p>Da Russland invaderte Ukraina i februar 2022, var det f\u00f8rste gang siden andre verdenskrig at et demokratisk, europeisk land ble utsatt for en full invasjon. Hva gj\u00f8r det med et samfunn? Det var et av de sentrale sp\u00f8rsm\u00e5lene Henning Carr Ekroll tok med seg da han, to \u00e5r ut i krigen, reiste inn i Ukraina. [&hellip;]<\/p>\n","protected":false},"featured_media":21602,"template":"","meta":{"_acf_changed":false,"inline_featured_image":false},"product_brand":[],"product_cat":[352,23,32],"product_tag":[362],"class_list":{"0":"post-21603","1":"product","2":"type-product","3":"status-publish","4":"has-post-thumbnail","6":"product_cat-arets-boker","7":"product_cat-historie","8":"product_cat-samfunn-og-politikk","9":"product_tag-faglitteratur","10":"pa_format-innbundet","12":"first","13":"instock","14":"shipping-taxable","15":"purchasable","16":"product-type-simple"},"acf":{"anmeldelse":[{"tekst_anmeldelser":"\u00abEn velskrevet, gjennomarbeidet dokumentasjon av en tragedie\u00bb","av_anmeldelser":"Geir Pollen","terningkast":"","kilde":"Klassekampen"},{"tekst_anmeldelser":"\u00abGir et sv\u00e6rt godt innblikk i Ukrainas historie, samfunnsutvikling og hverdagsliv\u00bb","av_anmeldelser":"Mathilde Fasting","terningkast":"","kilde":"Civita"},{"tekst_anmeldelser":"\u00abGj\u00f8r dypt inntrykk\u00bb","av_anmeldelser":"Marius Wulfsberg","terningkast":"","kilde":"Dagbladet"}]},"yoast_head":"<!-- This site is optimized with the Yoast SEO plugin v26.6 - https:\/\/yoast.com\/wordpress\/plugins\/seo\/ -->\n<title>Vi, Ukraina - Dreyers Forlag<\/title>\n<meta name=\"robots\" content=\"noindex, follow, max-snippet:-1, max-image-preview:large, max-video-preview:-1\" \/>\n<meta property=\"og:locale\" content=\"nb_NO\" \/>\n<meta property=\"og:type\" content=\"article\" \/>\n<meta property=\"og:title\" content=\"Vi, Ukraina - Dreyers Forlag\" \/>\n<meta property=\"og:description\" content=\"Da Russland invaderte Ukraina i februar 2022, var det f\u00f8rste gang siden andre verdenskrig at et demokratisk, europeisk land ble utsatt for en full invasjon. Hva gj\u00f8r det med et samfunn? Det var et av de sentrale sp\u00f8rsm\u00e5lene Henning Carr Ekroll tok med seg da han, to \u00e5r ut i krigen, reiste inn i Ukraina. [&hellip;]\" \/>\n<meta property=\"og:url\" content=\"https:\/\/staging.forenteforlag.no\/dreyers\/produkt\/vi-ukraina\/\" \/>\n<meta property=\"og:site_name\" content=\"Dreyers Forlag\" \/>\n<meta property=\"article:modified_time\" content=\"2025-04-11T09:51:10+00:00\" \/>\n<meta property=\"og:image\" content=\"https:\/\/staging.forenteforlag.no\/dreyers\/wp-content\/uploads\/sites\/2\/2025\/02\/jpg-2.png\" \/>\n\t<meta property=\"og:image:width\" content=\"1874\" \/>\n\t<meta property=\"og:image:height\" content=\"2669\" \/>\n\t<meta property=\"og:image:type\" content=\"image\/png\" \/>\n<meta name=\"twitter:card\" content=\"summary_large_image\" \/>\n<meta name=\"twitter:label1\" content=\"Ansl. lesetid\" \/>\n\t<meta name=\"twitter:data1\" content=\"2 minutter\" \/>\n<script type=\"application\/ld+json\" class=\"yoast-schema-graph\">{\"@context\":\"https:\/\/schema.org\",\"@graph\":[{\"@type\":\"WebPage\",\"@id\":\"https:\/\/staging.forenteforlag.no\/dreyers\/produkt\/vi-ukraina\/\",\"url\":\"https:\/\/staging.forenteforlag.no\/dreyers\/produkt\/vi-ukraina\/\",\"name\":\"Vi, Ukraina - Dreyers Forlag\",\"isPartOf\":{\"@id\":\"https:\/\/staging.forenteforlag.no\/dreyers\/#website\"},\"primaryImageOfPage\":{\"@id\":\"https:\/\/staging.forenteforlag.no\/dreyers\/produkt\/vi-ukraina\/#primaryimage\"},\"image\":{\"@id\":\"https:\/\/staging.forenteforlag.no\/dreyers\/produkt\/vi-ukraina\/#primaryimage\"},\"thumbnailUrl\":\"https:\/\/staging.forenteforlag.no\/dreyers\/wp-content\/uploads\/sites\/2\/2025\/02\/jpg-2.png\",\"datePublished\":\"2025-02-07T02:27:01+00:00\",\"dateModified\":\"2025-04-11T09:51:10+00:00\",\"breadcrumb\":{\"@id\":\"https:\/\/staging.forenteforlag.no\/dreyers\/produkt\/vi-ukraina\/#breadcrumb\"},\"inLanguage\":\"nb-NO\",\"potentialAction\":[{\"@type\":\"ReadAction\",\"target\":[\"https:\/\/staging.forenteforlag.no\/dreyers\/produkt\/vi-ukraina\/\"]}]},{\"@type\":\"ImageObject\",\"inLanguage\":\"nb-NO\",\"@id\":\"https:\/\/staging.forenteforlag.no\/dreyers\/produkt\/vi-ukraina\/#primaryimage\",\"url\":\"https:\/\/staging.forenteforlag.no\/dreyers\/wp-content\/uploads\/sites\/2\/2025\/02\/jpg-2.png\",\"contentUrl\":\"https:\/\/staging.forenteforlag.no\/dreyers\/wp-content\/uploads\/sites\/2\/2025\/02\/jpg-2.png\",\"width\":1874,\"height\":2669},{\"@type\":\"BreadcrumbList\",\"@id\":\"https:\/\/staging.forenteforlag.no\/dreyers\/produkt\/vi-ukraina\/#breadcrumb\",\"itemListElement\":[{\"@type\":\"ListItem\",\"position\":1,\"name\":\"Hjem\",\"item\":\"https:\/\/staging.forenteforlag.no\/dreyers\/\"},{\"@type\":\"ListItem\",\"position\":2,\"name\":\"Alle b\u00f8ker\",\"item\":\"https:\/\/staging.forenteforlag.no\/dreyers\/butikk\/\"},{\"@type\":\"ListItem\",\"position\":3,\"name\":\"Vi, Ukraina\"}]},{\"@type\":\"WebSite\",\"@id\":\"https:\/\/staging.forenteforlag.no\/dreyers\/#website\",\"url\":\"https:\/\/staging.forenteforlag.no\/dreyers\/\",\"name\":\"Dreyers Forlag\",\"description\":\"\",\"potentialAction\":[{\"@type\":\"SearchAction\",\"target\":{\"@type\":\"EntryPoint\",\"urlTemplate\":\"https:\/\/staging.forenteforlag.no\/dreyers\/?s={search_term_string}\"},\"query-input\":{\"@type\":\"PropertyValueSpecification\",\"valueRequired\":true,\"valueName\":\"search_term_string\"}}],\"inLanguage\":\"nb-NO\"}]}<\/script>\n<!-- \/ Yoast SEO plugin. -->","yoast_head_json":{"title":"Vi, Ukraina - Dreyers Forlag","robots":{"index":"noindex","follow":"follow","max-snippet":"max-snippet:-1","max-image-preview":"max-image-preview:large","max-video-preview":"max-video-preview:-1"},"og_locale":"nb_NO","og_type":"article","og_title":"Vi, Ukraina - Dreyers Forlag","og_description":"Da Russland invaderte Ukraina i februar 2022, var det f\u00f8rste gang siden andre verdenskrig at et demokratisk, europeisk land ble utsatt for en full invasjon. Hva gj\u00f8r det med et samfunn? Det var et av de sentrale sp\u00f8rsm\u00e5lene Henning Carr Ekroll tok med seg da han, to \u00e5r ut i krigen, reiste inn i Ukraina. [&hellip;]","og_url":"https:\/\/staging.forenteforlag.no\/dreyers\/produkt\/vi-ukraina\/","og_site_name":"Dreyers Forlag","article_modified_time":"2025-04-11T09:51:10+00:00","og_image":[{"width":1874,"height":2669,"url":"https:\/\/staging.forenteforlag.no\/dreyers\/wp-content\/uploads\/sites\/2\/2025\/02\/jpg-2.png","type":"image\/png"}],"twitter_card":"summary_large_image","twitter_misc":{"Ansl. lesetid":"2 minutter"},"schema":{"@context":"https:\/\/schema.org","@graph":[{"@type":"WebPage","@id":"https:\/\/staging.forenteforlag.no\/dreyers\/produkt\/vi-ukraina\/","url":"https:\/\/staging.forenteforlag.no\/dreyers\/produkt\/vi-ukraina\/","name":"Vi, Ukraina - Dreyers Forlag","isPartOf":{"@id":"https:\/\/staging.forenteforlag.no\/dreyers\/#website"},"primaryImageOfPage":{"@id":"https:\/\/staging.forenteforlag.no\/dreyers\/produkt\/vi-ukraina\/#primaryimage"},"image":{"@id":"https:\/\/staging.forenteforlag.no\/dreyers\/produkt\/vi-ukraina\/#primaryimage"},"thumbnailUrl":"https:\/\/staging.forenteforlag.no\/dreyers\/wp-content\/uploads\/sites\/2\/2025\/02\/jpg-2.png","datePublished":"2025-02-07T02:27:01+00:00","dateModified":"2025-04-11T09:51:10+00:00","breadcrumb":{"@id":"https:\/\/staging.forenteforlag.no\/dreyers\/produkt\/vi-ukraina\/#breadcrumb"},"inLanguage":"nb-NO","potentialAction":[{"@type":"ReadAction","target":["https:\/\/staging.forenteforlag.no\/dreyers\/produkt\/vi-ukraina\/"]}]},{"@type":"ImageObject","inLanguage":"nb-NO","@id":"https:\/\/staging.forenteforlag.no\/dreyers\/produkt\/vi-ukraina\/#primaryimage","url":"https:\/\/staging.forenteforlag.no\/dreyers\/wp-content\/uploads\/sites\/2\/2025\/02\/jpg-2.png","contentUrl":"https:\/\/staging.forenteforlag.no\/dreyers\/wp-content\/uploads\/sites\/2\/2025\/02\/jpg-2.png","width":1874,"height":2669},{"@type":"BreadcrumbList","@id":"https:\/\/staging.forenteforlag.no\/dreyers\/produkt\/vi-ukraina\/#breadcrumb","itemListElement":[{"@type":"ListItem","position":1,"name":"Hjem","item":"https:\/\/staging.forenteforlag.no\/dreyers\/"},{"@type":"ListItem","position":2,"name":"Alle b\u00f8ker","item":"https:\/\/staging.forenteforlag.no\/dreyers\/butikk\/"},{"@type":"ListItem","position":3,"name":"Vi, Ukraina"}]},{"@type":"WebSite","@id":"https:\/\/staging.forenteforlag.no\/dreyers\/#website","url":"https:\/\/staging.forenteforlag.no\/dreyers\/","name":"Dreyers Forlag","description":"","potentialAction":[{"@type":"SearchAction","target":{"@type":"EntryPoint","urlTemplate":"https:\/\/staging.forenteforlag.no\/dreyers\/?s={search_term_string}"},"query-input":{"@type":"PropertyValueSpecification","valueRequired":true,"valueName":"search_term_string"}}],"inLanguage":"nb-NO"}]}},"_links":{"self":[{"href":"https:\/\/staging.forenteforlag.no\/dreyers\/wp-json\/wp\/v2\/product\/21603","targetHints":{"allow":["GET"]}}],"collection":[{"href":"https:\/\/staging.forenteforlag.no\/dreyers\/wp-json\/wp\/v2\/product"}],"about":[{"href":"https:\/\/staging.forenteforlag.no\/dreyers\/wp-json\/wp\/v2\/types\/product"}],"wp:featuredmedia":[{"embeddable":true,"href":"https:\/\/staging.forenteforlag.no\/dreyers\/wp-json\/wp\/v2\/media\/21602"}],"wp:attachment":[{"href":"https:\/\/staging.forenteforlag.no\/dreyers\/wp-json\/wp\/v2\/media?parent=21603"}],"wp:term":[{"taxonomy":"product_brand","embeddable":true,"href":"https:\/\/staging.forenteforlag.no\/dreyers\/wp-json\/wp\/v2\/product_brand?post=21603"},{"taxonomy":"product_cat","embeddable":true,"href":"https:\/\/staging.forenteforlag.no\/dreyers\/wp-json\/wp\/v2\/product_cat?post=21603"},{"taxonomy":"product_tag","embeddable":true,"href":"https:\/\/staging.forenteforlag.no\/dreyers\/wp-json\/wp\/v2\/product_tag?post=21603"}],"curies":[{"name":"wp","href":"https:\/\/api.w.org\/{rel}","templated":true}]}}

<p>Da Russland invaderte Ukraina i februar 2022, var det første gang siden andre verdenskrig at et demokratisk, europeisk land ble utsatt for en full invasjon. Hva gjør det med et samfunn?</p>
<p>Det var et av de sentrale spørsmålene Henning Carr Ekroll tok med seg da han, to år ut i krigen, reiste inn i Ukraina. I denne boken blir vi kjent med Halyna, en ung politiker som prøver å holde demokratiske prosesser i gang mens krigen pågår. Vi møter Marija, som ikke har hørt fra mannen sin siden russerne inntok stålverket i Mariupol, og Fedir, som funderer på hvordan man fyller et historisk museum i et land i krig. Vi blir med på politipatrulje i utbombede byer, treffer usikre soldater på vei til fronten, kommer tett på vårlig kjærlighet i Kharkivs strømløse gater, og møter en operadirektør som forsøker å finne og forstå både sin egen og landets identitet.</p>
<p>Dette er en unik og nær innsideberetning om hvordan en eksistensiell krig former et land og menneskene som er en del av det, og hvordan Ukrainas historie har bidratt til landets imponerende motstandsevne.</p>
<p>Avslutningsvis stiller Ekroll spørsmålet: Hva kan vi, som tar frihet, sikkerhet og demokrati for gitt, lære av ukrainerne? Og hva gjør vi hvis vi selv blir stilt overfor en lignende krise?</p>

<p>Da Russland invaderte Ukraina i februar 2022, var det første gang siden andre verdenskrig at et demokratisk, europeisk land ble utsatt for en full invasjon. Hva gjør det med et samfunn? Det var et av de sentrale spørsmålene Henning Carr Ekroll tok med seg da han, to år ut i krigen, reiste inn i Ukraina. [&hellip;]</p>

«Gir et svært godt innblikk i Ukrainas historie, samfunnsutvikling og hverdagsliv»

«Gjør dypt inntrykk»

<!-- This site is optimized with the Yoast SEO plugin v26.6 - https://yoast.com/wordpress/plugins/seo/ -->
<title>Vi, Ukraina - Dreyers Forlag</title>
<meta name="robots" content="noindex, follow, max-snippet:-1, max-image-preview:large, max-video-preview:-1" />
<meta property="og:locale" content="nb_NO" />
<meta property="og:type" content="article" />
<meta property="og:title" content="Vi, Ukraina - Dreyers Forlag" />
<meta property="og:description" content="Da Russland invaderte Ukraina i februar 2022, var det første gang siden andre verdenskrig at et demokratisk, europeisk land ble utsatt for en full invasjon. Hva gjør det med et samfunn? Det var et av de sentrale spørsmålene Henning Carr Ekroll tok med seg da han, to år ut i krigen, reiste inn i Ukraina. [&hellip;]" />
<meta property="og:url" content="https://staging.forenteforlag.no/dreyers/produkt/vi-ukraina/" />
<meta property="og:site_name" content="Dreyers Forlag" />
<meta property="article:modified_time" content="2025-04-11T09:51:10+00:00" />
<meta property="og:image" content="https://staging.forenteforlag.no/dreyers/wp-content/uploads/sites/2/2025/02/jpg-2.png" />
	<meta property="og:image:width" content="1874" />
	<meta property="og:image:height" content="2669" />
	<meta property="og:image:type" content="image/png" />
<meta name="twitter:card" content="summary_large_image" />
<meta name="twitter:label1" content="Ansl. lesetid" />
	<meta name="twitter:data1" content="2 minutter" />
<script type="application/ld+json" class="yoast-schema-graph">{"@context":"https://schema.org","@graph":[{"@type":"WebPage","@id":"https://staging.forenteforlag.no/dreyers/produkt/vi-ukraina/","url":"https://staging.forenteforlag.no/dreyers/produkt/vi-ukraina/","name":"Vi, Ukraina - Dreyers Forlag","isPartOf":{"@id":"https://staging.forenteforlag.no/dreyers/#website"},"primaryImageOfPage":{"@id":"https://staging.forenteforlag.no/dreyers/produkt/vi-ukraina/#primaryimage"},"image":{"@id":"https://staging.forenteforlag.no/dreyers/produkt/vi-ukraina/#primaryimage"},"thumbnailUrl":"https://staging.forenteforlag.no/dreyers/wp-content/uploads/sites/2/2025/02/jpg-2.png","datePublished":"2025-02-07T02:27:01+00:00","dateModified":"2025-04-11T09:51:10+00:00","breadcrumb":{"@id":"https://staging.forenteforlag.no/dreyers/produkt/vi-ukraina/#breadcrumb"},"inLanguage":"nb-NO","potentialAction":[{"@type":"ReadAction","target":["https://staging.forenteforlag.no/dreyers/produkt/vi-ukraina/"]}]},{"@type":"ImageObject","inLanguage":"nb-NO","@id":"https://staging.forenteforlag.no/dreyers/produkt/vi-ukraina/#primaryimage","url":"https://staging.forenteforlag.no/dreyers/wp-content/uploads/sites/2/2025/02/jpg-2.png","contentUrl":"https://staging.forenteforlag.no/dreyers/wp-content/uploads/sites/2/2025/02/jpg-2.png","width":1874,"height":2669},{"@type":"BreadcrumbList","@id":"https://staging.forenteforlag.no/dreyers/produkt/vi-ukraina/#breadcrumb","itemListElement":[{"@type":"ListItem","position":1,"name":"Hjem","item":"https://staging.forenteforlag.no/dreyers/"},{"@type":"ListItem","position":2,"name":"Alle bøker","item":"https://staging.forenteforlag.no/dreyers/butikk/"},{"@type":"ListItem","position":3,"name":"Vi, Ukraina"}]},{"@type":"WebSite","@id":"https://staging.forenteforlag.no/dreyers/#website","url":"https://staging.forenteforlag.no/dreyers/","name":"Dreyers Forlag","description":"","potentialAction":[{"@type":"SearchAction","target":{"@type":"EntryPoint","urlTemplate":"https://staging.forenteforlag.no/dreyers/?s={search_term_string}"},"query-input":{"@type":"PropertyValueSpecification","valueRequired":true,"valueName":"search_term_string"}}],"inLanguage":"nb-NO"}]}</script>
<!-- / Yoast SEO plugin. -->

Da Russland invaderte Ukraina i februar 2022, var det første gang siden andre verdenskrig at et demokratisk, europeisk land ble utsatt for en full invasjon. Hva gjør det med et samfunn? Det var et av de sentrale spørsmålene Henning Carr Ekroll tok med seg da han, to år ut i krigen, reiste inn i Ukraina. [&hellip;]

Alle bøker
