{"id":21599,"date":"2009-01-05T01:00:00","date_gmt":"2009-01-05T00:00:00","guid":{"rendered":"https:\/\/dreyersforlag.forenteforlag.no\/produkt\/middelalderkirker-i-valdres\/"},"modified":"2025-08-27T08:50:32","modified_gmt":"2025-08-27T06:50:32","slug":"middelalderkirker-i-valdres","status":"publish","type":"product","link":"https:\/\/staging.forenteforlag.no\/dreyers\/produkt\/middelalderkirker-i-valdres\/","title":{"rendered":"Middelalderkirker i Valdres"},"content":{"rendered":"<p>Ikke noe annet dalf\u00f8re har s\u00e5 mange bevarte stavkirker som Valdres. 6 av 28 norske stavkirker finnes her. I middelalderen var det 19 stavkirker i Valdres. Det ble bygget flest stavkirker, fordi tre var et naturlig byggemateriale her, men Valdres har ogs\u00e5 tre middelalderske steinkirker. Den katolske kirken \u00f8nsket helst steinkirker, som var vakre og varige. Steinkirkenes bakgrunn i Valdres var trolig rikdom og kulturimpulser langs hovedvegen over Filefjell, forl\u00f8peren for v\u00e5re dagers Europaveg 16.  Reformasjonen og tidens tann f\u00f8rte til at mange norske middelalderkirker gikk tapt. De som enda finnes forteller oss mye om fortiden. Kirkene kunne for eksempel ha separate d\u00f8rer for kvinner og menn, og egne luker for almisser til de spedalske. I katolske tider med prestes\u00f8libat kunne en prests uekte barn bli \u00e6ttledet (anerkjent) ved kirked\u00f8ra. Dragehoder forteller om kulturelementer overlevert fra f\u00f8rkristen tid. Middelalderkirkene i Valdres er ikke bare popul\u00e6re pilegrimsm\u00e5l for tilreisende fra Norge og mange andre land, men viktige nasjonale minnesmerker over norsk kirkehistorie, fra dens begynnelse frem til i dag.<\/p>\n","protected":false},"excerpt":{"rendered":"<p>Ikke noe annet dalf\u00f8re har s\u00e5 mange bevarte stavkirker som Valdres. 6 av 28 norske stavkirker finnes her. I middelalderen var det 19 stavkirker i Valdres. Det ble bygget flest stavkirker, fordi tre var et naturlig byggemateriale her, men Valdres har ogs\u00e5 tre middelalderske steinkirker. Den katolske kirken \u00f8nsket helst steinkirker, som var vakre og [&hellip;]<\/p>\n","protected":false},"featured_media":24127,"template":"","meta":{"_acf_changed":false,"inline_featured_image":false},"product_brand":[],"product_cat":[38,22,1785],"product_tag":[362,789,636,851],"class_list":{"0":"post-21599","1":"product","2":"type-product","3":"status-publish","4":"has-post-thumbnail","6":"product_cat-diverse-lokallitteratur","7":"product_cat-folkloristikk-og-kulturarv","8":"product_cat-fripris","9":"product_tag-faglitteratur","10":"product_tag-hoymiddelalderen","11":"product_tag-kirkebygninger","12":"product_tag-oppland","13":"pa_format-innbundet","15":"first","16":"instock","17":"shipping-taxable","18":"purchasable","19":"product-type-simple"},"acf":{"anmeldelse":null},"yoast_head":"<!-- This site is optimized with the Yoast SEO plugin v26.6 - https:\/\/yoast.com\/wordpress\/plugins\/seo\/ -->\n<title>Middelalderkirker i Valdres - Dreyers Forlag<\/title>\n<meta name=\"robots\" content=\"noindex, follow, max-snippet:-1, max-image-preview:large, max-video-preview:-1\" \/>\n<meta property=\"og:locale\" content=\"nb_NO\" \/>\n<meta property=\"og:type\" content=\"article\" \/>\n<meta property=\"og:title\" content=\"Middelalderkirker i Valdres - Dreyers Forlag\" \/>\n<meta property=\"og:description\" content=\"Ikke noe annet dalf\u00f8re har s\u00e5 mange bevarte stavkirker som Valdres. 6 av 28 norske stavkirker finnes her. I middelalderen var det 19 stavkirker i Valdres. Det ble bygget flest stavkirker, fordi tre var et naturlig byggemateriale her, men Valdres har ogs\u00e5 tre middelalderske steinkirker. Den katolske kirken \u00f8nsket helst steinkirker, som var vakre og [&hellip;]\" \/>\n<meta property=\"og:url\" content=\"https:\/\/staging.forenteforlag.no\/dreyers\/produkt\/middelalderkirker-i-valdres\/\" \/>\n<meta property=\"og:site_name\" content=\"Dreyers Forlag\" \/>\n<meta property=\"article:modified_time\" content=\"2025-08-27T06:50:32+00:00\" \/>\n<meta property=\"og:image\" content=\"https:\/\/staging.forenteforlag.no\/dreyers\/wp-content\/uploads\/sites\/2\/2025\/08\/jpg-6527.jpg\" \/>\n\t<meta property=\"og:image:width\" content=\"322\" \/>\n\t<meta property=\"og:image:height\" content=\"450\" \/>\n\t<meta property=\"og:image:type\" content=\"image\/jpeg\" \/>\n<meta name=\"twitter:card\" content=\"summary_large_image\" \/>\n<meta name=\"twitter:label1\" content=\"Ansl. lesetid\" \/>\n\t<meta name=\"twitter:data1\" content=\"1 minutt\" \/>\n<script type=\"application\/ld+json\" class=\"yoast-schema-graph\">{\"@context\":\"https:\/\/schema.org\",\"@graph\":[{\"@type\":\"WebPage\",\"@id\":\"https:\/\/staging.forenteforlag.no\/dreyers\/produkt\/middelalderkirker-i-valdres\/\",\"url\":\"https:\/\/staging.forenteforlag.no\/dreyers\/produkt\/middelalderkirker-i-valdres\/\",\"name\":\"Middelalderkirker i Valdres - Dreyers Forlag\",\"isPartOf\":{\"@id\":\"https:\/\/staging.forenteforlag.no\/dreyers\/#website\"},\"primaryImageOfPage\":{\"@id\":\"https:\/\/staging.forenteforlag.no\/dreyers\/produkt\/middelalderkirker-i-valdres\/#primaryimage\"},\"image\":{\"@id\":\"https:\/\/staging.forenteforlag.no\/dreyers\/produkt\/middelalderkirker-i-valdres\/#primaryimage\"},\"thumbnailUrl\":\"https:\/\/staging.forenteforlag.no\/dreyers\/wp-content\/uploads\/sites\/2\/2025\/08\/jpg-6527.jpg\",\"datePublished\":\"2009-01-05T00:00:00+00:00\",\"dateModified\":\"2025-08-27T06:50:32+00:00\",\"breadcrumb\":{\"@id\":\"https:\/\/staging.forenteforlag.no\/dreyers\/produkt\/middelalderkirker-i-valdres\/#breadcrumb\"},\"inLanguage\":\"nb-NO\",\"potentialAction\":[{\"@type\":\"ReadAction\",\"target\":[\"https:\/\/staging.forenteforlag.no\/dreyers\/produkt\/middelalderkirker-i-valdres\/\"]}]},{\"@type\":\"ImageObject\",\"inLanguage\":\"nb-NO\",\"@id\":\"https:\/\/staging.forenteforlag.no\/dreyers\/produkt\/middelalderkirker-i-valdres\/#primaryimage\",\"url\":\"https:\/\/staging.forenteforlag.no\/dreyers\/wp-content\/uploads\/sites\/2\/2025\/08\/jpg-6527.jpg\",\"contentUrl\":\"https:\/\/staging.forenteforlag.no\/dreyers\/wp-content\/uploads\/sites\/2\/2025\/08\/jpg-6527.jpg\",\"width\":322,\"height\":450},{\"@type\":\"BreadcrumbList\",\"@id\":\"https:\/\/staging.forenteforlag.no\/dreyers\/produkt\/middelalderkirker-i-valdres\/#breadcrumb\",\"itemListElement\":[{\"@type\":\"ListItem\",\"position\":1,\"name\":\"Hjem\",\"item\":\"https:\/\/staging.forenteforlag.no\/dreyers\/\"},{\"@type\":\"ListItem\",\"position\":2,\"name\":\"Alle b\u00f8ker\",\"item\":\"https:\/\/staging.forenteforlag.no\/dreyers\/butikk\/\"},{\"@type\":\"ListItem\",\"position\":3,\"name\":\"Middelalderkirker i Valdres\"}]},{\"@type\":\"WebSite\",\"@id\":\"https:\/\/staging.forenteforlag.no\/dreyers\/#website\",\"url\":\"https:\/\/staging.forenteforlag.no\/dreyers\/\",\"name\":\"Dreyers Forlag\",\"description\":\"\",\"potentialAction\":[{\"@type\":\"SearchAction\",\"target\":{\"@type\":\"EntryPoint\",\"urlTemplate\":\"https:\/\/staging.forenteforlag.no\/dreyers\/?s={search_term_string}\"},\"query-input\":{\"@type\":\"PropertyValueSpecification\",\"valueRequired\":true,\"valueName\":\"search_term_string\"}}],\"inLanguage\":\"nb-NO\"}]}<\/script>\n<!-- \/ Yoast SEO plugin. -->","yoast_head_json":{"title":"Middelalderkirker i Valdres - Dreyers Forlag","robots":{"index":"noindex","follow":"follow","max-snippet":"max-snippet:-1","max-image-preview":"max-image-preview:large","max-video-preview":"max-video-preview:-1"},"og_locale":"nb_NO","og_type":"article","og_title":"Middelalderkirker i Valdres - Dreyers Forlag","og_description":"Ikke noe annet dalf\u00f8re har s\u00e5 mange bevarte stavkirker som Valdres. 6 av 28 norske stavkirker finnes her. I middelalderen var det 19 stavkirker i Valdres. Det ble bygget flest stavkirker, fordi tre var et naturlig byggemateriale her, men Valdres har ogs\u00e5 tre middelalderske steinkirker. Den katolske kirken \u00f8nsket helst steinkirker, som var vakre og [&hellip;]","og_url":"https:\/\/staging.forenteforlag.no\/dreyers\/produkt\/middelalderkirker-i-valdres\/","og_site_name":"Dreyers Forlag","article_modified_time":"2025-08-27T06:50:32+00:00","og_image":[{"width":322,"height":450,"url":"https:\/\/staging.forenteforlag.no\/dreyers\/wp-content\/uploads\/sites\/2\/2025\/08\/jpg-6527.jpg","type":"image\/jpeg"}],"twitter_card":"summary_large_image","twitter_misc":{"Ansl. lesetid":"1 minutt"},"schema":{"@context":"https:\/\/schema.org","@graph":[{"@type":"WebPage","@id":"https:\/\/staging.forenteforlag.no\/dreyers\/produkt\/middelalderkirker-i-valdres\/","url":"https:\/\/staging.forenteforlag.no\/dreyers\/produkt\/middelalderkirker-i-valdres\/","name":"Middelalderkirker i Valdres - Dreyers Forlag","isPartOf":{"@id":"https:\/\/staging.forenteforlag.no\/dreyers\/#website"},"primaryImageOfPage":{"@id":"https:\/\/staging.forenteforlag.no\/dreyers\/produkt\/middelalderkirker-i-valdres\/#primaryimage"},"image":{"@id":"https:\/\/staging.forenteforlag.no\/dreyers\/produkt\/middelalderkirker-i-valdres\/#primaryimage"},"thumbnailUrl":"https:\/\/staging.forenteforlag.no\/dreyers\/wp-content\/uploads\/sites\/2\/2025\/08\/jpg-6527.jpg","datePublished":"2009-01-05T00:00:00+00:00","dateModified":"2025-08-27T06:50:32+00:00","breadcrumb":{"@id":"https:\/\/staging.forenteforlag.no\/dreyers\/produkt\/middelalderkirker-i-valdres\/#breadcrumb"},"inLanguage":"nb-NO","potentialAction":[{"@type":"ReadAction","target":["https:\/\/staging.forenteforlag.no\/dreyers\/produkt\/middelalderkirker-i-valdres\/"]}]},{"@type":"ImageObject","inLanguage":"nb-NO","@id":"https:\/\/staging.forenteforlag.no\/dreyers\/produkt\/middelalderkirker-i-valdres\/#primaryimage","url":"https:\/\/staging.forenteforlag.no\/dreyers\/wp-content\/uploads\/sites\/2\/2025\/08\/jpg-6527.jpg","contentUrl":"https:\/\/staging.forenteforlag.no\/dreyers\/wp-content\/uploads\/sites\/2\/2025\/08\/jpg-6527.jpg","width":322,"height":450},{"@type":"BreadcrumbList","@id":"https:\/\/staging.forenteforlag.no\/dreyers\/produkt\/middelalderkirker-i-valdres\/#breadcrumb","itemListElement":[{"@type":"ListItem","position":1,"name":"Hjem","item":"https:\/\/staging.forenteforlag.no\/dreyers\/"},{"@type":"ListItem","position":2,"name":"Alle b\u00f8ker","item":"https:\/\/staging.forenteforlag.no\/dreyers\/butikk\/"},{"@type":"ListItem","position":3,"name":"Middelalderkirker i Valdres"}]},{"@type":"WebSite","@id":"https:\/\/staging.forenteforlag.no\/dreyers\/#website","url":"https:\/\/staging.forenteforlag.no\/dreyers\/","name":"Dreyers Forlag","description":"","potentialAction":[{"@type":"SearchAction","target":{"@type":"EntryPoint","urlTemplate":"https:\/\/staging.forenteforlag.no\/dreyers\/?s={search_term_string}"},"query-input":{"@type":"PropertyValueSpecification","valueRequired":true,"valueName":"search_term_string"}}],"inLanguage":"nb-NO"}]}},"_links":{"self":[{"href":"https:\/\/staging.forenteforlag.no\/dreyers\/wp-json\/wp\/v2\/product\/21599","targetHints":{"allow":["GET"]}}],"collection":[{"href":"https:\/\/staging.forenteforlag.no\/dreyers\/wp-json\/wp\/v2\/product"}],"about":[{"href":"https:\/\/staging.forenteforlag.no\/dreyers\/wp-json\/wp\/v2\/types\/product"}],"wp:featuredmedia":[{"embeddable":true,"href":"https:\/\/staging.forenteforlag.no\/dreyers\/wp-json\/wp\/v2\/media\/24127"}],"wp:attachment":[{"href":"https:\/\/staging.forenteforlag.no\/dreyers\/wp-json\/wp\/v2\/media?parent=21599"}],"wp:term":[{"taxonomy":"product_brand","embeddable":true,"href":"https:\/\/staging.forenteforlag.no\/dreyers\/wp-json\/wp\/v2\/product_brand?post=21599"},{"taxonomy":"product_cat","embeddable":true,"href":"https:\/\/staging.forenteforlag.no\/dreyers\/wp-json\/wp\/v2\/product_cat?post=21599"},{"taxonomy":"product_tag","embeddable":true,"href":"https:\/\/staging.forenteforlag.no\/dreyers\/wp-json\/wp\/v2\/product_tag?post=21599"}],"curies":[{"name":"wp","href":"https:\/\/api.w.org\/{rel}","templated":true}]}}

<p>Ikke noe annet dalføre har så mange bevarte stavkirker som Valdres. 6 av 28 norske stavkirker finnes her. I middelalderen var det 19 stavkirker i Valdres. Det ble bygget flest stavkirker, fordi tre var et naturlig byggemateriale her, men Valdres har også tre middelalderske steinkirker. Den katolske kirken ønsket helst steinkirker, som var vakre og varige. Steinkirkenes bakgrunn i Valdres var trolig rikdom og kulturimpulser langs hovedvegen over Filefjell, forløperen for våre dagers Europaveg 16.  Reformasjonen og tidens tann førte til at mange norske middelalderkirker gikk tapt. De som enda finnes forteller oss mye om fortiden. Kirkene kunne for eksempel ha separate dører for kvinner og menn, og egne luker for almisser til de spedalske. I katolske tider med prestesølibat kunne en prests uekte barn bli ættledet (anerkjent) ved kirkedøra. Dragehoder forteller om kulturelementer overlevert fra førkristen tid. Middelalderkirkene i Valdres er ikke bare populære pilegrimsmål for tilreisende fra Norge og mange andre land, men viktige nasjonale minnesmerker over norsk kirkehistorie, fra dens begynnelse frem til i dag.</p>

<p>Ikke noe annet dalføre har så mange bevarte stavkirker som Valdres. 6 av 28 norske stavkirker finnes her. I middelalderen var det 19 stavkirker i Valdres. Det ble bygget flest stavkirker, fordi tre var et naturlig byggemateriale her, men Valdres har også tre middelalderske steinkirker. Den katolske kirken ønsket helst steinkirker, som var vakre og [&hellip;]</p>

<!-- This site is optimized with the Yoast SEO plugin v26.6 - https://yoast.com/wordpress/plugins/seo/ -->
<title>Middelalderkirker i Valdres - Dreyers Forlag</title>
<meta name="robots" content="noindex, follow, max-snippet:-1, max-image-preview:large, max-video-preview:-1" />
<meta property="og:locale" content="nb_NO" />
<meta property="og:type" content="article" />
<meta property="og:title" content="Middelalderkirker i Valdres - Dreyers Forlag" />
<meta property="og:description" content="Ikke noe annet dalføre har så mange bevarte stavkirker som Valdres. 6 av 28 norske stavkirker finnes her. I middelalderen var det 19 stavkirker i Valdres. Det ble bygget flest stavkirker, fordi tre var et naturlig byggemateriale her, men Valdres har også tre middelalderske steinkirker. Den katolske kirken ønsket helst steinkirker, som var vakre og [&hellip;]" />
<meta property="og:url" content="https://staging.forenteforlag.no/dreyers/produkt/middelalderkirker-i-valdres/" />
<meta property="og:site_name" content="Dreyers Forlag" />
<meta property="article:modified_time" content="2025-08-27T06:50:32+00:00" />
<meta property="og:image" content="https://staging.forenteforlag.no/dreyers/wp-content/uploads/sites/2/2025/08/jpg-6527.jpg" />
	<meta property="og:image:width" content="322" />
	<meta property="og:image:height" content="450" />
	<meta property="og:image:type" content="image/jpeg" />
<meta name="twitter:card" content="summary_large_image" />
<meta name="twitter:label1" content="Ansl. lesetid" />
	<meta name="twitter:data1" content="1 minutt" />
<script type="application/ld+json" class="yoast-schema-graph">{"@context":"https://schema.org","@graph":[{"@type":"WebPage","@id":"https://staging.forenteforlag.no/dreyers/produkt/middelalderkirker-i-valdres/","url":"https://staging.forenteforlag.no/dreyers/produkt/middelalderkirker-i-valdres/","name":"Middelalderkirker i Valdres - Dreyers Forlag","isPartOf":{"@id":"https://staging.forenteforlag.no/dreyers/#website"},"primaryImageOfPage":{"@id":"https://staging.forenteforlag.no/dreyers/produkt/middelalderkirker-i-valdres/#primaryimage"},"image":{"@id":"https://staging.forenteforlag.no/dreyers/produkt/middelalderkirker-i-valdres/#primaryimage"},"thumbnailUrl":"https://staging.forenteforlag.no/dreyers/wp-content/uploads/sites/2/2025/08/jpg-6527.jpg","datePublished":"2009-01-05T00:00:00+00:00","dateModified":"2025-08-27T06:50:32+00:00","breadcrumb":{"@id":"https://staging.forenteforlag.no/dreyers/produkt/middelalderkirker-i-valdres/#breadcrumb"},"inLanguage":"nb-NO","potentialAction":[{"@type":"ReadAction","target":["https://staging.forenteforlag.no/dreyers/produkt/middelalderkirker-i-valdres/"]}]},{"@type":"ImageObject","inLanguage":"nb-NO","@id":"https://staging.forenteforlag.no/dreyers/produkt/middelalderkirker-i-valdres/#primaryimage","url":"https://staging.forenteforlag.no/dreyers/wp-content/uploads/sites/2/2025/08/jpg-6527.jpg","contentUrl":"https://staging.forenteforlag.no/dreyers/wp-content/uploads/sites/2/2025/08/jpg-6527.jpg","width":322,"height":450},{"@type":"BreadcrumbList","@id":"https://staging.forenteforlag.no/dreyers/produkt/middelalderkirker-i-valdres/#breadcrumb","itemListElement":[{"@type":"ListItem","position":1,"name":"Hjem","item":"https://staging.forenteforlag.no/dreyers/"},{"@type":"ListItem","position":2,"name":"Alle bøker","item":"https://staging.forenteforlag.no/dreyers/butikk/"},{"@type":"ListItem","position":3,"name":"Middelalderkirker i Valdres"}]},{"@type":"WebSite","@id":"https://staging.forenteforlag.no/dreyers/#website","url":"https://staging.forenteforlag.no/dreyers/","name":"Dreyers Forlag","description":"","potentialAction":[{"@type":"SearchAction","target":{"@type":"EntryPoint","urlTemplate":"https://staging.forenteforlag.no/dreyers/?s={search_term_string}"},"query-input":{"@type":"PropertyValueSpecification","valueRequired":true,"valueName":"search_term_string"}}],"inLanguage":"nb-NO"}]}</script>
<!-- / Yoast SEO plugin. -->

Ikke noe annet dalføre har så mange bevarte stavkirker som Valdres. 6 av 28 norske stavkirker finnes her. I middelalderen var det 19 stavkirker i Valdres. Det ble bygget flest stavkirker, fordi tre var et naturlig byggemateriale her, men Valdres har også tre middelalderske steinkirker. Den katolske kirken ønsket helst steinkirker, som var vakre og [&hellip;]

Alle bøker
