{"id":21466,"date":"2010-10-06T02:00:00","date_gmt":"2010-10-06T00:00:00","guid":{"rendered":"https:\/\/dreyersforlag.forenteforlag.no\/produkt\/den-store-krigen-2\/"},"modified":"2025-09-04T14:26:32","modified_gmt":"2025-09-04T12:26:32","slug":"den-store-krigen-2","status":"publish","type":"product","link":"https:\/\/staging.forenteforlag.no\/dreyers\/produkt\/den-store-krigen-2\/","title":{"rendered":"Den store krigen"},"content":{"rendered":"<p>F\u00f8rste verdenskrig ble en katastrofe i Europas og verdens historie. Den best\u00e5ende orden br\u00f8t sammen &#8211; fire imperier sank i grus, og p\u00e5 deres ruiner reiste det seg nye stater og styreformer som 20 \u00e5r senere sendte Europa og verden ut i en ny verdenskrig. Den store krigen handler om krigens \u00e5rsaker og konsekvenser i storpolitikkens verden, men ogs\u00e5 om hvordan krigen grep dramatisk inn og satte dype spor i alminnelige menneskers liv. Den handler om hvorfor vinnerne vant og taperne tapte, om hva som skjedde p\u00e5 de store slagmarkene p\u00e5 krigens mange fronter og om hvordan krigen f\u00f8rte til store forandringer samfunnet og hverdagslivet langt fra frontene. Den handler ikke minst om hvordan krigen s\u00e5 ut for soldatene og deres familier og hvordan den ble husket da den var overst\u00e5tt.<\/p>\n","protected":false},"excerpt":{"rendered":"<p>F\u00f8rste verdenskrig ble en katastrofe i Europas og verdens historie. Den best\u00e5ende orden br\u00f8t sammen &#8211; fire imperier sank i grus, og p\u00e5 deres ruiner reiste det seg nye stater og styreformer som 20 \u00e5r senere sendte Europa og verden ut i en ny verdenskrig. Den store krigen handler om krigens \u00e5rsaker og konsekvenser i [&hellip;]<\/p>\n","protected":false},"featured_media":24032,"template":"","meta":{"_acf_changed":false,"inline_featured_image":false},"product_brand":[],"product_cat":[1785,23],"product_tag":[784,362,708],"class_list":{"0":"post-21466","1":"product","2":"type-product","3":"status-publish","4":"has-post-thumbnail","6":"product_cat-fripris","7":"product_cat-historie","8":"product_tag-1914-1918","9":"product_tag-faglitteratur","10":"product_tag-forste-verdenskrig","11":"pa_format-innbundet","13":"first","14":"instock","15":"shipping-taxable","16":"purchasable","17":"product-type-simple"},"acf":{"anmeldelse":null},"yoast_head":"<!-- This site is optimized with the Yoast SEO plugin v26.6 - https:\/\/yoast.com\/wordpress\/plugins\/seo\/ -->\n<title>Den store krigen - Dreyers Forlag<\/title>\n<meta name=\"robots\" content=\"noindex, follow, max-snippet:-1, max-image-preview:large, max-video-preview:-1\" \/>\n<meta property=\"og:locale\" content=\"nb_NO\" \/>\n<meta property=\"og:type\" content=\"article\" \/>\n<meta property=\"og:title\" content=\"Den store krigen - Dreyers Forlag\" \/>\n<meta property=\"og:description\" content=\"F\u00f8rste verdenskrig ble en katastrofe i Europas og verdens historie. Den best\u00e5ende orden br\u00f8t sammen &#8211; fire imperier sank i grus, og p\u00e5 deres ruiner reiste det seg nye stater og styreformer som 20 \u00e5r senere sendte Europa og verden ut i en ny verdenskrig. Den store krigen handler om krigens \u00e5rsaker og konsekvenser i [&hellip;]\" \/>\n<meta property=\"og:url\" content=\"https:\/\/staging.forenteforlag.no\/dreyers\/produkt\/den-store-krigen-2\/\" \/>\n<meta property=\"og:site_name\" content=\"Dreyers Forlag\" \/>\n<meta property=\"article:modified_time\" content=\"2025-09-04T12:26:32+00:00\" \/>\n<meta property=\"og:image\" content=\"https:\/\/staging.forenteforlag.no\/dreyers\/wp-content\/uploads\/sites\/2\/2025\/08\/jpg-5603.jpg\" \/>\n\t<meta property=\"og:image:width\" content=\"325\" \/>\n\t<meta property=\"og:image:height\" content=\"450\" \/>\n\t<meta property=\"og:image:type\" content=\"image\/jpeg\" \/>\n<meta name=\"twitter:card\" content=\"summary_large_image\" \/>\n<meta name=\"twitter:label1\" content=\"Ansl. lesetid\" \/>\n\t<meta name=\"twitter:data1\" content=\"1 minutt\" \/>\n<script type=\"application\/ld+json\" class=\"yoast-schema-graph\">{\"@context\":\"https:\/\/schema.org\",\"@graph\":[{\"@type\":\"WebPage\",\"@id\":\"https:\/\/staging.forenteforlag.no\/dreyers\/produkt\/den-store-krigen-2\/\",\"url\":\"https:\/\/staging.forenteforlag.no\/dreyers\/produkt\/den-store-krigen-2\/\",\"name\":\"Den store krigen - Dreyers Forlag\",\"isPartOf\":{\"@id\":\"https:\/\/staging.forenteforlag.no\/dreyers\/#website\"},\"primaryImageOfPage\":{\"@id\":\"https:\/\/staging.forenteforlag.no\/dreyers\/produkt\/den-store-krigen-2\/#primaryimage\"},\"image\":{\"@id\":\"https:\/\/staging.forenteforlag.no\/dreyers\/produkt\/den-store-krigen-2\/#primaryimage\"},\"thumbnailUrl\":\"https:\/\/staging.forenteforlag.no\/dreyers\/wp-content\/uploads\/sites\/2\/2025\/08\/jpg-5603.jpg\",\"datePublished\":\"2010-10-06T00:00:00+00:00\",\"dateModified\":\"2025-09-04T12:26:32+00:00\",\"breadcrumb\":{\"@id\":\"https:\/\/staging.forenteforlag.no\/dreyers\/produkt\/den-store-krigen-2\/#breadcrumb\"},\"inLanguage\":\"nb-NO\",\"potentialAction\":[{\"@type\":\"ReadAction\",\"target\":[\"https:\/\/staging.forenteforlag.no\/dreyers\/produkt\/den-store-krigen-2\/\"]}]},{\"@type\":\"ImageObject\",\"inLanguage\":\"nb-NO\",\"@id\":\"https:\/\/staging.forenteforlag.no\/dreyers\/produkt\/den-store-krigen-2\/#primaryimage\",\"url\":\"https:\/\/staging.forenteforlag.no\/dreyers\/wp-content\/uploads\/sites\/2\/2025\/08\/jpg-5603.jpg\",\"contentUrl\":\"https:\/\/staging.forenteforlag.no\/dreyers\/wp-content\/uploads\/sites\/2\/2025\/08\/jpg-5603.jpg\",\"width\":325,\"height\":450},{\"@type\":\"BreadcrumbList\",\"@id\":\"https:\/\/staging.forenteforlag.no\/dreyers\/produkt\/den-store-krigen-2\/#breadcrumb\",\"itemListElement\":[{\"@type\":\"ListItem\",\"position\":1,\"name\":\"Hjem\",\"item\":\"https:\/\/staging.forenteforlag.no\/dreyers\/\"},{\"@type\":\"ListItem\",\"position\":2,\"name\":\"Alle b\u00f8ker\",\"item\":\"https:\/\/staging.forenteforlag.no\/dreyers\/butikk\/\"},{\"@type\":\"ListItem\",\"position\":3,\"name\":\"Den store krigen\"}]},{\"@type\":\"WebSite\",\"@id\":\"https:\/\/staging.forenteforlag.no\/dreyers\/#website\",\"url\":\"https:\/\/staging.forenteforlag.no\/dreyers\/\",\"name\":\"Dreyers Forlag\",\"description\":\"\",\"potentialAction\":[{\"@type\":\"SearchAction\",\"target\":{\"@type\":\"EntryPoint\",\"urlTemplate\":\"https:\/\/staging.forenteforlag.no\/dreyers\/?s={search_term_string}\"},\"query-input\":{\"@type\":\"PropertyValueSpecification\",\"valueRequired\":true,\"valueName\":\"search_term_string\"}}],\"inLanguage\":\"nb-NO\"}]}<\/script>\n<!-- \/ Yoast SEO plugin. -->","yoast_head_json":{"title":"Den store krigen - Dreyers Forlag","robots":{"index":"noindex","follow":"follow","max-snippet":"max-snippet:-1","max-image-preview":"max-image-preview:large","max-video-preview":"max-video-preview:-1"},"og_locale":"nb_NO","og_type":"article","og_title":"Den store krigen - Dreyers Forlag","og_description":"F\u00f8rste verdenskrig ble en katastrofe i Europas og verdens historie. Den best\u00e5ende orden br\u00f8t sammen &#8211; fire imperier sank i grus, og p\u00e5 deres ruiner reiste det seg nye stater og styreformer som 20 \u00e5r senere sendte Europa og verden ut i en ny verdenskrig. Den store krigen handler om krigens \u00e5rsaker og konsekvenser i [&hellip;]","og_url":"https:\/\/staging.forenteforlag.no\/dreyers\/produkt\/den-store-krigen-2\/","og_site_name":"Dreyers Forlag","article_modified_time":"2025-09-04T12:26:32+00:00","og_image":[{"width":325,"height":450,"url":"https:\/\/staging.forenteforlag.no\/dreyers\/wp-content\/uploads\/sites\/2\/2025\/08\/jpg-5603.jpg","type":"image\/jpeg"}],"twitter_card":"summary_large_image","twitter_misc":{"Ansl. lesetid":"1 minutt"},"schema":{"@context":"https:\/\/schema.org","@graph":[{"@type":"WebPage","@id":"https:\/\/staging.forenteforlag.no\/dreyers\/produkt\/den-store-krigen-2\/","url":"https:\/\/staging.forenteforlag.no\/dreyers\/produkt\/den-store-krigen-2\/","name":"Den store krigen - Dreyers Forlag","isPartOf":{"@id":"https:\/\/staging.forenteforlag.no\/dreyers\/#website"},"primaryImageOfPage":{"@id":"https:\/\/staging.forenteforlag.no\/dreyers\/produkt\/den-store-krigen-2\/#primaryimage"},"image":{"@id":"https:\/\/staging.forenteforlag.no\/dreyers\/produkt\/den-store-krigen-2\/#primaryimage"},"thumbnailUrl":"https:\/\/staging.forenteforlag.no\/dreyers\/wp-content\/uploads\/sites\/2\/2025\/08\/jpg-5603.jpg","datePublished":"2010-10-06T00:00:00+00:00","dateModified":"2025-09-04T12:26:32+00:00","breadcrumb":{"@id":"https:\/\/staging.forenteforlag.no\/dreyers\/produkt\/den-store-krigen-2\/#breadcrumb"},"inLanguage":"nb-NO","potentialAction":[{"@type":"ReadAction","target":["https:\/\/staging.forenteforlag.no\/dreyers\/produkt\/den-store-krigen-2\/"]}]},{"@type":"ImageObject","inLanguage":"nb-NO","@id":"https:\/\/staging.forenteforlag.no\/dreyers\/produkt\/den-store-krigen-2\/#primaryimage","url":"https:\/\/staging.forenteforlag.no\/dreyers\/wp-content\/uploads\/sites\/2\/2025\/08\/jpg-5603.jpg","contentUrl":"https:\/\/staging.forenteforlag.no\/dreyers\/wp-content\/uploads\/sites\/2\/2025\/08\/jpg-5603.jpg","width":325,"height":450},{"@type":"BreadcrumbList","@id":"https:\/\/staging.forenteforlag.no\/dreyers\/produkt\/den-store-krigen-2\/#breadcrumb","itemListElement":[{"@type":"ListItem","position":1,"name":"Hjem","item":"https:\/\/staging.forenteforlag.no\/dreyers\/"},{"@type":"ListItem","position":2,"name":"Alle b\u00f8ker","item":"https:\/\/staging.forenteforlag.no\/dreyers\/butikk\/"},{"@type":"ListItem","position":3,"name":"Den store krigen"}]},{"@type":"WebSite","@id":"https:\/\/staging.forenteforlag.no\/dreyers\/#website","url":"https:\/\/staging.forenteforlag.no\/dreyers\/","name":"Dreyers Forlag","description":"","potentialAction":[{"@type":"SearchAction","target":{"@type":"EntryPoint","urlTemplate":"https:\/\/staging.forenteforlag.no\/dreyers\/?s={search_term_string}"},"query-input":{"@type":"PropertyValueSpecification","valueRequired":true,"valueName":"search_term_string"}}],"inLanguage":"nb-NO"}]}},"_links":{"self":[{"href":"https:\/\/staging.forenteforlag.no\/dreyers\/wp-json\/wp\/v2\/product\/21466","targetHints":{"allow":["GET"]}}],"collection":[{"href":"https:\/\/staging.forenteforlag.no\/dreyers\/wp-json\/wp\/v2\/product"}],"about":[{"href":"https:\/\/staging.forenteforlag.no\/dreyers\/wp-json\/wp\/v2\/types\/product"}],"wp:featuredmedia":[{"embeddable":true,"href":"https:\/\/staging.forenteforlag.no\/dreyers\/wp-json\/wp\/v2\/media\/24032"}],"wp:attachment":[{"href":"https:\/\/staging.forenteforlag.no\/dreyers\/wp-json\/wp\/v2\/media?parent=21466"}],"wp:term":[{"taxonomy":"product_brand","embeddable":true,"href":"https:\/\/staging.forenteforlag.no\/dreyers\/wp-json\/wp\/v2\/product_brand?post=21466"},{"taxonomy":"product_cat","embeddable":true,"href":"https:\/\/staging.forenteforlag.no\/dreyers\/wp-json\/wp\/v2\/product_cat?post=21466"},{"taxonomy":"product_tag","embeddable":true,"href":"https:\/\/staging.forenteforlag.no\/dreyers\/wp-json\/wp\/v2\/product_tag?post=21466"}],"curies":[{"name":"wp","href":"https:\/\/api.w.org\/{rel}","templated":true}]}}

<p>Første verdenskrig ble en katastrofe i Europas og verdens historie. Den bestående orden brøt sammen &#8211; fire imperier sank i grus, og på deres ruiner reiste det seg nye stater og styreformer som 20 år senere sendte Europa og verden ut i en ny verdenskrig. Den store krigen handler om krigens årsaker og konsekvenser i storpolitikkens verden, men også om hvordan krigen grep dramatisk inn og satte dype spor i alminnelige menneskers liv. Den handler om hvorfor vinnerne vant og taperne tapte, om hva som skjedde på de store slagmarkene på krigens mange fronter og om hvordan krigen førte til store forandringer samfunnet og hverdagslivet langt fra frontene. Den handler ikke minst om hvordan krigen så ut for soldatene og deres familier og hvordan den ble husket da den var overstått.</p>

<p>Første verdenskrig ble en katastrofe i Europas og verdens historie. Den bestående orden brøt sammen &#8211; fire imperier sank i grus, og på deres ruiner reiste det seg nye stater og styreformer som 20 år senere sendte Europa og verden ut i en ny verdenskrig. Den store krigen handler om krigens årsaker og konsekvenser i [&hellip;]</p>

<!-- This site is optimized with the Yoast SEO plugin v26.6 - https://yoast.com/wordpress/plugins/seo/ -->
<title>Den store krigen - Dreyers Forlag</title>
<meta name="robots" content="noindex, follow, max-snippet:-1, max-image-preview:large, max-video-preview:-1" />
<meta property="og:locale" content="nb_NO" />
<meta property="og:type" content="article" />
<meta property="og:title" content="Den store krigen - Dreyers Forlag" />
<meta property="og:description" content="Første verdenskrig ble en katastrofe i Europas og verdens historie. Den bestående orden brøt sammen &#8211; fire imperier sank i grus, og på deres ruiner reiste det seg nye stater og styreformer som 20 år senere sendte Europa og verden ut i en ny verdenskrig. Den store krigen handler om krigens årsaker og konsekvenser i [&hellip;]" />
<meta property="og:url" content="https://staging.forenteforlag.no/dreyers/produkt/den-store-krigen-2/" />
<meta property="og:site_name" content="Dreyers Forlag" />
<meta property="article:modified_time" content="2025-09-04T12:26:32+00:00" />
<meta property="og:image" content="https://staging.forenteforlag.no/dreyers/wp-content/uploads/sites/2/2025/08/jpg-5603.jpg" />
	<meta property="og:image:width" content="325" />
	<meta property="og:image:height" content="450" />
	<meta property="og:image:type" content="image/jpeg" />
<meta name="twitter:card" content="summary_large_image" />
<meta name="twitter:label1" content="Ansl. lesetid" />
	<meta name="twitter:data1" content="1 minutt" />
<script type="application/ld+json" class="yoast-schema-graph">{"@context":"https://schema.org","@graph":[{"@type":"WebPage","@id":"https://staging.forenteforlag.no/dreyers/produkt/den-store-krigen-2/","url":"https://staging.forenteforlag.no/dreyers/produkt/den-store-krigen-2/","name":"Den store krigen - Dreyers Forlag","isPartOf":{"@id":"https://staging.forenteforlag.no/dreyers/#website"},"primaryImageOfPage":{"@id":"https://staging.forenteforlag.no/dreyers/produkt/den-store-krigen-2/#primaryimage"},"image":{"@id":"https://staging.forenteforlag.no/dreyers/produkt/den-store-krigen-2/#primaryimage"},"thumbnailUrl":"https://staging.forenteforlag.no/dreyers/wp-content/uploads/sites/2/2025/08/jpg-5603.jpg","datePublished":"2010-10-06T00:00:00+00:00","dateModified":"2025-09-04T12:26:32+00:00","breadcrumb":{"@id":"https://staging.forenteforlag.no/dreyers/produkt/den-store-krigen-2/#breadcrumb"},"inLanguage":"nb-NO","potentialAction":[{"@type":"ReadAction","target":["https://staging.forenteforlag.no/dreyers/produkt/den-store-krigen-2/"]}]},{"@type":"ImageObject","inLanguage":"nb-NO","@id":"https://staging.forenteforlag.no/dreyers/produkt/den-store-krigen-2/#primaryimage","url":"https://staging.forenteforlag.no/dreyers/wp-content/uploads/sites/2/2025/08/jpg-5603.jpg","contentUrl":"https://staging.forenteforlag.no/dreyers/wp-content/uploads/sites/2/2025/08/jpg-5603.jpg","width":325,"height":450},{"@type":"BreadcrumbList","@id":"https://staging.forenteforlag.no/dreyers/produkt/den-store-krigen-2/#breadcrumb","itemListElement":[{"@type":"ListItem","position":1,"name":"Hjem","item":"https://staging.forenteforlag.no/dreyers/"},{"@type":"ListItem","position":2,"name":"Alle bøker","item":"https://staging.forenteforlag.no/dreyers/butikk/"},{"@type":"ListItem","position":3,"name":"Den store krigen"}]},{"@type":"WebSite","@id":"https://staging.forenteforlag.no/dreyers/#website","url":"https://staging.forenteforlag.no/dreyers/","name":"Dreyers Forlag","description":"","potentialAction":[{"@type":"SearchAction","target":{"@type":"EntryPoint","urlTemplate":"https://staging.forenteforlag.no/dreyers/?s={search_term_string}"},"query-input":{"@type":"PropertyValueSpecification","valueRequired":true,"valueName":"search_term_string"}}],"inLanguage":"nb-NO"}]}</script>
<!-- / Yoast SEO plugin. -->

Første verdenskrig ble en katastrofe i Europas og verdens historie. Den bestående orden brøt sammen &#8211; fire imperier sank i grus, og på deres ruiner reiste det seg nye stater og styreformer som 20 år senere sendte Europa og verden ut i en ny verdenskrig. Den store krigen handler om krigens årsaker og konsekvenser i [&hellip;]

Alle bøker
