{"id":21450,"date":"2011-11-03T01:00:00","date_gmt":"2011-11-03T00:00:00","guid":{"rendered":"https:\/\/dreyersforlag.forenteforlag.no\/produkt\/jorgen-moe\/"},"modified":"2025-08-27T08:21:10","modified_gmt":"2025-08-27T06:21:10","slug":"jorgen-moe","status":"publish","type":"product","link":"https:\/\/staging.forenteforlag.no\/dreyers\/produkt\/jorgen-moe\/","title":{"rendered":"J\u00f8rgen Moe"},"content":{"rendered":"<p>J\u00f8rgen Moe var f\u00f8dt odelsgutt, men ville bli dikter og embetsmann. Aller mest det siste, men han beveget seg inn p\u00e5 et tilsynelatende sidespor, folkeminnegransking. Ettertiden husker ham best for resultatet av femten \u00e5rs eventyrsamling. Asbj\u00f8rnsen og Moes eventyrsamlinger forandret det norske spr\u00e5ket og skapte en norsk stil. De ble et sentralt element i v\u00e5re forestillinger om hva det norske er. Men det som fylte mesteparten av J\u00f8rgen Moes voksne liv, var prestegjerningen. Han n\u00e5dde sitt m\u00e5l om \u00e5 bli biskop, men i mellomtiden hadde motstanden mot embetsmannsstaten og statskirken vokst til et storml\u00f8p, som han m\u00e5tte h\u00e5ndtere.    \t<\/p>\n","protected":false},"excerpt":{"rendered":"<p>J\u00f8rgen Moe var f\u00f8dt odelsgutt, men ville bli dikter og embetsmann. Aller mest det siste, men han beveget seg inn p\u00e5 et tilsynelatende sidespor, folkeminnegransking. Ettertiden husker ham best for resultatet av femten \u00e5rs eventyrsamling. Asbj\u00f8rnsen og Moes eventyrsamlinger forandret det norske spr\u00e5ket og skapte en norsk stil. De ble et sentralt element i v\u00e5re [&hellip;]<\/p>\n","protected":false},"featured_media":24081,"template":"","meta":{"_acf_changed":false,"inline_featured_image":false},"product_brand":[],"product_cat":[20],"product_tag":[1244,362,1065,413,439],"class_list":{"0":"post-21450","1":"product","2":"type-product","3":"status-publish","4":"has-post-thumbnail","6":"product_cat-biografier-og-memoarer","7":"product_tag-biskoper","8":"product_tag-faglitteratur","9":"product_tag-folkediktning","10":"product_tag-forfattere","11":"product_tag-nord-norge","12":"pa_format-innbundet","14":"first","15":"outofstock","16":"shipping-taxable","17":"purchasable","18":"product-type-simple"},"acf":{"anmeldelse":null},"yoast_head":"<!-- This site is optimized with the Yoast SEO plugin v26.6 - https:\/\/yoast.com\/wordpress\/plugins\/seo\/ -->\n<title>J\u00f8rgen Moe - Dreyers Forlag<\/title>\n<meta name=\"robots\" content=\"noindex, follow, max-snippet:-1, max-image-preview:large, max-video-preview:-1\" \/>\n<meta property=\"og:locale\" content=\"nb_NO\" \/>\n<meta property=\"og:type\" content=\"article\" \/>\n<meta property=\"og:title\" content=\"J\u00f8rgen Moe - Dreyers Forlag\" \/>\n<meta property=\"og:description\" content=\"J\u00f8rgen Moe var f\u00f8dt odelsgutt, men ville bli dikter og embetsmann. Aller mest det siste, men han beveget seg inn p\u00e5 et tilsynelatende sidespor, folkeminnegransking. Ettertiden husker ham best for resultatet av femten \u00e5rs eventyrsamling. Asbj\u00f8rnsen og Moes eventyrsamlinger forandret det norske spr\u00e5ket og skapte en norsk stil. De ble et sentralt element i v\u00e5re [&hellip;]\" \/>\n<meta property=\"og:url\" content=\"https:\/\/staging.forenteforlag.no\/dreyers\/produkt\/jorgen-moe\/\" \/>\n<meta property=\"og:site_name\" content=\"Dreyers Forlag\" \/>\n<meta property=\"article:modified_time\" content=\"2025-08-27T06:21:10+00:00\" \/>\n<meta property=\"og:image\" content=\"https:\/\/staging.forenteforlag.no\/dreyers\/wp-content\/uploads\/sites\/2\/2025\/08\/jpg-6049.jpg\" \/>\n\t<meta property=\"og:image:width\" content=\"328\" \/>\n\t<meta property=\"og:image:height\" content=\"449\" \/>\n\t<meta property=\"og:image:type\" content=\"image\/jpeg\" \/>\n<meta name=\"twitter:card\" content=\"summary_large_image\" \/>\n<meta name=\"twitter:label1\" content=\"Ansl. lesetid\" \/>\n\t<meta name=\"twitter:data1\" content=\"1 minutt\" \/>\n<script type=\"application\/ld+json\" class=\"yoast-schema-graph\">{\"@context\":\"https:\/\/schema.org\",\"@graph\":[{\"@type\":\"WebPage\",\"@id\":\"https:\/\/staging.forenteforlag.no\/dreyers\/produkt\/jorgen-moe\/\",\"url\":\"https:\/\/staging.forenteforlag.no\/dreyers\/produkt\/jorgen-moe\/\",\"name\":\"J\u00f8rgen Moe - Dreyers Forlag\",\"isPartOf\":{\"@id\":\"https:\/\/staging.forenteforlag.no\/dreyers\/#website\"},\"primaryImageOfPage\":{\"@id\":\"https:\/\/staging.forenteforlag.no\/dreyers\/produkt\/jorgen-moe\/#primaryimage\"},\"image\":{\"@id\":\"https:\/\/staging.forenteforlag.no\/dreyers\/produkt\/jorgen-moe\/#primaryimage\"},\"thumbnailUrl\":\"https:\/\/staging.forenteforlag.no\/dreyers\/wp-content\/uploads\/sites\/2\/2025\/08\/jpg-6049.jpg\",\"datePublished\":\"2011-11-03T00:00:00+00:00\",\"dateModified\":\"2025-08-27T06:21:10+00:00\",\"breadcrumb\":{\"@id\":\"https:\/\/staging.forenteforlag.no\/dreyers\/produkt\/jorgen-moe\/#breadcrumb\"},\"inLanguage\":\"nb-NO\",\"potentialAction\":[{\"@type\":\"ReadAction\",\"target\":[\"https:\/\/staging.forenteforlag.no\/dreyers\/produkt\/jorgen-moe\/\"]}]},{\"@type\":\"ImageObject\",\"inLanguage\":\"nb-NO\",\"@id\":\"https:\/\/staging.forenteforlag.no\/dreyers\/produkt\/jorgen-moe\/#primaryimage\",\"url\":\"https:\/\/staging.forenteforlag.no\/dreyers\/wp-content\/uploads\/sites\/2\/2025\/08\/jpg-6049.jpg\",\"contentUrl\":\"https:\/\/staging.forenteforlag.no\/dreyers\/wp-content\/uploads\/sites\/2\/2025\/08\/jpg-6049.jpg\",\"width\":328,\"height\":449},{\"@type\":\"BreadcrumbList\",\"@id\":\"https:\/\/staging.forenteforlag.no\/dreyers\/produkt\/jorgen-moe\/#breadcrumb\",\"itemListElement\":[{\"@type\":\"ListItem\",\"position\":1,\"name\":\"Hjem\",\"item\":\"https:\/\/staging.forenteforlag.no\/dreyers\/\"},{\"@type\":\"ListItem\",\"position\":2,\"name\":\"Alle b\u00f8ker\",\"item\":\"https:\/\/staging.forenteforlag.no\/dreyers\/butikk\/\"},{\"@type\":\"ListItem\",\"position\":3,\"name\":\"J\u00f8rgen Moe\"}]},{\"@type\":\"WebSite\",\"@id\":\"https:\/\/staging.forenteforlag.no\/dreyers\/#website\",\"url\":\"https:\/\/staging.forenteforlag.no\/dreyers\/\",\"name\":\"Dreyers Forlag\",\"description\":\"\",\"potentialAction\":[{\"@type\":\"SearchAction\",\"target\":{\"@type\":\"EntryPoint\",\"urlTemplate\":\"https:\/\/staging.forenteforlag.no\/dreyers\/?s={search_term_string}\"},\"query-input\":{\"@type\":\"PropertyValueSpecification\",\"valueRequired\":true,\"valueName\":\"search_term_string\"}}],\"inLanguage\":\"nb-NO\"}]}<\/script>\n<!-- \/ Yoast SEO plugin. -->","yoast_head_json":{"title":"J\u00f8rgen Moe - Dreyers Forlag","robots":{"index":"noindex","follow":"follow","max-snippet":"max-snippet:-1","max-image-preview":"max-image-preview:large","max-video-preview":"max-video-preview:-1"},"og_locale":"nb_NO","og_type":"article","og_title":"J\u00f8rgen Moe - Dreyers Forlag","og_description":"J\u00f8rgen Moe var f\u00f8dt odelsgutt, men ville bli dikter og embetsmann. Aller mest det siste, men han beveget seg inn p\u00e5 et tilsynelatende sidespor, folkeminnegransking. Ettertiden husker ham best for resultatet av femten \u00e5rs eventyrsamling. Asbj\u00f8rnsen og Moes eventyrsamlinger forandret det norske spr\u00e5ket og skapte en norsk stil. De ble et sentralt element i v\u00e5re [&hellip;]","og_url":"https:\/\/staging.forenteforlag.no\/dreyers\/produkt\/jorgen-moe\/","og_site_name":"Dreyers Forlag","article_modified_time":"2025-08-27T06:21:10+00:00","og_image":[{"width":328,"height":449,"url":"https:\/\/staging.forenteforlag.no\/dreyers\/wp-content\/uploads\/sites\/2\/2025\/08\/jpg-6049.jpg","type":"image\/jpeg"}],"twitter_card":"summary_large_image","twitter_misc":{"Ansl. lesetid":"1 minutt"},"schema":{"@context":"https:\/\/schema.org","@graph":[{"@type":"WebPage","@id":"https:\/\/staging.forenteforlag.no\/dreyers\/produkt\/jorgen-moe\/","url":"https:\/\/staging.forenteforlag.no\/dreyers\/produkt\/jorgen-moe\/","name":"J\u00f8rgen Moe - Dreyers Forlag","isPartOf":{"@id":"https:\/\/staging.forenteforlag.no\/dreyers\/#website"},"primaryImageOfPage":{"@id":"https:\/\/staging.forenteforlag.no\/dreyers\/produkt\/jorgen-moe\/#primaryimage"},"image":{"@id":"https:\/\/staging.forenteforlag.no\/dreyers\/produkt\/jorgen-moe\/#primaryimage"},"thumbnailUrl":"https:\/\/staging.forenteforlag.no\/dreyers\/wp-content\/uploads\/sites\/2\/2025\/08\/jpg-6049.jpg","datePublished":"2011-11-03T00:00:00+00:00","dateModified":"2025-08-27T06:21:10+00:00","breadcrumb":{"@id":"https:\/\/staging.forenteforlag.no\/dreyers\/produkt\/jorgen-moe\/#breadcrumb"},"inLanguage":"nb-NO","potentialAction":[{"@type":"ReadAction","target":["https:\/\/staging.forenteforlag.no\/dreyers\/produkt\/jorgen-moe\/"]}]},{"@type":"ImageObject","inLanguage":"nb-NO","@id":"https:\/\/staging.forenteforlag.no\/dreyers\/produkt\/jorgen-moe\/#primaryimage","url":"https:\/\/staging.forenteforlag.no\/dreyers\/wp-content\/uploads\/sites\/2\/2025\/08\/jpg-6049.jpg","contentUrl":"https:\/\/staging.forenteforlag.no\/dreyers\/wp-content\/uploads\/sites\/2\/2025\/08\/jpg-6049.jpg","width":328,"height":449},{"@type":"BreadcrumbList","@id":"https:\/\/staging.forenteforlag.no\/dreyers\/produkt\/jorgen-moe\/#breadcrumb","itemListElement":[{"@type":"ListItem","position":1,"name":"Hjem","item":"https:\/\/staging.forenteforlag.no\/dreyers\/"},{"@type":"ListItem","position":2,"name":"Alle b\u00f8ker","item":"https:\/\/staging.forenteforlag.no\/dreyers\/butikk\/"},{"@type":"ListItem","position":3,"name":"J\u00f8rgen Moe"}]},{"@type":"WebSite","@id":"https:\/\/staging.forenteforlag.no\/dreyers\/#website","url":"https:\/\/staging.forenteforlag.no\/dreyers\/","name":"Dreyers Forlag","description":"","potentialAction":[{"@type":"SearchAction","target":{"@type":"EntryPoint","urlTemplate":"https:\/\/staging.forenteforlag.no\/dreyers\/?s={search_term_string}"},"query-input":{"@type":"PropertyValueSpecification","valueRequired":true,"valueName":"search_term_string"}}],"inLanguage":"nb-NO"}]}},"_links":{"self":[{"href":"https:\/\/staging.forenteforlag.no\/dreyers\/wp-json\/wp\/v2\/product\/21450","targetHints":{"allow":["GET"]}}],"collection":[{"href":"https:\/\/staging.forenteforlag.no\/dreyers\/wp-json\/wp\/v2\/product"}],"about":[{"href":"https:\/\/staging.forenteforlag.no\/dreyers\/wp-json\/wp\/v2\/types\/product"}],"wp:featuredmedia":[{"embeddable":true,"href":"https:\/\/staging.forenteforlag.no\/dreyers\/wp-json\/wp\/v2\/media\/24081"}],"wp:attachment":[{"href":"https:\/\/staging.forenteforlag.no\/dreyers\/wp-json\/wp\/v2\/media?parent=21450"}],"wp:term":[{"taxonomy":"product_brand","embeddable":true,"href":"https:\/\/staging.forenteforlag.no\/dreyers\/wp-json\/wp\/v2\/product_brand?post=21450"},{"taxonomy":"product_cat","embeddable":true,"href":"https:\/\/staging.forenteforlag.no\/dreyers\/wp-json\/wp\/v2\/product_cat?post=21450"},{"taxonomy":"product_tag","embeddable":true,"href":"https:\/\/staging.forenteforlag.no\/dreyers\/wp-json\/wp\/v2\/product_tag?post=21450"}],"curies":[{"name":"wp","href":"https:\/\/api.w.org\/{rel}","templated":true}]}}

Jørgen Moe

<p>Jørgen Moe var født odelsgutt, men ville bli dikter og embetsmann. Aller mest det siste, men han beveget seg inn på et tilsynelatende sidespor, folkeminnegransking. Ettertiden husker ham best for resultatet av femten års eventyrsamling. Asbjørnsen og Moes eventyrsamlinger forandret det norske språket og skapte en norsk stil. De ble et sentralt element i våre forestillinger om hva det norske er. Men det som fylte mesteparten av Jørgen Moes voksne liv, var prestegjerningen. Han nådde sitt mål om å bli biskop, men i mellomtiden hadde motstanden mot embetsmannsstaten og statskirken vokst til et stormløp, som han måtte håndtere.    	</p>

<p>Jørgen Moe var født odelsgutt, men ville bli dikter og embetsmann. Aller mest det siste, men han beveget seg inn på et tilsynelatende sidespor, folkeminnegransking. Ettertiden husker ham best for resultatet av femten års eventyrsamling. Asbjørnsen og Moes eventyrsamlinger forandret det norske språket og skapte en norsk stil. De ble et sentralt element i våre [&hellip;]</p>

<!-- This site is optimized with the Yoast SEO plugin v26.6 - https://yoast.com/wordpress/plugins/seo/ -->
<title>Jørgen Moe - Dreyers Forlag</title>
<meta name="robots" content="noindex, follow, max-snippet:-1, max-image-preview:large, max-video-preview:-1" />
<meta property="og:locale" content="nb_NO" />
<meta property="og:type" content="article" />
<meta property="og:title" content="Jørgen Moe - Dreyers Forlag" />
<meta property="og:description" content="Jørgen Moe var født odelsgutt, men ville bli dikter og embetsmann. Aller mest det siste, men han beveget seg inn på et tilsynelatende sidespor, folkeminnegransking. Ettertiden husker ham best for resultatet av femten års eventyrsamling. Asbjørnsen og Moes eventyrsamlinger forandret det norske språket og skapte en norsk stil. De ble et sentralt element i våre [&hellip;]" />
<meta property="og:url" content="https://staging.forenteforlag.no/dreyers/produkt/jorgen-moe/" />
<meta property="og:site_name" content="Dreyers Forlag" />
<meta property="article:modified_time" content="2025-08-27T06:21:10+00:00" />
<meta property="og:image" content="https://staging.forenteforlag.no/dreyers/wp-content/uploads/sites/2/2025/08/jpg-6049.jpg" />
	<meta property="og:image:width" content="328" />
	<meta property="og:image:height" content="449" />
	<meta property="og:image:type" content="image/jpeg" />
<meta name="twitter:card" content="summary_large_image" />
<meta name="twitter:label1" content="Ansl. lesetid" />
	<meta name="twitter:data1" content="1 minutt" />
<script type="application/ld+json" class="yoast-schema-graph">{"@context":"https://schema.org","@graph":[{"@type":"WebPage","@id":"https://staging.forenteforlag.no/dreyers/produkt/jorgen-moe/","url":"https://staging.forenteforlag.no/dreyers/produkt/jorgen-moe/","name":"Jørgen Moe - Dreyers Forlag","isPartOf":{"@id":"https://staging.forenteforlag.no/dreyers/#website"},"primaryImageOfPage":{"@id":"https://staging.forenteforlag.no/dreyers/produkt/jorgen-moe/#primaryimage"},"image":{"@id":"https://staging.forenteforlag.no/dreyers/produkt/jorgen-moe/#primaryimage"},"thumbnailUrl":"https://staging.forenteforlag.no/dreyers/wp-content/uploads/sites/2/2025/08/jpg-6049.jpg","datePublished":"2011-11-03T00:00:00+00:00","dateModified":"2025-08-27T06:21:10+00:00","breadcrumb":{"@id":"https://staging.forenteforlag.no/dreyers/produkt/jorgen-moe/#breadcrumb"},"inLanguage":"nb-NO","potentialAction":[{"@type":"ReadAction","target":["https://staging.forenteforlag.no/dreyers/produkt/jorgen-moe/"]}]},{"@type":"ImageObject","inLanguage":"nb-NO","@id":"https://staging.forenteforlag.no/dreyers/produkt/jorgen-moe/#primaryimage","url":"https://staging.forenteforlag.no/dreyers/wp-content/uploads/sites/2/2025/08/jpg-6049.jpg","contentUrl":"https://staging.forenteforlag.no/dreyers/wp-content/uploads/sites/2/2025/08/jpg-6049.jpg","width":328,"height":449},{"@type":"BreadcrumbList","@id":"https://staging.forenteforlag.no/dreyers/produkt/jorgen-moe/#breadcrumb","itemListElement":[{"@type":"ListItem","position":1,"name":"Hjem","item":"https://staging.forenteforlag.no/dreyers/"},{"@type":"ListItem","position":2,"name":"Alle bøker","item":"https://staging.forenteforlag.no/dreyers/butikk/"},{"@type":"ListItem","position":3,"name":"Jørgen Moe"}]},{"@type":"WebSite","@id":"https://staging.forenteforlag.no/dreyers/#website","url":"https://staging.forenteforlag.no/dreyers/","name":"Dreyers Forlag","description":"","potentialAction":[{"@type":"SearchAction","target":{"@type":"EntryPoint","urlTemplate":"https://staging.forenteforlag.no/dreyers/?s={search_term_string}"},"query-input":{"@type":"PropertyValueSpecification","valueRequired":true,"valueName":"search_term_string"}}],"inLanguage":"nb-NO"}]}</script>
<!-- / Yoast SEO plugin. -->

Jørgen Moe - Dreyers Forlag

Jørgen Moe var født odelsgutt, men ville bli dikter og embetsmann. Aller mest det siste, men han beveget seg inn på et tilsynelatende sidespor, folkeminnegransking. Ettertiden husker ham best for resultatet av femten års eventyrsamling. Asbjørnsen og Moes eventyrsamlinger forandret det norske språket og skapte en norsk stil. De ble et sentralt element i våre [&hellip;]

Alle bøker
