{"id":21446,"date":"2011-11-22T01:00:00","date_gmt":"2011-11-22T00:00:00","guid":{"rendered":"https:\/\/dreyersforlag.forenteforlag.no\/produkt\/byens-konstruksjon\/"},"modified":"2025-08-27T14:18:05","modified_gmt":"2025-08-27T12:18:05","slug":"byens-konstruksjon","status":"publish","type":"product","link":"https:\/\/staging.forenteforlag.no\/dreyers\/produkt\/byens-konstruksjon\/","title":{"rendered":"Byens konstruksjon"},"content":{"rendered":"<p>Mellomalderbyar blir ofte sett p\u00e5 som uoversiktlege og usystematiske i utforminga. Denne boka har som eit av sine m\u00e5l \u00e5 visa dessa byane er prega av stabilitet i utforminga like fram til moderne tid. Sidan midten av 1800-talet har den mellomalderske bystrukturen vore under press og til dels blitt \u00f8ydelagt i dei fleste byar. Slike byar har likevel stadig fellestrekk som viser korleis dei blei til, i form av spor etter gate- og tomtem\u00f8nster og ikkje minst i kyrkjestrukturen. I Norden var byar noko nytt i mellomalderen, og mellom desse er Bergen kanskje den byen med den rikaste forskingstradisjonen b\u00e5de innanfor arkeologi og historie.   I denne boka blir den mellomalderske bystrukturen i Bergen tolka og samanlikna med byar som London, K\u00f8benhavn, L\u00fcbeck, Trondheim, Oslo og fleire andre.<\/p>\n","protected":false},"excerpt":{"rendered":"<p>Mellomalderbyar blir ofte sett p\u00e5 som uoversiktlege og usystematiske i utforminga. Denne boka har som eit av sine m\u00e5l \u00e5 visa dessa byane er prega av stabilitet i utforminga like fram til moderne tid. Sidan midten av 1800-talet har den mellomalderske bystrukturen vore under press og til dels blitt \u00f8ydelagt i dei fleste byar. Slike [&hellip;]<\/p>\n","protected":false},"featured_media":24226,"template":"","meta":{"_acf_changed":false,"inline_featured_image":false},"product_brand":[],"product_cat":[36],"product_tag":[653,415,362,789,500,773,377,911,1041],"class_list":{"0":"post-21446","1":"product","2":"type-product","3":"status-publish","4":"has-post-thumbnail","6":"product_cat-bergen","7":"product_tag-bergen","8":"product_tag-byplanlegging","9":"product_tag-faglitteratur","10":"product_tag-hoymiddelalderen","11":"product_tag-kobenhavn","12":"product_tag-london","13":"product_tag-oslo","14":"product_tag-ost-tyskland","15":"product_tag-trondheim","16":"pa_format-innbundet","18":"first","19":"midlertidig-utsolgt","20":"shipping-taxable","21":"purchasable","22":"product-type-simple"},"acf":{"anmeldelse":null},"yoast_head":"<!-- This site is optimized with the Yoast SEO plugin v26.6 - https:\/\/yoast.com\/wordpress\/plugins\/seo\/ -->\n<title>Byens konstruksjon - Dreyers Forlag<\/title>\n<meta name=\"robots\" content=\"noindex, follow, max-snippet:-1, max-image-preview:large, max-video-preview:-1\" \/>\n<meta property=\"og:locale\" content=\"nb_NO\" \/>\n<meta property=\"og:type\" content=\"article\" \/>\n<meta property=\"og:title\" content=\"Byens konstruksjon - Dreyers Forlag\" \/>\n<meta property=\"og:description\" content=\"Mellomalderbyar blir ofte sett p\u00e5 som uoversiktlege og usystematiske i utforminga. Denne boka har som eit av sine m\u00e5l \u00e5 visa dessa byane er prega av stabilitet i utforminga like fram til moderne tid. Sidan midten av 1800-talet har den mellomalderske bystrukturen vore under press og til dels blitt \u00f8ydelagt i dei fleste byar. Slike [&hellip;]\" \/>\n<meta property=\"og:url\" content=\"https:\/\/staging.forenteforlag.no\/dreyers\/produkt\/byens-konstruksjon\/\" \/>\n<meta property=\"og:site_name\" content=\"Dreyers Forlag\" \/>\n<meta property=\"article:modified_time\" content=\"2025-08-27T12:18:05+00:00\" \/>\n<meta property=\"og:image\" content=\"https:\/\/staging.forenteforlag.no\/dreyers\/wp-content\/uploads\/sites\/2\/2025\/08\/jpg-7466.jpg\" \/>\n\t<meta property=\"og:image:width\" content=\"370\" \/>\n\t<meta property=\"og:image:height\" content=\"450\" \/>\n\t<meta property=\"og:image:type\" content=\"image\/jpeg\" \/>\n<meta name=\"twitter:card\" content=\"summary_large_image\" \/>\n<meta name=\"twitter:label1\" content=\"Ansl. lesetid\" \/>\n\t<meta name=\"twitter:data1\" content=\"1 minutt\" \/>\n<script type=\"application\/ld+json\" class=\"yoast-schema-graph\">{\"@context\":\"https:\/\/schema.org\",\"@graph\":[{\"@type\":\"WebPage\",\"@id\":\"https:\/\/staging.forenteforlag.no\/dreyers\/produkt\/byens-konstruksjon\/\",\"url\":\"https:\/\/staging.forenteforlag.no\/dreyers\/produkt\/byens-konstruksjon\/\",\"name\":\"Byens konstruksjon - Dreyers Forlag\",\"isPartOf\":{\"@id\":\"https:\/\/staging.forenteforlag.no\/dreyers\/#website\"},\"primaryImageOfPage\":{\"@id\":\"https:\/\/staging.forenteforlag.no\/dreyers\/produkt\/byens-konstruksjon\/#primaryimage\"},\"image\":{\"@id\":\"https:\/\/staging.forenteforlag.no\/dreyers\/produkt\/byens-konstruksjon\/#primaryimage\"},\"thumbnailUrl\":\"https:\/\/staging.forenteforlag.no\/dreyers\/wp-content\/uploads\/sites\/2\/2025\/08\/jpg-7466.jpg\",\"datePublished\":\"2011-11-22T00:00:00+00:00\",\"dateModified\":\"2025-08-27T12:18:05+00:00\",\"breadcrumb\":{\"@id\":\"https:\/\/staging.forenteforlag.no\/dreyers\/produkt\/byens-konstruksjon\/#breadcrumb\"},\"inLanguage\":\"nb-NO\",\"potentialAction\":[{\"@type\":\"ReadAction\",\"target\":[\"https:\/\/staging.forenteforlag.no\/dreyers\/produkt\/byens-konstruksjon\/\"]}]},{\"@type\":\"ImageObject\",\"inLanguage\":\"nb-NO\",\"@id\":\"https:\/\/staging.forenteforlag.no\/dreyers\/produkt\/byens-konstruksjon\/#primaryimage\",\"url\":\"https:\/\/staging.forenteforlag.no\/dreyers\/wp-content\/uploads\/sites\/2\/2025\/08\/jpg-7466.jpg\",\"contentUrl\":\"https:\/\/staging.forenteforlag.no\/dreyers\/wp-content\/uploads\/sites\/2\/2025\/08\/jpg-7466.jpg\",\"width\":370,\"height\":450},{\"@type\":\"BreadcrumbList\",\"@id\":\"https:\/\/staging.forenteforlag.no\/dreyers\/produkt\/byens-konstruksjon\/#breadcrumb\",\"itemListElement\":[{\"@type\":\"ListItem\",\"position\":1,\"name\":\"Hjem\",\"item\":\"https:\/\/staging.forenteforlag.no\/dreyers\/\"},{\"@type\":\"ListItem\",\"position\":2,\"name\":\"Alle b\u00f8ker\",\"item\":\"https:\/\/staging.forenteforlag.no\/dreyers\/butikk\/\"},{\"@type\":\"ListItem\",\"position\":3,\"name\":\"Byens konstruksjon\"}]},{\"@type\":\"WebSite\",\"@id\":\"https:\/\/staging.forenteforlag.no\/dreyers\/#website\",\"url\":\"https:\/\/staging.forenteforlag.no\/dreyers\/\",\"name\":\"Dreyers Forlag\",\"description\":\"\",\"potentialAction\":[{\"@type\":\"SearchAction\",\"target\":{\"@type\":\"EntryPoint\",\"urlTemplate\":\"https:\/\/staging.forenteforlag.no\/dreyers\/?s={search_term_string}\"},\"query-input\":{\"@type\":\"PropertyValueSpecification\",\"valueRequired\":true,\"valueName\":\"search_term_string\"}}],\"inLanguage\":\"nb-NO\"}]}<\/script>\n<!-- \/ Yoast SEO plugin. -->","yoast_head_json":{"title":"Byens konstruksjon - Dreyers Forlag","robots":{"index":"noindex","follow":"follow","max-snippet":"max-snippet:-1","max-image-preview":"max-image-preview:large","max-video-preview":"max-video-preview:-1"},"og_locale":"nb_NO","og_type":"article","og_title":"Byens konstruksjon - Dreyers Forlag","og_description":"Mellomalderbyar blir ofte sett p\u00e5 som uoversiktlege og usystematiske i utforminga. Denne boka har som eit av sine m\u00e5l \u00e5 visa dessa byane er prega av stabilitet i utforminga like fram til moderne tid. Sidan midten av 1800-talet har den mellomalderske bystrukturen vore under press og til dels blitt \u00f8ydelagt i dei fleste byar. Slike [&hellip;]","og_url":"https:\/\/staging.forenteforlag.no\/dreyers\/produkt\/byens-konstruksjon\/","og_site_name":"Dreyers Forlag","article_modified_time":"2025-08-27T12:18:05+00:00","og_image":[{"width":370,"height":450,"url":"https:\/\/staging.forenteforlag.no\/dreyers\/wp-content\/uploads\/sites\/2\/2025\/08\/jpg-7466.jpg","type":"image\/jpeg"}],"twitter_card":"summary_large_image","twitter_misc":{"Ansl. lesetid":"1 minutt"},"schema":{"@context":"https:\/\/schema.org","@graph":[{"@type":"WebPage","@id":"https:\/\/staging.forenteforlag.no\/dreyers\/produkt\/byens-konstruksjon\/","url":"https:\/\/staging.forenteforlag.no\/dreyers\/produkt\/byens-konstruksjon\/","name":"Byens konstruksjon - Dreyers Forlag","isPartOf":{"@id":"https:\/\/staging.forenteforlag.no\/dreyers\/#website"},"primaryImageOfPage":{"@id":"https:\/\/staging.forenteforlag.no\/dreyers\/produkt\/byens-konstruksjon\/#primaryimage"},"image":{"@id":"https:\/\/staging.forenteforlag.no\/dreyers\/produkt\/byens-konstruksjon\/#primaryimage"},"thumbnailUrl":"https:\/\/staging.forenteforlag.no\/dreyers\/wp-content\/uploads\/sites\/2\/2025\/08\/jpg-7466.jpg","datePublished":"2011-11-22T00:00:00+00:00","dateModified":"2025-08-27T12:18:05+00:00","breadcrumb":{"@id":"https:\/\/staging.forenteforlag.no\/dreyers\/produkt\/byens-konstruksjon\/#breadcrumb"},"inLanguage":"nb-NO","potentialAction":[{"@type":"ReadAction","target":["https:\/\/staging.forenteforlag.no\/dreyers\/produkt\/byens-konstruksjon\/"]}]},{"@type":"ImageObject","inLanguage":"nb-NO","@id":"https:\/\/staging.forenteforlag.no\/dreyers\/produkt\/byens-konstruksjon\/#primaryimage","url":"https:\/\/staging.forenteforlag.no\/dreyers\/wp-content\/uploads\/sites\/2\/2025\/08\/jpg-7466.jpg","contentUrl":"https:\/\/staging.forenteforlag.no\/dreyers\/wp-content\/uploads\/sites\/2\/2025\/08\/jpg-7466.jpg","width":370,"height":450},{"@type":"BreadcrumbList","@id":"https:\/\/staging.forenteforlag.no\/dreyers\/produkt\/byens-konstruksjon\/#breadcrumb","itemListElement":[{"@type":"ListItem","position":1,"name":"Hjem","item":"https:\/\/staging.forenteforlag.no\/dreyers\/"},{"@type":"ListItem","position":2,"name":"Alle b\u00f8ker","item":"https:\/\/staging.forenteforlag.no\/dreyers\/butikk\/"},{"@type":"ListItem","position":3,"name":"Byens konstruksjon"}]},{"@type":"WebSite","@id":"https:\/\/staging.forenteforlag.no\/dreyers\/#website","url":"https:\/\/staging.forenteforlag.no\/dreyers\/","name":"Dreyers Forlag","description":"","potentialAction":[{"@type":"SearchAction","target":{"@type":"EntryPoint","urlTemplate":"https:\/\/staging.forenteforlag.no\/dreyers\/?s={search_term_string}"},"query-input":{"@type":"PropertyValueSpecification","valueRequired":true,"valueName":"search_term_string"}}],"inLanguage":"nb-NO"}]}},"_links":{"self":[{"href":"https:\/\/staging.forenteforlag.no\/dreyers\/wp-json\/wp\/v2\/product\/21446","targetHints":{"allow":["GET"]}}],"collection":[{"href":"https:\/\/staging.forenteforlag.no\/dreyers\/wp-json\/wp\/v2\/product"}],"about":[{"href":"https:\/\/staging.forenteforlag.no\/dreyers\/wp-json\/wp\/v2\/types\/product"}],"wp:featuredmedia":[{"embeddable":true,"href":"https:\/\/staging.forenteforlag.no\/dreyers\/wp-json\/wp\/v2\/media\/24226"}],"wp:attachment":[{"href":"https:\/\/staging.forenteforlag.no\/dreyers\/wp-json\/wp\/v2\/media?parent=21446"}],"wp:term":[{"taxonomy":"product_brand","embeddable":true,"href":"https:\/\/staging.forenteforlag.no\/dreyers\/wp-json\/wp\/v2\/product_brand?post=21446"},{"taxonomy":"product_cat","embeddable":true,"href":"https:\/\/staging.forenteforlag.no\/dreyers\/wp-json\/wp\/v2\/product_cat?post=21446"},{"taxonomy":"product_tag","embeddable":true,"href":"https:\/\/staging.forenteforlag.no\/dreyers\/wp-json\/wp\/v2\/product_tag?post=21446"}],"curies":[{"name":"wp","href":"https:\/\/api.w.org\/{rel}","templated":true}]}}

<p>Mellomalderbyar blir ofte sett på som uoversiktlege og usystematiske i utforminga. Denne boka har som eit av sine mål å visa dessa byane er prega av stabilitet i utforminga like fram til moderne tid. Sidan midten av 1800-talet har den mellomalderske bystrukturen vore under press og til dels blitt øydelagt i dei fleste byar. Slike byar har likevel stadig fellestrekk som viser korleis dei blei til, i form av spor etter gate- og tomtemønster og ikkje minst i kyrkjestrukturen. I Norden var byar noko nytt i mellomalderen, og mellom desse er Bergen kanskje den byen med den rikaste forskingstradisjonen både innanfor arkeologi og historie.   I denne boka blir den mellomalderske bystrukturen i Bergen tolka og samanlikna med byar som London, København, Lübeck, Trondheim, Oslo og fleire andre.</p>

<p>Mellomalderbyar blir ofte sett på som uoversiktlege og usystematiske i utforminga. Denne boka har som eit av sine mål å visa dessa byane er prega av stabilitet i utforminga like fram til moderne tid. Sidan midten av 1800-talet har den mellomalderske bystrukturen vore under press og til dels blitt øydelagt i dei fleste byar. Slike [&hellip;]</p>

<!-- This site is optimized with the Yoast SEO plugin v26.6 - https://yoast.com/wordpress/plugins/seo/ -->
<title>Byens konstruksjon - Dreyers Forlag</title>
<meta name="robots" content="noindex, follow, max-snippet:-1, max-image-preview:large, max-video-preview:-1" />
<meta property="og:locale" content="nb_NO" />
<meta property="og:type" content="article" />
<meta property="og:title" content="Byens konstruksjon - Dreyers Forlag" />
<meta property="og:description" content="Mellomalderbyar blir ofte sett på som uoversiktlege og usystematiske i utforminga. Denne boka har som eit av sine mål å visa dessa byane er prega av stabilitet i utforminga like fram til moderne tid. Sidan midten av 1800-talet har den mellomalderske bystrukturen vore under press og til dels blitt øydelagt i dei fleste byar. Slike [&hellip;]" />
<meta property="og:url" content="https://staging.forenteforlag.no/dreyers/produkt/byens-konstruksjon/" />
<meta property="og:site_name" content="Dreyers Forlag" />
<meta property="article:modified_time" content="2025-08-27T12:18:05+00:00" />
<meta property="og:image" content="https://staging.forenteforlag.no/dreyers/wp-content/uploads/sites/2/2025/08/jpg-7466.jpg" />
	<meta property="og:image:width" content="370" />
	<meta property="og:image:height" content="450" />
	<meta property="og:image:type" content="image/jpeg" />
<meta name="twitter:card" content="summary_large_image" />
<meta name="twitter:label1" content="Ansl. lesetid" />
	<meta name="twitter:data1" content="1 minutt" />
<script type="application/ld+json" class="yoast-schema-graph">{"@context":"https://schema.org","@graph":[{"@type":"WebPage","@id":"https://staging.forenteforlag.no/dreyers/produkt/byens-konstruksjon/","url":"https://staging.forenteforlag.no/dreyers/produkt/byens-konstruksjon/","name":"Byens konstruksjon - Dreyers Forlag","isPartOf":{"@id":"https://staging.forenteforlag.no/dreyers/#website"},"primaryImageOfPage":{"@id":"https://staging.forenteforlag.no/dreyers/produkt/byens-konstruksjon/#primaryimage"},"image":{"@id":"https://staging.forenteforlag.no/dreyers/produkt/byens-konstruksjon/#primaryimage"},"thumbnailUrl":"https://staging.forenteforlag.no/dreyers/wp-content/uploads/sites/2/2025/08/jpg-7466.jpg","datePublished":"2011-11-22T00:00:00+00:00","dateModified":"2025-08-27T12:18:05+00:00","breadcrumb":{"@id":"https://staging.forenteforlag.no/dreyers/produkt/byens-konstruksjon/#breadcrumb"},"inLanguage":"nb-NO","potentialAction":[{"@type":"ReadAction","target":["https://staging.forenteforlag.no/dreyers/produkt/byens-konstruksjon/"]}]},{"@type":"ImageObject","inLanguage":"nb-NO","@id":"https://staging.forenteforlag.no/dreyers/produkt/byens-konstruksjon/#primaryimage","url":"https://staging.forenteforlag.no/dreyers/wp-content/uploads/sites/2/2025/08/jpg-7466.jpg","contentUrl":"https://staging.forenteforlag.no/dreyers/wp-content/uploads/sites/2/2025/08/jpg-7466.jpg","width":370,"height":450},{"@type":"BreadcrumbList","@id":"https://staging.forenteforlag.no/dreyers/produkt/byens-konstruksjon/#breadcrumb","itemListElement":[{"@type":"ListItem","position":1,"name":"Hjem","item":"https://staging.forenteforlag.no/dreyers/"},{"@type":"ListItem","position":2,"name":"Alle bøker","item":"https://staging.forenteforlag.no/dreyers/butikk/"},{"@type":"ListItem","position":3,"name":"Byens konstruksjon"}]},{"@type":"WebSite","@id":"https://staging.forenteforlag.no/dreyers/#website","url":"https://staging.forenteforlag.no/dreyers/","name":"Dreyers Forlag","description":"","potentialAction":[{"@type":"SearchAction","target":{"@type":"EntryPoint","urlTemplate":"https://staging.forenteforlag.no/dreyers/?s={search_term_string}"},"query-input":{"@type":"PropertyValueSpecification","valueRequired":true,"valueName":"search_term_string"}}],"inLanguage":"nb-NO"}]}</script>
<!-- / Yoast SEO plugin. -->

Mellomalderbyar blir ofte sett på som uoversiktlege og usystematiske i utforminga. Denne boka har som eit av sine mål å visa dessa byane er prega av stabilitet i utforminga like fram til moderne tid. Sidan midten av 1800-talet har den mellomalderske bystrukturen vore under press og til dels blitt øydelagt i dei fleste byar. Slike [&hellip;]

Alle bøker
