{"id":21426,"date":"2012-10-01T02:00:00","date_gmt":"2012-10-01T00:00:00","guid":{"rendered":"https:\/\/dreyersforlag.forenteforlag.no\/produkt\/muhammed-2\/"},"modified":"2025-08-27T08:19:07","modified_gmt":"2025-08-27T06:19:07","slug":"muhammed-2","status":"publish","type":"product","link":"https:\/\/staging.forenteforlag.no\/dreyers\/produkt\/muhammed-2\/","title":{"rendered":"Muhammed"},"content":{"rendered":"<p>Denne boken handler om hvordan de eldste arabiske historikerne framstilte religionsstifteren og profeten Muhammed. Deres historieskriving var basert p\u00e5 fortellinger gitt av mennesker som levde samtidig med Muhammed. Halvor Tj\u00f8nn har hentet fram Ibn Ishaqs, al-Tabaris og al-Waqidis framstillinger fra 700- og 800-tallet. Her f\u00e5r vi fortellingen om Muhammeds barndom og ungdom i Mekka, utvandringen til Medina i 622, erobringen av Mekka og hans liv fram til han d\u00f8de i 632. Leseren blir med p\u00e5 de mange krigstoktene han foretok og slagene han deltok i, og man ledes gjennom beretningene om fordrivingen av j\u00f8dene fra Medina og om kvinnene i Muhammeds liv. Ibn Ishaq, al-Tabari og al-Waqidi formet det bildet av Muhammed som er blitt det r\u00e5dende i den muslimske verden, og som siden er blitt gjenfortalt av generasjoner etter generasjoner av islamske l\u00e6rde. &laquo;Tj\u00f8nn har gitt b\u00e5de troende og ikke-troende en solid nistepakke p\u00e5 reisen tilbake i tiden, som kan bli utgangspunktet for en reise fremover i modenhet og toleranse.&raquo; Trond Berg Eriksen, Morgenbladet<\/p>\n","protected":false},"excerpt":{"rendered":"<p>Denne boken handler om hvordan de eldste arabiske historikerne framstilte religionsstifteren og profeten Muhammed. Deres historieskriving var basert p\u00e5 fortellinger gitt av mennesker som levde samtidig med Muhammed. Halvor Tj\u00f8nn har hentet fram Ibn Ishaqs, al-Tabaris og al-Waqidis framstillinger fra 700- og 800-tallet. Her f\u00e5r vi fortellingen om Muhammeds barndom og ungdom i Mekka, utvandringen [&hellip;]<\/p>\n","protected":false},"featured_media":24076,"template":"","meta":{"_acf_changed":false,"inline_featured_image":false},"product_brand":[],"product_cat":[1785,23,31],"product_tag":[607,362,889],"class_list":{"0":"post-21426","1":"product","2":"type-product","3":"status-publish","4":"has-post-thumbnail","6":"product_cat-fripris","7":"product_cat-historie","8":"product_cat-religion","9":"product_tag-bedriftshistorie","10":"product_tag-faglitteratur","11":"product_tag-islam","12":"pa_format-pocket","14":"first","15":"instock","16":"shipping-taxable","17":"purchasable","18":"product-type-simple"},"acf":{"anmeldelse":null},"yoast_head":"<!-- This site is optimized with the Yoast SEO plugin v26.6 - https:\/\/yoast.com\/wordpress\/plugins\/seo\/ -->\n<title>Muhammed - Dreyers Forlag<\/title>\n<meta name=\"robots\" content=\"noindex, follow, max-snippet:-1, max-image-preview:large, max-video-preview:-1\" \/>\n<meta property=\"og:locale\" content=\"nb_NO\" \/>\n<meta property=\"og:type\" content=\"article\" \/>\n<meta property=\"og:title\" content=\"Muhammed - Dreyers Forlag\" \/>\n<meta property=\"og:description\" content=\"Denne boken handler om hvordan de eldste arabiske historikerne framstilte religionsstifteren og profeten Muhammed. Deres historieskriving var basert p\u00e5 fortellinger gitt av mennesker som levde samtidig med Muhammed. Halvor Tj\u00f8nn har hentet fram Ibn Ishaqs, al-Tabaris og al-Waqidis framstillinger fra 700- og 800-tallet. Her f\u00e5r vi fortellingen om Muhammeds barndom og ungdom i Mekka, utvandringen [&hellip;]\" \/>\n<meta property=\"og:url\" content=\"https:\/\/staging.forenteforlag.no\/dreyers\/produkt\/muhammed-2\/\" \/>\n<meta property=\"og:site_name\" content=\"Dreyers Forlag\" \/>\n<meta property=\"article:modified_time\" content=\"2025-08-27T06:19:07+00:00\" \/>\n<meta property=\"og:image\" content=\"https:\/\/staging.forenteforlag.no\/dreyers\/wp-content\/uploads\/sites\/2\/2025\/08\/jpg-6010.jpg\" \/>\n\t<meta property=\"og:image:width\" content=\"320\" \/>\n\t<meta property=\"og:image:height\" content=\"450\" \/>\n\t<meta property=\"og:image:type\" content=\"image\/jpeg\" \/>\n<meta name=\"twitter:card\" content=\"summary_large_image\" \/>\n<meta name=\"twitter:label1\" content=\"Ansl. lesetid\" \/>\n\t<meta name=\"twitter:data1\" content=\"1 minutt\" \/>\n<script type=\"application\/ld+json\" class=\"yoast-schema-graph\">{\"@context\":\"https:\/\/schema.org\",\"@graph\":[{\"@type\":\"WebPage\",\"@id\":\"https:\/\/staging.forenteforlag.no\/dreyers\/produkt\/muhammed-2\/\",\"url\":\"https:\/\/staging.forenteforlag.no\/dreyers\/produkt\/muhammed-2\/\",\"name\":\"Muhammed - Dreyers Forlag\",\"isPartOf\":{\"@id\":\"https:\/\/staging.forenteforlag.no\/dreyers\/#website\"},\"primaryImageOfPage\":{\"@id\":\"https:\/\/staging.forenteforlag.no\/dreyers\/produkt\/muhammed-2\/#primaryimage\"},\"image\":{\"@id\":\"https:\/\/staging.forenteforlag.no\/dreyers\/produkt\/muhammed-2\/#primaryimage\"},\"thumbnailUrl\":\"https:\/\/staging.forenteforlag.no\/dreyers\/wp-content\/uploads\/sites\/2\/2025\/08\/jpg-6010.jpg\",\"datePublished\":\"2012-10-01T00:00:00+00:00\",\"dateModified\":\"2025-08-27T06:19:07+00:00\",\"breadcrumb\":{\"@id\":\"https:\/\/staging.forenteforlag.no\/dreyers\/produkt\/muhammed-2\/#breadcrumb\"},\"inLanguage\":\"nb-NO\",\"potentialAction\":[{\"@type\":\"ReadAction\",\"target\":[\"https:\/\/staging.forenteforlag.no\/dreyers\/produkt\/muhammed-2\/\"]}]},{\"@type\":\"ImageObject\",\"inLanguage\":\"nb-NO\",\"@id\":\"https:\/\/staging.forenteforlag.no\/dreyers\/produkt\/muhammed-2\/#primaryimage\",\"url\":\"https:\/\/staging.forenteforlag.no\/dreyers\/wp-content\/uploads\/sites\/2\/2025\/08\/jpg-6010.jpg\",\"contentUrl\":\"https:\/\/staging.forenteforlag.no\/dreyers\/wp-content\/uploads\/sites\/2\/2025\/08\/jpg-6010.jpg\",\"width\":320,\"height\":450},{\"@type\":\"BreadcrumbList\",\"@id\":\"https:\/\/staging.forenteforlag.no\/dreyers\/produkt\/muhammed-2\/#breadcrumb\",\"itemListElement\":[{\"@type\":\"ListItem\",\"position\":1,\"name\":\"Hjem\",\"item\":\"https:\/\/staging.forenteforlag.no\/dreyers\/\"},{\"@type\":\"ListItem\",\"position\":2,\"name\":\"Alle b\u00f8ker\",\"item\":\"https:\/\/staging.forenteforlag.no\/dreyers\/butikk\/\"},{\"@type\":\"ListItem\",\"position\":3,\"name\":\"Muhammed\"}]},{\"@type\":\"WebSite\",\"@id\":\"https:\/\/staging.forenteforlag.no\/dreyers\/#website\",\"url\":\"https:\/\/staging.forenteforlag.no\/dreyers\/\",\"name\":\"Dreyers Forlag\",\"description\":\"\",\"potentialAction\":[{\"@type\":\"SearchAction\",\"target\":{\"@type\":\"EntryPoint\",\"urlTemplate\":\"https:\/\/staging.forenteforlag.no\/dreyers\/?s={search_term_string}\"},\"query-input\":{\"@type\":\"PropertyValueSpecification\",\"valueRequired\":true,\"valueName\":\"search_term_string\"}}],\"inLanguage\":\"nb-NO\"}]}<\/script>\n<!-- \/ Yoast SEO plugin. -->","yoast_head_json":{"title":"Muhammed - Dreyers Forlag","robots":{"index":"noindex","follow":"follow","max-snippet":"max-snippet:-1","max-image-preview":"max-image-preview:large","max-video-preview":"max-video-preview:-1"},"og_locale":"nb_NO","og_type":"article","og_title":"Muhammed - Dreyers Forlag","og_description":"Denne boken handler om hvordan de eldste arabiske historikerne framstilte religionsstifteren og profeten Muhammed. Deres historieskriving var basert p\u00e5 fortellinger gitt av mennesker som levde samtidig med Muhammed. Halvor Tj\u00f8nn har hentet fram Ibn Ishaqs, al-Tabaris og al-Waqidis framstillinger fra 700- og 800-tallet. Her f\u00e5r vi fortellingen om Muhammeds barndom og ungdom i Mekka, utvandringen [&hellip;]","og_url":"https:\/\/staging.forenteforlag.no\/dreyers\/produkt\/muhammed-2\/","og_site_name":"Dreyers Forlag","article_modified_time":"2025-08-27T06:19:07+00:00","og_image":[{"width":320,"height":450,"url":"https:\/\/staging.forenteforlag.no\/dreyers\/wp-content\/uploads\/sites\/2\/2025\/08\/jpg-6010.jpg","type":"image\/jpeg"}],"twitter_card":"summary_large_image","twitter_misc":{"Ansl. lesetid":"1 minutt"},"schema":{"@context":"https:\/\/schema.org","@graph":[{"@type":"WebPage","@id":"https:\/\/staging.forenteforlag.no\/dreyers\/produkt\/muhammed-2\/","url":"https:\/\/staging.forenteforlag.no\/dreyers\/produkt\/muhammed-2\/","name":"Muhammed - Dreyers Forlag","isPartOf":{"@id":"https:\/\/staging.forenteforlag.no\/dreyers\/#website"},"primaryImageOfPage":{"@id":"https:\/\/staging.forenteforlag.no\/dreyers\/produkt\/muhammed-2\/#primaryimage"},"image":{"@id":"https:\/\/staging.forenteforlag.no\/dreyers\/produkt\/muhammed-2\/#primaryimage"},"thumbnailUrl":"https:\/\/staging.forenteforlag.no\/dreyers\/wp-content\/uploads\/sites\/2\/2025\/08\/jpg-6010.jpg","datePublished":"2012-10-01T00:00:00+00:00","dateModified":"2025-08-27T06:19:07+00:00","breadcrumb":{"@id":"https:\/\/staging.forenteforlag.no\/dreyers\/produkt\/muhammed-2\/#breadcrumb"},"inLanguage":"nb-NO","potentialAction":[{"@type":"ReadAction","target":["https:\/\/staging.forenteforlag.no\/dreyers\/produkt\/muhammed-2\/"]}]},{"@type":"ImageObject","inLanguage":"nb-NO","@id":"https:\/\/staging.forenteforlag.no\/dreyers\/produkt\/muhammed-2\/#primaryimage","url":"https:\/\/staging.forenteforlag.no\/dreyers\/wp-content\/uploads\/sites\/2\/2025\/08\/jpg-6010.jpg","contentUrl":"https:\/\/staging.forenteforlag.no\/dreyers\/wp-content\/uploads\/sites\/2\/2025\/08\/jpg-6010.jpg","width":320,"height":450},{"@type":"BreadcrumbList","@id":"https:\/\/staging.forenteforlag.no\/dreyers\/produkt\/muhammed-2\/#breadcrumb","itemListElement":[{"@type":"ListItem","position":1,"name":"Hjem","item":"https:\/\/staging.forenteforlag.no\/dreyers\/"},{"@type":"ListItem","position":2,"name":"Alle b\u00f8ker","item":"https:\/\/staging.forenteforlag.no\/dreyers\/butikk\/"},{"@type":"ListItem","position":3,"name":"Muhammed"}]},{"@type":"WebSite","@id":"https:\/\/staging.forenteforlag.no\/dreyers\/#website","url":"https:\/\/staging.forenteforlag.no\/dreyers\/","name":"Dreyers Forlag","description":"","potentialAction":[{"@type":"SearchAction","target":{"@type":"EntryPoint","urlTemplate":"https:\/\/staging.forenteforlag.no\/dreyers\/?s={search_term_string}"},"query-input":{"@type":"PropertyValueSpecification","valueRequired":true,"valueName":"search_term_string"}}],"inLanguage":"nb-NO"}]}},"_links":{"self":[{"href":"https:\/\/staging.forenteforlag.no\/dreyers\/wp-json\/wp\/v2\/product\/21426","targetHints":{"allow":["GET"]}}],"collection":[{"href":"https:\/\/staging.forenteforlag.no\/dreyers\/wp-json\/wp\/v2\/product"}],"about":[{"href":"https:\/\/staging.forenteforlag.no\/dreyers\/wp-json\/wp\/v2\/types\/product"}],"wp:featuredmedia":[{"embeddable":true,"href":"https:\/\/staging.forenteforlag.no\/dreyers\/wp-json\/wp\/v2\/media\/24076"}],"wp:attachment":[{"href":"https:\/\/staging.forenteforlag.no\/dreyers\/wp-json\/wp\/v2\/media?parent=21426"}],"wp:term":[{"taxonomy":"product_brand","embeddable":true,"href":"https:\/\/staging.forenteforlag.no\/dreyers\/wp-json\/wp\/v2\/product_brand?post=21426"},{"taxonomy":"product_cat","embeddable":true,"href":"https:\/\/staging.forenteforlag.no\/dreyers\/wp-json\/wp\/v2\/product_cat?post=21426"},{"taxonomy":"product_tag","embeddable":true,"href":"https:\/\/staging.forenteforlag.no\/dreyers\/wp-json\/wp\/v2\/product_tag?post=21426"}],"curies":[{"name":"wp","href":"https:\/\/api.w.org\/{rel}","templated":true}]}}

<p>Denne boken handler om hvordan de eldste arabiske historikerne framstilte religionsstifteren og profeten Muhammed. Deres historieskriving var basert på fortellinger gitt av mennesker som levde samtidig med Muhammed. Halvor Tjønn har hentet fram Ibn Ishaqs, al-Tabaris og al-Waqidis framstillinger fra 700- og 800-tallet. Her får vi fortellingen om Muhammeds barndom og ungdom i Mekka, utvandringen til Medina i 622, erobringen av Mekka og hans liv fram til han døde i 632. Leseren blir med på de mange krigstoktene han foretok og slagene han deltok i, og man ledes gjennom beretningene om fordrivingen av jødene fra Medina og om kvinnene i Muhammeds liv. Ibn Ishaq, al-Tabari og al-Waqidi formet det bildet av Muhammed som er blitt det rådende i den muslimske verden, og som siden er blitt gjenfortalt av generasjoner etter generasjoner av islamske lærde. &laquo;Tjønn har gitt både troende og ikke-troende en solid nistepakke på reisen tilbake i tiden, som kan bli utgangspunktet for en reise fremover i modenhet og toleranse.&raquo; Trond Berg Eriksen, Morgenbladet</p>

<p>Denne boken handler om hvordan de eldste arabiske historikerne framstilte religionsstifteren og profeten Muhammed. Deres historieskriving var basert på fortellinger gitt av mennesker som levde samtidig med Muhammed. Halvor Tjønn har hentet fram Ibn Ishaqs, al-Tabaris og al-Waqidis framstillinger fra 700- og 800-tallet. Her får vi fortellingen om Muhammeds barndom og ungdom i Mekka, utvandringen [&hellip;]</p>

<!-- This site is optimized with the Yoast SEO plugin v26.6 - https://yoast.com/wordpress/plugins/seo/ -->
<title>Muhammed - Dreyers Forlag</title>
<meta name="robots" content="noindex, follow, max-snippet:-1, max-image-preview:large, max-video-preview:-1" />
<meta property="og:locale" content="nb_NO" />
<meta property="og:type" content="article" />
<meta property="og:title" content="Muhammed - Dreyers Forlag" />
<meta property="og:description" content="Denne boken handler om hvordan de eldste arabiske historikerne framstilte religionsstifteren og profeten Muhammed. Deres historieskriving var basert på fortellinger gitt av mennesker som levde samtidig med Muhammed. Halvor Tjønn har hentet fram Ibn Ishaqs, al-Tabaris og al-Waqidis framstillinger fra 700- og 800-tallet. Her får vi fortellingen om Muhammeds barndom og ungdom i Mekka, utvandringen [&hellip;]" />
<meta property="og:url" content="https://staging.forenteforlag.no/dreyers/produkt/muhammed-2/" />
<meta property="og:site_name" content="Dreyers Forlag" />
<meta property="article:modified_time" content="2025-08-27T06:19:07+00:00" />
<meta property="og:image" content="https://staging.forenteforlag.no/dreyers/wp-content/uploads/sites/2/2025/08/jpg-6010.jpg" />
	<meta property="og:image:width" content="320" />
	<meta property="og:image:height" content="450" />
	<meta property="og:image:type" content="image/jpeg" />
<meta name="twitter:card" content="summary_large_image" />
<meta name="twitter:label1" content="Ansl. lesetid" />
	<meta name="twitter:data1" content="1 minutt" />
<script type="application/ld+json" class="yoast-schema-graph">{"@context":"https://schema.org","@graph":[{"@type":"WebPage","@id":"https://staging.forenteforlag.no/dreyers/produkt/muhammed-2/","url":"https://staging.forenteforlag.no/dreyers/produkt/muhammed-2/","name":"Muhammed - Dreyers Forlag","isPartOf":{"@id":"https://staging.forenteforlag.no/dreyers/#website"},"primaryImageOfPage":{"@id":"https://staging.forenteforlag.no/dreyers/produkt/muhammed-2/#primaryimage"},"image":{"@id":"https://staging.forenteforlag.no/dreyers/produkt/muhammed-2/#primaryimage"},"thumbnailUrl":"https://staging.forenteforlag.no/dreyers/wp-content/uploads/sites/2/2025/08/jpg-6010.jpg","datePublished":"2012-10-01T00:00:00+00:00","dateModified":"2025-08-27T06:19:07+00:00","breadcrumb":{"@id":"https://staging.forenteforlag.no/dreyers/produkt/muhammed-2/#breadcrumb"},"inLanguage":"nb-NO","potentialAction":[{"@type":"ReadAction","target":["https://staging.forenteforlag.no/dreyers/produkt/muhammed-2/"]}]},{"@type":"ImageObject","inLanguage":"nb-NO","@id":"https://staging.forenteforlag.no/dreyers/produkt/muhammed-2/#primaryimage","url":"https://staging.forenteforlag.no/dreyers/wp-content/uploads/sites/2/2025/08/jpg-6010.jpg","contentUrl":"https://staging.forenteforlag.no/dreyers/wp-content/uploads/sites/2/2025/08/jpg-6010.jpg","width":320,"height":450},{"@type":"BreadcrumbList","@id":"https://staging.forenteforlag.no/dreyers/produkt/muhammed-2/#breadcrumb","itemListElement":[{"@type":"ListItem","position":1,"name":"Hjem","item":"https://staging.forenteforlag.no/dreyers/"},{"@type":"ListItem","position":2,"name":"Alle bøker","item":"https://staging.forenteforlag.no/dreyers/butikk/"},{"@type":"ListItem","position":3,"name":"Muhammed"}]},{"@type":"WebSite","@id":"https://staging.forenteforlag.no/dreyers/#website","url":"https://staging.forenteforlag.no/dreyers/","name":"Dreyers Forlag","description":"","potentialAction":[{"@type":"SearchAction","target":{"@type":"EntryPoint","urlTemplate":"https://staging.forenteforlag.no/dreyers/?s={search_term_string}"},"query-input":{"@type":"PropertyValueSpecification","valueRequired":true,"valueName":"search_term_string"}}],"inLanguage":"nb-NO"}]}</script>
<!-- / Yoast SEO plugin. -->

Denne boken handler om hvordan de eldste arabiske historikerne framstilte religionsstifteren og profeten Muhammed. Deres historieskriving var basert på fortellinger gitt av mennesker som levde samtidig med Muhammed. Halvor Tjønn har hentet fram Ibn Ishaqs, al-Tabaris og al-Waqidis framstillinger fra 700- og 800-tallet. Her får vi fortellingen om Muhammeds barndom og ungdom i Mekka, utvandringen [&hellip;]

Alle bøker
