{"id":21420,"date":"2012-10-29T01:00:00","date_gmt":"2012-10-29T00:00:00","guid":{"rendered":"https:\/\/dreyersforlag.forenteforlag.no\/produkt\/rodt-hvitt-blatt-2\/"},"modified":"2025-08-27T12:05:32","modified_gmt":"2025-08-27T10:05:32","slug":"rodt-hvitt-blatt-2","status":"publish","type":"product","link":"https:\/\/staging.forenteforlag.no\/dreyers\/produkt\/rodt-hvitt-blatt-2\/","title":{"rendered":"R\u00f8dt, hvitt &amp; bl\u00e5tt"},"content":{"rendered":"<p>Europa er inne i en brytningstid. Kartet stemmer d\u00e5rlig overens med terrenget. De arvede sjablongene, begrepene som vi har brukt til \u00e5 forst\u00e5 v\u00e5r samtid med dekker bare deler av dagens virkelighet. Resultatet er at mange av de viktigste trendene utspiller seg bortenfor det offentlige ordskiftet: Hvilken effekt hadde det at arbeiderklasse ble trygdeklasse? Hvorfor styrkes islam n\u00e5r kristendommen svekkes? Har det noe \u00e5 si at Europa ikke gj\u00f8r plass til de unge i arbeidsmarkedet? Hvorfor er multikulturalismen s\u00e5 farlig? Hvorfor vokser de nye h\u00f8yrepartiene seg sterke i Europa &#8211; og hvor har det blitt av sosialismen? Dette er sp\u00f8rsm\u00e5l som Asle Toje tar opp i denne boken. Boken er en reise gjennom Europa og Norge og en finger p\u00e5 pulsen til det Europeiske demokrati, hvordan st\u00e5r det til med v\u00e5r Frihet, Likhet og Brorskap?<\/p>\n","protected":false},"excerpt":{"rendered":"<p>Europa er inne i en brytningstid. Kartet stemmer d\u00e5rlig overens med terrenget. De arvede sjablongene, begrepene som vi har brukt til \u00e5 forst\u00e5 v\u00e5r samtid med dekker bare deler av dagens virkelighet. Resultatet er at mange av de viktigste trendene utspiller seg bortenfor det offentlige ordskiftet: Hvilken effekt hadde det at arbeiderklasse ble trygdeklasse? Hvorfor [&hellip;]<\/p>\n","protected":false},"featured_media":24383,"template":"","meta":{"_acf_changed":false,"inline_featured_image":false},"product_brand":[],"product_cat":[1785,32],"product_tag":[944,482,362,392],"class_list":{"0":"post-21420","1":"product","2":"type-product","3":"status-publish","4":"has-post-thumbnail","6":"product_cat-fripris","7":"product_cat-samfunn-og-politikk","8":"product_tag-demokrati","9":"product_tag-europa","10":"product_tag-faglitteratur","11":"product_tag-samfunnsanalyse","12":"pa_format-innbundet","14":"first","15":"instock","16":"shipping-taxable","17":"purchasable","18":"product-type-simple"},"acf":{"anmeldelse":null},"yoast_head":"<!-- This site is optimized with the Yoast SEO plugin v26.6 - https:\/\/yoast.com\/wordpress\/plugins\/seo\/ -->\n<title>R\u00f8dt, hvitt &amp; bl\u00e5tt - Dreyers Forlag<\/title>\n<meta name=\"robots\" content=\"noindex, follow, max-snippet:-1, max-image-preview:large, max-video-preview:-1\" \/>\n<meta property=\"og:locale\" content=\"nb_NO\" \/>\n<meta property=\"og:type\" content=\"article\" \/>\n<meta property=\"og:title\" content=\"R\u00f8dt, hvitt &amp; bl\u00e5tt - Dreyers Forlag\" \/>\n<meta property=\"og:description\" content=\"Europa er inne i en brytningstid. Kartet stemmer d\u00e5rlig overens med terrenget. De arvede sjablongene, begrepene som vi har brukt til \u00e5 forst\u00e5 v\u00e5r samtid med dekker bare deler av dagens virkelighet. Resultatet er at mange av de viktigste trendene utspiller seg bortenfor det offentlige ordskiftet: Hvilken effekt hadde det at arbeiderklasse ble trygdeklasse? Hvorfor [&hellip;]\" \/>\n<meta property=\"og:url\" content=\"https:\/\/staging.forenteforlag.no\/dreyers\/produkt\/rodt-hvitt-blatt-2\/\" \/>\n<meta property=\"og:site_name\" content=\"Dreyers Forlag\" \/>\n<meta property=\"article:modified_time\" content=\"2025-08-27T10:05:32+00:00\" \/>\n<meta property=\"og:image\" content=\"https:\/\/staging.forenteforlag.no\/dreyers\/wp-content\/uploads\/sites\/2\/2025\/08\/jpg-8911.jpg\" \/>\n\t<meta property=\"og:image:width\" content=\"311\" \/>\n\t<meta property=\"og:image:height\" content=\"449\" \/>\n\t<meta property=\"og:image:type\" content=\"image\/jpeg\" \/>\n<meta name=\"twitter:card\" content=\"summary_large_image\" \/>\n<meta name=\"twitter:label1\" content=\"Ansl. lesetid\" \/>\n\t<meta name=\"twitter:data1\" content=\"1 minutt\" \/>\n<script type=\"application\/ld+json\" class=\"yoast-schema-graph\">{\"@context\":\"https:\/\/schema.org\",\"@graph\":[{\"@type\":\"WebPage\",\"@id\":\"https:\/\/staging.forenteforlag.no\/dreyers\/produkt\/rodt-hvitt-blatt-2\/\",\"url\":\"https:\/\/staging.forenteforlag.no\/dreyers\/produkt\/rodt-hvitt-blatt-2\/\",\"name\":\"R\u00f8dt, hvitt &amp; bl\u00e5tt - Dreyers Forlag\",\"isPartOf\":{\"@id\":\"https:\/\/staging.forenteforlag.no\/dreyers\/#website\"},\"primaryImageOfPage\":{\"@id\":\"https:\/\/staging.forenteforlag.no\/dreyers\/produkt\/rodt-hvitt-blatt-2\/#primaryimage\"},\"image\":{\"@id\":\"https:\/\/staging.forenteforlag.no\/dreyers\/produkt\/rodt-hvitt-blatt-2\/#primaryimage\"},\"thumbnailUrl\":\"https:\/\/staging.forenteforlag.no\/dreyers\/wp-content\/uploads\/sites\/2\/2025\/08\/jpg-8911.jpg\",\"datePublished\":\"2012-10-29T00:00:00+00:00\",\"dateModified\":\"2025-08-27T10:05:32+00:00\",\"breadcrumb\":{\"@id\":\"https:\/\/staging.forenteforlag.no\/dreyers\/produkt\/rodt-hvitt-blatt-2\/#breadcrumb\"},\"inLanguage\":\"nb-NO\",\"potentialAction\":[{\"@type\":\"ReadAction\",\"target\":[\"https:\/\/staging.forenteforlag.no\/dreyers\/produkt\/rodt-hvitt-blatt-2\/\"]}]},{\"@type\":\"ImageObject\",\"inLanguage\":\"nb-NO\",\"@id\":\"https:\/\/staging.forenteforlag.no\/dreyers\/produkt\/rodt-hvitt-blatt-2\/#primaryimage\",\"url\":\"https:\/\/staging.forenteforlag.no\/dreyers\/wp-content\/uploads\/sites\/2\/2025\/08\/jpg-8911.jpg\",\"contentUrl\":\"https:\/\/staging.forenteforlag.no\/dreyers\/wp-content\/uploads\/sites\/2\/2025\/08\/jpg-8911.jpg\",\"width\":311,\"height\":449},{\"@type\":\"BreadcrumbList\",\"@id\":\"https:\/\/staging.forenteforlag.no\/dreyers\/produkt\/rodt-hvitt-blatt-2\/#breadcrumb\",\"itemListElement\":[{\"@type\":\"ListItem\",\"position\":1,\"name\":\"Hjem\",\"item\":\"https:\/\/staging.forenteforlag.no\/dreyers\/\"},{\"@type\":\"ListItem\",\"position\":2,\"name\":\"Alle b\u00f8ker\",\"item\":\"https:\/\/staging.forenteforlag.no\/dreyers\/butikk\/\"},{\"@type\":\"ListItem\",\"position\":3,\"name\":\"R\u00f8dt, hvitt &amp; bl\u00e5tt\"}]},{\"@type\":\"WebSite\",\"@id\":\"https:\/\/staging.forenteforlag.no\/dreyers\/#website\",\"url\":\"https:\/\/staging.forenteforlag.no\/dreyers\/\",\"name\":\"Dreyers Forlag\",\"description\":\"\",\"potentialAction\":[{\"@type\":\"SearchAction\",\"target\":{\"@type\":\"EntryPoint\",\"urlTemplate\":\"https:\/\/staging.forenteforlag.no\/dreyers\/?s={search_term_string}\"},\"query-input\":{\"@type\":\"PropertyValueSpecification\",\"valueRequired\":true,\"valueName\":\"search_term_string\"}}],\"inLanguage\":\"nb-NO\"}]}<\/script>\n<!-- \/ Yoast SEO plugin. -->","yoast_head_json":{"title":"R\u00f8dt, hvitt &amp; bl\u00e5tt - Dreyers Forlag","robots":{"index":"noindex","follow":"follow","max-snippet":"max-snippet:-1","max-image-preview":"max-image-preview:large","max-video-preview":"max-video-preview:-1"},"og_locale":"nb_NO","og_type":"article","og_title":"R\u00f8dt, hvitt &amp; bl\u00e5tt - Dreyers Forlag","og_description":"Europa er inne i en brytningstid. Kartet stemmer d\u00e5rlig overens med terrenget. De arvede sjablongene, begrepene som vi har brukt til \u00e5 forst\u00e5 v\u00e5r samtid med dekker bare deler av dagens virkelighet. Resultatet er at mange av de viktigste trendene utspiller seg bortenfor det offentlige ordskiftet: Hvilken effekt hadde det at arbeiderklasse ble trygdeklasse? Hvorfor [&hellip;]","og_url":"https:\/\/staging.forenteforlag.no\/dreyers\/produkt\/rodt-hvitt-blatt-2\/","og_site_name":"Dreyers Forlag","article_modified_time":"2025-08-27T10:05:32+00:00","og_image":[{"width":311,"height":449,"url":"https:\/\/staging.forenteforlag.no\/dreyers\/wp-content\/uploads\/sites\/2\/2025\/08\/jpg-8911.jpg","type":"image\/jpeg"}],"twitter_card":"summary_large_image","twitter_misc":{"Ansl. lesetid":"1 minutt"},"schema":{"@context":"https:\/\/schema.org","@graph":[{"@type":"WebPage","@id":"https:\/\/staging.forenteforlag.no\/dreyers\/produkt\/rodt-hvitt-blatt-2\/","url":"https:\/\/staging.forenteforlag.no\/dreyers\/produkt\/rodt-hvitt-blatt-2\/","name":"R\u00f8dt, hvitt &amp; bl\u00e5tt - Dreyers Forlag","isPartOf":{"@id":"https:\/\/staging.forenteforlag.no\/dreyers\/#website"},"primaryImageOfPage":{"@id":"https:\/\/staging.forenteforlag.no\/dreyers\/produkt\/rodt-hvitt-blatt-2\/#primaryimage"},"image":{"@id":"https:\/\/staging.forenteforlag.no\/dreyers\/produkt\/rodt-hvitt-blatt-2\/#primaryimage"},"thumbnailUrl":"https:\/\/staging.forenteforlag.no\/dreyers\/wp-content\/uploads\/sites\/2\/2025\/08\/jpg-8911.jpg","datePublished":"2012-10-29T00:00:00+00:00","dateModified":"2025-08-27T10:05:32+00:00","breadcrumb":{"@id":"https:\/\/staging.forenteforlag.no\/dreyers\/produkt\/rodt-hvitt-blatt-2\/#breadcrumb"},"inLanguage":"nb-NO","potentialAction":[{"@type":"ReadAction","target":["https:\/\/staging.forenteforlag.no\/dreyers\/produkt\/rodt-hvitt-blatt-2\/"]}]},{"@type":"ImageObject","inLanguage":"nb-NO","@id":"https:\/\/staging.forenteforlag.no\/dreyers\/produkt\/rodt-hvitt-blatt-2\/#primaryimage","url":"https:\/\/staging.forenteforlag.no\/dreyers\/wp-content\/uploads\/sites\/2\/2025\/08\/jpg-8911.jpg","contentUrl":"https:\/\/staging.forenteforlag.no\/dreyers\/wp-content\/uploads\/sites\/2\/2025\/08\/jpg-8911.jpg","width":311,"height":449},{"@type":"BreadcrumbList","@id":"https:\/\/staging.forenteforlag.no\/dreyers\/produkt\/rodt-hvitt-blatt-2\/#breadcrumb","itemListElement":[{"@type":"ListItem","position":1,"name":"Hjem","item":"https:\/\/staging.forenteforlag.no\/dreyers\/"},{"@type":"ListItem","position":2,"name":"Alle b\u00f8ker","item":"https:\/\/staging.forenteforlag.no\/dreyers\/butikk\/"},{"@type":"ListItem","position":3,"name":"R\u00f8dt, hvitt &amp; bl\u00e5tt"}]},{"@type":"WebSite","@id":"https:\/\/staging.forenteforlag.no\/dreyers\/#website","url":"https:\/\/staging.forenteforlag.no\/dreyers\/","name":"Dreyers Forlag","description":"","potentialAction":[{"@type":"SearchAction","target":{"@type":"EntryPoint","urlTemplate":"https:\/\/staging.forenteforlag.no\/dreyers\/?s={search_term_string}"},"query-input":{"@type":"PropertyValueSpecification","valueRequired":true,"valueName":"search_term_string"}}],"inLanguage":"nb-NO"}]}},"_links":{"self":[{"href":"https:\/\/staging.forenteforlag.no\/dreyers\/wp-json\/wp\/v2\/product\/21420","targetHints":{"allow":["GET"]}}],"collection":[{"href":"https:\/\/staging.forenteforlag.no\/dreyers\/wp-json\/wp\/v2\/product"}],"about":[{"href":"https:\/\/staging.forenteforlag.no\/dreyers\/wp-json\/wp\/v2\/types\/product"}],"wp:featuredmedia":[{"embeddable":true,"href":"https:\/\/staging.forenteforlag.no\/dreyers\/wp-json\/wp\/v2\/media\/24383"}],"wp:attachment":[{"href":"https:\/\/staging.forenteforlag.no\/dreyers\/wp-json\/wp\/v2\/media?parent=21420"}],"wp:term":[{"taxonomy":"product_brand","embeddable":true,"href":"https:\/\/staging.forenteforlag.no\/dreyers\/wp-json\/wp\/v2\/product_brand?post=21420"},{"taxonomy":"product_cat","embeddable":true,"href":"https:\/\/staging.forenteforlag.no\/dreyers\/wp-json\/wp\/v2\/product_cat?post=21420"},{"taxonomy":"product_tag","embeddable":true,"href":"https:\/\/staging.forenteforlag.no\/dreyers\/wp-json\/wp\/v2\/product_tag?post=21420"}],"curies":[{"name":"wp","href":"https:\/\/api.w.org\/{rel}","templated":true}]}}

Rødt, hvitt &amp; blått

<p>Europa er inne i en brytningstid. Kartet stemmer dårlig overens med terrenget. De arvede sjablongene, begrepene som vi har brukt til å forstå vår samtid med dekker bare deler av dagens virkelighet. Resultatet er at mange av de viktigste trendene utspiller seg bortenfor det offentlige ordskiftet: Hvilken effekt hadde det at arbeiderklasse ble trygdeklasse? Hvorfor styrkes islam når kristendommen svekkes? Har det noe å si at Europa ikke gjør plass til de unge i arbeidsmarkedet? Hvorfor er multikulturalismen så farlig? Hvorfor vokser de nye høyrepartiene seg sterke i Europa &#8211; og hvor har det blitt av sosialismen? Dette er spørsmål som Asle Toje tar opp i denne boken. Boken er en reise gjennom Europa og Norge og en finger på pulsen til det Europeiske demokrati, hvordan står det til med vår Frihet, Likhet og Brorskap?</p>

<p>Europa er inne i en brytningstid. Kartet stemmer dårlig overens med terrenget. De arvede sjablongene, begrepene som vi har brukt til å forstå vår samtid med dekker bare deler av dagens virkelighet. Resultatet er at mange av de viktigste trendene utspiller seg bortenfor det offentlige ordskiftet: Hvilken effekt hadde det at arbeiderklasse ble trygdeklasse? Hvorfor [&hellip;]</p>

<!-- This site is optimized with the Yoast SEO plugin v26.6 - https://yoast.com/wordpress/plugins/seo/ -->
<title>Rødt, hvitt &amp; blått - Dreyers Forlag</title>
<meta name="robots" content="noindex, follow, max-snippet:-1, max-image-preview:large, max-video-preview:-1" />
<meta property="og:locale" content="nb_NO" />
<meta property="og:type" content="article" />
<meta property="og:title" content="Rødt, hvitt &amp; blått - Dreyers Forlag" />
<meta property="og:description" content="Europa er inne i en brytningstid. Kartet stemmer dårlig overens med terrenget. De arvede sjablongene, begrepene som vi har brukt til å forstå vår samtid med dekker bare deler av dagens virkelighet. Resultatet er at mange av de viktigste trendene utspiller seg bortenfor det offentlige ordskiftet: Hvilken effekt hadde det at arbeiderklasse ble trygdeklasse? Hvorfor [&hellip;]" />
<meta property="og:url" content="https://staging.forenteforlag.no/dreyers/produkt/rodt-hvitt-blatt-2/" />
<meta property="og:site_name" content="Dreyers Forlag" />
<meta property="article:modified_time" content="2025-08-27T10:05:32+00:00" />
<meta property="og:image" content="https://staging.forenteforlag.no/dreyers/wp-content/uploads/sites/2/2025/08/jpg-8911.jpg" />
	<meta property="og:image:width" content="311" />
	<meta property="og:image:height" content="449" />
	<meta property="og:image:type" content="image/jpeg" />
<meta name="twitter:card" content="summary_large_image" />
<meta name="twitter:label1" content="Ansl. lesetid" />
	<meta name="twitter:data1" content="1 minutt" />
<script type="application/ld+json" class="yoast-schema-graph">{"@context":"https://schema.org","@graph":[{"@type":"WebPage","@id":"https://staging.forenteforlag.no/dreyers/produkt/rodt-hvitt-blatt-2/","url":"https://staging.forenteforlag.no/dreyers/produkt/rodt-hvitt-blatt-2/","name":"Rødt, hvitt &amp; blått - Dreyers Forlag","isPartOf":{"@id":"https://staging.forenteforlag.no/dreyers/#website"},"primaryImageOfPage":{"@id":"https://staging.forenteforlag.no/dreyers/produkt/rodt-hvitt-blatt-2/#primaryimage"},"image":{"@id":"https://staging.forenteforlag.no/dreyers/produkt/rodt-hvitt-blatt-2/#primaryimage"},"thumbnailUrl":"https://staging.forenteforlag.no/dreyers/wp-content/uploads/sites/2/2025/08/jpg-8911.jpg","datePublished":"2012-10-29T00:00:00+00:00","dateModified":"2025-08-27T10:05:32+00:00","breadcrumb":{"@id":"https://staging.forenteforlag.no/dreyers/produkt/rodt-hvitt-blatt-2/#breadcrumb"},"inLanguage":"nb-NO","potentialAction":[{"@type":"ReadAction","target":["https://staging.forenteforlag.no/dreyers/produkt/rodt-hvitt-blatt-2/"]}]},{"@type":"ImageObject","inLanguage":"nb-NO","@id":"https://staging.forenteforlag.no/dreyers/produkt/rodt-hvitt-blatt-2/#primaryimage","url":"https://staging.forenteforlag.no/dreyers/wp-content/uploads/sites/2/2025/08/jpg-8911.jpg","contentUrl":"https://staging.forenteforlag.no/dreyers/wp-content/uploads/sites/2/2025/08/jpg-8911.jpg","width":311,"height":449},{"@type":"BreadcrumbList","@id":"https://staging.forenteforlag.no/dreyers/produkt/rodt-hvitt-blatt-2/#breadcrumb","itemListElement":[{"@type":"ListItem","position":1,"name":"Hjem","item":"https://staging.forenteforlag.no/dreyers/"},{"@type":"ListItem","position":2,"name":"Alle bøker","item":"https://staging.forenteforlag.no/dreyers/butikk/"},{"@type":"ListItem","position":3,"name":"Rødt, hvitt &amp; blått"}]},{"@type":"WebSite","@id":"https://staging.forenteforlag.no/dreyers/#website","url":"https://staging.forenteforlag.no/dreyers/","name":"Dreyers Forlag","description":"","potentialAction":[{"@type":"SearchAction","target":{"@type":"EntryPoint","urlTemplate":"https://staging.forenteforlag.no/dreyers/?s={search_term_string}"},"query-input":{"@type":"PropertyValueSpecification","valueRequired":true,"valueName":"search_term_string"}}],"inLanguage":"nb-NO"}]}</script>
<!-- / Yoast SEO plugin. -->

Rødt, hvitt &amp; blått - Dreyers Forlag

Europa er inne i en brytningstid. Kartet stemmer dårlig overens med terrenget. De arvede sjablongene, begrepene som vi har brukt til å forstå vår samtid med dekker bare deler av dagens virkelighet. Resultatet er at mange av de viktigste trendene utspiller seg bortenfor det offentlige ordskiftet: Hvilken effekt hadde det at arbeiderklasse ble trygdeklasse? Hvorfor [&hellip;]

Alle bøker
