{"id":21414,"date":"2013-02-27T01:00:00","date_gmt":"2013-02-27T00:00:00","guid":{"rendered":"https:\/\/dreyersforlag.forenteforlag.no\/produkt\/cassirer-og-heidegger-i-davos\/"},"modified":"2025-09-03T14:54:20","modified_gmt":"2025-09-03T12:54:20","slug":"cassirer-og-heidegger-i-davos","status":"publish","type":"product","link":"https:\/\/staging.forenteforlag.no\/dreyers\/produkt\/cassirer-og-heidegger-i-davos\/","title":{"rendered":"Cassirer og Heidegger i Davos"},"content":{"rendered":"<p>Mellom 17. mars og 6. april i 1929 ble det holdt et internasjonalt universitetsseminar i Davos i Sveits. H\u00f8ydepunktet var en forh\u00e5ndsannonsert \u00e5pen debatt mellom Ernst Cassirer og Martin Heidegger. Debattens kjerne var hvordan tolke den kjente filosofen Immanuel Kants kritiske prosjekt. Bidragene i denne antologien tar for seg hva Davos 1929 har betydd for den moderne filosofihistorien. Den markerte slutten p\u00e5 nykantianismens glansdager og aksentuerte den stadig voksende kl\u00f8ften mellom kontinentalfilosofi og analytisk filosofi. Det var ogs\u00e5 en begivenhet som trakk opp konfliktlinjene som skulle hjems\u00f8ke det 20. \u00e5rhundret: humanisme mot anti-humanisme, rasjonalisme mot irrasjonalisme og liberalisme mot totalitarisme.<\/p>\n","protected":false},"excerpt":{"rendered":"<p>Mellom 17. mars og 6. april i 1929 ble det holdt et internasjonalt universitetsseminar i Davos i Sveits. H\u00f8ydepunktet var en forh\u00e5ndsannonsert \u00e5pen debatt mellom Ernst Cassirer og Martin Heidegger. Debattens kjerne var hvordan tolke den kjente filosofen Immanuel Kants kritiske prosjekt. Bidragene i denne antologien tar for seg hva Davos 1929 har betydd for [&hellip;]<\/p>\n","protected":false},"featured_media":24080,"template":"","meta":{"_acf_changed":false,"inline_featured_image":false},"product_brand":[],"product_cat":[21,23],"product_tag":[362,503],"class_list":{"0":"post-21414","1":"product","2":"type-product","3":"status-publish","4":"has-post-thumbnail","6":"product_cat-filosofi","7":"product_cat-historie","8":"product_tag-faglitteratur","9":"product_tag-moderne-filosofi","10":"pa_format-pocket","12":"first","13":"outofstock","14":"shipping-taxable","15":"purchasable","16":"product-type-simple"},"acf":{"anmeldelse":null},"yoast_head":"<!-- This site is optimized with the Yoast SEO plugin v26.6 - https:\/\/yoast.com\/wordpress\/plugins\/seo\/ -->\n<title>Cassirer og Heidegger i Davos - Dreyers Forlag<\/title>\n<meta name=\"robots\" content=\"noindex, follow, max-snippet:-1, max-image-preview:large, max-video-preview:-1\" \/>\n<meta property=\"og:locale\" content=\"nb_NO\" \/>\n<meta property=\"og:type\" content=\"article\" \/>\n<meta property=\"og:title\" content=\"Cassirer og Heidegger i Davos - Dreyers Forlag\" \/>\n<meta property=\"og:description\" content=\"Mellom 17. mars og 6. april i 1929 ble det holdt et internasjonalt universitetsseminar i Davos i Sveits. H\u00f8ydepunktet var en forh\u00e5ndsannonsert \u00e5pen debatt mellom Ernst Cassirer og Martin Heidegger. Debattens kjerne var hvordan tolke den kjente filosofen Immanuel Kants kritiske prosjekt. Bidragene i denne antologien tar for seg hva Davos 1929 har betydd for [&hellip;]\" \/>\n<meta property=\"og:url\" content=\"https:\/\/staging.forenteforlag.no\/dreyers\/produkt\/cassirer-og-heidegger-i-davos\/\" \/>\n<meta property=\"og:site_name\" content=\"Dreyers Forlag\" \/>\n<meta property=\"article:modified_time\" content=\"2025-09-03T12:54:20+00:00\" \/>\n<meta property=\"og:image\" content=\"https:\/\/staging.forenteforlag.no\/dreyers\/wp-content\/uploads\/sites\/2\/2025\/08\/jpg-6041.jpg\" \/>\n\t<meta property=\"og:image:width\" content=\"327\" \/>\n\t<meta property=\"og:image:height\" content=\"450\" \/>\n\t<meta property=\"og:image:type\" content=\"image\/jpeg\" \/>\n<meta name=\"twitter:card\" content=\"summary_large_image\" \/>\n<script type=\"application\/ld+json\" class=\"yoast-schema-graph\">{\"@context\":\"https:\/\/schema.org\",\"@graph\":[{\"@type\":\"WebPage\",\"@id\":\"https:\/\/staging.forenteforlag.no\/dreyers\/produkt\/cassirer-og-heidegger-i-davos\/\",\"url\":\"https:\/\/staging.forenteforlag.no\/dreyers\/produkt\/cassirer-og-heidegger-i-davos\/\",\"name\":\"Cassirer og Heidegger i Davos - Dreyers Forlag\",\"isPartOf\":{\"@id\":\"https:\/\/staging.forenteforlag.no\/dreyers\/#website\"},\"primaryImageOfPage\":{\"@id\":\"https:\/\/staging.forenteforlag.no\/dreyers\/produkt\/cassirer-og-heidegger-i-davos\/#primaryimage\"},\"image\":{\"@id\":\"https:\/\/staging.forenteforlag.no\/dreyers\/produkt\/cassirer-og-heidegger-i-davos\/#primaryimage\"},\"thumbnailUrl\":\"https:\/\/staging.forenteforlag.no\/dreyers\/wp-content\/uploads\/sites\/2\/2025\/08\/jpg-6041.jpg\",\"datePublished\":\"2013-02-27T00:00:00+00:00\",\"dateModified\":\"2025-09-03T12:54:20+00:00\",\"breadcrumb\":{\"@id\":\"https:\/\/staging.forenteforlag.no\/dreyers\/produkt\/cassirer-og-heidegger-i-davos\/#breadcrumb\"},\"inLanguage\":\"nb-NO\",\"potentialAction\":[{\"@type\":\"ReadAction\",\"target\":[\"https:\/\/staging.forenteforlag.no\/dreyers\/produkt\/cassirer-og-heidegger-i-davos\/\"]}]},{\"@type\":\"ImageObject\",\"inLanguage\":\"nb-NO\",\"@id\":\"https:\/\/staging.forenteforlag.no\/dreyers\/produkt\/cassirer-og-heidegger-i-davos\/#primaryimage\",\"url\":\"https:\/\/staging.forenteforlag.no\/dreyers\/wp-content\/uploads\/sites\/2\/2025\/08\/jpg-6041.jpg\",\"contentUrl\":\"https:\/\/staging.forenteforlag.no\/dreyers\/wp-content\/uploads\/sites\/2\/2025\/08\/jpg-6041.jpg\",\"width\":327,\"height\":450},{\"@type\":\"BreadcrumbList\",\"@id\":\"https:\/\/staging.forenteforlag.no\/dreyers\/produkt\/cassirer-og-heidegger-i-davos\/#breadcrumb\",\"itemListElement\":[{\"@type\":\"ListItem\",\"position\":1,\"name\":\"Hjem\",\"item\":\"https:\/\/staging.forenteforlag.no\/dreyers\/\"},{\"@type\":\"ListItem\",\"position\":2,\"name\":\"Alle b\u00f8ker\",\"item\":\"https:\/\/staging.forenteforlag.no\/dreyers\/butikk\/\"},{\"@type\":\"ListItem\",\"position\":3,\"name\":\"Cassirer og Heidegger i Davos\"}]},{\"@type\":\"WebSite\",\"@id\":\"https:\/\/staging.forenteforlag.no\/dreyers\/#website\",\"url\":\"https:\/\/staging.forenteforlag.no\/dreyers\/\",\"name\":\"Dreyers Forlag\",\"description\":\"\",\"potentialAction\":[{\"@type\":\"SearchAction\",\"target\":{\"@type\":\"EntryPoint\",\"urlTemplate\":\"https:\/\/staging.forenteforlag.no\/dreyers\/?s={search_term_string}\"},\"query-input\":{\"@type\":\"PropertyValueSpecification\",\"valueRequired\":true,\"valueName\":\"search_term_string\"}}],\"inLanguage\":\"nb-NO\"}]}<\/script>\n<!-- \/ Yoast SEO plugin. -->","yoast_head_json":{"title":"Cassirer og Heidegger i Davos - Dreyers Forlag","robots":{"index":"noindex","follow":"follow","max-snippet":"max-snippet:-1","max-image-preview":"max-image-preview:large","max-video-preview":"max-video-preview:-1"},"og_locale":"nb_NO","og_type":"article","og_title":"Cassirer og Heidegger i Davos - Dreyers Forlag","og_description":"Mellom 17. mars og 6. april i 1929 ble det holdt et internasjonalt universitetsseminar i Davos i Sveits. H\u00f8ydepunktet var en forh\u00e5ndsannonsert \u00e5pen debatt mellom Ernst Cassirer og Martin Heidegger. Debattens kjerne var hvordan tolke den kjente filosofen Immanuel Kants kritiske prosjekt. Bidragene i denne antologien tar for seg hva Davos 1929 har betydd for [&hellip;]","og_url":"https:\/\/staging.forenteforlag.no\/dreyers\/produkt\/cassirer-og-heidegger-i-davos\/","og_site_name":"Dreyers Forlag","article_modified_time":"2025-09-03T12:54:20+00:00","og_image":[{"width":327,"height":450,"url":"https:\/\/staging.forenteforlag.no\/dreyers\/wp-content\/uploads\/sites\/2\/2025\/08\/jpg-6041.jpg","type":"image\/jpeg"}],"twitter_card":"summary_large_image","schema":{"@context":"https:\/\/schema.org","@graph":[{"@type":"WebPage","@id":"https:\/\/staging.forenteforlag.no\/dreyers\/produkt\/cassirer-og-heidegger-i-davos\/","url":"https:\/\/staging.forenteforlag.no\/dreyers\/produkt\/cassirer-og-heidegger-i-davos\/","name":"Cassirer og Heidegger i Davos - Dreyers Forlag","isPartOf":{"@id":"https:\/\/staging.forenteforlag.no\/dreyers\/#website"},"primaryImageOfPage":{"@id":"https:\/\/staging.forenteforlag.no\/dreyers\/produkt\/cassirer-og-heidegger-i-davos\/#primaryimage"},"image":{"@id":"https:\/\/staging.forenteforlag.no\/dreyers\/produkt\/cassirer-og-heidegger-i-davos\/#primaryimage"},"thumbnailUrl":"https:\/\/staging.forenteforlag.no\/dreyers\/wp-content\/uploads\/sites\/2\/2025\/08\/jpg-6041.jpg","datePublished":"2013-02-27T00:00:00+00:00","dateModified":"2025-09-03T12:54:20+00:00","breadcrumb":{"@id":"https:\/\/staging.forenteforlag.no\/dreyers\/produkt\/cassirer-og-heidegger-i-davos\/#breadcrumb"},"inLanguage":"nb-NO","potentialAction":[{"@type":"ReadAction","target":["https:\/\/staging.forenteforlag.no\/dreyers\/produkt\/cassirer-og-heidegger-i-davos\/"]}]},{"@type":"ImageObject","inLanguage":"nb-NO","@id":"https:\/\/staging.forenteforlag.no\/dreyers\/produkt\/cassirer-og-heidegger-i-davos\/#primaryimage","url":"https:\/\/staging.forenteforlag.no\/dreyers\/wp-content\/uploads\/sites\/2\/2025\/08\/jpg-6041.jpg","contentUrl":"https:\/\/staging.forenteforlag.no\/dreyers\/wp-content\/uploads\/sites\/2\/2025\/08\/jpg-6041.jpg","width":327,"height":450},{"@type":"BreadcrumbList","@id":"https:\/\/staging.forenteforlag.no\/dreyers\/produkt\/cassirer-og-heidegger-i-davos\/#breadcrumb","itemListElement":[{"@type":"ListItem","position":1,"name":"Hjem","item":"https:\/\/staging.forenteforlag.no\/dreyers\/"},{"@type":"ListItem","position":2,"name":"Alle b\u00f8ker","item":"https:\/\/staging.forenteforlag.no\/dreyers\/butikk\/"},{"@type":"ListItem","position":3,"name":"Cassirer og Heidegger i Davos"}]},{"@type":"WebSite","@id":"https:\/\/staging.forenteforlag.no\/dreyers\/#website","url":"https:\/\/staging.forenteforlag.no\/dreyers\/","name":"Dreyers Forlag","description":"","potentialAction":[{"@type":"SearchAction","target":{"@type":"EntryPoint","urlTemplate":"https:\/\/staging.forenteforlag.no\/dreyers\/?s={search_term_string}"},"query-input":{"@type":"PropertyValueSpecification","valueRequired":true,"valueName":"search_term_string"}}],"inLanguage":"nb-NO"}]}},"_links":{"self":[{"href":"https:\/\/staging.forenteforlag.no\/dreyers\/wp-json\/wp\/v2\/product\/21414","targetHints":{"allow":["GET"]}}],"collection":[{"href":"https:\/\/staging.forenteforlag.no\/dreyers\/wp-json\/wp\/v2\/product"}],"about":[{"href":"https:\/\/staging.forenteforlag.no\/dreyers\/wp-json\/wp\/v2\/types\/product"}],"wp:featuredmedia":[{"embeddable":true,"href":"https:\/\/staging.forenteforlag.no\/dreyers\/wp-json\/wp\/v2\/media\/24080"}],"wp:attachment":[{"href":"https:\/\/staging.forenteforlag.no\/dreyers\/wp-json\/wp\/v2\/media?parent=21414"}],"wp:term":[{"taxonomy":"product_brand","embeddable":true,"href":"https:\/\/staging.forenteforlag.no\/dreyers\/wp-json\/wp\/v2\/product_brand?post=21414"},{"taxonomy":"product_cat","embeddable":true,"href":"https:\/\/staging.forenteforlag.no\/dreyers\/wp-json\/wp\/v2\/product_cat?post=21414"},{"taxonomy":"product_tag","embeddable":true,"href":"https:\/\/staging.forenteforlag.no\/dreyers\/wp-json\/wp\/v2\/product_tag?post=21414"}],"curies":[{"name":"wp","href":"https:\/\/api.w.org\/{rel}","templated":true}]}}

<p>Mellom 17. mars og 6. april i 1929 ble det holdt et internasjonalt universitetsseminar i Davos i Sveits. Høydepunktet var en forhåndsannonsert åpen debatt mellom Ernst Cassirer og Martin Heidegger. Debattens kjerne var hvordan tolke den kjente filosofen Immanuel Kants kritiske prosjekt. Bidragene i denne antologien tar for seg hva Davos 1929 har betydd for den moderne filosofihistorien. Den markerte slutten på nykantianismens glansdager og aksentuerte den stadig voksende kløften mellom kontinentalfilosofi og analytisk filosofi. Det var også en begivenhet som trakk opp konfliktlinjene som skulle hjemsøke det 20. århundret: humanisme mot anti-humanisme, rasjonalisme mot irrasjonalisme og liberalisme mot totalitarisme.</p>

<p>Mellom 17. mars og 6. april i 1929 ble det holdt et internasjonalt universitetsseminar i Davos i Sveits. Høydepunktet var en forhåndsannonsert åpen debatt mellom Ernst Cassirer og Martin Heidegger. Debattens kjerne var hvordan tolke den kjente filosofen Immanuel Kants kritiske prosjekt. Bidragene i denne antologien tar for seg hva Davos 1929 har betydd for [&hellip;]</p>

<!-- This site is optimized with the Yoast SEO plugin v26.6 - https://yoast.com/wordpress/plugins/seo/ -->
<title>Cassirer og Heidegger i Davos - Dreyers Forlag</title>
<meta name="robots" content="noindex, follow, max-snippet:-1, max-image-preview:large, max-video-preview:-1" />
<meta property="og:locale" content="nb_NO" />
<meta property="og:type" content="article" />
<meta property="og:title" content="Cassirer og Heidegger i Davos - Dreyers Forlag" />
<meta property="og:description" content="Mellom 17. mars og 6. april i 1929 ble det holdt et internasjonalt universitetsseminar i Davos i Sveits. Høydepunktet var en forhåndsannonsert åpen debatt mellom Ernst Cassirer og Martin Heidegger. Debattens kjerne var hvordan tolke den kjente filosofen Immanuel Kants kritiske prosjekt. Bidragene i denne antologien tar for seg hva Davos 1929 har betydd for [&hellip;]" />
<meta property="og:url" content="https://staging.forenteforlag.no/dreyers/produkt/cassirer-og-heidegger-i-davos/" />
<meta property="og:site_name" content="Dreyers Forlag" />
<meta property="article:modified_time" content="2025-09-03T12:54:20+00:00" />
<meta property="og:image" content="https://staging.forenteforlag.no/dreyers/wp-content/uploads/sites/2/2025/08/jpg-6041.jpg" />
	<meta property="og:image:width" content="327" />
	<meta property="og:image:height" content="450" />
	<meta property="og:image:type" content="image/jpeg" />
<meta name="twitter:card" content="summary_large_image" />
<script type="application/ld+json" class="yoast-schema-graph">{"@context":"https://schema.org","@graph":[{"@type":"WebPage","@id":"https://staging.forenteforlag.no/dreyers/produkt/cassirer-og-heidegger-i-davos/","url":"https://staging.forenteforlag.no/dreyers/produkt/cassirer-og-heidegger-i-davos/","name":"Cassirer og Heidegger i Davos - Dreyers Forlag","isPartOf":{"@id":"https://staging.forenteforlag.no/dreyers/#website"},"primaryImageOfPage":{"@id":"https://staging.forenteforlag.no/dreyers/produkt/cassirer-og-heidegger-i-davos/#primaryimage"},"image":{"@id":"https://staging.forenteforlag.no/dreyers/produkt/cassirer-og-heidegger-i-davos/#primaryimage"},"thumbnailUrl":"https://staging.forenteforlag.no/dreyers/wp-content/uploads/sites/2/2025/08/jpg-6041.jpg","datePublished":"2013-02-27T00:00:00+00:00","dateModified":"2025-09-03T12:54:20+00:00","breadcrumb":{"@id":"https://staging.forenteforlag.no/dreyers/produkt/cassirer-og-heidegger-i-davos/#breadcrumb"},"inLanguage":"nb-NO","potentialAction":[{"@type":"ReadAction","target":["https://staging.forenteforlag.no/dreyers/produkt/cassirer-og-heidegger-i-davos/"]}]},{"@type":"ImageObject","inLanguage":"nb-NO","@id":"https://staging.forenteforlag.no/dreyers/produkt/cassirer-og-heidegger-i-davos/#primaryimage","url":"https://staging.forenteforlag.no/dreyers/wp-content/uploads/sites/2/2025/08/jpg-6041.jpg","contentUrl":"https://staging.forenteforlag.no/dreyers/wp-content/uploads/sites/2/2025/08/jpg-6041.jpg","width":327,"height":450},{"@type":"BreadcrumbList","@id":"https://staging.forenteforlag.no/dreyers/produkt/cassirer-og-heidegger-i-davos/#breadcrumb","itemListElement":[{"@type":"ListItem","position":1,"name":"Hjem","item":"https://staging.forenteforlag.no/dreyers/"},{"@type":"ListItem","position":2,"name":"Alle bøker","item":"https://staging.forenteforlag.no/dreyers/butikk/"},{"@type":"ListItem","position":3,"name":"Cassirer og Heidegger i Davos"}]},{"@type":"WebSite","@id":"https://staging.forenteforlag.no/dreyers/#website","url":"https://staging.forenteforlag.no/dreyers/","name":"Dreyers Forlag","description":"","potentialAction":[{"@type":"SearchAction","target":{"@type":"EntryPoint","urlTemplate":"https://staging.forenteforlag.no/dreyers/?s={search_term_string}"},"query-input":{"@type":"PropertyValueSpecification","valueRequired":true,"valueName":"search_term_string"}}],"inLanguage":"nb-NO"}]}</script>
<!-- / Yoast SEO plugin. -->

Mellom 17. mars og 6. april i 1929 ble det holdt et internasjonalt universitetsseminar i Davos i Sveits. Høydepunktet var en forhåndsannonsert åpen debatt mellom Ernst Cassirer og Martin Heidegger. Debattens kjerne var hvordan tolke den kjente filosofen Immanuel Kants kritiske prosjekt. Bidragene i denne antologien tar for seg hva Davos 1929 har betydd for [&hellip;]

Alle bøker
