{"id":21411,"date":"2013-03-11T01:00:00","date_gmt":"2013-03-11T00:00:00","guid":{"rendered":"https:\/\/dreyersforlag.forenteforlag.no\/produkt\/den-moderne-verdens-idehistorie\/"},"modified":"2025-11-06T09:18:37","modified_gmt":"2025-11-06T08:18:37","slug":"den-moderne-verdens-idehistorie","status":"publish","type":"product","link":"https:\/\/staging.forenteforlag.no\/dreyers\/produkt\/den-moderne-verdens-idehistorie\/","title":{"rendered":"Den moderne verdens id\u00e9historie"},"content":{"rendered":"<p>Den moderne verdens id\u00e9historie &#8211; i skyggen av fremtiden er en bred fremstilling av de siste \u00e5rhundrenes store omveltninger i Europa og verden. Den anerkjente svenske id\u00e9historikeren Sven-Eric Liedman byr her p\u00e5 en unik blanding fortellerglede og kunnskap. De store perspektivene i politikken, filosofien, vitenskapen, \u00f8konomien og religionen avl\u00f8ses av overraskende og underholdende resonnementer rundt for eksempel klokken og multiplikasjonstabellen. Boken har vunnet den prestisjefylte Augustprisen for \u00e5rets beste svenske fagbok. Juryen begrunnet valget slik: &laquo;I boken I skuggan av framtiden gir Sven-Eric Liedman et bredt og vel underbygd bilde av modernitetens id\u00e9utvikling i et historisk perspektiv, i skarp kontrast til den overfladiskhet som ofte forekommer i dagens debatt. Ut fra spennende nye innfallsvinkler bidrar Liedman med verdifull og tankevekkende innsikt om s\u00e5 vel v\u00e5r samtid som oss selv&raquo;.<\/p>\n","protected":false},"excerpt":{"rendered":"<p>Den moderne verdens id\u00e9historie &#8211; i skyggen av fremtiden er en bred fremstilling av de siste \u00e5rhundrenes store omveltninger i Europa og verden. Den anerkjente svenske id\u00e9historikeren Sven-Eric Liedman byr her p\u00e5 en unik blanding fortellerglede og kunnskap. De store perspektivene i politikken, filosofien, vitenskapen, \u00f8konomien og religionen avl\u00f8ses av overraskende og underholdende resonnementer rundt [&hellip;]<\/p>\n","protected":false},"featured_media":24403,"template":"","meta":{"_acf_changed":false,"inline_featured_image":false},"product_brand":[],"product_cat":[21,23],"product_tag":[362],"class_list":{"0":"post-21411","1":"product","2":"type-product","3":"status-publish","4":"has-post-thumbnail","6":"product_cat-filosofi","7":"product_cat-historie","8":"product_tag-faglitteratur","9":"pa_format-innbundet","11":"first","12":"outofstock","13":"shipping-taxable","14":"purchasable","15":"product-type-simple"},"acf":{"anmeldelse":null},"yoast_head":"<!-- This site is optimized with the Yoast SEO plugin v26.6 - https:\/\/yoast.com\/wordpress\/plugins\/seo\/ -->\n<title>Den moderne verdens id\u00e9historie - Dreyers Forlag<\/title>\n<meta name=\"robots\" content=\"noindex, follow, max-snippet:-1, max-image-preview:large, max-video-preview:-1\" \/>\n<meta property=\"og:locale\" content=\"nb_NO\" \/>\n<meta property=\"og:type\" content=\"article\" \/>\n<meta property=\"og:title\" content=\"Den moderne verdens id\u00e9historie - Dreyers Forlag\" \/>\n<meta property=\"og:description\" content=\"Den moderne verdens id\u00e9historie &#8211; i skyggen av fremtiden er en bred fremstilling av de siste \u00e5rhundrenes store omveltninger i Europa og verden. Den anerkjente svenske id\u00e9historikeren Sven-Eric Liedman byr her p\u00e5 en unik blanding fortellerglede og kunnskap. De store perspektivene i politikken, filosofien, vitenskapen, \u00f8konomien og religionen avl\u00f8ses av overraskende og underholdende resonnementer rundt [&hellip;]\" \/>\n<meta property=\"og:url\" content=\"https:\/\/staging.forenteforlag.no\/dreyers\/produkt\/den-moderne-verdens-idehistorie\/\" \/>\n<meta property=\"og:site_name\" content=\"Dreyers Forlag\" \/>\n<meta property=\"article:modified_time\" content=\"2025-11-06T08:18:37+00:00\" \/>\n<meta property=\"og:image\" content=\"https:\/\/staging.forenteforlag.no\/dreyers\/wp-content\/uploads\/sites\/2\/2025\/08\/jpg-9076.jpg\" \/>\n\t<meta property=\"og:image:width\" content=\"333\" \/>\n\t<meta property=\"og:image:height\" content=\"450\" \/>\n\t<meta property=\"og:image:type\" content=\"image\/jpeg\" \/>\n<meta name=\"twitter:card\" content=\"summary_large_image\" \/>\n<meta name=\"twitter:label1\" content=\"Ansl. lesetid\" \/>\n\t<meta name=\"twitter:data1\" content=\"1 minutt\" \/>\n<script type=\"application\/ld+json\" class=\"yoast-schema-graph\">{\"@context\":\"https:\/\/schema.org\",\"@graph\":[{\"@type\":\"WebPage\",\"@id\":\"https:\/\/staging.forenteforlag.no\/dreyers\/produkt\/den-moderne-verdens-idehistorie\/\",\"url\":\"https:\/\/staging.forenteforlag.no\/dreyers\/produkt\/den-moderne-verdens-idehistorie\/\",\"name\":\"Den moderne verdens id\u00e9historie - Dreyers Forlag\",\"isPartOf\":{\"@id\":\"https:\/\/staging.forenteforlag.no\/dreyers\/#website\"},\"primaryImageOfPage\":{\"@id\":\"https:\/\/staging.forenteforlag.no\/dreyers\/produkt\/den-moderne-verdens-idehistorie\/#primaryimage\"},\"image\":{\"@id\":\"https:\/\/staging.forenteforlag.no\/dreyers\/produkt\/den-moderne-verdens-idehistorie\/#primaryimage\"},\"thumbnailUrl\":\"https:\/\/staging.forenteforlag.no\/dreyers\/wp-content\/uploads\/sites\/2\/2025\/08\/jpg-9076.jpg\",\"datePublished\":\"2013-03-11T00:00:00+00:00\",\"dateModified\":\"2025-11-06T08:18:37+00:00\",\"breadcrumb\":{\"@id\":\"https:\/\/staging.forenteforlag.no\/dreyers\/produkt\/den-moderne-verdens-idehistorie\/#breadcrumb\"},\"inLanguage\":\"nb-NO\",\"potentialAction\":[{\"@type\":\"ReadAction\",\"target\":[\"https:\/\/staging.forenteforlag.no\/dreyers\/produkt\/den-moderne-verdens-idehistorie\/\"]}]},{\"@type\":\"ImageObject\",\"inLanguage\":\"nb-NO\",\"@id\":\"https:\/\/staging.forenteforlag.no\/dreyers\/produkt\/den-moderne-verdens-idehistorie\/#primaryimage\",\"url\":\"https:\/\/staging.forenteforlag.no\/dreyers\/wp-content\/uploads\/sites\/2\/2025\/08\/jpg-9076.jpg\",\"contentUrl\":\"https:\/\/staging.forenteforlag.no\/dreyers\/wp-content\/uploads\/sites\/2\/2025\/08\/jpg-9076.jpg\",\"width\":333,\"height\":450},{\"@type\":\"BreadcrumbList\",\"@id\":\"https:\/\/staging.forenteforlag.no\/dreyers\/produkt\/den-moderne-verdens-idehistorie\/#breadcrumb\",\"itemListElement\":[{\"@type\":\"ListItem\",\"position\":1,\"name\":\"Hjem\",\"item\":\"https:\/\/staging.forenteforlag.no\/dreyers\/\"},{\"@type\":\"ListItem\",\"position\":2,\"name\":\"Alle b\u00f8ker\",\"item\":\"https:\/\/staging.forenteforlag.no\/dreyers\/butikk\/\"},{\"@type\":\"ListItem\",\"position\":3,\"name\":\"Den moderne verdens id\u00e9historie\"}]},{\"@type\":\"WebSite\",\"@id\":\"https:\/\/staging.forenteforlag.no\/dreyers\/#website\",\"url\":\"https:\/\/staging.forenteforlag.no\/dreyers\/\",\"name\":\"Dreyers Forlag\",\"description\":\"\",\"potentialAction\":[{\"@type\":\"SearchAction\",\"target\":{\"@type\":\"EntryPoint\",\"urlTemplate\":\"https:\/\/staging.forenteforlag.no\/dreyers\/?s={search_term_string}\"},\"query-input\":{\"@type\":\"PropertyValueSpecification\",\"valueRequired\":true,\"valueName\":\"search_term_string\"}}],\"inLanguage\":\"nb-NO\"}]}<\/script>\n<!-- \/ Yoast SEO plugin. -->","yoast_head_json":{"title":"Den moderne verdens id\u00e9historie - Dreyers Forlag","robots":{"index":"noindex","follow":"follow","max-snippet":"max-snippet:-1","max-image-preview":"max-image-preview:large","max-video-preview":"max-video-preview:-1"},"og_locale":"nb_NO","og_type":"article","og_title":"Den moderne verdens id\u00e9historie - Dreyers Forlag","og_description":"Den moderne verdens id\u00e9historie &#8211; i skyggen av fremtiden er en bred fremstilling av de siste \u00e5rhundrenes store omveltninger i Europa og verden. Den anerkjente svenske id\u00e9historikeren Sven-Eric Liedman byr her p\u00e5 en unik blanding fortellerglede og kunnskap. De store perspektivene i politikken, filosofien, vitenskapen, \u00f8konomien og religionen avl\u00f8ses av overraskende og underholdende resonnementer rundt [&hellip;]","og_url":"https:\/\/staging.forenteforlag.no\/dreyers\/produkt\/den-moderne-verdens-idehistorie\/","og_site_name":"Dreyers Forlag","article_modified_time":"2025-11-06T08:18:37+00:00","og_image":[{"width":333,"height":450,"url":"https:\/\/staging.forenteforlag.no\/dreyers\/wp-content\/uploads\/sites\/2\/2025\/08\/jpg-9076.jpg","type":"image\/jpeg"}],"twitter_card":"summary_large_image","twitter_misc":{"Ansl. lesetid":"1 minutt"},"schema":{"@context":"https:\/\/schema.org","@graph":[{"@type":"WebPage","@id":"https:\/\/staging.forenteforlag.no\/dreyers\/produkt\/den-moderne-verdens-idehistorie\/","url":"https:\/\/staging.forenteforlag.no\/dreyers\/produkt\/den-moderne-verdens-idehistorie\/","name":"Den moderne verdens id\u00e9historie - Dreyers Forlag","isPartOf":{"@id":"https:\/\/staging.forenteforlag.no\/dreyers\/#website"},"primaryImageOfPage":{"@id":"https:\/\/staging.forenteforlag.no\/dreyers\/produkt\/den-moderne-verdens-idehistorie\/#primaryimage"},"image":{"@id":"https:\/\/staging.forenteforlag.no\/dreyers\/produkt\/den-moderne-verdens-idehistorie\/#primaryimage"},"thumbnailUrl":"https:\/\/staging.forenteforlag.no\/dreyers\/wp-content\/uploads\/sites\/2\/2025\/08\/jpg-9076.jpg","datePublished":"2013-03-11T00:00:00+00:00","dateModified":"2025-11-06T08:18:37+00:00","breadcrumb":{"@id":"https:\/\/staging.forenteforlag.no\/dreyers\/produkt\/den-moderne-verdens-idehistorie\/#breadcrumb"},"inLanguage":"nb-NO","potentialAction":[{"@type":"ReadAction","target":["https:\/\/staging.forenteforlag.no\/dreyers\/produkt\/den-moderne-verdens-idehistorie\/"]}]},{"@type":"ImageObject","inLanguage":"nb-NO","@id":"https:\/\/staging.forenteforlag.no\/dreyers\/produkt\/den-moderne-verdens-idehistorie\/#primaryimage","url":"https:\/\/staging.forenteforlag.no\/dreyers\/wp-content\/uploads\/sites\/2\/2025\/08\/jpg-9076.jpg","contentUrl":"https:\/\/staging.forenteforlag.no\/dreyers\/wp-content\/uploads\/sites\/2\/2025\/08\/jpg-9076.jpg","width":333,"height":450},{"@type":"BreadcrumbList","@id":"https:\/\/staging.forenteforlag.no\/dreyers\/produkt\/den-moderne-verdens-idehistorie\/#breadcrumb","itemListElement":[{"@type":"ListItem","position":1,"name":"Hjem","item":"https:\/\/staging.forenteforlag.no\/dreyers\/"},{"@type":"ListItem","position":2,"name":"Alle b\u00f8ker","item":"https:\/\/staging.forenteforlag.no\/dreyers\/butikk\/"},{"@type":"ListItem","position":3,"name":"Den moderne verdens id\u00e9historie"}]},{"@type":"WebSite","@id":"https:\/\/staging.forenteforlag.no\/dreyers\/#website","url":"https:\/\/staging.forenteforlag.no\/dreyers\/","name":"Dreyers Forlag","description":"","potentialAction":[{"@type":"SearchAction","target":{"@type":"EntryPoint","urlTemplate":"https:\/\/staging.forenteforlag.no\/dreyers\/?s={search_term_string}"},"query-input":{"@type":"PropertyValueSpecification","valueRequired":true,"valueName":"search_term_string"}}],"inLanguage":"nb-NO"}]}},"_links":{"self":[{"href":"https:\/\/staging.forenteforlag.no\/dreyers\/wp-json\/wp\/v2\/product\/21411","targetHints":{"allow":["GET"]}}],"collection":[{"href":"https:\/\/staging.forenteforlag.no\/dreyers\/wp-json\/wp\/v2\/product"}],"about":[{"href":"https:\/\/staging.forenteforlag.no\/dreyers\/wp-json\/wp\/v2\/types\/product"}],"wp:featuredmedia":[{"embeddable":true,"href":"https:\/\/staging.forenteforlag.no\/dreyers\/wp-json\/wp\/v2\/media\/24403"}],"wp:attachment":[{"href":"https:\/\/staging.forenteforlag.no\/dreyers\/wp-json\/wp\/v2\/media?parent=21411"}],"wp:term":[{"taxonomy":"product_brand","embeddable":true,"href":"https:\/\/staging.forenteforlag.no\/dreyers\/wp-json\/wp\/v2\/product_brand?post=21411"},{"taxonomy":"product_cat","embeddable":true,"href":"https:\/\/staging.forenteforlag.no\/dreyers\/wp-json\/wp\/v2\/product_cat?post=21411"},{"taxonomy":"product_tag","embeddable":true,"href":"https:\/\/staging.forenteforlag.no\/dreyers\/wp-json\/wp\/v2\/product_tag?post=21411"}],"curies":[{"name":"wp","href":"https:\/\/api.w.org\/{rel}","templated":true}]}}

Den moderne verdens idéhistorie

<p>Den moderne verdens idéhistorie &#8211; i skyggen av fremtiden er en bred fremstilling av de siste århundrenes store omveltninger i Europa og verden. Den anerkjente svenske idéhistorikeren Sven-Eric Liedman byr her på en unik blanding fortellerglede og kunnskap. De store perspektivene i politikken, filosofien, vitenskapen, økonomien og religionen avløses av overraskende og underholdende resonnementer rundt for eksempel klokken og multiplikasjonstabellen. Boken har vunnet den prestisjefylte Augustprisen for årets beste svenske fagbok. Juryen begrunnet valget slik: &laquo;I boken I skuggan av framtiden gir Sven-Eric Liedman et bredt og vel underbygd bilde av modernitetens idéutvikling i et historisk perspektiv, i skarp kontrast til den overfladiskhet som ofte forekommer i dagens debatt. Ut fra spennende nye innfallsvinkler bidrar Liedman med verdifull og tankevekkende innsikt om så vel vår samtid som oss selv&raquo;.</p>

<p>Den moderne verdens idéhistorie &#8211; i skyggen av fremtiden er en bred fremstilling av de siste århundrenes store omveltninger i Europa og verden. Den anerkjente svenske idéhistorikeren Sven-Eric Liedman byr her på en unik blanding fortellerglede og kunnskap. De store perspektivene i politikken, filosofien, vitenskapen, økonomien og religionen avløses av overraskende og underholdende resonnementer rundt [&hellip;]</p>

<!-- This site is optimized with the Yoast SEO plugin v26.6 - https://yoast.com/wordpress/plugins/seo/ -->
<title>Den moderne verdens idéhistorie - Dreyers Forlag</title>
<meta name="robots" content="noindex, follow, max-snippet:-1, max-image-preview:large, max-video-preview:-1" />
<meta property="og:locale" content="nb_NO" />
<meta property="og:type" content="article" />
<meta property="og:title" content="Den moderne verdens idéhistorie - Dreyers Forlag" />
<meta property="og:description" content="Den moderne verdens idéhistorie &#8211; i skyggen av fremtiden er en bred fremstilling av de siste århundrenes store omveltninger i Europa og verden. Den anerkjente svenske idéhistorikeren Sven-Eric Liedman byr her på en unik blanding fortellerglede og kunnskap. De store perspektivene i politikken, filosofien, vitenskapen, økonomien og religionen avløses av overraskende og underholdende resonnementer rundt [&hellip;]" />
<meta property="og:url" content="https://staging.forenteforlag.no/dreyers/produkt/den-moderne-verdens-idehistorie/" />
<meta property="og:site_name" content="Dreyers Forlag" />
<meta property="article:modified_time" content="2025-11-06T08:18:37+00:00" />
<meta property="og:image" content="https://staging.forenteforlag.no/dreyers/wp-content/uploads/sites/2/2025/08/jpg-9076.jpg" />
	<meta property="og:image:width" content="333" />
	<meta property="og:image:height" content="450" />
	<meta property="og:image:type" content="image/jpeg" />
<meta name="twitter:card" content="summary_large_image" />
<meta name="twitter:label1" content="Ansl. lesetid" />
	<meta name="twitter:data1" content="1 minutt" />
<script type="application/ld+json" class="yoast-schema-graph">{"@context":"https://schema.org","@graph":[{"@type":"WebPage","@id":"https://staging.forenteforlag.no/dreyers/produkt/den-moderne-verdens-idehistorie/","url":"https://staging.forenteforlag.no/dreyers/produkt/den-moderne-verdens-idehistorie/","name":"Den moderne verdens idéhistorie - Dreyers Forlag","isPartOf":{"@id":"https://staging.forenteforlag.no/dreyers/#website"},"primaryImageOfPage":{"@id":"https://staging.forenteforlag.no/dreyers/produkt/den-moderne-verdens-idehistorie/#primaryimage"},"image":{"@id":"https://staging.forenteforlag.no/dreyers/produkt/den-moderne-verdens-idehistorie/#primaryimage"},"thumbnailUrl":"https://staging.forenteforlag.no/dreyers/wp-content/uploads/sites/2/2025/08/jpg-9076.jpg","datePublished":"2013-03-11T00:00:00+00:00","dateModified":"2025-11-06T08:18:37+00:00","breadcrumb":{"@id":"https://staging.forenteforlag.no/dreyers/produkt/den-moderne-verdens-idehistorie/#breadcrumb"},"inLanguage":"nb-NO","potentialAction":[{"@type":"ReadAction","target":["https://staging.forenteforlag.no/dreyers/produkt/den-moderne-verdens-idehistorie/"]}]},{"@type":"ImageObject","inLanguage":"nb-NO","@id":"https://staging.forenteforlag.no/dreyers/produkt/den-moderne-verdens-idehistorie/#primaryimage","url":"https://staging.forenteforlag.no/dreyers/wp-content/uploads/sites/2/2025/08/jpg-9076.jpg","contentUrl":"https://staging.forenteforlag.no/dreyers/wp-content/uploads/sites/2/2025/08/jpg-9076.jpg","width":333,"height":450},{"@type":"BreadcrumbList","@id":"https://staging.forenteforlag.no/dreyers/produkt/den-moderne-verdens-idehistorie/#breadcrumb","itemListElement":[{"@type":"ListItem","position":1,"name":"Hjem","item":"https://staging.forenteforlag.no/dreyers/"},{"@type":"ListItem","position":2,"name":"Alle bøker","item":"https://staging.forenteforlag.no/dreyers/butikk/"},{"@type":"ListItem","position":3,"name":"Den moderne verdens idéhistorie"}]},{"@type":"WebSite","@id":"https://staging.forenteforlag.no/dreyers/#website","url":"https://staging.forenteforlag.no/dreyers/","name":"Dreyers Forlag","description":"","potentialAction":[{"@type":"SearchAction","target":{"@type":"EntryPoint","urlTemplate":"https://staging.forenteforlag.no/dreyers/?s={search_term_string}"},"query-input":{"@type":"PropertyValueSpecification","valueRequired":true,"valueName":"search_term_string"}}],"inLanguage":"nb-NO"}]}</script>
<!-- / Yoast SEO plugin. -->

Den moderne verdens idéhistorie - Dreyers Forlag

Den moderne verdens idéhistorie &#8211; i skyggen av fremtiden er en bred fremstilling av de siste århundrenes store omveltninger i Europa og verden. Den anerkjente svenske idéhistorikeren Sven-Eric Liedman byr her på en unik blanding fortellerglede og kunnskap. De store perspektivene i politikken, filosofien, vitenskapen, økonomien og religionen avløses av overraskende og underholdende resonnementer rundt [&hellip;]

Alle bøker
