{"id":21402,"date":"2013-06-10T02:00:00","date_gmt":"2013-06-10T00:00:00","guid":{"rendered":"https:\/\/dreyersforlag.forenteforlag.no\/produkt\/emanuel-vigeland\/"},"modified":"2025-08-27T08:36:25","modified_gmt":"2025-08-27T06:36:25","slug":"emanuel-vigeland","status":"publish","type":"product","link":"https:\/\/staging.forenteforlag.no\/dreyers\/produkt\/emanuel-vigeland\/","title":{"rendered":"Emanuel Vigeland"},"content":{"rendered":"<p>Emanuel Vigeland (1875-1948) hadde en fremskutt stilling som freskomaler og glasskunstner i sin samtid, og han ruver som monumentalkunstner. Hans eget mausoleum, Tomba Emmanuelle p\u00e5 Slemdal i Oslo, regnes av mange som hans hovedverk. Dette er en kunstskatt der arkitektur, maleri, skulptur, kunsth\u00e5ndverk, ordet, lyset og akustikken sammen bidrar til ett samlende uttrykk &#8211; et Allkunstverk om livet. Kunsthistoriker og forfatter Tone Klev Furnes gir en fyldig presentasjon av livsverket til Emanuel Vigeland. Hun viser hvordan talent, evner og et ukuelig p\u00e5gangsmot drev den unge kunstneren fra Mandal frem til \u00e5 bli en av Norges mest s\u00e6regne kunstnere. I denne rikt illustrerte boken f\u00e5r vi ogs\u00e5 bedre kjennskap til forholdet mellom de to kunstnerbr\u00f8drene Gustav og Emanuel Vigeland.<\/p>\n","protected":false},"excerpt":{"rendered":"<p>Emanuel Vigeland (1875-1948) hadde en fremskutt stilling som freskomaler og glasskunstner i sin samtid, og han ruver som monumentalkunstner. Hans eget mausoleum, Tomba Emmanuelle p\u00e5 Slemdal i Oslo, regnes av mange som hans hovedverk. Dette er en kunstskatt der arkitektur, maleri, skulptur, kunsth\u00e5ndverk, ordet, lyset og akustikken sammen bidrar til ett samlende uttrykk &#8211; et [&hellip;]<\/p>\n","protected":false},"featured_media":24111,"template":"","meta":{"_acf_changed":false,"inline_featured_image":false},"product_brand":[],"product_cat":[1785,26],"product_tag":[459,496,362,1298,636,439],"class_list":{"0":"post-21402","1":"product","2":"type-product","3":"status-publish","4":"has-post-thumbnail","6":"product_cat-fripris","7":"product_cat-kunst-og-kultur","8":"product_tag-bildende-kunst","9":"product_tag-billedkunstnere","10":"product_tag-faglitteratur","11":"product_tag-glasskunst","12":"product_tag-kirkebygninger","13":"product_tag-nord-norge","14":"pa_format-innbundet","16":"first","17":"instock","18":"shipping-taxable","19":"purchasable","20":"product-type-simple"},"acf":{"anmeldelse":null},"yoast_head":"<!-- This site is optimized with the Yoast SEO plugin v26.6 - https:\/\/yoast.com\/wordpress\/plugins\/seo\/ -->\n<title>Emanuel Vigeland - Dreyers Forlag<\/title>\n<meta name=\"robots\" content=\"noindex, follow, max-snippet:-1, max-image-preview:large, max-video-preview:-1\" \/>\n<meta property=\"og:locale\" content=\"nb_NO\" \/>\n<meta property=\"og:type\" content=\"article\" \/>\n<meta property=\"og:title\" content=\"Emanuel Vigeland - Dreyers Forlag\" \/>\n<meta property=\"og:description\" content=\"Emanuel Vigeland (1875-1948) hadde en fremskutt stilling som freskomaler og glasskunstner i sin samtid, og han ruver som monumentalkunstner. Hans eget mausoleum, Tomba Emmanuelle p\u00e5 Slemdal i Oslo, regnes av mange som hans hovedverk. Dette er en kunstskatt der arkitektur, maleri, skulptur, kunsth\u00e5ndverk, ordet, lyset og akustikken sammen bidrar til ett samlende uttrykk &#8211; et [&hellip;]\" \/>\n<meta property=\"og:url\" content=\"https:\/\/staging.forenteforlag.no\/dreyers\/produkt\/emanuel-vigeland\/\" \/>\n<meta property=\"og:site_name\" content=\"Dreyers Forlag\" \/>\n<meta property=\"article:modified_time\" content=\"2025-08-27T06:36:25+00:00\" \/>\n<meta property=\"og:image\" content=\"https:\/\/staging.forenteforlag.no\/dreyers\/wp-content\/uploads\/sites\/2\/2025\/08\/jpg-6316.jpg\" \/>\n\t<meta property=\"og:image:width\" content=\"418\" \/>\n\t<meta property=\"og:image:height\" content=\"449\" \/>\n\t<meta property=\"og:image:type\" content=\"image\/jpeg\" \/>\n<meta name=\"twitter:card\" content=\"summary_large_image\" \/>\n<meta name=\"twitter:label1\" content=\"Ansl. lesetid\" \/>\n\t<meta name=\"twitter:data1\" content=\"1 minutt\" \/>\n<script type=\"application\/ld+json\" class=\"yoast-schema-graph\">{\"@context\":\"https:\/\/schema.org\",\"@graph\":[{\"@type\":\"WebPage\",\"@id\":\"https:\/\/staging.forenteforlag.no\/dreyers\/produkt\/emanuel-vigeland\/\",\"url\":\"https:\/\/staging.forenteforlag.no\/dreyers\/produkt\/emanuel-vigeland\/\",\"name\":\"Emanuel Vigeland - Dreyers Forlag\",\"isPartOf\":{\"@id\":\"https:\/\/staging.forenteforlag.no\/dreyers\/#website\"},\"primaryImageOfPage\":{\"@id\":\"https:\/\/staging.forenteforlag.no\/dreyers\/produkt\/emanuel-vigeland\/#primaryimage\"},\"image\":{\"@id\":\"https:\/\/staging.forenteforlag.no\/dreyers\/produkt\/emanuel-vigeland\/#primaryimage\"},\"thumbnailUrl\":\"https:\/\/staging.forenteforlag.no\/dreyers\/wp-content\/uploads\/sites\/2\/2025\/08\/jpg-6316.jpg\",\"datePublished\":\"2013-06-10T00:00:00+00:00\",\"dateModified\":\"2025-08-27T06:36:25+00:00\",\"breadcrumb\":{\"@id\":\"https:\/\/staging.forenteforlag.no\/dreyers\/produkt\/emanuel-vigeland\/#breadcrumb\"},\"inLanguage\":\"nb-NO\",\"potentialAction\":[{\"@type\":\"ReadAction\",\"target\":[\"https:\/\/staging.forenteforlag.no\/dreyers\/produkt\/emanuel-vigeland\/\"]}]},{\"@type\":\"ImageObject\",\"inLanguage\":\"nb-NO\",\"@id\":\"https:\/\/staging.forenteforlag.no\/dreyers\/produkt\/emanuel-vigeland\/#primaryimage\",\"url\":\"https:\/\/staging.forenteforlag.no\/dreyers\/wp-content\/uploads\/sites\/2\/2025\/08\/jpg-6316.jpg\",\"contentUrl\":\"https:\/\/staging.forenteforlag.no\/dreyers\/wp-content\/uploads\/sites\/2\/2025\/08\/jpg-6316.jpg\",\"width\":418,\"height\":449},{\"@type\":\"BreadcrumbList\",\"@id\":\"https:\/\/staging.forenteforlag.no\/dreyers\/produkt\/emanuel-vigeland\/#breadcrumb\",\"itemListElement\":[{\"@type\":\"ListItem\",\"position\":1,\"name\":\"Hjem\",\"item\":\"https:\/\/staging.forenteforlag.no\/dreyers\/\"},{\"@type\":\"ListItem\",\"position\":2,\"name\":\"Alle b\u00f8ker\",\"item\":\"https:\/\/staging.forenteforlag.no\/dreyers\/butikk\/\"},{\"@type\":\"ListItem\",\"position\":3,\"name\":\"Emanuel Vigeland\"}]},{\"@type\":\"WebSite\",\"@id\":\"https:\/\/staging.forenteforlag.no\/dreyers\/#website\",\"url\":\"https:\/\/staging.forenteforlag.no\/dreyers\/\",\"name\":\"Dreyers Forlag\",\"description\":\"\",\"potentialAction\":[{\"@type\":\"SearchAction\",\"target\":{\"@type\":\"EntryPoint\",\"urlTemplate\":\"https:\/\/staging.forenteforlag.no\/dreyers\/?s={search_term_string}\"},\"query-input\":{\"@type\":\"PropertyValueSpecification\",\"valueRequired\":true,\"valueName\":\"search_term_string\"}}],\"inLanguage\":\"nb-NO\"}]}<\/script>\n<!-- \/ Yoast SEO plugin. -->","yoast_head_json":{"title":"Emanuel Vigeland - Dreyers Forlag","robots":{"index":"noindex","follow":"follow","max-snippet":"max-snippet:-1","max-image-preview":"max-image-preview:large","max-video-preview":"max-video-preview:-1"},"og_locale":"nb_NO","og_type":"article","og_title":"Emanuel Vigeland - Dreyers Forlag","og_description":"Emanuel Vigeland (1875-1948) hadde en fremskutt stilling som freskomaler og glasskunstner i sin samtid, og han ruver som monumentalkunstner. Hans eget mausoleum, Tomba Emmanuelle p\u00e5 Slemdal i Oslo, regnes av mange som hans hovedverk. Dette er en kunstskatt der arkitektur, maleri, skulptur, kunsth\u00e5ndverk, ordet, lyset og akustikken sammen bidrar til ett samlende uttrykk &#8211; et [&hellip;]","og_url":"https:\/\/staging.forenteforlag.no\/dreyers\/produkt\/emanuel-vigeland\/","og_site_name":"Dreyers Forlag","article_modified_time":"2025-08-27T06:36:25+00:00","og_image":[{"width":418,"height":449,"url":"https:\/\/staging.forenteforlag.no\/dreyers\/wp-content\/uploads\/sites\/2\/2025\/08\/jpg-6316.jpg","type":"image\/jpeg"}],"twitter_card":"summary_large_image","twitter_misc":{"Ansl. lesetid":"1 minutt"},"schema":{"@context":"https:\/\/schema.org","@graph":[{"@type":"WebPage","@id":"https:\/\/staging.forenteforlag.no\/dreyers\/produkt\/emanuel-vigeland\/","url":"https:\/\/staging.forenteforlag.no\/dreyers\/produkt\/emanuel-vigeland\/","name":"Emanuel Vigeland - Dreyers Forlag","isPartOf":{"@id":"https:\/\/staging.forenteforlag.no\/dreyers\/#website"},"primaryImageOfPage":{"@id":"https:\/\/staging.forenteforlag.no\/dreyers\/produkt\/emanuel-vigeland\/#primaryimage"},"image":{"@id":"https:\/\/staging.forenteforlag.no\/dreyers\/produkt\/emanuel-vigeland\/#primaryimage"},"thumbnailUrl":"https:\/\/staging.forenteforlag.no\/dreyers\/wp-content\/uploads\/sites\/2\/2025\/08\/jpg-6316.jpg","datePublished":"2013-06-10T00:00:00+00:00","dateModified":"2025-08-27T06:36:25+00:00","breadcrumb":{"@id":"https:\/\/staging.forenteforlag.no\/dreyers\/produkt\/emanuel-vigeland\/#breadcrumb"},"inLanguage":"nb-NO","potentialAction":[{"@type":"ReadAction","target":["https:\/\/staging.forenteforlag.no\/dreyers\/produkt\/emanuel-vigeland\/"]}]},{"@type":"ImageObject","inLanguage":"nb-NO","@id":"https:\/\/staging.forenteforlag.no\/dreyers\/produkt\/emanuel-vigeland\/#primaryimage","url":"https:\/\/staging.forenteforlag.no\/dreyers\/wp-content\/uploads\/sites\/2\/2025\/08\/jpg-6316.jpg","contentUrl":"https:\/\/staging.forenteforlag.no\/dreyers\/wp-content\/uploads\/sites\/2\/2025\/08\/jpg-6316.jpg","width":418,"height":449},{"@type":"BreadcrumbList","@id":"https:\/\/staging.forenteforlag.no\/dreyers\/produkt\/emanuel-vigeland\/#breadcrumb","itemListElement":[{"@type":"ListItem","position":1,"name":"Hjem","item":"https:\/\/staging.forenteforlag.no\/dreyers\/"},{"@type":"ListItem","position":2,"name":"Alle b\u00f8ker","item":"https:\/\/staging.forenteforlag.no\/dreyers\/butikk\/"},{"@type":"ListItem","position":3,"name":"Emanuel Vigeland"}]},{"@type":"WebSite","@id":"https:\/\/staging.forenteforlag.no\/dreyers\/#website","url":"https:\/\/staging.forenteforlag.no\/dreyers\/","name":"Dreyers Forlag","description":"","potentialAction":[{"@type":"SearchAction","target":{"@type":"EntryPoint","urlTemplate":"https:\/\/staging.forenteforlag.no\/dreyers\/?s={search_term_string}"},"query-input":{"@type":"PropertyValueSpecification","valueRequired":true,"valueName":"search_term_string"}}],"inLanguage":"nb-NO"}]}},"_links":{"self":[{"href":"https:\/\/staging.forenteforlag.no\/dreyers\/wp-json\/wp\/v2\/product\/21402","targetHints":{"allow":["GET"]}}],"collection":[{"href":"https:\/\/staging.forenteforlag.no\/dreyers\/wp-json\/wp\/v2\/product"}],"about":[{"href":"https:\/\/staging.forenteforlag.no\/dreyers\/wp-json\/wp\/v2\/types\/product"}],"wp:featuredmedia":[{"embeddable":true,"href":"https:\/\/staging.forenteforlag.no\/dreyers\/wp-json\/wp\/v2\/media\/24111"}],"wp:attachment":[{"href":"https:\/\/staging.forenteforlag.no\/dreyers\/wp-json\/wp\/v2\/media?parent=21402"}],"wp:term":[{"taxonomy":"product_brand","embeddable":true,"href":"https:\/\/staging.forenteforlag.no\/dreyers\/wp-json\/wp\/v2\/product_brand?post=21402"},{"taxonomy":"product_cat","embeddable":true,"href":"https:\/\/staging.forenteforlag.no\/dreyers\/wp-json\/wp\/v2\/product_cat?post=21402"},{"taxonomy":"product_tag","embeddable":true,"href":"https:\/\/staging.forenteforlag.no\/dreyers\/wp-json\/wp\/v2\/product_tag?post=21402"}],"curies":[{"name":"wp","href":"https:\/\/api.w.org\/{rel}","templated":true}]}}

<p>Emanuel Vigeland (1875-1948) hadde en fremskutt stilling som freskomaler og glasskunstner i sin samtid, og han ruver som monumentalkunstner. Hans eget mausoleum, Tomba Emmanuelle på Slemdal i Oslo, regnes av mange som hans hovedverk. Dette er en kunstskatt der arkitektur, maleri, skulptur, kunsthåndverk, ordet, lyset og akustikken sammen bidrar til ett samlende uttrykk &#8211; et Allkunstverk om livet. Kunsthistoriker og forfatter Tone Klev Furnes gir en fyldig presentasjon av livsverket til Emanuel Vigeland. Hun viser hvordan talent, evner og et ukuelig pågangsmot drev den unge kunstneren fra Mandal frem til å bli en av Norges mest særegne kunstnere. I denne rikt illustrerte boken får vi også bedre kjennskap til forholdet mellom de to kunstnerbrødrene Gustav og Emanuel Vigeland.</p>

<p>Emanuel Vigeland (1875-1948) hadde en fremskutt stilling som freskomaler og glasskunstner i sin samtid, og han ruver som monumentalkunstner. Hans eget mausoleum, Tomba Emmanuelle på Slemdal i Oslo, regnes av mange som hans hovedverk. Dette er en kunstskatt der arkitektur, maleri, skulptur, kunsthåndverk, ordet, lyset og akustikken sammen bidrar til ett samlende uttrykk &#8211; et [&hellip;]</p>

<!-- This site is optimized with the Yoast SEO plugin v26.6 - https://yoast.com/wordpress/plugins/seo/ -->
<title>Emanuel Vigeland - Dreyers Forlag</title>
<meta name="robots" content="noindex, follow, max-snippet:-1, max-image-preview:large, max-video-preview:-1" />
<meta property="og:locale" content="nb_NO" />
<meta property="og:type" content="article" />
<meta property="og:title" content="Emanuel Vigeland - Dreyers Forlag" />
<meta property="og:description" content="Emanuel Vigeland (1875-1948) hadde en fremskutt stilling som freskomaler og glasskunstner i sin samtid, og han ruver som monumentalkunstner. Hans eget mausoleum, Tomba Emmanuelle på Slemdal i Oslo, regnes av mange som hans hovedverk. Dette er en kunstskatt der arkitektur, maleri, skulptur, kunsthåndverk, ordet, lyset og akustikken sammen bidrar til ett samlende uttrykk &#8211; et [&hellip;]" />
<meta property="og:url" content="https://staging.forenteforlag.no/dreyers/produkt/emanuel-vigeland/" />
<meta property="og:site_name" content="Dreyers Forlag" />
<meta property="article:modified_time" content="2025-08-27T06:36:25+00:00" />
<meta property="og:image" content="https://staging.forenteforlag.no/dreyers/wp-content/uploads/sites/2/2025/08/jpg-6316.jpg" />
	<meta property="og:image:width" content="418" />
	<meta property="og:image:height" content="449" />
	<meta property="og:image:type" content="image/jpeg" />
<meta name="twitter:card" content="summary_large_image" />
<meta name="twitter:label1" content="Ansl. lesetid" />
	<meta name="twitter:data1" content="1 minutt" />
<script type="application/ld+json" class="yoast-schema-graph">{"@context":"https://schema.org","@graph":[{"@type":"WebPage","@id":"https://staging.forenteforlag.no/dreyers/produkt/emanuel-vigeland/","url":"https://staging.forenteforlag.no/dreyers/produkt/emanuel-vigeland/","name":"Emanuel Vigeland - Dreyers Forlag","isPartOf":{"@id":"https://staging.forenteforlag.no/dreyers/#website"},"primaryImageOfPage":{"@id":"https://staging.forenteforlag.no/dreyers/produkt/emanuel-vigeland/#primaryimage"},"image":{"@id":"https://staging.forenteforlag.no/dreyers/produkt/emanuel-vigeland/#primaryimage"},"thumbnailUrl":"https://staging.forenteforlag.no/dreyers/wp-content/uploads/sites/2/2025/08/jpg-6316.jpg","datePublished":"2013-06-10T00:00:00+00:00","dateModified":"2025-08-27T06:36:25+00:00","breadcrumb":{"@id":"https://staging.forenteforlag.no/dreyers/produkt/emanuel-vigeland/#breadcrumb"},"inLanguage":"nb-NO","potentialAction":[{"@type":"ReadAction","target":["https://staging.forenteforlag.no/dreyers/produkt/emanuel-vigeland/"]}]},{"@type":"ImageObject","inLanguage":"nb-NO","@id":"https://staging.forenteforlag.no/dreyers/produkt/emanuel-vigeland/#primaryimage","url":"https://staging.forenteforlag.no/dreyers/wp-content/uploads/sites/2/2025/08/jpg-6316.jpg","contentUrl":"https://staging.forenteforlag.no/dreyers/wp-content/uploads/sites/2/2025/08/jpg-6316.jpg","width":418,"height":449},{"@type":"BreadcrumbList","@id":"https://staging.forenteforlag.no/dreyers/produkt/emanuel-vigeland/#breadcrumb","itemListElement":[{"@type":"ListItem","position":1,"name":"Hjem","item":"https://staging.forenteforlag.no/dreyers/"},{"@type":"ListItem","position":2,"name":"Alle bøker","item":"https://staging.forenteforlag.no/dreyers/butikk/"},{"@type":"ListItem","position":3,"name":"Emanuel Vigeland"}]},{"@type":"WebSite","@id":"https://staging.forenteforlag.no/dreyers/#website","url":"https://staging.forenteforlag.no/dreyers/","name":"Dreyers Forlag","description":"","potentialAction":[{"@type":"SearchAction","target":{"@type":"EntryPoint","urlTemplate":"https://staging.forenteforlag.no/dreyers/?s={search_term_string}"},"query-input":{"@type":"PropertyValueSpecification","valueRequired":true,"valueName":"search_term_string"}}],"inLanguage":"nb-NO"}]}</script>
<!-- / Yoast SEO plugin. -->

Emanuel Vigeland (1875-1948) hadde en fremskutt stilling som freskomaler og glasskunstner i sin samtid, og han ruver som monumentalkunstner. Hans eget mausoleum, Tomba Emmanuelle på Slemdal i Oslo, regnes av mange som hans hovedverk. Dette er en kunstskatt der arkitektur, maleri, skulptur, kunsthåndverk, ordet, lyset og akustikken sammen bidrar til ett samlende uttrykk &#8211; et [&hellip;]

Alle bøker
