{"id":21395,"date":"2013-08-07T02:00:00","date_gmt":"2013-08-07T00:00:00","guid":{"rendered":"https:\/\/dreyersforlag.forenteforlag.no\/produkt\/i-stormens-oye\/"},"modified":"2025-11-06T09:18:09","modified_gmt":"2025-11-06T08:18:09","slug":"i-stormens-oye","status":"publish","type":"product","link":"https:\/\/staging.forenteforlag.no\/dreyers\/produkt\/i-stormens-oye\/","title":{"rendered":"I stormens \u00f8ye"},"content":{"rendered":"<p>Sherko Bekas  vokste opp i Sulaymaniya, nord-\u00f8st i Irak. Han omtales gjerne som sorgens og motstandens dikter i kurdisk litteratur. Hans poesi ble oppfattet som en trussel for Saddam Husseins styre og i 1987 m\u00e5tte han flykte. Han vendte tilbake igjen i 1992, etter \u00e5 ha bodd fem \u00e5r i Sverige.<\/p>\n<p>Kurderne bor i flere land. Mange bor nord-\u00f8st i Tyrkia, nord i Irak og i fjellene i Iran. De er splittet mellom land som har ulike styresett og ulike spr\u00e5k. Ingen av landets ledere bruker kurdisk som spr\u00e5k. Mange steder er det ogs\u00e5 forbudt \u00e5  bruke kurdisk spr\u00e5k i skolen eller \u00e5 utgi b\u00f8ker og aviser p\u00e5 kurdisk. Det gj\u00f8r det vanskelig for kurderne \u00e5 ta vare p\u00e5 kulturarven sin. Vanskelig, men viktig.<\/p>\n<p>I diktene til Sherko Bekas blir historien og menneskene levende. Med enkle ord rommer diktene et stykke hjemland. Diktene har ofte en trist undertone. I kurdernes historie er det mye lidelse. Dikt er en m\u00e5te \u00e5 huske p\u00e5.<\/p>\n","protected":false},"excerpt":{"rendered":"<p>Sherko Bekas vokste opp i Sulaymaniya, nord-\u00f8st i Irak. Han omtales gjerne som sorgens og motstandens dikter i kurdisk litteratur. Hans poesi ble oppfattet som en trussel for Saddam Husseins styre og i 1987 m\u00e5tte han flykte. Han vendte tilbake igjen i 1992, etter \u00e5 ha bodd fem \u00e5r i Sverige. Kurderne bor i flere [&hellip;]<\/p>\n","protected":false},"featured_media":24228,"template":"","meta":{"_acf_changed":false,"inline_featured_image":false},"product_brand":[],"product_cat":[1785,43],"product_tag":[370],"class_list":{"0":"post-21395","1":"product","2":"type-product","3":"status-publish","4":"has-post-thumbnail","6":"product_cat-fripris","7":"product_cat-lyrikk","8":"product_tag-skjonnlitteratur","9":"pa_format-innbundet","11":"first","12":"instock","13":"shipping-taxable","14":"purchasable","15":"product-type-simple"},"acf":{"anmeldelse":null},"yoast_head":"<!-- This site is optimized with the Yoast SEO plugin v26.6 - https:\/\/yoast.com\/wordpress\/plugins\/seo\/ -->\n<title>I stormens \u00f8ye - Dreyers Forlag<\/title>\n<meta name=\"robots\" content=\"noindex, follow, max-snippet:-1, max-image-preview:large, max-video-preview:-1\" \/>\n<meta property=\"og:locale\" content=\"nb_NO\" \/>\n<meta property=\"og:type\" content=\"article\" \/>\n<meta property=\"og:title\" content=\"I stormens \u00f8ye - Dreyers Forlag\" \/>\n<meta property=\"og:description\" content=\"Sherko Bekas vokste opp i Sulaymaniya, nord-\u00f8st i Irak. Han omtales gjerne som sorgens og motstandens dikter i kurdisk litteratur. Hans poesi ble oppfattet som en trussel for Saddam Husseins styre og i 1987 m\u00e5tte han flykte. Han vendte tilbake igjen i 1992, etter \u00e5 ha bodd fem \u00e5r i Sverige. Kurderne bor i flere [&hellip;]\" \/>\n<meta property=\"og:url\" content=\"https:\/\/staging.forenteforlag.no\/dreyers\/produkt\/i-stormens-oye\/\" \/>\n<meta property=\"og:site_name\" content=\"Dreyers Forlag\" \/>\n<meta property=\"article:modified_time\" content=\"2025-11-06T08:18:09+00:00\" \/>\n<meta property=\"og:image\" content=\"https:\/\/staging.forenteforlag.no\/dreyers\/wp-content\/uploads\/sites\/2\/2025\/08\/jpg-7486.jpg\" \/>\n\t<meta property=\"og:image:width\" content=\"294\" \/>\n\t<meta property=\"og:image:height\" content=\"449\" \/>\n\t<meta property=\"og:image:type\" content=\"image\/jpeg\" \/>\n<meta name=\"twitter:card\" content=\"summary_large_image\" \/>\n<meta name=\"twitter:label1\" content=\"Ansl. lesetid\" \/>\n\t<meta name=\"twitter:data1\" content=\"1 minutt\" \/>\n<script type=\"application\/ld+json\" class=\"yoast-schema-graph\">{\"@context\":\"https:\/\/schema.org\",\"@graph\":[{\"@type\":\"WebPage\",\"@id\":\"https:\/\/staging.forenteforlag.no\/dreyers\/produkt\/i-stormens-oye\/\",\"url\":\"https:\/\/staging.forenteforlag.no\/dreyers\/produkt\/i-stormens-oye\/\",\"name\":\"I stormens \u00f8ye - Dreyers Forlag\",\"isPartOf\":{\"@id\":\"https:\/\/staging.forenteforlag.no\/dreyers\/#website\"},\"primaryImageOfPage\":{\"@id\":\"https:\/\/staging.forenteforlag.no\/dreyers\/produkt\/i-stormens-oye\/#primaryimage\"},\"image\":{\"@id\":\"https:\/\/staging.forenteforlag.no\/dreyers\/produkt\/i-stormens-oye\/#primaryimage\"},\"thumbnailUrl\":\"https:\/\/staging.forenteforlag.no\/dreyers\/wp-content\/uploads\/sites\/2\/2025\/08\/jpg-7486.jpg\",\"datePublished\":\"2013-08-07T00:00:00+00:00\",\"dateModified\":\"2025-11-06T08:18:09+00:00\",\"breadcrumb\":{\"@id\":\"https:\/\/staging.forenteforlag.no\/dreyers\/produkt\/i-stormens-oye\/#breadcrumb\"},\"inLanguage\":\"nb-NO\",\"potentialAction\":[{\"@type\":\"ReadAction\",\"target\":[\"https:\/\/staging.forenteforlag.no\/dreyers\/produkt\/i-stormens-oye\/\"]}]},{\"@type\":\"ImageObject\",\"inLanguage\":\"nb-NO\",\"@id\":\"https:\/\/staging.forenteforlag.no\/dreyers\/produkt\/i-stormens-oye\/#primaryimage\",\"url\":\"https:\/\/staging.forenteforlag.no\/dreyers\/wp-content\/uploads\/sites\/2\/2025\/08\/jpg-7486.jpg\",\"contentUrl\":\"https:\/\/staging.forenteforlag.no\/dreyers\/wp-content\/uploads\/sites\/2\/2025\/08\/jpg-7486.jpg\",\"width\":294,\"height\":449},{\"@type\":\"BreadcrumbList\",\"@id\":\"https:\/\/staging.forenteforlag.no\/dreyers\/produkt\/i-stormens-oye\/#breadcrumb\",\"itemListElement\":[{\"@type\":\"ListItem\",\"position\":1,\"name\":\"Hjem\",\"item\":\"https:\/\/staging.forenteforlag.no\/dreyers\/\"},{\"@type\":\"ListItem\",\"position\":2,\"name\":\"Alle b\u00f8ker\",\"item\":\"https:\/\/staging.forenteforlag.no\/dreyers\/butikk\/\"},{\"@type\":\"ListItem\",\"position\":3,\"name\":\"I stormens \u00f8ye\"}]},{\"@type\":\"WebSite\",\"@id\":\"https:\/\/staging.forenteforlag.no\/dreyers\/#website\",\"url\":\"https:\/\/staging.forenteforlag.no\/dreyers\/\",\"name\":\"Dreyers Forlag\",\"description\":\"\",\"potentialAction\":[{\"@type\":\"SearchAction\",\"target\":{\"@type\":\"EntryPoint\",\"urlTemplate\":\"https:\/\/staging.forenteforlag.no\/dreyers\/?s={search_term_string}\"},\"query-input\":{\"@type\":\"PropertyValueSpecification\",\"valueRequired\":true,\"valueName\":\"search_term_string\"}}],\"inLanguage\":\"nb-NO\"}]}<\/script>\n<!-- \/ Yoast SEO plugin. -->","yoast_head_json":{"title":"I stormens \u00f8ye - Dreyers Forlag","robots":{"index":"noindex","follow":"follow","max-snippet":"max-snippet:-1","max-image-preview":"max-image-preview:large","max-video-preview":"max-video-preview:-1"},"og_locale":"nb_NO","og_type":"article","og_title":"I stormens \u00f8ye - Dreyers Forlag","og_description":"Sherko Bekas vokste opp i Sulaymaniya, nord-\u00f8st i Irak. Han omtales gjerne som sorgens og motstandens dikter i kurdisk litteratur. Hans poesi ble oppfattet som en trussel for Saddam Husseins styre og i 1987 m\u00e5tte han flykte. Han vendte tilbake igjen i 1992, etter \u00e5 ha bodd fem \u00e5r i Sverige. Kurderne bor i flere [&hellip;]","og_url":"https:\/\/staging.forenteforlag.no\/dreyers\/produkt\/i-stormens-oye\/","og_site_name":"Dreyers Forlag","article_modified_time":"2025-11-06T08:18:09+00:00","og_image":[{"width":294,"height":449,"url":"https:\/\/staging.forenteforlag.no\/dreyers\/wp-content\/uploads\/sites\/2\/2025\/08\/jpg-7486.jpg","type":"image\/jpeg"}],"twitter_card":"summary_large_image","twitter_misc":{"Ansl. lesetid":"1 minutt"},"schema":{"@context":"https:\/\/schema.org","@graph":[{"@type":"WebPage","@id":"https:\/\/staging.forenteforlag.no\/dreyers\/produkt\/i-stormens-oye\/","url":"https:\/\/staging.forenteforlag.no\/dreyers\/produkt\/i-stormens-oye\/","name":"I stormens \u00f8ye - Dreyers Forlag","isPartOf":{"@id":"https:\/\/staging.forenteforlag.no\/dreyers\/#website"},"primaryImageOfPage":{"@id":"https:\/\/staging.forenteforlag.no\/dreyers\/produkt\/i-stormens-oye\/#primaryimage"},"image":{"@id":"https:\/\/staging.forenteforlag.no\/dreyers\/produkt\/i-stormens-oye\/#primaryimage"},"thumbnailUrl":"https:\/\/staging.forenteforlag.no\/dreyers\/wp-content\/uploads\/sites\/2\/2025\/08\/jpg-7486.jpg","datePublished":"2013-08-07T00:00:00+00:00","dateModified":"2025-11-06T08:18:09+00:00","breadcrumb":{"@id":"https:\/\/staging.forenteforlag.no\/dreyers\/produkt\/i-stormens-oye\/#breadcrumb"},"inLanguage":"nb-NO","potentialAction":[{"@type":"ReadAction","target":["https:\/\/staging.forenteforlag.no\/dreyers\/produkt\/i-stormens-oye\/"]}]},{"@type":"ImageObject","inLanguage":"nb-NO","@id":"https:\/\/staging.forenteforlag.no\/dreyers\/produkt\/i-stormens-oye\/#primaryimage","url":"https:\/\/staging.forenteforlag.no\/dreyers\/wp-content\/uploads\/sites\/2\/2025\/08\/jpg-7486.jpg","contentUrl":"https:\/\/staging.forenteforlag.no\/dreyers\/wp-content\/uploads\/sites\/2\/2025\/08\/jpg-7486.jpg","width":294,"height":449},{"@type":"BreadcrumbList","@id":"https:\/\/staging.forenteforlag.no\/dreyers\/produkt\/i-stormens-oye\/#breadcrumb","itemListElement":[{"@type":"ListItem","position":1,"name":"Hjem","item":"https:\/\/staging.forenteforlag.no\/dreyers\/"},{"@type":"ListItem","position":2,"name":"Alle b\u00f8ker","item":"https:\/\/staging.forenteforlag.no\/dreyers\/butikk\/"},{"@type":"ListItem","position":3,"name":"I stormens \u00f8ye"}]},{"@type":"WebSite","@id":"https:\/\/staging.forenteforlag.no\/dreyers\/#website","url":"https:\/\/staging.forenteforlag.no\/dreyers\/","name":"Dreyers Forlag","description":"","potentialAction":[{"@type":"SearchAction","target":{"@type":"EntryPoint","urlTemplate":"https:\/\/staging.forenteforlag.no\/dreyers\/?s={search_term_string}"},"query-input":{"@type":"PropertyValueSpecification","valueRequired":true,"valueName":"search_term_string"}}],"inLanguage":"nb-NO"}]}},"_links":{"self":[{"href":"https:\/\/staging.forenteforlag.no\/dreyers\/wp-json\/wp\/v2\/product\/21395","targetHints":{"allow":["GET"]}}],"collection":[{"href":"https:\/\/staging.forenteforlag.no\/dreyers\/wp-json\/wp\/v2\/product"}],"about":[{"href":"https:\/\/staging.forenteforlag.no\/dreyers\/wp-json\/wp\/v2\/types\/product"}],"wp:featuredmedia":[{"embeddable":true,"href":"https:\/\/staging.forenteforlag.no\/dreyers\/wp-json\/wp\/v2\/media\/24228"}],"wp:attachment":[{"href":"https:\/\/staging.forenteforlag.no\/dreyers\/wp-json\/wp\/v2\/media?parent=21395"}],"wp:term":[{"taxonomy":"product_brand","embeddable":true,"href":"https:\/\/staging.forenteforlag.no\/dreyers\/wp-json\/wp\/v2\/product_brand?post=21395"},{"taxonomy":"product_cat","embeddable":true,"href":"https:\/\/staging.forenteforlag.no\/dreyers\/wp-json\/wp\/v2\/product_cat?post=21395"},{"taxonomy":"product_tag","embeddable":true,"href":"https:\/\/staging.forenteforlag.no\/dreyers\/wp-json\/wp\/v2\/product_tag?post=21395"}],"curies":[{"name":"wp","href":"https:\/\/api.w.org\/{rel}","templated":true}]}}

I stormens øye

<p>Sherko Bekas  vokste opp i Sulaymaniya, nord-øst i Irak. Han omtales gjerne som sorgens og motstandens dikter i kurdisk litteratur. Hans poesi ble oppfattet som en trussel for Saddam Husseins styre og i 1987 måtte han flykte. Han vendte tilbake igjen i 1992, etter å ha bodd fem år i Sverige.</p>
<p>Kurderne bor i flere land. Mange bor nord-øst i Tyrkia, nord i Irak og i fjellene i Iran. De er splittet mellom land som har ulike styresett og ulike språk. Ingen av landets ledere bruker kurdisk som språk. Mange steder er det også forbudt å  bruke kurdisk språk i skolen eller å utgi bøker og aviser på kurdisk. Det gjør det vanskelig for kurderne å ta vare på kulturarven sin. Vanskelig, men viktig.</p>
<p>I diktene til Sherko Bekas blir historien og menneskene levende. Med enkle ord rommer diktene et stykke hjemland. Diktene har ofte en trist undertone. I kurdernes historie er det mye lidelse. Dikt er en måte å huske på.</p>

<p>Sherko Bekas vokste opp i Sulaymaniya, nord-øst i Irak. Han omtales gjerne som sorgens og motstandens dikter i kurdisk litteratur. Hans poesi ble oppfattet som en trussel for Saddam Husseins styre og i 1987 måtte han flykte. Han vendte tilbake igjen i 1992, etter å ha bodd fem år i Sverige. Kurderne bor i flere [&hellip;]</p>

<!-- This site is optimized with the Yoast SEO plugin v26.6 - https://yoast.com/wordpress/plugins/seo/ -->
<title>I stormens øye - Dreyers Forlag</title>
<meta name="robots" content="noindex, follow, max-snippet:-1, max-image-preview:large, max-video-preview:-1" />
<meta property="og:locale" content="nb_NO" />
<meta property="og:type" content="article" />
<meta property="og:title" content="I stormens øye - Dreyers Forlag" />
<meta property="og:description" content="Sherko Bekas vokste opp i Sulaymaniya, nord-øst i Irak. Han omtales gjerne som sorgens og motstandens dikter i kurdisk litteratur. Hans poesi ble oppfattet som en trussel for Saddam Husseins styre og i 1987 måtte han flykte. Han vendte tilbake igjen i 1992, etter å ha bodd fem år i Sverige. Kurderne bor i flere [&hellip;]" />
<meta property="og:url" content="https://staging.forenteforlag.no/dreyers/produkt/i-stormens-oye/" />
<meta property="og:site_name" content="Dreyers Forlag" />
<meta property="article:modified_time" content="2025-11-06T08:18:09+00:00" />
<meta property="og:image" content="https://staging.forenteforlag.no/dreyers/wp-content/uploads/sites/2/2025/08/jpg-7486.jpg" />
	<meta property="og:image:width" content="294" />
	<meta property="og:image:height" content="449" />
	<meta property="og:image:type" content="image/jpeg" />
<meta name="twitter:card" content="summary_large_image" />
<meta name="twitter:label1" content="Ansl. lesetid" />
	<meta name="twitter:data1" content="1 minutt" />
<script type="application/ld+json" class="yoast-schema-graph">{"@context":"https://schema.org","@graph":[{"@type":"WebPage","@id":"https://staging.forenteforlag.no/dreyers/produkt/i-stormens-oye/","url":"https://staging.forenteforlag.no/dreyers/produkt/i-stormens-oye/","name":"I stormens øye - Dreyers Forlag","isPartOf":{"@id":"https://staging.forenteforlag.no/dreyers/#website"},"primaryImageOfPage":{"@id":"https://staging.forenteforlag.no/dreyers/produkt/i-stormens-oye/#primaryimage"},"image":{"@id":"https://staging.forenteforlag.no/dreyers/produkt/i-stormens-oye/#primaryimage"},"thumbnailUrl":"https://staging.forenteforlag.no/dreyers/wp-content/uploads/sites/2/2025/08/jpg-7486.jpg","datePublished":"2013-08-07T00:00:00+00:00","dateModified":"2025-11-06T08:18:09+00:00","breadcrumb":{"@id":"https://staging.forenteforlag.no/dreyers/produkt/i-stormens-oye/#breadcrumb"},"inLanguage":"nb-NO","potentialAction":[{"@type":"ReadAction","target":["https://staging.forenteforlag.no/dreyers/produkt/i-stormens-oye/"]}]},{"@type":"ImageObject","inLanguage":"nb-NO","@id":"https://staging.forenteforlag.no/dreyers/produkt/i-stormens-oye/#primaryimage","url":"https://staging.forenteforlag.no/dreyers/wp-content/uploads/sites/2/2025/08/jpg-7486.jpg","contentUrl":"https://staging.forenteforlag.no/dreyers/wp-content/uploads/sites/2/2025/08/jpg-7486.jpg","width":294,"height":449},{"@type":"BreadcrumbList","@id":"https://staging.forenteforlag.no/dreyers/produkt/i-stormens-oye/#breadcrumb","itemListElement":[{"@type":"ListItem","position":1,"name":"Hjem","item":"https://staging.forenteforlag.no/dreyers/"},{"@type":"ListItem","position":2,"name":"Alle bøker","item":"https://staging.forenteforlag.no/dreyers/butikk/"},{"@type":"ListItem","position":3,"name":"I stormens øye"}]},{"@type":"WebSite","@id":"https://staging.forenteforlag.no/dreyers/#website","url":"https://staging.forenteforlag.no/dreyers/","name":"Dreyers Forlag","description":"","potentialAction":[{"@type":"SearchAction","target":{"@type":"EntryPoint","urlTemplate":"https://staging.forenteforlag.no/dreyers/?s={search_term_string}"},"query-input":{"@type":"PropertyValueSpecification","valueRequired":true,"valueName":"search_term_string"}}],"inLanguage":"nb-NO"}]}</script>
<!-- / Yoast SEO plugin. -->

I stormens øye - Dreyers Forlag

Sherko Bekas vokste opp i Sulaymaniya, nord-øst i Irak. Han omtales gjerne som sorgens og motstandens dikter i kurdisk litteratur. Hans poesi ble oppfattet som en trussel for Saddam Husseins styre og i 1987 måtte han flykte. Han vendte tilbake igjen i 1992, etter å ha bodd fem år i Sverige. Kurderne bor i flere [&hellip;]

Alle bøker
