{"id":21390,"date":"2013-11-20T01:00:00","date_gmt":"2013-11-20T00:00:00","guid":{"rendered":"https:\/\/dreyersforlag.forenteforlag.no\/produkt\/adam-og-eros-2\/"},"modified":"2025-09-23T15:41:34","modified_gmt":"2025-09-23T13:41:34","slug":"adam-og-eros-2","status":"publish","type":"product","link":"https:\/\/staging.forenteforlag.no\/dreyers\/produkt\/adam-og-eros-2\/","title":{"rendered":"Adam og Eros"},"content":{"rendered":"<p>Adam og Eros er to ord som summerer opp dei to viktigaste linjene i den vestlege kulturhistoria ? den j\u00f8diskbaserte kristendommen og den greskbaserte myteverda. I r\u00f8ynda er v\u00e5r vestlege kultur bygd p\u00e5 desse to sterke tradisjonane. Dei utgjer dei to rikaste kjeldene for spr\u00e5k og forestillingar i heile Europa. Vi i Vesten st\u00e5r p\u00e5 to sivilisasjonsbein, det eine er Bibelen, det andre er mytologi. Denne boka \u00f8nskjer \u00e5 illustrera dette forholdet og fortelja historier om ord og uttrykk fr\u00e5 bibel og mytologi. Tekstane viser at mange av desse seiem\u00e5tane somer h\u00f8gst levande i daglegtalen i v\u00e5r tid, kan ha lange og spennande historier bak seg. Dei har djupe r\u00f8ter ned i det jordsmonnet Vesten har vakse fram p\u00e5.<\/p>\n","protected":false},"excerpt":{"rendered":"<p>Adam og Eros er to ord som summerer opp dei to viktigaste linjene i den vestlege kulturhistoria ? den j\u00f8diskbaserte kristendommen og den greskbaserte myteverda. I r\u00f8ynda er v\u00e5r vestlege kultur bygd p\u00e5 desse to sterke tradisjonane. Dei utgjer dei to rikaste kjeldene for spr\u00e5k og forestillingar i heile Europa. Vi i Vesten st\u00e5r p\u00e5 [&hellip;]<\/p>\n","protected":false},"featured_media":24288,"template":"","meta":{"_acf_changed":false,"inline_featured_image":false},"product_brand":[],"product_cat":[1785,33],"product_tag":[362],"class_list":{"0":"post-21390","1":"product","2":"type-product","3":"status-publish","4":"has-post-thumbnail","6":"product_cat-fripris","7":"product_cat-sprak","8":"product_tag-faglitteratur","9":"pa_format-innbundet","11":"first","12":"instock","13":"shipping-taxable","14":"purchasable","15":"product-type-simple"},"acf":{"anmeldelse":null},"yoast_head":"<!-- This site is optimized with the Yoast SEO plugin v26.6 - https:\/\/yoast.com\/wordpress\/plugins\/seo\/ -->\n<title>Adam og Eros - Dreyers Forlag<\/title>\n<meta name=\"robots\" content=\"noindex, follow, max-snippet:-1, max-image-preview:large, max-video-preview:-1\" \/>\n<meta property=\"og:locale\" content=\"nb_NO\" \/>\n<meta property=\"og:type\" content=\"article\" \/>\n<meta property=\"og:title\" content=\"Adam og Eros - Dreyers Forlag\" \/>\n<meta property=\"og:description\" content=\"Adam og Eros er to ord som summerer opp dei to viktigaste linjene i den vestlege kulturhistoria ? den j\u00f8diskbaserte kristendommen og den greskbaserte myteverda. I r\u00f8ynda er v\u00e5r vestlege kultur bygd p\u00e5 desse to sterke tradisjonane. Dei utgjer dei to rikaste kjeldene for spr\u00e5k og forestillingar i heile Europa. Vi i Vesten st\u00e5r p\u00e5 [&hellip;]\" \/>\n<meta property=\"og:url\" content=\"https:\/\/staging.forenteforlag.no\/dreyers\/produkt\/adam-og-eros-2\/\" \/>\n<meta property=\"og:site_name\" content=\"Dreyers Forlag\" \/>\n<meta property=\"article:modified_time\" content=\"2025-09-23T13:41:34+00:00\" \/>\n<meta property=\"og:image\" content=\"https:\/\/staging.forenteforlag.no\/dreyers\/wp-content\/uploads\/sites\/2\/2025\/08\/jpg-8064.jpg\" \/>\n\t<meta property=\"og:image:width\" content=\"316\" \/>\n\t<meta property=\"og:image:height\" content=\"450\" \/>\n\t<meta property=\"og:image:type\" content=\"image\/jpeg\" \/>\n<meta name=\"twitter:card\" content=\"summary_large_image\" \/>\n<meta name=\"twitter:label1\" content=\"Ansl. lesetid\" \/>\n\t<meta name=\"twitter:data1\" content=\"1 minutt\" \/>\n<script type=\"application\/ld+json\" class=\"yoast-schema-graph\">{\"@context\":\"https:\/\/schema.org\",\"@graph\":[{\"@type\":\"WebPage\",\"@id\":\"https:\/\/staging.forenteforlag.no\/dreyers\/produkt\/adam-og-eros-2\/\",\"url\":\"https:\/\/staging.forenteforlag.no\/dreyers\/produkt\/adam-og-eros-2\/\",\"name\":\"Adam og Eros - Dreyers Forlag\",\"isPartOf\":{\"@id\":\"https:\/\/staging.forenteforlag.no\/dreyers\/#website\"},\"primaryImageOfPage\":{\"@id\":\"https:\/\/staging.forenteforlag.no\/dreyers\/produkt\/adam-og-eros-2\/#primaryimage\"},\"image\":{\"@id\":\"https:\/\/staging.forenteforlag.no\/dreyers\/produkt\/adam-og-eros-2\/#primaryimage\"},\"thumbnailUrl\":\"https:\/\/staging.forenteforlag.no\/dreyers\/wp-content\/uploads\/sites\/2\/2025\/08\/jpg-8064.jpg\",\"datePublished\":\"2013-11-20T00:00:00+00:00\",\"dateModified\":\"2025-09-23T13:41:34+00:00\",\"breadcrumb\":{\"@id\":\"https:\/\/staging.forenteforlag.no\/dreyers\/produkt\/adam-og-eros-2\/#breadcrumb\"},\"inLanguage\":\"nb-NO\",\"potentialAction\":[{\"@type\":\"ReadAction\",\"target\":[\"https:\/\/staging.forenteforlag.no\/dreyers\/produkt\/adam-og-eros-2\/\"]}]},{\"@type\":\"ImageObject\",\"inLanguage\":\"nb-NO\",\"@id\":\"https:\/\/staging.forenteforlag.no\/dreyers\/produkt\/adam-og-eros-2\/#primaryimage\",\"url\":\"https:\/\/staging.forenteforlag.no\/dreyers\/wp-content\/uploads\/sites\/2\/2025\/08\/jpg-8064.jpg\",\"contentUrl\":\"https:\/\/staging.forenteforlag.no\/dreyers\/wp-content\/uploads\/sites\/2\/2025\/08\/jpg-8064.jpg\",\"width\":316,\"height\":450},{\"@type\":\"BreadcrumbList\",\"@id\":\"https:\/\/staging.forenteforlag.no\/dreyers\/produkt\/adam-og-eros-2\/#breadcrumb\",\"itemListElement\":[{\"@type\":\"ListItem\",\"position\":1,\"name\":\"Hjem\",\"item\":\"https:\/\/staging.forenteforlag.no\/dreyers\/\"},{\"@type\":\"ListItem\",\"position\":2,\"name\":\"Alle b\u00f8ker\",\"item\":\"https:\/\/staging.forenteforlag.no\/dreyers\/butikk\/\"},{\"@type\":\"ListItem\",\"position\":3,\"name\":\"Adam og Eros\"}]},{\"@type\":\"WebSite\",\"@id\":\"https:\/\/staging.forenteforlag.no\/dreyers\/#website\",\"url\":\"https:\/\/staging.forenteforlag.no\/dreyers\/\",\"name\":\"Dreyers Forlag\",\"description\":\"\",\"potentialAction\":[{\"@type\":\"SearchAction\",\"target\":{\"@type\":\"EntryPoint\",\"urlTemplate\":\"https:\/\/staging.forenteforlag.no\/dreyers\/?s={search_term_string}\"},\"query-input\":{\"@type\":\"PropertyValueSpecification\",\"valueRequired\":true,\"valueName\":\"search_term_string\"}}],\"inLanguage\":\"nb-NO\"}]}<\/script>\n<!-- \/ Yoast SEO plugin. -->","yoast_head_json":{"title":"Adam og Eros - Dreyers Forlag","robots":{"index":"noindex","follow":"follow","max-snippet":"max-snippet:-1","max-image-preview":"max-image-preview:large","max-video-preview":"max-video-preview:-1"},"og_locale":"nb_NO","og_type":"article","og_title":"Adam og Eros - Dreyers Forlag","og_description":"Adam og Eros er to ord som summerer opp dei to viktigaste linjene i den vestlege kulturhistoria ? den j\u00f8diskbaserte kristendommen og den greskbaserte myteverda. I r\u00f8ynda er v\u00e5r vestlege kultur bygd p\u00e5 desse to sterke tradisjonane. Dei utgjer dei to rikaste kjeldene for spr\u00e5k og forestillingar i heile Europa. Vi i Vesten st\u00e5r p\u00e5 [&hellip;]","og_url":"https:\/\/staging.forenteforlag.no\/dreyers\/produkt\/adam-og-eros-2\/","og_site_name":"Dreyers Forlag","article_modified_time":"2025-09-23T13:41:34+00:00","og_image":[{"width":316,"height":450,"url":"https:\/\/staging.forenteforlag.no\/dreyers\/wp-content\/uploads\/sites\/2\/2025\/08\/jpg-8064.jpg","type":"image\/jpeg"}],"twitter_card":"summary_large_image","twitter_misc":{"Ansl. lesetid":"1 minutt"},"schema":{"@context":"https:\/\/schema.org","@graph":[{"@type":"WebPage","@id":"https:\/\/staging.forenteforlag.no\/dreyers\/produkt\/adam-og-eros-2\/","url":"https:\/\/staging.forenteforlag.no\/dreyers\/produkt\/adam-og-eros-2\/","name":"Adam og Eros - Dreyers Forlag","isPartOf":{"@id":"https:\/\/staging.forenteforlag.no\/dreyers\/#website"},"primaryImageOfPage":{"@id":"https:\/\/staging.forenteforlag.no\/dreyers\/produkt\/adam-og-eros-2\/#primaryimage"},"image":{"@id":"https:\/\/staging.forenteforlag.no\/dreyers\/produkt\/adam-og-eros-2\/#primaryimage"},"thumbnailUrl":"https:\/\/staging.forenteforlag.no\/dreyers\/wp-content\/uploads\/sites\/2\/2025\/08\/jpg-8064.jpg","datePublished":"2013-11-20T00:00:00+00:00","dateModified":"2025-09-23T13:41:34+00:00","breadcrumb":{"@id":"https:\/\/staging.forenteforlag.no\/dreyers\/produkt\/adam-og-eros-2\/#breadcrumb"},"inLanguage":"nb-NO","potentialAction":[{"@type":"ReadAction","target":["https:\/\/staging.forenteforlag.no\/dreyers\/produkt\/adam-og-eros-2\/"]}]},{"@type":"ImageObject","inLanguage":"nb-NO","@id":"https:\/\/staging.forenteforlag.no\/dreyers\/produkt\/adam-og-eros-2\/#primaryimage","url":"https:\/\/staging.forenteforlag.no\/dreyers\/wp-content\/uploads\/sites\/2\/2025\/08\/jpg-8064.jpg","contentUrl":"https:\/\/staging.forenteforlag.no\/dreyers\/wp-content\/uploads\/sites\/2\/2025\/08\/jpg-8064.jpg","width":316,"height":450},{"@type":"BreadcrumbList","@id":"https:\/\/staging.forenteforlag.no\/dreyers\/produkt\/adam-og-eros-2\/#breadcrumb","itemListElement":[{"@type":"ListItem","position":1,"name":"Hjem","item":"https:\/\/staging.forenteforlag.no\/dreyers\/"},{"@type":"ListItem","position":2,"name":"Alle b\u00f8ker","item":"https:\/\/staging.forenteforlag.no\/dreyers\/butikk\/"},{"@type":"ListItem","position":3,"name":"Adam og Eros"}]},{"@type":"WebSite","@id":"https:\/\/staging.forenteforlag.no\/dreyers\/#website","url":"https:\/\/staging.forenteforlag.no\/dreyers\/","name":"Dreyers Forlag","description":"","potentialAction":[{"@type":"SearchAction","target":{"@type":"EntryPoint","urlTemplate":"https:\/\/staging.forenteforlag.no\/dreyers\/?s={search_term_string}"},"query-input":{"@type":"PropertyValueSpecification","valueRequired":true,"valueName":"search_term_string"}}],"inLanguage":"nb-NO"}]}},"_links":{"self":[{"href":"https:\/\/staging.forenteforlag.no\/dreyers\/wp-json\/wp\/v2\/product\/21390","targetHints":{"allow":["GET"]}}],"collection":[{"href":"https:\/\/staging.forenteforlag.no\/dreyers\/wp-json\/wp\/v2\/product"}],"about":[{"href":"https:\/\/staging.forenteforlag.no\/dreyers\/wp-json\/wp\/v2\/types\/product"}],"wp:featuredmedia":[{"embeddable":true,"href":"https:\/\/staging.forenteforlag.no\/dreyers\/wp-json\/wp\/v2\/media\/24288"}],"wp:attachment":[{"href":"https:\/\/staging.forenteforlag.no\/dreyers\/wp-json\/wp\/v2\/media?parent=21390"}],"wp:term":[{"taxonomy":"product_brand","embeddable":true,"href":"https:\/\/staging.forenteforlag.no\/dreyers\/wp-json\/wp\/v2\/product_brand?post=21390"},{"taxonomy":"product_cat","embeddable":true,"href":"https:\/\/staging.forenteforlag.no\/dreyers\/wp-json\/wp\/v2\/product_cat?post=21390"},{"taxonomy":"product_tag","embeddable":true,"href":"https:\/\/staging.forenteforlag.no\/dreyers\/wp-json\/wp\/v2\/product_tag?post=21390"}],"curies":[{"name":"wp","href":"https:\/\/api.w.org\/{rel}","templated":true}]}}

<p>Adam og Eros er to ord som summerer opp dei to viktigaste linjene i den vestlege kulturhistoria ? den jødiskbaserte kristendommen og den greskbaserte myteverda. I røynda er vår vestlege kultur bygd på desse to sterke tradisjonane. Dei utgjer dei to rikaste kjeldene for språk og forestillingar i heile Europa. Vi i Vesten står på to sivilisasjonsbein, det eine er Bibelen, det andre er mytologi. Denne boka ønskjer å illustrera dette forholdet og fortelja historier om ord og uttrykk frå bibel og mytologi. Tekstane viser at mange av desse seiemåtane somer høgst levande i daglegtalen i vår tid, kan ha lange og spennande historier bak seg. Dei har djupe røter ned i det jordsmonnet Vesten har vakse fram på.</p>

<p>Adam og Eros er to ord som summerer opp dei to viktigaste linjene i den vestlege kulturhistoria ? den jødiskbaserte kristendommen og den greskbaserte myteverda. I røynda er vår vestlege kultur bygd på desse to sterke tradisjonane. Dei utgjer dei to rikaste kjeldene for språk og forestillingar i heile Europa. Vi i Vesten står på [&hellip;]</p>

<!-- This site is optimized with the Yoast SEO plugin v26.6 - https://yoast.com/wordpress/plugins/seo/ -->
<title>Adam og Eros - Dreyers Forlag</title>
<meta name="robots" content="noindex, follow, max-snippet:-1, max-image-preview:large, max-video-preview:-1" />
<meta property="og:locale" content="nb_NO" />
<meta property="og:type" content="article" />
<meta property="og:title" content="Adam og Eros - Dreyers Forlag" />
<meta property="og:description" content="Adam og Eros er to ord som summerer opp dei to viktigaste linjene i den vestlege kulturhistoria ? den jødiskbaserte kristendommen og den greskbaserte myteverda. I røynda er vår vestlege kultur bygd på desse to sterke tradisjonane. Dei utgjer dei to rikaste kjeldene for språk og forestillingar i heile Europa. Vi i Vesten står på [&hellip;]" />
<meta property="og:url" content="https://staging.forenteforlag.no/dreyers/produkt/adam-og-eros-2/" />
<meta property="og:site_name" content="Dreyers Forlag" />
<meta property="article:modified_time" content="2025-09-23T13:41:34+00:00" />
<meta property="og:image" content="https://staging.forenteforlag.no/dreyers/wp-content/uploads/sites/2/2025/08/jpg-8064.jpg" />
	<meta property="og:image:width" content="316" />
	<meta property="og:image:height" content="450" />
	<meta property="og:image:type" content="image/jpeg" />
<meta name="twitter:card" content="summary_large_image" />
<meta name="twitter:label1" content="Ansl. lesetid" />
	<meta name="twitter:data1" content="1 minutt" />
<script type="application/ld+json" class="yoast-schema-graph">{"@context":"https://schema.org","@graph":[{"@type":"WebPage","@id":"https://staging.forenteforlag.no/dreyers/produkt/adam-og-eros-2/","url":"https://staging.forenteforlag.no/dreyers/produkt/adam-og-eros-2/","name":"Adam og Eros - Dreyers Forlag","isPartOf":{"@id":"https://staging.forenteforlag.no/dreyers/#website"},"primaryImageOfPage":{"@id":"https://staging.forenteforlag.no/dreyers/produkt/adam-og-eros-2/#primaryimage"},"image":{"@id":"https://staging.forenteforlag.no/dreyers/produkt/adam-og-eros-2/#primaryimage"},"thumbnailUrl":"https://staging.forenteforlag.no/dreyers/wp-content/uploads/sites/2/2025/08/jpg-8064.jpg","datePublished":"2013-11-20T00:00:00+00:00","dateModified":"2025-09-23T13:41:34+00:00","breadcrumb":{"@id":"https://staging.forenteforlag.no/dreyers/produkt/adam-og-eros-2/#breadcrumb"},"inLanguage":"nb-NO","potentialAction":[{"@type":"ReadAction","target":["https://staging.forenteforlag.no/dreyers/produkt/adam-og-eros-2/"]}]},{"@type":"ImageObject","inLanguage":"nb-NO","@id":"https://staging.forenteforlag.no/dreyers/produkt/adam-og-eros-2/#primaryimage","url":"https://staging.forenteforlag.no/dreyers/wp-content/uploads/sites/2/2025/08/jpg-8064.jpg","contentUrl":"https://staging.forenteforlag.no/dreyers/wp-content/uploads/sites/2/2025/08/jpg-8064.jpg","width":316,"height":450},{"@type":"BreadcrumbList","@id":"https://staging.forenteforlag.no/dreyers/produkt/adam-og-eros-2/#breadcrumb","itemListElement":[{"@type":"ListItem","position":1,"name":"Hjem","item":"https://staging.forenteforlag.no/dreyers/"},{"@type":"ListItem","position":2,"name":"Alle bøker","item":"https://staging.forenteforlag.no/dreyers/butikk/"},{"@type":"ListItem","position":3,"name":"Adam og Eros"}]},{"@type":"WebSite","@id":"https://staging.forenteforlag.no/dreyers/#website","url":"https://staging.forenteforlag.no/dreyers/","name":"Dreyers Forlag","description":"","potentialAction":[{"@type":"SearchAction","target":{"@type":"EntryPoint","urlTemplate":"https://staging.forenteforlag.no/dreyers/?s={search_term_string}"},"query-input":{"@type":"PropertyValueSpecification","valueRequired":true,"valueName":"search_term_string"}}],"inLanguage":"nb-NO"}]}</script>
<!-- / Yoast SEO plugin. -->

Adam og Eros er to ord som summerer opp dei to viktigaste linjene i den vestlege kulturhistoria ? den jødiskbaserte kristendommen og den greskbaserte myteverda. I røynda er vår vestlege kultur bygd på desse to sterke tradisjonane. Dei utgjer dei to rikaste kjeldene for språk og forestillingar i heile Europa. Vi i Vesten står på [&hellip;]

Alle bøker
