{"id":21386,"date":"2014-10-10T02:00:00","date_gmt":"2014-10-10T00:00:00","guid":{"rendered":"https:\/\/dreyersforlag.forenteforlag.no\/produkt\/filosofene-2\/"},"modified":"2025-08-27T09:01:46","modified_gmt":"2025-08-27T07:01:46","slug":"filosofene-2","status":"publish","type":"product","link":"https:\/\/staging.forenteforlag.no\/dreyers\/produkt\/filosofene-2\/","title":{"rendered":"Filosofene"},"content":{"rendered":"<p>Hva er egentlig moderne filosofi? Hva har filosofene drevet med de siste 110 \u00e5rene? Hva har v\u00e6rt de store sp\u00f8rsm\u00e5lene? Hvilke retninger har dominert og hvilke filosofiske problemer har skapt splittelser mellom ulike land og milj\u00f8er? Hvor viktig er enkeltpersoner, og hvilken rolle spiller nasjonal og historisk tilh\u00f8righet for \u00e5 forst\u00e5 hva de har tenkt? Er det sant at det finnes en forskjell mellom kontinental og anglosaksisk filosofi og hva best\u00e5r den i s\u00e5 fall i? Kan det sies at filosofien har n\u00e5dd et sluttpunkt? Eller er filosofien fremdeles livskraftig og kanskje viktigere enn noensinne?  <\/p>\n<p>Svaret p\u00e5 disse sp\u00f8rsm\u00e5lene og en rekke andre finner du i Svante Nordins bok Filosofene. Her kan du lese om filosofenes liv og tanker. Men Nordin forteller ogs\u00e5 om milj\u00f8ene de virket i, de begivenhetene som gav opphav til filosofiske problemstillinger, de konfliktene de ble viklet inn i, vanskelighetene de st\u00f8tte p\u00e5 og l\u00f8sningene de s\u00f8kte. Enkelte navn er kjente og mye omtalt, andre er relativt ukjente. I sin tid bidro de imidlertid alle til \u00e5 fylle det filosofiske landskapet med levende skikkelser. Sp\u00f8rsm\u00e5lene deres &#8211; og noen ganger svarene &#8211; utfordrer oss fremdeles. <\/p>\n","protected":false},"excerpt":{"rendered":"<p>Hva er egentlig moderne filosofi? Hva har filosofene drevet med de siste 110 \u00e5rene? Hva har v\u00e6rt de store sp\u00f8rsm\u00e5lene? Hvilke retninger har dominert og hvilke filosofiske problemer har skapt splittelser mellom ulike land og milj\u00f8er? Hvor viktig er enkeltpersoner, og hvilken rolle spiller nasjonal og historisk tilh\u00f8righet for \u00e5 forst\u00e5 hva de har tenkt? [&hellip;]<\/p>\n","protected":false},"featured_media":24151,"template":"","meta":{"_acf_changed":false,"inline_featured_image":false},"product_brand":[],"product_cat":[21,23],"product_tag":[441,364,362,668,503],"class_list":{"0":"post-21386","1":"product","2":"type-product","3":"status-publish","4":"has-post-thumbnail","6":"product_cat-filosofi","7":"product_cat-historie","8":"product_tag-1900-tallet","9":"product_tag-2000-2009","10":"product_tag-faglitteratur","11":"product_tag-idehistorie","12":"product_tag-moderne-filosofi","13":"pa_format-innbundet","15":"first","16":"outofstock","17":"shipping-taxable","18":"purchasable","19":"product-type-simple"},"acf":{"anmeldelse":null},"yoast_head":"<!-- This site is optimized with the Yoast SEO plugin v26.6 - https:\/\/yoast.com\/wordpress\/plugins\/seo\/ -->\n<title>Filosofene - Dreyers Forlag<\/title>\n<meta name=\"robots\" content=\"noindex, follow, max-snippet:-1, max-image-preview:large, max-video-preview:-1\" \/>\n<meta property=\"og:locale\" content=\"nb_NO\" \/>\n<meta property=\"og:type\" content=\"article\" \/>\n<meta property=\"og:title\" content=\"Filosofene - Dreyers Forlag\" \/>\n<meta property=\"og:description\" content=\"Hva er egentlig moderne filosofi? Hva har filosofene drevet med de siste 110 \u00e5rene? Hva har v\u00e6rt de store sp\u00f8rsm\u00e5lene? Hvilke retninger har dominert og hvilke filosofiske problemer har skapt splittelser mellom ulike land og milj\u00f8er? Hvor viktig er enkeltpersoner, og hvilken rolle spiller nasjonal og historisk tilh\u00f8righet for \u00e5 forst\u00e5 hva de har tenkt? [&hellip;]\" \/>\n<meta property=\"og:url\" content=\"https:\/\/staging.forenteforlag.no\/dreyers\/produkt\/filosofene-2\/\" \/>\n<meta property=\"og:site_name\" content=\"Dreyers Forlag\" \/>\n<meta property=\"article:modified_time\" content=\"2025-08-27T07:01:46+00:00\" \/>\n<meta property=\"og:image\" content=\"https:\/\/staging.forenteforlag.no\/dreyers\/wp-content\/uploads\/sites\/2\/2025\/08\/jpg-6696.jpg\" \/>\n\t<meta property=\"og:image:width\" content=\"330\" \/>\n\t<meta property=\"og:image:height\" content=\"450\" \/>\n\t<meta property=\"og:image:type\" content=\"image\/jpeg\" \/>\n<meta name=\"twitter:card\" content=\"summary_large_image\" \/>\n<meta name=\"twitter:label1\" content=\"Ansl. lesetid\" \/>\n\t<meta name=\"twitter:data1\" content=\"1 minutt\" \/>\n<script type=\"application\/ld+json\" class=\"yoast-schema-graph\">{\"@context\":\"https:\/\/schema.org\",\"@graph\":[{\"@type\":\"WebPage\",\"@id\":\"https:\/\/staging.forenteforlag.no\/dreyers\/produkt\/filosofene-2\/\",\"url\":\"https:\/\/staging.forenteforlag.no\/dreyers\/produkt\/filosofene-2\/\",\"name\":\"Filosofene - Dreyers Forlag\",\"isPartOf\":{\"@id\":\"https:\/\/staging.forenteforlag.no\/dreyers\/#website\"},\"primaryImageOfPage\":{\"@id\":\"https:\/\/staging.forenteforlag.no\/dreyers\/produkt\/filosofene-2\/#primaryimage\"},\"image\":{\"@id\":\"https:\/\/staging.forenteforlag.no\/dreyers\/produkt\/filosofene-2\/#primaryimage\"},\"thumbnailUrl\":\"https:\/\/staging.forenteforlag.no\/dreyers\/wp-content\/uploads\/sites\/2\/2025\/08\/jpg-6696.jpg\",\"datePublished\":\"2014-10-10T00:00:00+00:00\",\"dateModified\":\"2025-08-27T07:01:46+00:00\",\"breadcrumb\":{\"@id\":\"https:\/\/staging.forenteforlag.no\/dreyers\/produkt\/filosofene-2\/#breadcrumb\"},\"inLanguage\":\"nb-NO\",\"potentialAction\":[{\"@type\":\"ReadAction\",\"target\":[\"https:\/\/staging.forenteforlag.no\/dreyers\/produkt\/filosofene-2\/\"]}]},{\"@type\":\"ImageObject\",\"inLanguage\":\"nb-NO\",\"@id\":\"https:\/\/staging.forenteforlag.no\/dreyers\/produkt\/filosofene-2\/#primaryimage\",\"url\":\"https:\/\/staging.forenteforlag.no\/dreyers\/wp-content\/uploads\/sites\/2\/2025\/08\/jpg-6696.jpg\",\"contentUrl\":\"https:\/\/staging.forenteforlag.no\/dreyers\/wp-content\/uploads\/sites\/2\/2025\/08\/jpg-6696.jpg\",\"width\":330,\"height\":450},{\"@type\":\"BreadcrumbList\",\"@id\":\"https:\/\/staging.forenteforlag.no\/dreyers\/produkt\/filosofene-2\/#breadcrumb\",\"itemListElement\":[{\"@type\":\"ListItem\",\"position\":1,\"name\":\"Hjem\",\"item\":\"https:\/\/staging.forenteforlag.no\/dreyers\/\"},{\"@type\":\"ListItem\",\"position\":2,\"name\":\"Alle b\u00f8ker\",\"item\":\"https:\/\/staging.forenteforlag.no\/dreyers\/butikk\/\"},{\"@type\":\"ListItem\",\"position\":3,\"name\":\"Filosofene\"}]},{\"@type\":\"WebSite\",\"@id\":\"https:\/\/staging.forenteforlag.no\/dreyers\/#website\",\"url\":\"https:\/\/staging.forenteforlag.no\/dreyers\/\",\"name\":\"Dreyers Forlag\",\"description\":\"\",\"potentialAction\":[{\"@type\":\"SearchAction\",\"target\":{\"@type\":\"EntryPoint\",\"urlTemplate\":\"https:\/\/staging.forenteforlag.no\/dreyers\/?s={search_term_string}\"},\"query-input\":{\"@type\":\"PropertyValueSpecification\",\"valueRequired\":true,\"valueName\":\"search_term_string\"}}],\"inLanguage\":\"nb-NO\"}]}<\/script>\n<!-- \/ Yoast SEO plugin. -->","yoast_head_json":{"title":"Filosofene - Dreyers Forlag","robots":{"index":"noindex","follow":"follow","max-snippet":"max-snippet:-1","max-image-preview":"max-image-preview:large","max-video-preview":"max-video-preview:-1"},"og_locale":"nb_NO","og_type":"article","og_title":"Filosofene - Dreyers Forlag","og_description":"Hva er egentlig moderne filosofi? Hva har filosofene drevet med de siste 110 \u00e5rene? Hva har v\u00e6rt de store sp\u00f8rsm\u00e5lene? Hvilke retninger har dominert og hvilke filosofiske problemer har skapt splittelser mellom ulike land og milj\u00f8er? Hvor viktig er enkeltpersoner, og hvilken rolle spiller nasjonal og historisk tilh\u00f8righet for \u00e5 forst\u00e5 hva de har tenkt? [&hellip;]","og_url":"https:\/\/staging.forenteforlag.no\/dreyers\/produkt\/filosofene-2\/","og_site_name":"Dreyers Forlag","article_modified_time":"2025-08-27T07:01:46+00:00","og_image":[{"width":330,"height":450,"url":"https:\/\/staging.forenteforlag.no\/dreyers\/wp-content\/uploads\/sites\/2\/2025\/08\/jpg-6696.jpg","type":"image\/jpeg"}],"twitter_card":"summary_large_image","twitter_misc":{"Ansl. lesetid":"1 minutt"},"schema":{"@context":"https:\/\/schema.org","@graph":[{"@type":"WebPage","@id":"https:\/\/staging.forenteforlag.no\/dreyers\/produkt\/filosofene-2\/","url":"https:\/\/staging.forenteforlag.no\/dreyers\/produkt\/filosofene-2\/","name":"Filosofene - Dreyers Forlag","isPartOf":{"@id":"https:\/\/staging.forenteforlag.no\/dreyers\/#website"},"primaryImageOfPage":{"@id":"https:\/\/staging.forenteforlag.no\/dreyers\/produkt\/filosofene-2\/#primaryimage"},"image":{"@id":"https:\/\/staging.forenteforlag.no\/dreyers\/produkt\/filosofene-2\/#primaryimage"},"thumbnailUrl":"https:\/\/staging.forenteforlag.no\/dreyers\/wp-content\/uploads\/sites\/2\/2025\/08\/jpg-6696.jpg","datePublished":"2014-10-10T00:00:00+00:00","dateModified":"2025-08-27T07:01:46+00:00","breadcrumb":{"@id":"https:\/\/staging.forenteforlag.no\/dreyers\/produkt\/filosofene-2\/#breadcrumb"},"inLanguage":"nb-NO","potentialAction":[{"@type":"ReadAction","target":["https:\/\/staging.forenteforlag.no\/dreyers\/produkt\/filosofene-2\/"]}]},{"@type":"ImageObject","inLanguage":"nb-NO","@id":"https:\/\/staging.forenteforlag.no\/dreyers\/produkt\/filosofene-2\/#primaryimage","url":"https:\/\/staging.forenteforlag.no\/dreyers\/wp-content\/uploads\/sites\/2\/2025\/08\/jpg-6696.jpg","contentUrl":"https:\/\/staging.forenteforlag.no\/dreyers\/wp-content\/uploads\/sites\/2\/2025\/08\/jpg-6696.jpg","width":330,"height":450},{"@type":"BreadcrumbList","@id":"https:\/\/staging.forenteforlag.no\/dreyers\/produkt\/filosofene-2\/#breadcrumb","itemListElement":[{"@type":"ListItem","position":1,"name":"Hjem","item":"https:\/\/staging.forenteforlag.no\/dreyers\/"},{"@type":"ListItem","position":2,"name":"Alle b\u00f8ker","item":"https:\/\/staging.forenteforlag.no\/dreyers\/butikk\/"},{"@type":"ListItem","position":3,"name":"Filosofene"}]},{"@type":"WebSite","@id":"https:\/\/staging.forenteforlag.no\/dreyers\/#website","url":"https:\/\/staging.forenteforlag.no\/dreyers\/","name":"Dreyers Forlag","description":"","potentialAction":[{"@type":"SearchAction","target":{"@type":"EntryPoint","urlTemplate":"https:\/\/staging.forenteforlag.no\/dreyers\/?s={search_term_string}"},"query-input":{"@type":"PropertyValueSpecification","valueRequired":true,"valueName":"search_term_string"}}],"inLanguage":"nb-NO"}]}},"_links":{"self":[{"href":"https:\/\/staging.forenteforlag.no\/dreyers\/wp-json\/wp\/v2\/product\/21386","targetHints":{"allow":["GET"]}}],"collection":[{"href":"https:\/\/staging.forenteforlag.no\/dreyers\/wp-json\/wp\/v2\/product"}],"about":[{"href":"https:\/\/staging.forenteforlag.no\/dreyers\/wp-json\/wp\/v2\/types\/product"}],"wp:featuredmedia":[{"embeddable":true,"href":"https:\/\/staging.forenteforlag.no\/dreyers\/wp-json\/wp\/v2\/media\/24151"}],"wp:attachment":[{"href":"https:\/\/staging.forenteforlag.no\/dreyers\/wp-json\/wp\/v2\/media?parent=21386"}],"wp:term":[{"taxonomy":"product_brand","embeddable":true,"href":"https:\/\/staging.forenteforlag.no\/dreyers\/wp-json\/wp\/v2\/product_brand?post=21386"},{"taxonomy":"product_cat","embeddable":true,"href":"https:\/\/staging.forenteforlag.no\/dreyers\/wp-json\/wp\/v2\/product_cat?post=21386"},{"taxonomy":"product_tag","embeddable":true,"href":"https:\/\/staging.forenteforlag.no\/dreyers\/wp-json\/wp\/v2\/product_tag?post=21386"}],"curies":[{"name":"wp","href":"https:\/\/api.w.org\/{rel}","templated":true}]}}

<p>Hva er egentlig moderne filosofi? Hva har filosofene drevet med de siste 110 årene? Hva har vært de store spørsmålene? Hvilke retninger har dominert og hvilke filosofiske problemer har skapt splittelser mellom ulike land og miljøer? Hvor viktig er enkeltpersoner, og hvilken rolle spiller nasjonal og historisk tilhørighet for å forstå hva de har tenkt? Er det sant at det finnes en forskjell mellom kontinental og anglosaksisk filosofi og hva består den i så fall i? Kan det sies at filosofien har nådd et sluttpunkt? Eller er filosofien fremdeles livskraftig og kanskje viktigere enn noensinne?  </p>
<p>Svaret på disse spørsmålene og en rekke andre finner du i Svante Nordins bok Filosofene. Her kan du lese om filosofenes liv og tanker. Men Nordin forteller også om miljøene de virket i, de begivenhetene som gav opphav til filosofiske problemstillinger, de konfliktene de ble viklet inn i, vanskelighetene de støtte på og løsningene de søkte. Enkelte navn er kjente og mye omtalt, andre er relativt ukjente. I sin tid bidro de imidlertid alle til å fylle det filosofiske landskapet med levende skikkelser. Spørsmålene deres &#8211; og noen ganger svarene &#8211; utfordrer oss fremdeles. </p>

<p>Hva er egentlig moderne filosofi? Hva har filosofene drevet med de siste 110 årene? Hva har vært de store spørsmålene? Hvilke retninger har dominert og hvilke filosofiske problemer har skapt splittelser mellom ulike land og miljøer? Hvor viktig er enkeltpersoner, og hvilken rolle spiller nasjonal og historisk tilhørighet for å forstå hva de har tenkt? [&hellip;]</p>

<!-- This site is optimized with the Yoast SEO plugin v26.6 - https://yoast.com/wordpress/plugins/seo/ -->
<title>Filosofene - Dreyers Forlag</title>
<meta name="robots" content="noindex, follow, max-snippet:-1, max-image-preview:large, max-video-preview:-1" />
<meta property="og:locale" content="nb_NO" />
<meta property="og:type" content="article" />
<meta property="og:title" content="Filosofene - Dreyers Forlag" />
<meta property="og:description" content="Hva er egentlig moderne filosofi? Hva har filosofene drevet med de siste 110 årene? Hva har vært de store spørsmålene? Hvilke retninger har dominert og hvilke filosofiske problemer har skapt splittelser mellom ulike land og miljøer? Hvor viktig er enkeltpersoner, og hvilken rolle spiller nasjonal og historisk tilhørighet for å forstå hva de har tenkt? [&hellip;]" />
<meta property="og:url" content="https://staging.forenteforlag.no/dreyers/produkt/filosofene-2/" />
<meta property="og:site_name" content="Dreyers Forlag" />
<meta property="article:modified_time" content="2025-08-27T07:01:46+00:00" />
<meta property="og:image" content="https://staging.forenteforlag.no/dreyers/wp-content/uploads/sites/2/2025/08/jpg-6696.jpg" />
	<meta property="og:image:width" content="330" />
	<meta property="og:image:height" content="450" />
	<meta property="og:image:type" content="image/jpeg" />
<meta name="twitter:card" content="summary_large_image" />
<meta name="twitter:label1" content="Ansl. lesetid" />
	<meta name="twitter:data1" content="1 minutt" />
<script type="application/ld+json" class="yoast-schema-graph">{"@context":"https://schema.org","@graph":[{"@type":"WebPage","@id":"https://staging.forenteforlag.no/dreyers/produkt/filosofene-2/","url":"https://staging.forenteforlag.no/dreyers/produkt/filosofene-2/","name":"Filosofene - Dreyers Forlag","isPartOf":{"@id":"https://staging.forenteforlag.no/dreyers/#website"},"primaryImageOfPage":{"@id":"https://staging.forenteforlag.no/dreyers/produkt/filosofene-2/#primaryimage"},"image":{"@id":"https://staging.forenteforlag.no/dreyers/produkt/filosofene-2/#primaryimage"},"thumbnailUrl":"https://staging.forenteforlag.no/dreyers/wp-content/uploads/sites/2/2025/08/jpg-6696.jpg","datePublished":"2014-10-10T00:00:00+00:00","dateModified":"2025-08-27T07:01:46+00:00","breadcrumb":{"@id":"https://staging.forenteforlag.no/dreyers/produkt/filosofene-2/#breadcrumb"},"inLanguage":"nb-NO","potentialAction":[{"@type":"ReadAction","target":["https://staging.forenteforlag.no/dreyers/produkt/filosofene-2/"]}]},{"@type":"ImageObject","inLanguage":"nb-NO","@id":"https://staging.forenteforlag.no/dreyers/produkt/filosofene-2/#primaryimage","url":"https://staging.forenteforlag.no/dreyers/wp-content/uploads/sites/2/2025/08/jpg-6696.jpg","contentUrl":"https://staging.forenteforlag.no/dreyers/wp-content/uploads/sites/2/2025/08/jpg-6696.jpg","width":330,"height":450},{"@type":"BreadcrumbList","@id":"https://staging.forenteforlag.no/dreyers/produkt/filosofene-2/#breadcrumb","itemListElement":[{"@type":"ListItem","position":1,"name":"Hjem","item":"https://staging.forenteforlag.no/dreyers/"},{"@type":"ListItem","position":2,"name":"Alle bøker","item":"https://staging.forenteforlag.no/dreyers/butikk/"},{"@type":"ListItem","position":3,"name":"Filosofene"}]},{"@type":"WebSite","@id":"https://staging.forenteforlag.no/dreyers/#website","url":"https://staging.forenteforlag.no/dreyers/","name":"Dreyers Forlag","description":"","potentialAction":[{"@type":"SearchAction","target":{"@type":"EntryPoint","urlTemplate":"https://staging.forenteforlag.no/dreyers/?s={search_term_string}"},"query-input":{"@type":"PropertyValueSpecification","valueRequired":true,"valueName":"search_term_string"}}],"inLanguage":"nb-NO"}]}</script>
<!-- / Yoast SEO plugin. -->

Hva er egentlig moderne filosofi? Hva har filosofene drevet med de siste 110 årene? Hva har vært de store spørsmålene? Hvilke retninger har dominert og hvilke filosofiske problemer har skapt splittelser mellom ulike land og miljøer? Hvor viktig er enkeltpersoner, og hvilken rolle spiller nasjonal og historisk tilhørighet for å forstå hva de har tenkt? [&hellip;]

Alle bøker
