{"id":21383,"date":"2014-11-05T01:00:00","date_gmt":"2014-11-05T00:00:00","guid":{"rendered":"https:\/\/dreyersforlag.forenteforlag.no\/produkt\/franz-borkenau\/"},"modified":"2025-11-06T09:23:32","modified_gmt":"2025-11-06T08:23:32","slug":"franz-borkenau","status":"publish","type":"product","link":"https:\/\/staging.forenteforlag.no\/dreyers\/produkt\/franz-borkenau\/","title":{"rendered":"Franz Borkenau"},"content":{"rendered":"<p>Franz Borkenau ble f\u00f8dt i Wien i 1900 og d\u00f8de i Z\u00fcrich i 1957. Han var historiker, kommunist, journalist, eks-kommunist, politisk sosiolog, antikommunist og en av de f\u00f8rste til \u00e5 bruke ordet totalitarisme for \u00e5 sammenligne fascisme, nazisme og sovjet-kommunisme. I l\u00f8pet av sine 57 leve\u00e5r jobbet han for Komintern i Berlin, reiste til den spanske borgerkrigen, var i eksil i Panama, ble venn med George Orwell i London, analyserte interne stridigheter i Sovjetunionen, grunnla en CIA-finansiert anti-kommunistisk organisasjon for europeiske intellektuelle og skrev grandiose teorier om den vestlige sivilisasjons vekst og fall. <\/p>\n<p>Denne boka skulle egentlig v\u00e6re en bokversjon av Ola Innsets masteroppgave om Franz Borkenaus totalitarismebegrep. Isteden har det blitt en bok om Europas historie 1900 &#8211; 1957, sett gjennom Borkenaus aktiviteter og skriverier. Gjennom Franz Borkenau f\u00e5r vi et nytt blikk p\u00e5 Europas historie, og f\u00e5r ogs\u00e5 vite hvordan masterstudenten ble mer venstrevridd enn noen gang av \u00e5 studere likhetene mellom kommunisme, fascisme, sosialisme og nazisme.<\/p>\n","protected":false},"excerpt":{"rendered":"<p>Franz Borkenau ble f\u00f8dt i Wien i 1900 og d\u00f8de i Z\u00fcrich i 1957. Han var historiker, kommunist, journalist, eks-kommunist, politisk sosiolog, antikommunist og en av de f\u00f8rste til \u00e5 bruke ordet totalitarisme for \u00e5 sammenligne fascisme, nazisme og sovjet-kommunisme. I l\u00f8pet av sine 57 leve\u00e5r jobbet han for Komintern i Berlin, reiste til den [&hellip;]<\/p>\n","protected":false},"featured_media":24255,"template":"","meta":{"_acf_changed":false,"inline_featured_image":false},"product_brand":[],"product_cat":[20,45,1785,23],"product_tag":[362],"class_list":{"0":"post-21383","1":"product","2":"type-product","3":"status-publish","4":"has-post-thumbnail","6":"product_cat-biografier-og-memoarer","7":"product_cat-essay","8":"product_cat-fripris","9":"product_cat-historie","10":"product_tag-faglitteratur","11":"pa_format-innbundet","13":"first","14":"outofstock","15":"shipping-taxable","16":"purchasable","17":"product-type-simple"},"acf":{"anmeldelse":null},"yoast_head":"<!-- This site is optimized with the Yoast SEO plugin v26.6 - https:\/\/yoast.com\/wordpress\/plugins\/seo\/ -->\n<title>Franz Borkenau - Dreyers Forlag<\/title>\n<meta name=\"robots\" content=\"noindex, follow, max-snippet:-1, max-image-preview:large, max-video-preview:-1\" \/>\n<meta property=\"og:locale\" content=\"nb_NO\" \/>\n<meta property=\"og:type\" content=\"article\" \/>\n<meta property=\"og:title\" content=\"Franz Borkenau - Dreyers Forlag\" \/>\n<meta property=\"og:description\" content=\"Franz Borkenau ble f\u00f8dt i Wien i 1900 og d\u00f8de i Z\u00fcrich i 1957. Han var historiker, kommunist, journalist, eks-kommunist, politisk sosiolog, antikommunist og en av de f\u00f8rste til \u00e5 bruke ordet totalitarisme for \u00e5 sammenligne fascisme, nazisme og sovjet-kommunisme. I l\u00f8pet av sine 57 leve\u00e5r jobbet han for Komintern i Berlin, reiste til den [&hellip;]\" \/>\n<meta property=\"og:url\" content=\"https:\/\/staging.forenteforlag.no\/dreyers\/produkt\/franz-borkenau\/\" \/>\n<meta property=\"og:site_name\" content=\"Dreyers Forlag\" \/>\n<meta property=\"article:modified_time\" content=\"2025-11-06T08:23:32+00:00\" \/>\n<meta property=\"og:image\" content=\"https:\/\/staging.forenteforlag.no\/dreyers\/wp-content\/uploads\/sites\/2\/2025\/08\/jpg-7754.jpg\" \/>\n\t<meta property=\"og:image:width\" content=\"318\" \/>\n\t<meta property=\"og:image:height\" content=\"450\" \/>\n\t<meta property=\"og:image:type\" content=\"image\/jpeg\" \/>\n<meta name=\"twitter:card\" content=\"summary_large_image\" \/>\n<meta name=\"twitter:label1\" content=\"Ansl. lesetid\" \/>\n\t<meta name=\"twitter:data1\" content=\"1 minutt\" \/>\n<script type=\"application\/ld+json\" class=\"yoast-schema-graph\">{\"@context\":\"https:\/\/schema.org\",\"@graph\":[{\"@type\":\"WebPage\",\"@id\":\"https:\/\/staging.forenteforlag.no\/dreyers\/produkt\/franz-borkenau\/\",\"url\":\"https:\/\/staging.forenteforlag.no\/dreyers\/produkt\/franz-borkenau\/\",\"name\":\"Franz Borkenau - Dreyers Forlag\",\"isPartOf\":{\"@id\":\"https:\/\/staging.forenteforlag.no\/dreyers\/#website\"},\"primaryImageOfPage\":{\"@id\":\"https:\/\/staging.forenteforlag.no\/dreyers\/produkt\/franz-borkenau\/#primaryimage\"},\"image\":{\"@id\":\"https:\/\/staging.forenteforlag.no\/dreyers\/produkt\/franz-borkenau\/#primaryimage\"},\"thumbnailUrl\":\"https:\/\/staging.forenteforlag.no\/dreyers\/wp-content\/uploads\/sites\/2\/2025\/08\/jpg-7754.jpg\",\"datePublished\":\"2014-11-05T00:00:00+00:00\",\"dateModified\":\"2025-11-06T08:23:32+00:00\",\"breadcrumb\":{\"@id\":\"https:\/\/staging.forenteforlag.no\/dreyers\/produkt\/franz-borkenau\/#breadcrumb\"},\"inLanguage\":\"nb-NO\",\"potentialAction\":[{\"@type\":\"ReadAction\",\"target\":[\"https:\/\/staging.forenteforlag.no\/dreyers\/produkt\/franz-borkenau\/\"]}]},{\"@type\":\"ImageObject\",\"inLanguage\":\"nb-NO\",\"@id\":\"https:\/\/staging.forenteforlag.no\/dreyers\/produkt\/franz-borkenau\/#primaryimage\",\"url\":\"https:\/\/staging.forenteforlag.no\/dreyers\/wp-content\/uploads\/sites\/2\/2025\/08\/jpg-7754.jpg\",\"contentUrl\":\"https:\/\/staging.forenteforlag.no\/dreyers\/wp-content\/uploads\/sites\/2\/2025\/08\/jpg-7754.jpg\",\"width\":318,\"height\":450},{\"@type\":\"BreadcrumbList\",\"@id\":\"https:\/\/staging.forenteforlag.no\/dreyers\/produkt\/franz-borkenau\/#breadcrumb\",\"itemListElement\":[{\"@type\":\"ListItem\",\"position\":1,\"name\":\"Hjem\",\"item\":\"https:\/\/staging.forenteforlag.no\/dreyers\/\"},{\"@type\":\"ListItem\",\"position\":2,\"name\":\"Alle b\u00f8ker\",\"item\":\"https:\/\/staging.forenteforlag.no\/dreyers\/butikk\/\"},{\"@type\":\"ListItem\",\"position\":3,\"name\":\"Franz Borkenau\"}]},{\"@type\":\"WebSite\",\"@id\":\"https:\/\/staging.forenteforlag.no\/dreyers\/#website\",\"url\":\"https:\/\/staging.forenteforlag.no\/dreyers\/\",\"name\":\"Dreyers Forlag\",\"description\":\"\",\"potentialAction\":[{\"@type\":\"SearchAction\",\"target\":{\"@type\":\"EntryPoint\",\"urlTemplate\":\"https:\/\/staging.forenteforlag.no\/dreyers\/?s={search_term_string}\"},\"query-input\":{\"@type\":\"PropertyValueSpecification\",\"valueRequired\":true,\"valueName\":\"search_term_string\"}}],\"inLanguage\":\"nb-NO\"}]}<\/script>\n<!-- \/ Yoast SEO plugin. -->","yoast_head_json":{"title":"Franz Borkenau - Dreyers Forlag","robots":{"index":"noindex","follow":"follow","max-snippet":"max-snippet:-1","max-image-preview":"max-image-preview:large","max-video-preview":"max-video-preview:-1"},"og_locale":"nb_NO","og_type":"article","og_title":"Franz Borkenau - Dreyers Forlag","og_description":"Franz Borkenau ble f\u00f8dt i Wien i 1900 og d\u00f8de i Z\u00fcrich i 1957. Han var historiker, kommunist, journalist, eks-kommunist, politisk sosiolog, antikommunist og en av de f\u00f8rste til \u00e5 bruke ordet totalitarisme for \u00e5 sammenligne fascisme, nazisme og sovjet-kommunisme. I l\u00f8pet av sine 57 leve\u00e5r jobbet han for Komintern i Berlin, reiste til den [&hellip;]","og_url":"https:\/\/staging.forenteforlag.no\/dreyers\/produkt\/franz-borkenau\/","og_site_name":"Dreyers Forlag","article_modified_time":"2025-11-06T08:23:32+00:00","og_image":[{"width":318,"height":450,"url":"https:\/\/staging.forenteforlag.no\/dreyers\/wp-content\/uploads\/sites\/2\/2025\/08\/jpg-7754.jpg","type":"image\/jpeg"}],"twitter_card":"summary_large_image","twitter_misc":{"Ansl. lesetid":"1 minutt"},"schema":{"@context":"https:\/\/schema.org","@graph":[{"@type":"WebPage","@id":"https:\/\/staging.forenteforlag.no\/dreyers\/produkt\/franz-borkenau\/","url":"https:\/\/staging.forenteforlag.no\/dreyers\/produkt\/franz-borkenau\/","name":"Franz Borkenau - Dreyers Forlag","isPartOf":{"@id":"https:\/\/staging.forenteforlag.no\/dreyers\/#website"},"primaryImageOfPage":{"@id":"https:\/\/staging.forenteforlag.no\/dreyers\/produkt\/franz-borkenau\/#primaryimage"},"image":{"@id":"https:\/\/staging.forenteforlag.no\/dreyers\/produkt\/franz-borkenau\/#primaryimage"},"thumbnailUrl":"https:\/\/staging.forenteforlag.no\/dreyers\/wp-content\/uploads\/sites\/2\/2025\/08\/jpg-7754.jpg","datePublished":"2014-11-05T00:00:00+00:00","dateModified":"2025-11-06T08:23:32+00:00","breadcrumb":{"@id":"https:\/\/staging.forenteforlag.no\/dreyers\/produkt\/franz-borkenau\/#breadcrumb"},"inLanguage":"nb-NO","potentialAction":[{"@type":"ReadAction","target":["https:\/\/staging.forenteforlag.no\/dreyers\/produkt\/franz-borkenau\/"]}]},{"@type":"ImageObject","inLanguage":"nb-NO","@id":"https:\/\/staging.forenteforlag.no\/dreyers\/produkt\/franz-borkenau\/#primaryimage","url":"https:\/\/staging.forenteforlag.no\/dreyers\/wp-content\/uploads\/sites\/2\/2025\/08\/jpg-7754.jpg","contentUrl":"https:\/\/staging.forenteforlag.no\/dreyers\/wp-content\/uploads\/sites\/2\/2025\/08\/jpg-7754.jpg","width":318,"height":450},{"@type":"BreadcrumbList","@id":"https:\/\/staging.forenteforlag.no\/dreyers\/produkt\/franz-borkenau\/#breadcrumb","itemListElement":[{"@type":"ListItem","position":1,"name":"Hjem","item":"https:\/\/staging.forenteforlag.no\/dreyers\/"},{"@type":"ListItem","position":2,"name":"Alle b\u00f8ker","item":"https:\/\/staging.forenteforlag.no\/dreyers\/butikk\/"},{"@type":"ListItem","position":3,"name":"Franz Borkenau"}]},{"@type":"WebSite","@id":"https:\/\/staging.forenteforlag.no\/dreyers\/#website","url":"https:\/\/staging.forenteforlag.no\/dreyers\/","name":"Dreyers Forlag","description":"","potentialAction":[{"@type":"SearchAction","target":{"@type":"EntryPoint","urlTemplate":"https:\/\/staging.forenteforlag.no\/dreyers\/?s={search_term_string}"},"query-input":{"@type":"PropertyValueSpecification","valueRequired":true,"valueName":"search_term_string"}}],"inLanguage":"nb-NO"}]}},"_links":{"self":[{"href":"https:\/\/staging.forenteforlag.no\/dreyers\/wp-json\/wp\/v2\/product\/21383","targetHints":{"allow":["GET"]}}],"collection":[{"href":"https:\/\/staging.forenteforlag.no\/dreyers\/wp-json\/wp\/v2\/product"}],"about":[{"href":"https:\/\/staging.forenteforlag.no\/dreyers\/wp-json\/wp\/v2\/types\/product"}],"wp:featuredmedia":[{"embeddable":true,"href":"https:\/\/staging.forenteforlag.no\/dreyers\/wp-json\/wp\/v2\/media\/24255"}],"wp:attachment":[{"href":"https:\/\/staging.forenteforlag.no\/dreyers\/wp-json\/wp\/v2\/media?parent=21383"}],"wp:term":[{"taxonomy":"product_brand","embeddable":true,"href":"https:\/\/staging.forenteforlag.no\/dreyers\/wp-json\/wp\/v2\/product_brand?post=21383"},{"taxonomy":"product_cat","embeddable":true,"href":"https:\/\/staging.forenteforlag.no\/dreyers\/wp-json\/wp\/v2\/product_cat?post=21383"},{"taxonomy":"product_tag","embeddable":true,"href":"https:\/\/staging.forenteforlag.no\/dreyers\/wp-json\/wp\/v2\/product_tag?post=21383"}],"curies":[{"name":"wp","href":"https:\/\/api.w.org\/{rel}","templated":true}]}}

<p>Franz Borkenau ble født i Wien i 1900 og døde i Zürich i 1957. Han var historiker, kommunist, journalist, eks-kommunist, politisk sosiolog, antikommunist og en av de første til å bruke ordet totalitarisme for å sammenligne fascisme, nazisme og sovjet-kommunisme. I løpet av sine 57 leveår jobbet han for Komintern i Berlin, reiste til den spanske borgerkrigen, var i eksil i Panama, ble venn med George Orwell i London, analyserte interne stridigheter i Sovjetunionen, grunnla en CIA-finansiert anti-kommunistisk organisasjon for europeiske intellektuelle og skrev grandiose teorier om den vestlige sivilisasjons vekst og fall. </p>
<p>Denne boka skulle egentlig være en bokversjon av Ola Innsets masteroppgave om Franz Borkenaus totalitarismebegrep. Isteden har det blitt en bok om Europas historie 1900 &#8211; 1957, sett gjennom Borkenaus aktiviteter og skriverier. Gjennom Franz Borkenau får vi et nytt blikk på Europas historie, og får også vite hvordan masterstudenten ble mer venstrevridd enn noen gang av å studere likhetene mellom kommunisme, fascisme, sosialisme og nazisme.</p>

<p>Franz Borkenau ble født i Wien i 1900 og døde i Zürich i 1957. Han var historiker, kommunist, journalist, eks-kommunist, politisk sosiolog, antikommunist og en av de første til å bruke ordet totalitarisme for å sammenligne fascisme, nazisme og sovjet-kommunisme. I løpet av sine 57 leveår jobbet han for Komintern i Berlin, reiste til den [&hellip;]</p>

<!-- This site is optimized with the Yoast SEO plugin v26.6 - https://yoast.com/wordpress/plugins/seo/ -->
<title>Franz Borkenau - Dreyers Forlag</title>
<meta name="robots" content="noindex, follow, max-snippet:-1, max-image-preview:large, max-video-preview:-1" />
<meta property="og:locale" content="nb_NO" />
<meta property="og:type" content="article" />
<meta property="og:title" content="Franz Borkenau - Dreyers Forlag" />
<meta property="og:description" content="Franz Borkenau ble født i Wien i 1900 og døde i Zürich i 1957. Han var historiker, kommunist, journalist, eks-kommunist, politisk sosiolog, antikommunist og en av de første til å bruke ordet totalitarisme for å sammenligne fascisme, nazisme og sovjet-kommunisme. I løpet av sine 57 leveår jobbet han for Komintern i Berlin, reiste til den [&hellip;]" />
<meta property="og:url" content="https://staging.forenteforlag.no/dreyers/produkt/franz-borkenau/" />
<meta property="og:site_name" content="Dreyers Forlag" />
<meta property="article:modified_time" content="2025-11-06T08:23:32+00:00" />
<meta property="og:image" content="https://staging.forenteforlag.no/dreyers/wp-content/uploads/sites/2/2025/08/jpg-7754.jpg" />
	<meta property="og:image:width" content="318" />
	<meta property="og:image:height" content="450" />
	<meta property="og:image:type" content="image/jpeg" />
<meta name="twitter:card" content="summary_large_image" />
<meta name="twitter:label1" content="Ansl. lesetid" />
	<meta name="twitter:data1" content="1 minutt" />
<script type="application/ld+json" class="yoast-schema-graph">{"@context":"https://schema.org","@graph":[{"@type":"WebPage","@id":"https://staging.forenteforlag.no/dreyers/produkt/franz-borkenau/","url":"https://staging.forenteforlag.no/dreyers/produkt/franz-borkenau/","name":"Franz Borkenau - Dreyers Forlag","isPartOf":{"@id":"https://staging.forenteforlag.no/dreyers/#website"},"primaryImageOfPage":{"@id":"https://staging.forenteforlag.no/dreyers/produkt/franz-borkenau/#primaryimage"},"image":{"@id":"https://staging.forenteforlag.no/dreyers/produkt/franz-borkenau/#primaryimage"},"thumbnailUrl":"https://staging.forenteforlag.no/dreyers/wp-content/uploads/sites/2/2025/08/jpg-7754.jpg","datePublished":"2014-11-05T00:00:00+00:00","dateModified":"2025-11-06T08:23:32+00:00","breadcrumb":{"@id":"https://staging.forenteforlag.no/dreyers/produkt/franz-borkenau/#breadcrumb"},"inLanguage":"nb-NO","potentialAction":[{"@type":"ReadAction","target":["https://staging.forenteforlag.no/dreyers/produkt/franz-borkenau/"]}]},{"@type":"ImageObject","inLanguage":"nb-NO","@id":"https://staging.forenteforlag.no/dreyers/produkt/franz-borkenau/#primaryimage","url":"https://staging.forenteforlag.no/dreyers/wp-content/uploads/sites/2/2025/08/jpg-7754.jpg","contentUrl":"https://staging.forenteforlag.no/dreyers/wp-content/uploads/sites/2/2025/08/jpg-7754.jpg","width":318,"height":450},{"@type":"BreadcrumbList","@id":"https://staging.forenteforlag.no/dreyers/produkt/franz-borkenau/#breadcrumb","itemListElement":[{"@type":"ListItem","position":1,"name":"Hjem","item":"https://staging.forenteforlag.no/dreyers/"},{"@type":"ListItem","position":2,"name":"Alle bøker","item":"https://staging.forenteforlag.no/dreyers/butikk/"},{"@type":"ListItem","position":3,"name":"Franz Borkenau"}]},{"@type":"WebSite","@id":"https://staging.forenteforlag.no/dreyers/#website","url":"https://staging.forenteforlag.no/dreyers/","name":"Dreyers Forlag","description":"","potentialAction":[{"@type":"SearchAction","target":{"@type":"EntryPoint","urlTemplate":"https://staging.forenteforlag.no/dreyers/?s={search_term_string}"},"query-input":{"@type":"PropertyValueSpecification","valueRequired":true,"valueName":"search_term_string"}}],"inLanguage":"nb-NO"}]}</script>
<!-- / Yoast SEO plugin. -->

Franz Borkenau ble født i Wien i 1900 og døde i Zürich i 1957. Han var historiker, kommunist, journalist, eks-kommunist, politisk sosiolog, antikommunist og en av de første til å bruke ordet totalitarisme for å sammenligne fascisme, nazisme og sovjet-kommunisme. I løpet av sine 57 leveår jobbet han for Komintern i Berlin, reiste til den [&hellip;]

Alle bøker
