{"id":21377,"date":"2015-01-19T01:00:00","date_gmt":"2015-01-19T00:00:00","guid":{"rendered":"https:\/\/dreyersforlag.forenteforlag.no\/produkt\/globalhistoriografi\/"},"modified":"2025-08-27T11:25:58","modified_gmt":"2025-08-27T09:25:58","slug":"globalhistoriografi","status":"publish","type":"product","link":"https:\/\/staging.forenteforlag.no\/dreyers\/produkt\/globalhistoriografi\/","title":{"rendered":"Globalhistoriografi"},"content":{"rendered":"<p>Dette er den f\u00f8rste fremstillingen p\u00e5 norsk som tar opp fremveksten av historieskrivning i et globalhistorisk perspektiv. Boken er delvis en videref\u00f8ring av Melves forrige bok Historie<br \/>\n historieskriving fr\u00e5 antikken til i dag, som tok for seg utviklingen av historieskrivning i Vesten. Boken er f\u00f8rst og fremst et fors\u00f8k p\u00e5 \u00e5 f\u00f8re historiografi et steg videre ved \u00e5 utvide de mer eller mindre eurosentriske rammene for denne forskningen. Det er ogs\u00e5 en intensjon med boken \u00e5 \u00f8ke forst\u00e5elsen for historieskrivingens mangfold.<\/p>\n","protected":false},"excerpt":{"rendered":"<p>Dette er den f\u00f8rste fremstillingen p\u00e5 norsk som tar opp fremveksten av historieskrivning i et globalhistorisk perspektiv. Boken er delvis en videref\u00f8ring av Melves forrige bok Historie historieskriving fr\u00e5 antikken til i dag, som tok for seg utviklingen av historieskrivning i Vesten. Boken er f\u00f8rst og fremst et fors\u00f8k p\u00e5 \u00e5 f\u00f8re historiografi et steg [&hellip;]<\/p>\n","protected":false},"featured_media":24323,"template":"","meta":{"_acf_changed":false,"inline_featured_image":false},"product_brand":[],"product_cat":[1785,23],"product_tag":[362,616,502],"class_list":{"0":"post-21377","1":"product","2":"type-product","3":"status-publish","4":"has-post-thumbnail","6":"product_cat-fripris","7":"product_cat-historie","8":"product_tag-faglitteratur","9":"product_tag-historisk-filosofi","10":"product_tag-laereboker-hoyere-utd","11":"pa_format-innbundet","13":"first","14":"instock","15":"shipping-taxable","16":"purchasable","17":"product-type-simple"},"acf":{"anmeldelse":null},"yoast_head":"<!-- This site is optimized with the Yoast SEO plugin v26.6 - https:\/\/yoast.com\/wordpress\/plugins\/seo\/ -->\n<title>Globalhistoriografi - Dreyers Forlag<\/title>\n<meta name=\"robots\" content=\"noindex, follow, max-snippet:-1, max-image-preview:large, max-video-preview:-1\" \/>\n<meta property=\"og:locale\" content=\"nb_NO\" \/>\n<meta property=\"og:type\" content=\"article\" \/>\n<meta property=\"og:title\" content=\"Globalhistoriografi - Dreyers Forlag\" \/>\n<meta property=\"og:description\" content=\"Dette er den f\u00f8rste fremstillingen p\u00e5 norsk som tar opp fremveksten av historieskrivning i et globalhistorisk perspektiv. Boken er delvis en videref\u00f8ring av Melves forrige bok Historie historieskriving fr\u00e5 antikken til i dag, som tok for seg utviklingen av historieskrivning i Vesten. Boken er f\u00f8rst og fremst et fors\u00f8k p\u00e5 \u00e5 f\u00f8re historiografi et steg [&hellip;]\" \/>\n<meta property=\"og:url\" content=\"https:\/\/staging.forenteforlag.no\/dreyers\/produkt\/globalhistoriografi\/\" \/>\n<meta property=\"og:site_name\" content=\"Dreyers Forlag\" \/>\n<meta property=\"article:modified_time\" content=\"2025-08-27T09:25:58+00:00\" \/>\n<meta property=\"og:image\" content=\"https:\/\/staging.forenteforlag.no\/dreyers\/wp-content\/uploads\/sites\/2\/2025\/08\/jpg-8364.jpg\" \/>\n\t<meta property=\"og:image:width\" content=\"638\" \/>\n\t<meta property=\"og:image:height\" content=\"890\" \/>\n\t<meta property=\"og:image:type\" content=\"image\/jpeg\" \/>\n<meta name=\"twitter:card\" content=\"summary_large_image\" \/>\n<script type=\"application\/ld+json\" class=\"yoast-schema-graph\">{\"@context\":\"https:\/\/schema.org\",\"@graph\":[{\"@type\":\"WebPage\",\"@id\":\"https:\/\/staging.forenteforlag.no\/dreyers\/produkt\/globalhistoriografi\/\",\"url\":\"https:\/\/staging.forenteforlag.no\/dreyers\/produkt\/globalhistoriografi\/\",\"name\":\"Globalhistoriografi - Dreyers Forlag\",\"isPartOf\":{\"@id\":\"https:\/\/staging.forenteforlag.no\/dreyers\/#website\"},\"primaryImageOfPage\":{\"@id\":\"https:\/\/staging.forenteforlag.no\/dreyers\/produkt\/globalhistoriografi\/#primaryimage\"},\"image\":{\"@id\":\"https:\/\/staging.forenteforlag.no\/dreyers\/produkt\/globalhistoriografi\/#primaryimage\"},\"thumbnailUrl\":\"https:\/\/staging.forenteforlag.no\/dreyers\/wp-content\/uploads\/sites\/2\/2025\/08\/jpg-8364.jpg\",\"datePublished\":\"2015-01-19T00:00:00+00:00\",\"dateModified\":\"2025-08-27T09:25:58+00:00\",\"breadcrumb\":{\"@id\":\"https:\/\/staging.forenteforlag.no\/dreyers\/produkt\/globalhistoriografi\/#breadcrumb\"},\"inLanguage\":\"nb-NO\",\"potentialAction\":[{\"@type\":\"ReadAction\",\"target\":[\"https:\/\/staging.forenteforlag.no\/dreyers\/produkt\/globalhistoriografi\/\"]}]},{\"@type\":\"ImageObject\",\"inLanguage\":\"nb-NO\",\"@id\":\"https:\/\/staging.forenteforlag.no\/dreyers\/produkt\/globalhistoriografi\/#primaryimage\",\"url\":\"https:\/\/staging.forenteforlag.no\/dreyers\/wp-content\/uploads\/sites\/2\/2025\/08\/jpg-8364.jpg\",\"contentUrl\":\"https:\/\/staging.forenteforlag.no\/dreyers\/wp-content\/uploads\/sites\/2\/2025\/08\/jpg-8364.jpg\",\"width\":638,\"height\":890},{\"@type\":\"BreadcrumbList\",\"@id\":\"https:\/\/staging.forenteforlag.no\/dreyers\/produkt\/globalhistoriografi\/#breadcrumb\",\"itemListElement\":[{\"@type\":\"ListItem\",\"position\":1,\"name\":\"Hjem\",\"item\":\"https:\/\/staging.forenteforlag.no\/dreyers\/\"},{\"@type\":\"ListItem\",\"position\":2,\"name\":\"Alle b\u00f8ker\",\"item\":\"https:\/\/staging.forenteforlag.no\/dreyers\/butikk\/\"},{\"@type\":\"ListItem\",\"position\":3,\"name\":\"Globalhistoriografi\"}]},{\"@type\":\"WebSite\",\"@id\":\"https:\/\/staging.forenteforlag.no\/dreyers\/#website\",\"url\":\"https:\/\/staging.forenteforlag.no\/dreyers\/\",\"name\":\"Dreyers Forlag\",\"description\":\"\",\"potentialAction\":[{\"@type\":\"SearchAction\",\"target\":{\"@type\":\"EntryPoint\",\"urlTemplate\":\"https:\/\/staging.forenteforlag.no\/dreyers\/?s={search_term_string}\"},\"query-input\":{\"@type\":\"PropertyValueSpecification\",\"valueRequired\":true,\"valueName\":\"search_term_string\"}}],\"inLanguage\":\"nb-NO\"}]}<\/script>\n<!-- \/ Yoast SEO plugin. -->","yoast_head_json":{"title":"Globalhistoriografi - Dreyers Forlag","robots":{"index":"noindex","follow":"follow","max-snippet":"max-snippet:-1","max-image-preview":"max-image-preview:large","max-video-preview":"max-video-preview:-1"},"og_locale":"nb_NO","og_type":"article","og_title":"Globalhistoriografi - Dreyers Forlag","og_description":"Dette er den f\u00f8rste fremstillingen p\u00e5 norsk som tar opp fremveksten av historieskrivning i et globalhistorisk perspektiv. Boken er delvis en videref\u00f8ring av Melves forrige bok Historie historieskriving fr\u00e5 antikken til i dag, som tok for seg utviklingen av historieskrivning i Vesten. Boken er f\u00f8rst og fremst et fors\u00f8k p\u00e5 \u00e5 f\u00f8re historiografi et steg [&hellip;]","og_url":"https:\/\/staging.forenteforlag.no\/dreyers\/produkt\/globalhistoriografi\/","og_site_name":"Dreyers Forlag","article_modified_time":"2025-08-27T09:25:58+00:00","og_image":[{"width":638,"height":890,"url":"https:\/\/staging.forenteforlag.no\/dreyers\/wp-content\/uploads\/sites\/2\/2025\/08\/jpg-8364.jpg","type":"image\/jpeg"}],"twitter_card":"summary_large_image","schema":{"@context":"https:\/\/schema.org","@graph":[{"@type":"WebPage","@id":"https:\/\/staging.forenteforlag.no\/dreyers\/produkt\/globalhistoriografi\/","url":"https:\/\/staging.forenteforlag.no\/dreyers\/produkt\/globalhistoriografi\/","name":"Globalhistoriografi - Dreyers Forlag","isPartOf":{"@id":"https:\/\/staging.forenteforlag.no\/dreyers\/#website"},"primaryImageOfPage":{"@id":"https:\/\/staging.forenteforlag.no\/dreyers\/produkt\/globalhistoriografi\/#primaryimage"},"image":{"@id":"https:\/\/staging.forenteforlag.no\/dreyers\/produkt\/globalhistoriografi\/#primaryimage"},"thumbnailUrl":"https:\/\/staging.forenteforlag.no\/dreyers\/wp-content\/uploads\/sites\/2\/2025\/08\/jpg-8364.jpg","datePublished":"2015-01-19T00:00:00+00:00","dateModified":"2025-08-27T09:25:58+00:00","breadcrumb":{"@id":"https:\/\/staging.forenteforlag.no\/dreyers\/produkt\/globalhistoriografi\/#breadcrumb"},"inLanguage":"nb-NO","potentialAction":[{"@type":"ReadAction","target":["https:\/\/staging.forenteforlag.no\/dreyers\/produkt\/globalhistoriografi\/"]}]},{"@type":"ImageObject","inLanguage":"nb-NO","@id":"https:\/\/staging.forenteforlag.no\/dreyers\/produkt\/globalhistoriografi\/#primaryimage","url":"https:\/\/staging.forenteforlag.no\/dreyers\/wp-content\/uploads\/sites\/2\/2025\/08\/jpg-8364.jpg","contentUrl":"https:\/\/staging.forenteforlag.no\/dreyers\/wp-content\/uploads\/sites\/2\/2025\/08\/jpg-8364.jpg","width":638,"height":890},{"@type":"BreadcrumbList","@id":"https:\/\/staging.forenteforlag.no\/dreyers\/produkt\/globalhistoriografi\/#breadcrumb","itemListElement":[{"@type":"ListItem","position":1,"name":"Hjem","item":"https:\/\/staging.forenteforlag.no\/dreyers\/"},{"@type":"ListItem","position":2,"name":"Alle b\u00f8ker","item":"https:\/\/staging.forenteforlag.no\/dreyers\/butikk\/"},{"@type":"ListItem","position":3,"name":"Globalhistoriografi"}]},{"@type":"WebSite","@id":"https:\/\/staging.forenteforlag.no\/dreyers\/#website","url":"https:\/\/staging.forenteforlag.no\/dreyers\/","name":"Dreyers Forlag","description":"","potentialAction":[{"@type":"SearchAction","target":{"@type":"EntryPoint","urlTemplate":"https:\/\/staging.forenteforlag.no\/dreyers\/?s={search_term_string}"},"query-input":{"@type":"PropertyValueSpecification","valueRequired":true,"valueName":"search_term_string"}}],"inLanguage":"nb-NO"}]}},"_links":{"self":[{"href":"https:\/\/staging.forenteforlag.no\/dreyers\/wp-json\/wp\/v2\/product\/21377","targetHints":{"allow":["GET"]}}],"collection":[{"href":"https:\/\/staging.forenteforlag.no\/dreyers\/wp-json\/wp\/v2\/product"}],"about":[{"href":"https:\/\/staging.forenteforlag.no\/dreyers\/wp-json\/wp\/v2\/types\/product"}],"wp:featuredmedia":[{"embeddable":true,"href":"https:\/\/staging.forenteforlag.no\/dreyers\/wp-json\/wp\/v2\/media\/24323"}],"wp:attachment":[{"href":"https:\/\/staging.forenteforlag.no\/dreyers\/wp-json\/wp\/v2\/media?parent=21377"}],"wp:term":[{"taxonomy":"product_brand","embeddable":true,"href":"https:\/\/staging.forenteforlag.no\/dreyers\/wp-json\/wp\/v2\/product_brand?post=21377"},{"taxonomy":"product_cat","embeddable":true,"href":"https:\/\/staging.forenteforlag.no\/dreyers\/wp-json\/wp\/v2\/product_cat?post=21377"},{"taxonomy":"product_tag","embeddable":true,"href":"https:\/\/staging.forenteforlag.no\/dreyers\/wp-json\/wp\/v2\/product_tag?post=21377"}],"curies":[{"name":"wp","href":"https:\/\/api.w.org\/{rel}","templated":true}]}}

<p>Dette er den første fremstillingen på norsk som tar opp fremveksten av historieskrivning i et globalhistorisk perspektiv. Boken er delvis en videreføring av Melves forrige bok Historie<br />
 historieskriving frå antikken til i dag, som tok for seg utviklingen av historieskrivning i Vesten. Boken er først og fremst et forsøk på å føre historiografi et steg videre ved å utvide de mer eller mindre eurosentriske rammene for denne forskningen. Det er også en intensjon med boken å øke forståelsen for historieskrivingens mangfold.</p>

<p>Dette er den første fremstillingen på norsk som tar opp fremveksten av historieskrivning i et globalhistorisk perspektiv. Boken er delvis en videreføring av Melves forrige bok Historie historieskriving frå antikken til i dag, som tok for seg utviklingen av historieskrivning i Vesten. Boken er først og fremst et forsøk på å føre historiografi et steg [&hellip;]</p>

<!-- This site is optimized with the Yoast SEO plugin v26.6 - https://yoast.com/wordpress/plugins/seo/ -->
<title>Globalhistoriografi - Dreyers Forlag</title>
<meta name="robots" content="noindex, follow, max-snippet:-1, max-image-preview:large, max-video-preview:-1" />
<meta property="og:locale" content="nb_NO" />
<meta property="og:type" content="article" />
<meta property="og:title" content="Globalhistoriografi - Dreyers Forlag" />
<meta property="og:description" content="Dette er den første fremstillingen på norsk som tar opp fremveksten av historieskrivning i et globalhistorisk perspektiv. Boken er delvis en videreføring av Melves forrige bok Historie historieskriving frå antikken til i dag, som tok for seg utviklingen av historieskrivning i Vesten. Boken er først og fremst et forsøk på å føre historiografi et steg [&hellip;]" />
<meta property="og:url" content="https://staging.forenteforlag.no/dreyers/produkt/globalhistoriografi/" />
<meta property="og:site_name" content="Dreyers Forlag" />
<meta property="article:modified_time" content="2025-08-27T09:25:58+00:00" />
<meta property="og:image" content="https://staging.forenteforlag.no/dreyers/wp-content/uploads/sites/2/2025/08/jpg-8364.jpg" />
	<meta property="og:image:width" content="638" />
	<meta property="og:image:height" content="890" />
	<meta property="og:image:type" content="image/jpeg" />
<meta name="twitter:card" content="summary_large_image" />
<script type="application/ld+json" class="yoast-schema-graph">{"@context":"https://schema.org","@graph":[{"@type":"WebPage","@id":"https://staging.forenteforlag.no/dreyers/produkt/globalhistoriografi/","url":"https://staging.forenteforlag.no/dreyers/produkt/globalhistoriografi/","name":"Globalhistoriografi - Dreyers Forlag","isPartOf":{"@id":"https://staging.forenteforlag.no/dreyers/#website"},"primaryImageOfPage":{"@id":"https://staging.forenteforlag.no/dreyers/produkt/globalhistoriografi/#primaryimage"},"image":{"@id":"https://staging.forenteforlag.no/dreyers/produkt/globalhistoriografi/#primaryimage"},"thumbnailUrl":"https://staging.forenteforlag.no/dreyers/wp-content/uploads/sites/2/2025/08/jpg-8364.jpg","datePublished":"2015-01-19T00:00:00+00:00","dateModified":"2025-08-27T09:25:58+00:00","breadcrumb":{"@id":"https://staging.forenteforlag.no/dreyers/produkt/globalhistoriografi/#breadcrumb"},"inLanguage":"nb-NO","potentialAction":[{"@type":"ReadAction","target":["https://staging.forenteforlag.no/dreyers/produkt/globalhistoriografi/"]}]},{"@type":"ImageObject","inLanguage":"nb-NO","@id":"https://staging.forenteforlag.no/dreyers/produkt/globalhistoriografi/#primaryimage","url":"https://staging.forenteforlag.no/dreyers/wp-content/uploads/sites/2/2025/08/jpg-8364.jpg","contentUrl":"https://staging.forenteforlag.no/dreyers/wp-content/uploads/sites/2/2025/08/jpg-8364.jpg","width":638,"height":890},{"@type":"BreadcrumbList","@id":"https://staging.forenteforlag.no/dreyers/produkt/globalhistoriografi/#breadcrumb","itemListElement":[{"@type":"ListItem","position":1,"name":"Hjem","item":"https://staging.forenteforlag.no/dreyers/"},{"@type":"ListItem","position":2,"name":"Alle bøker","item":"https://staging.forenteforlag.no/dreyers/butikk/"},{"@type":"ListItem","position":3,"name":"Globalhistoriografi"}]},{"@type":"WebSite","@id":"https://staging.forenteforlag.no/dreyers/#website","url":"https://staging.forenteforlag.no/dreyers/","name":"Dreyers Forlag","description":"","potentialAction":[{"@type":"SearchAction","target":{"@type":"EntryPoint","urlTemplate":"https://staging.forenteforlag.no/dreyers/?s={search_term_string}"},"query-input":{"@type":"PropertyValueSpecification","valueRequired":true,"valueName":"search_term_string"}}],"inLanguage":"nb-NO"}]}</script>
<!-- / Yoast SEO plugin. -->

Dette er den første fremstillingen på norsk som tar opp fremveksten av historieskrivning i et globalhistorisk perspektiv. Boken er delvis en videreføring av Melves forrige bok Historie historieskriving frå antikken til i dag, som tok for seg utviklingen av historieskrivning i Vesten. Boken er først og fremst et forsøk på å føre historiografi et steg [&hellip;]

Alle bøker
